04-11 13:00:10.369 7281 11888 E libc : Access denied finding property
"vendor.debug.drm.logv"
04-11 13:00:10.375 7281 7281 E libc : Access denied finding property
"ro.vendor.pref_scale_resolution"
04-11 13:00:10.375 7281 7281 E libc : Access denied finding property
"ro.vendor.pref_scale_resolution"
04-11 13:00:10.379 7281 7281 E libc : Access denied finding property
"ro.vendor.pref_scale_resolution"
04-11 13:00:10.381 7281 7281 E libc : Access denied finding property
"ro.vendor.pref_scale_resolution"
04-11 13:00:10.385 7281 7281 E libc : Access denied finding property
"ro.vendor.pref_scale_resolution"
04-11 13:00:10.389 7281 7281 E libc : Access denied finding property
"ro.vendor.pref_scale_resolution"
04-11 13:00:10.772 7281 7281 E libc : Access denied finding property
"ro.vendor.pref_scale_resolution"
04-11 13:00:10.779 7281 7281 E libc : Access denied finding property
"ro.vendor.pref_scale_resolution"
04-11 13:00:10.784 7281 7281 E libc : Access denied finding property
"ro.vendor.pref_scale_resolution"
04-11 13:00:10.786 7281 7281 E libc : Access denied finding property
"ro.vendor.pref_scale_resolution"
04-11 13:00:10.792 7281 7281 E libc : Access denied finding property
"ro.vendor.pref_scale_resolution"
04-11 13:00:10.879 7281 11897 W LOTTIE : Animation contains merge paths. Merge
paths are only supported on KitKat+ and must be manually enabled by calling
enableMergePathsForKitKatAndAbove().
04-11 13:00:10.943 7281 7281 E libc : Access denied finding property
"ro.vendor.pref_scale_resolution"
04-11 13:00:10.956 7281 7281 E libc : Access denied finding property
"ro.vendor.pref_scale_resolution"
04-11 13:00:10.964 7281 7281 E libc : Access denied finding property
"ro.vendor.pref_scale_resolution"
04-11 13:00:10.981 7281 7281 E libc : Access denied finding property
"ro.vendor.pref_scale_resolution"
04-11 13:00:10.982 7281 7281 E libc : Access denied finding property
"ro.vendor.pref_scale_resolution"
04-11 13:00:11.003 7281 7281 W LOTTIE : Animation contains merge paths but they
are disabled.
04-11 13:00:11.218 7281 7281 E libc : Access denied finding property
"ro.vendor.pref_scale_resolution"
04-11 13:00:11.226 7281 7281 E libc : Access denied finding property
"ro.vendor.pref_scale_resolution"
04-11 13:00:11.227 7281 7281 E libc : Access denied finding property
"ro.vendor.pref_scale_resolution"
04-11 13:00:11.231 7281 7281 E libc : Access denied finding property
"ro.vendor.pref_scale_resolution"
04-11 13:00:11.233 7281 7281 E libc : Access denied finding property
"ro.vendor.pref_scale_resolution"
04-11 13:00:11.234 7281 7281 E libc : Access denied finding property
"ro.vendor.pref_scale_resolution"
04-11 13:00:11.764 7281 9670 W BpBinder: Slow Binder: BpBinder transact took 2136
ms, interface=android.content.IContentProvider, code=20 oneway=false
04-11 13:00:12.316 7281 7281 W Choreographer: OPTS_INPUT: First frame was drawed
before optimized, so skip!
04-11 13:00:13.265 7281 9670 W BpBinder: Slow Binder: BpBinder transact took 1491
ms, interface=android.content.IContentProvider, code=20 oneway=false
04-11 13:00:14.611 7281 7281 W Choreographer: OPTS_INPUT: First frame was drawed
before optimized, so skip!
04-11 13:00:14.724 7281 9670 W BpBinder: Slow Binder: BpBinder transact took 1448
ms, interface=android.content.IContentProvider, code=20 oneway=false
04-11 13:00:14.773 7281 7281 E libc : Access denied finding property
"ro.vendor.pref_scale_resolution"
04-11 13:00:14.792 7281 7281 E libc : Access denied finding property
"ro.vendor.pref_scale_resolution"
04-11 13:00:14.804 7281 7281 E libc : Access denied finding property
"ro.vendor.pref_scale_resolution"
04-11 13:00:14.815 7281 7281 E libc : Access denied finding property
"ro.vendor.pref_scale_resolution"
04-11 13:00:15.474 7281 7281 E libc : Access denied finding property
"ro.vendor.pref_scale_resolution"
04-11 13:00:15.477 7281 7281 E libc : Access denied finding property
"ro.vendor.pref_scale_resolution"
04-11 13:00:15.491 7281 7281 E libc : Access denied finding property
"ro.vendor.pref_scale_resolution"
04-11 13:00:15.497 7281 7281 E libc : Access denied finding property
"ro.vendor.pref_scale_resolution"
04-11 13:00:15.501 7281 7281 E libc : Access denied finding property
"ro.vendor.pref_scale_resolution"
04-11 13:00:15.502 7281 7281 E libc : Access denied finding property
"ro.vendor.pref_scale_resolution"
04-11 13:00:15.559 7281 7281 W Choreographer: Already have a pending vsync event.
There should only be one at a time.
04-11 13:00:15.888 7281 7281 E libc : Access denied finding property
"ro.vendor.pref_scale_resolution"
04-11 13:00:16.331 7281 9670 W BpBinder: Slow Binder: BpBinder transact took 1599
ms, interface=android.content.IContentProvider, code=20 oneway=false
04-11 13:00:16.698 7281 9670 W BpBinder: Slow Binder: BpBinder transact took 360
ms, interface=android.content.IContentProvider, code=20 oneway=false
04-11 13:00:17.074 7281 7281 E libc : Access denied finding property
"ro.vendor.pref_scale_resolution"
04-11 13:00:17.099 7281 7281 E libc : Access denied finding property
"ro.vendor.pref_scale_resolution"
04-11 13:00:17.101 7281 7281 E libc : Access denied finding property
"ro.vendor.pref_scale_resolution"
04-11 13:00:17.108 7281 7281 E libc : Access denied finding property
"ro.vendor.pref_scale_resolution"
04-11 13:00:17.110 7281 7281 E libc : Access denied finding property
"ro.vendor.pref_scale_resolution"
04-11 13:00:17.121 7281 7281 E libc : Access denied finding property
"ro.vendor.pref_scale_resolution"
04-11 13:00:17.143 7281 7281 E ArmVmp : Match on catch block at 0x0a in for
0x119
04-11 13:00:23.244 7281 7281 E libc : Access denied finding property
"ro.vendor.pref_scale_resolution"
04-11 13:00:23.252 7281 7281 E libc : Access denied finding property
"ro.vendor.pref_scale_resolution"
04-11 13:00:23.262 7281 7281 E libc : Access denied finding property
"ro.vendor.pref_scale_resolution"
04-11 13:00:23.265 7281 7281 E libc : Access denied finding property
"ro.vendor.pref_scale_resolution"
04-11 13:00:23.272 7281 7281 E libc : Access denied finding property
"ro.vendor.pref_scale_resolution"
04-11 13:00:23.274 7281 7281 E libc : Access denied finding property
"ro.vendor.pref_scale_resolution"
04-11 13:00:23.291 7281 7281 W BottomSheetBehavior: BottomSheetBehavior now
supports multiple callbacks. `setBottomSheetCallback()` removes all existing
callbacks, including ones set internally by library authors, which may result in
unintended behavior. This may change in the future. Please use
`addBottomSheetCallback()` and `removeBottomSheetCallback()` instead to set your
own callbacks.
04-11 13:00:23.526 7281 7281 W Choreographer: Already have a pending vsync event.
There should only be one at a time.
04-11 13:00:24.802 7281 7281 E libc : Access denied finding property
"ro.vendor.pref_scale_resolution"
04-11 13:00:25.723 7281 7281 W Choreographer: OPTS_INPUT: First frame was drawed
before optimized, so skip!
04-11 13:00:25.757 7281 7281 E ArmVmp : Match on catch block at 0x5b in for 0x85
04-11 13:00:25.914 7281 7281 E libc : Access denied finding property
"ro.vendor.pref_scale_resolution"
04-11 13:00:25.918 7281 7281 E libc : Access denied finding property
"ro.vendor.pref_scale_resolution"
04-11 13:00:25.921 7281 7281 E libc : Access denied finding property
"ro.vendor.pref_scale_resolution"
04-11 13:00:25.923 7281 7281 E libc : Access denied finding property
"ro.vendor.pref_scale_resolution"
04-11 13:00:26.582 7281 7281 E libc : Access denied finding property
"ro.vendor.pref_scale_resolution"
04-11 13:00:26.604 7281 7281 E libc : Access denied finding property
"ro.vendor.pref_scale_resolution"
04-11 13:00:26.708 7281 7281 E libc : Access denied finding property
"ro.vendor.pref_scale_resolution"
04-11 13:00:27.648 7281 7281 E libc : Access denied finding property
"ro.vendor.pref_scale_resolution"
04-11 13:00:27.654 7281 7281 E libc : Access denied finding property
"ro.vendor.pref_scale_resolution"
04-11 13:00:27.657 7281 7281 E libc : Access denied finding property
"ro.vendor.pref_scale_resolution"
04-11 13:00:28.048 7281 7281 W Choreographer: OPTS_INPUT: First frame was drawed
before optimized, so skip!
04-11 13:00:28.550 7281 7281 W Choreographer: OPTS_INPUT: First frame was drawed
before optimized, so skip!
04-11 13:00:29.062 7281 7281 W Choreographer: OPTS_INPUT: First frame was drawed
before optimized, so skip!
04-11 13:00:29.150 7281 7281 E libc : Access denied finding property
"ro.vendor.pref_scale_resolution"
04-11 13:00:29.158 7281 7281 E libc : Access denied finding property
"ro.vendor.pref_scale_resolution"
04-11 13:00:29.865 7281 7281 E libc : Access denied finding property
"ro.vendor.pref_scale_resolution"
04-11 13:00:30.682 7281 7281 E libc : Access denied finding property
"ro.vendor.pref_scale_resolution"
04-11 13:00:30.723 7281 7298 W System : A resource failed to call end.
04-11 13:00:30.754 7281 7281 W RecyclerView: An instance of 4Ry was started more
than once. Each instance of4Ry is intended to only be used once. You should create
a new instance for each use.
04-11 13:00:30.765 7281 7281 E libc : Access denied finding property
"ro.vendor.pref_scale_resolution"
04-11 13:00:30.769 7281 7281 E libc : Access denied finding property
"ro.vendor.pref_scale_resolution"
04-11 13:00:30.772 7281 7281 E libc : Access denied finding property
"ro.vendor.pref_scale_resolution"
04-11 13:00:30.775 7281 7281 E libc : Access denied finding property
"ro.vendor.pref_scale_resolution"
04-11 13:00:30.866 7281 7281 E ArmVmp : Match on catch block at 0x5b in for 0x89
04-11 13:00:32.336 7281 7281 E libc : Access denied finding property
"ro.vendor.pref_scale_resolution"
04-11 13:00:33.428 7281 7281 E libc : Access denied finding property
"ro.vendor.pref_scale_resolution"
04-11 13:00:33.440 7281 11975 E BitmapFactory: Unable to decode stream:
java.io.FileNotFoundException:
/storage/emulated/0/Android/media/com.mbwhatsapp/MBWhatsApp/Media/.Links/
4899a9748f3c20976b0b1df8903b20b5: open failed: ENOENT (No such file or directory)
04-11 13:00:33.671 7281 7281 W Choreographer: OPTS_INPUT: First frame was drawed
before optimized, so skip!
04-11 13:00:35.194 7281 7281 W Choreographer: OPTS_INPUT: First frame was drawed
before optimized, so skip!
04-11 13:00:37.680 7281 7281 W Choreographer: OPTS_INPUT: First frame was drawed
before optimized, so skip!
04-11 13:00:37.741 7281 7281 E libc : Access denied finding property
"ro.vendor.pref_scale_resolution"
04-11 13:00:37.756 7281 7281 E libc : Access denied finding property
"ro.vendor.pref_scale_resolution"
04-11 13:00:37.763 7281 7281 E libc : Access denied finding property
"ro.vendor.pref_scale_resolution"
04-11 13:00:37.766 7281 7281 E libc : Access denied finding property
"ro.vendor.pref_scale_resolution"
04-11 13:00:38.249 7281 7281 W Choreographer: OPTS_INPUT: First frame was drawed
before optimized, so skip!
04-11 13:00:38.315 7281 7281 E libc : Access denied finding property
"ro.vendor.pref_scale_resolution"
04-11 13:00:38.324 7281 7281 E libc : Access denied finding property
"ro.vendor.pref_scale_resolution"
04-11 13:00:38.977 7281 7281 W pool-9-thread-1: type=1400 audit(0.0:885677): avc:
granted { execute } for
path="/data/data/com.mbwhatsapp/files/decompressed/libs.spk.zst/libgifimage.so"
dev="dm-11" ino=585016 scontext=u:r:untrusted_app:s0:c81,c257,c512,c768
tcontext=u:object_r:app_data_file:s0:c81,c257,c512,c768 tclass=file
app=com.mbwhatsapp
04-11 13:00:39.094 7281 7555 E SQLiteDatabase: Error inserting transferred=1
media_job_uuid=9e9848f5-2060-419f-8e75-2df7df627460 transcoded=0 gif_attribution=0
first_scan_length=0 direct_path=/m1/v/t24/An-
yNFH3_PzLKxAr2fDflQJAL10AeRpyRtdEl1xZHZGVJPkUipHiKJLYpwwJM3VdiHyNtN8QKpKhY-
PSSJiHjA7mTNJxVV6Fc03tu39ruEJUcNaY5qlFn5deGraW4R0Dzw?ccb=10-
5&oh=01_ASC1EUT5p7jjYoxbA5_5TGksZT6Oter3-DHDAuTPtTFrYg&oe=663CFA5A&_nc_sid=5e03e0
thumbnail_height_width_ratio=1.010101 is_animated_sticker=0
file_hash=nP5BYaoIdt5VvBVDQjh/jIgCfGy7cwiOzGYmPL9z/UI= file_path=Media/MBWhatsApp
Animated Gifs/VID-20240411-WA0000 file_size=1101624 partial_media_hash=null
face_x=0 face_y=0 height=750 trim_to=0 media_key_timestamp=0 message_url=null
media_caption=null trim_from=0 mime_type=video/mp4 partial_media_enc_hash=null
width=600 original_file_hash=null has_streaming_sidecar=0
autotransfer_retry_enabled=1 media_upload_handle=null message_row_id=33
multicast_id=null enc_file_hash=null mute_video=0 page_count=0
first_scan_sidecar=null suspicious_content=0 file_length=1101624 media_name=null
media_duration=10 chat_row_id=19 media_key=null
04-11 13:00:39.094 7281 7555 E SQLiteDatabase:
android.database.sqlite.SQLiteConstraintException: UNIQUE constraint failed:
message_media.message_row_id (code 1555 SQLITE_CONSTRAINT_PRIMARYKEY)
04-11 13:00:39.094 7281 7555 E SQLiteDatabase: at
android.database.sqlite.SQLiteConnection.nativeExecuteForLastInsertedRowId(Native
Method)
04-11 13:00:39.094 7281 7555 E SQLiteDatabase: at
android.database.sqlite.SQLiteConnection.executeForLastInsertedRowId(SQLiteConnecti
on.java:938)
04-11 13:00:39.094 7281 7555 E SQLiteDatabase: at
android.database.sqlite.SQLiteSession.executeForLastInsertedRowId(SQLiteSession.jav
a:790)
04-11 13:00:39.094 7281 7555 E SQLiteDatabase: at
android.database.sqlite.SQLiteStatement.executeInsert(SQLiteStatement.java:88)
04-11 13:00:39.094 7281 7555 E SQLiteDatabase: at
android.database.sqlite.SQLiteDatabase.insertWithOnConflict(SQLiteDatabase.java:170
1)
04-11 13:00:39.094 7281 7555 E SQLiteDatabase: at
android.database.sqlite.SQLiteDatabase.insert(SQLiteDatabase.java:1570)
04-11 13:00:39.094 7281 7555 E SQLiteDatabase: at X.2tm.A08(Unknown
Source:6)
04-11 13:00:39.094 7281 7555 E SQLiteDatabase: at X.35Y.A07(Unknown
Source:212)
04-11 13:00:39.094 7281 7555 E SQLiteDatabase: at X.3QF.A14(Unknown
Source:470)
04-11 13:00:39.094 7281 7555 E SQLiteDatabase: at X.3gU.run(Unknown
Source:982)
04-11 13:00:39.094 7281 7555 E SQLiteDatabase: at
android.os.Handler.handleCallback(Handler.java:938)
04-11 13:00:39.094 7281 7555 E SQLiteDatabase: at
android.os.Handler.dispatchMessage(Handler.java:99)
04-11 13:00:39.094 7281 7555 E SQLiteDatabase: at
X.0zq.dispatchMessage(Unknown Source:4)
04-11 13:00:39.094 7281 7555 E SQLiteDatabase: at
android.os.Looper.loop(Looper.java:236)
04-11 13:00:39.094 7281 7555 E SQLiteDatabase: at
android.os.HandlerThread.run(HandlerThread.java:67)
04-11 13:00:39.133 7281 7281 E libc : Access denied finding property
"ro.vendor.pref_scale_resolution"
04-11 13:00:39.250 7281 7281 E libc : Access denied finding property
"ro.vendor.pref_scale_resolution"
04-11 13:00:39.349 7281 7281 E libc : Access denied finding property
"ro.vendor.pref_scale_resolution"
04-11 13:00:39.351 7281 7281 E libc : Access denied finding property
"ro.vendor.pref_scale_resolution"
04-11 13:00:39.353 7281 7281 E libc : Access denied finding property
"ro.vendor.pref_scale_resolution"
04-11 13:00:39.359 7281 7281 E libc : Access denied finding property
"ro.vendor.pref_scale_resolution"
04-11 13:00:39.365 7281 7281 E libc : Access denied finding property
"ro.vendor.pref_scale_resolution"
04-11 13:00:39.368 7281 7281 E libc : Access denied finding property
"ro.vendor.pref_scale_resolution"
04-11 13:00:39.375 7281 7281 E libc : Access denied finding property
"ro.vendor.pref_scale_resolution"
04-11 13:00:39.378 7281 7281 E libc : Access denied finding property
"ro.vendor.pref_scale_resolution"
04-11 13:00:39.464 7281 11975 W BpBinder: Slow Binder: BpBinder transact took 251
ms, interface=android.media.IMediaMetadataRetriever, code=5 oneway=false
04-11 13:00:39.905 7281 7281 E libc : Access denied finding property
"ro.vendor.pref_scale_resolution"
04-11 13:00:39.912 7281 7281 E libc : Access denied finding property
"ro.vendor.pref_scale_resolution"
04-11 13:00:40.894 7281 7281 E libc : Access denied finding property
"ro.vendor.pref_scale_resolution"
04-11 13:00:40.909 7281 7281 E libc : Access denied finding property
"ro.vendor.pref_scale_resolution"
04-11 13:00:41.264 7281 7640 W RenderInspector: DequeueBuffer time out on
com.mbwhatsapp/com.mbwhatsapp.HomeActivity, count=1, avg=21 ms, max=21 ms.
04-11 13:00:43.235 7281 7281 E libc : Access denied finding property
"ro.vendor.pref_scale_resolution"
04-11 13:00:43.235 7281 7281 E libc : Access denied finding property
"ro.vendor.pref_scale_resolution"
04-11 13:00:43.248 7281 7281 E libc : Access denied finding property
"ro.vendor.pref_scale_resolution"
04-11 13:00:43.302 7281 7281 E libc : Access denied finding property
"ro.vendor.pref_scale_resolution"
04-11 13:00:43.320 7281 7281 E libc : Access denied finding property
"ro.vendor.pref_scale_resolution"
04-11 13:00:43.333 7281 7281 E libc : Access denied finding property
"ro.vendor.pref_scale_resolution"
04-11 13:00:43.361 7281 7281 E libc : Access denied finding property
"ro.vendor.pref_scale_resolution"
04-11 13:00:43.512 7281 7281 E libc : Access denied finding property
"ro.vendor.pref_scale_resolution"
04-11 13:00:43.512 7281 7281 E libc : Access denied finding property
"ro.vendor.pref_scale_resolution"
04-11 13:00:46.736 7281 7281 E ArmVmp : Match on catch block at 0x0a in for 0xf9
04-11 13:00:46.746 7281 7281 E libc : Access denied finding property
"ro.vendor.pref_scale_resolution"
04-11 13:00:46.748 7281 7281 E ArmVmp : Match on catch block at 0x22 in for 0xb9
04-11 13:00:46.749 7281 7281 E libc : Access denied finding property
"ro.vendor.pref_scale_resolution"
04-11 13:00:46.750 7281 7281 E libc : Access denied finding property
"ro.vendor.pref_scale_resolution"
04-11 13:00:46.756 7281 7281 E libc : Access denied finding property
"ro.vendor.pref_scale_resolution"
04-11 13:00:46.788 7281 7281 E libc : Access denied finding property
"ro.vendor.pref_scale_resolution"
04-11 13:00:46.790 7281 7281 E libc : Access denied finding property
"ro.vendor.pref_scale_resolution"
04-11 13:00:46.815 7281 7281 E libc : Access denied finding property
"ro.vendor.pref_scale_resolution"
04-11 13:00:46.826 7281 7281 E libc : Access denied finding property
"ro.vendor.pref_scale_resolution"
04-11 13:00:46.833 7281 7281 E ArmVmp : Match on catch block at 0x0a in for 0xb9
04-11 13:00:46.836 7281 7281 E BitmapFactory: Unable to decode stream:
java.io.FileNotFoundException: /data/user/0/com.mbwhatsapp/files/me.jpg: open
failed: ENOENT (No such file or directory)
04-11 13:00:46.852 7281 7281 E ArmVmp : Match on catch block at 0x0a in for 0xd5
04-11 13:00:46.930 7281 7281 E ArmVmp : Match on catch block at 0xc3 in for 0xb5
04-11 13:00:46.935 7281 7281 E ArmVmp : Match on catch block at 0xc3 in for 0xb5
04-11 13:00:46.944 7281 7281 E ArmVmp : Match on catch block at 0xc3 in for 0xb5
04-11 13:00:47.024 7281 7281 E ArmVmp : Match on catch block at 0xc3 in for 0xa1
04-11 13:00:47.028 7281 7281 E ArmVmp : Match on catch block at 0xc3 in for 0xa5
04-11 13:00:47.030 7281 7281 E ArmVmp : Match on catch block at 0xc3 in for 0xa9
04-11 13:00:47.032 7281 7281 E ArmVmp : Match on catch block at 0xc3 in for 0xa1
04-11 13:00:47.034 7281 7281 E ArmVmp : Match on catch block at 0xc3 in for 0xa5
04-11 13:00:47.036 7281 7281 E ArmVmp : Match on catch block at 0xc3 in for 0xa9
04-11 13:00:47.038 7281 7281 E ArmVmp : Match on catch block at 0xc3 in for 0xa1
04-11 13:00:47.057 7281 7281 E ArmVmp : Match on catch block at 0xc3 in for 0xa9
04-11 13:00:47.060 7281 7281 E ArmVmp : Match on catch block at 0xc3 in for 0xa1
04-11 13:00:47.061 7281 7281 E ArmVmp : Match on catch block at 0xc3 in for 0xa5
04-11 13:00:47.062 7281 7281 E ArmVmp : Match on catch block at 0xc3 in for 0xa9
04-11 13:00:47.064 7281 7281 E ArmVmp : Match on catch block at 0xc3 in for 0xa1
04-11 13:00:47.065 7281 7281 E ArmVmp : Match on catch block at 0xc3 in for 0xa5
04-11 13:00:47.066 7281 7281 E ArmVmp : Match on catch block at 0xc3 in for 0xa9
04-11 13:00:47.073 7281 7281 E ArmVmp : Match on catch block at 0xc3 in for 0xa5
04-11 13:00:47.079 7281 7281 E ArmVmp : Match on catch block at 0xc3 in for 0xa9
04-11 13:00:47.082 7281 7281 E ArmVmp : Match on catch block at 0xc3 in for 0xa1
04-11 13:00:47.084 7281 7281 E ArmVmp : Match on catch block at 0xc3 in for 0xa5
04-11 13:00:47.085 7281 7281 E ArmVmp : Match on catch block at 0xc3 in for 0xa9
04-11 13:00:47.086 7281 7281 E ArmVmp : Match on catch block at 0xc3 in for 0xa1
04-11 13:00:47.087 7281 7281 E ArmVmp : Match on catch block at 0xc3 in for 0xa5
04-11 13:00:47.093 7281 7281 E ArmVmp : Match on catch block at 0xc3 in for 0xa1
04-11 13:00:47.096 7281 7281 E ArmVmp : Match on catch block at 0xc3 in for 0xa5
04-11 13:00:47.099 7281 7281 E ArmVmp : Match on catch block at 0xc3 in for 0xa9
04-11 13:00:47.101 7281 7281 E ArmVmp : Match on catch block at 0xc3 in for 0xa1
04-11 13:00:47.103 7281 7281 E ArmVmp : Match on catch block at 0xc3 in for 0xa5
04-11 13:00:47.105 7281 7281 E ArmVmp : Match on catch block at 0xc3 in for 0xa9
04-11 13:00:47.106 7281 7281 E ArmVmp : Match on catch block at 0xc3 in for 0xa1
04-11 13:00:47.123 7281 7281 E ArmVmp : Match on catch block at 0xc3 in for 0xa9
04-11 13:00:47.127 7281 7281 E ArmVmp : Match on catch block at 0xc3 in for 0xa1
04-11 13:00:47.128 7281 7281 E ArmVmp : Match on catch block at 0xc3 in for 0xa5
04-11 13:00:47.130 7281 7281 E ArmVmp : Match on catch block at 0xc3 in for 0xa9
04-11 13:00:47.131 7281 7281 E ArmVmp : Match on catch block at 0xc3 in for 0xa1
04-11 13:00:47.132 7281 7281 E ArmVmp : Match on catch block at 0xc3 in for 0xa5
04-11 13:00:47.133 7281 7281 E ArmVmp : Match on catch block at 0xc3 in for 0xa9
04-11 13:00:48.708 7281 7281 E ArmVmp : Match on catch block at 0xc3 in for 0xa1
04-11 13:00:48.711 7281 7281 E ArmVmp : Match on catch block at 0xc3 in for 0xa5
04-11 13:00:48.713 7281 7281 E ArmVmp : Match on catch block at 0xc3 in for 0xa9
04-11 13:00:48.714 7281 7281 E ArmVmp : Match on catch block at 0xc3 in for 0xa1
04-11 13:00:48.715 7281 7281 E ArmVmp : Match on catch block at 0xc3 in for 0xa5
04-11 13:00:48.717 7281 7281 E ArmVmp : Match on catch block at 0xc3 in for 0xa9
04-11 13:00:48.718 7281 7281 E ArmVmp : Match on catch block at 0xc3 in for 0xa1
04-11 13:00:48.744 7281 7281 E ArmVmp : Match on catch block at 0xc3 in for 0xa5
04-11 13:00:48.747 7281 7281 E ArmVmp : Match on catch block at 0xc3 in for 0xa9
04-11 13:00:48.749 7281 7281 E ArmVmp : Match on catch block at 0xc3 in for 0xa1
04-11 13:00:48.750 7281 7281 E ArmVmp : Match on catch block at 0xc3 in for 0xa5
04-11 13:00:48.751 7281 7281 E ArmVmp : Match on catch block at 0xc3 in for 0xa9
04-11 13:00:48.753 7281 7281 E ArmVmp : Match on catch block at 0xc3 in for 0xa1
04-11 13:00:48.755 7281 7281 E ArmVmp : Match on catch block at 0xc3 in for 0xa5
04-11 13:00:48.777 7281 7281 E ArmVmp : Match on catch block at 0xc3 in for 0xa9
04-11 13:00:48.780 7281 7281 E ArmVmp : Match on catch block at 0xc3 in for 0xa1
04-11 13:00:48.781 7281 7281 E ArmVmp : Match on catch block at 0xc3 in for 0xa5
04-11 13:00:48.783 7281 7281 E ArmVmp : Match on catch block at 0xc3 in for 0xa9
04-11 13:00:48.784 7281 7281 E ArmVmp : Match on catch block at 0xc3 in for 0xa1
04-11 13:00:48.786 7281 7281 E ArmVmp : Match on catch block at 0xc3 in for 0xa5
04-11 13:00:48.787 7281 7281 E ArmVmp : Match on catch block at 0xc3 in for 0xa9
04-11 13:00:48.810 7281 7281 E ArmVmp : Match on catch block at 0xc3 in for 0xa1
04-11 13:00:48.814 7281 7281 E ArmVmp : Match on catch block at 0xc3 in for 0xa5
04-11 13:00:48.816 7281 7281 E ArmVmp : Match on catch block at 0xc3 in for 0xa9
04-11 13:00:48.817 7281 7281 E ArmVmp : Match on catch block at 0xc3 in for 0xa1
04-11 13:00:48.819 7281 7281 E ArmVmp : Match on catch block at 0xc3 in for 0xa5
04-11 13:00:48.820 7281 7281 E ArmVmp : Match on catch block at 0xc3 in for 0xa9
04-11 13:00:48.821 7281 7281 E ArmVmp : Match on catch block at 0xc3 in for 0xa1
04-11 13:00:48.843 7281 7281 E ArmVmp : Match on catch block at 0xc3 in for 0xa5
04-11 13:00:48.846 7281 7281 E ArmVmp : Match on catch block at 0xc3 in for 0xa9
04-11 13:00:48.848 7281 7281 E ArmVmp : Match on catch block at 0xc3 in for 0xa1
04-11 13:00:48.849 7281 7281 E ArmVmp : Match on catch block at 0xc3 in for 0xa5
04-11 13:00:48.850 7281 7281 E ArmVmp : Match on catch block at 0xc3 in for 0xa9
04-11 13:00:48.851 7281 7281 E ArmVmp : Match on catch block at 0xc3 in for 0xa1
04-11 13:00:48.852 7281 7281 E ArmVmp : Match on catch block at 0xc3 in for 0xa5
04-11 13:00:48.871 7281 7281 E ArmVmp : Match on catch block at 0xc3 in for 0xa9
04-11 13:00:48.874 7281 7281 E ArmVmp : Match on catch block at 0xc3 in for 0xa1
04-11 13:00:48.875 7281 7281 E ArmVmp : Match on catch block at 0xc3 in for 0xa5
04-11 13:00:48.877 7281 7281 E ArmVmp : Match on catch block at 0xc3 in for 0xa9
04-11 13:00:48.878 7281 7281 E ArmVmp : Match on catch block at 0xc3 in for 0xa1
04-11 13:00:48.879 7281 7281 E ArmVmp : Match on catch block at 0xc3 in for 0xa5
04-11 13:00:48.880 7281 7281 E ArmVmp : Match on catch block at 0xc3 in for 0xa9
04-11 13:00:49.642 7281 7281 E ArmVmp : Match on catch block at 0xc3 in for 0xa1
04-11 13:00:49.645 7281 7281 E ArmVmp : Match on catch block at 0xc3 in for 0xa5
04-11 13:00:49.647 7281 7281 E ArmVmp : Match on catch block at 0xc3 in for 0xa9
04-11 13:00:49.648 7281 7281 E ArmVmp : Match on catch block at 0xc3 in for 0xa1
04-11 13:00:49.649 7281 7281 E ArmVmp : Match on catch block at 0xc3 in for 0xa5
04-11 13:00:49.650 7281 7281 E ArmVmp : Match on catch block at 0xc3 in for 0xa9
04-11 13:00:49.651 7281 7281 E ArmVmp : Match on catch block at 0xc3 in for 0xa1
04-11 13:00:49.672 7281 7281 E ArmVmp : Match on catch block at 0xc3 in for 0xa5
04-11 13:00:49.675 7281 7281 E ArmVmp : Match on catch block at 0xc3 in for 0xa9
04-11 13:00:49.676 7281 7281 E ArmVmp : Match on catch block at 0xc3 in for 0xa1
04-11 13:00:49.677 7281 7281 E ArmVmp : Match on catch block at 0xc3 in for 0xa5
04-11 13:00:49.678 7281 7281 E ArmVmp : Match on catch block at 0xc3 in for 0xa9
04-11 13:00:49.679 7281 7281 E ArmVmp : Match on catch block at 0xc3 in for 0xa1
04-11 13:00:49.680 7281 7281 E ArmVmp : Match on catch block at 0xc3 in for 0xa5
04-11 13:00:49.698 7281 7281 E ArmVmp : Match on catch block at 0xc3 in for 0xa1
04-11 13:00:49.701 7281 7281 E ArmVmp : Match on catch block at 0xc3 in for 0xa5
04-11 13:00:49.703 7281 7281 E ArmVmp : Match on catch block at 0xc3 in for 0xa9
04-11 13:00:49.705 7281 7281 E ArmVmp : Match on catch block at 0xc3 in for 0xa1
04-11 13:00:49.706 7281 7281 E ArmVmp : Match on catch block at 0xc3 in for 0xa5
04-11 13:00:49.707 7281 7281 E ArmVmp : Match on catch block at 0xc3 in for 0xa9
04-11 13:00:49.708 7281 7281 E ArmVmp : Match on catch block at 0xc3 in for 0xa1
04-11 13:00:49.729 7281 7281 E ArmVmp : Match on catch block at 0xc3 in for 0xa5
04-11 13:00:49.733 7281 7281 E ArmVmp : Match on catch block at 0xc3 in for 0xa9
04-11 13:00:49.734 7281 7281 E ArmVmp : Match on catch block at 0xc3 in for 0xa1
04-11 13:00:49.735 7281 7281 E ArmVmp : Match on catch block at 0xc3 in for 0xa5
04-11 13:00:49.737 7281 7281 E ArmVmp : Match on catch block at 0xc3 in for 0xa9
04-11 13:00:49.738 7281 7281 E ArmVmp : Match on catch block at 0xc3 in for 0xa1
04-11 13:00:49.739 7281 7281 E ArmVmp : Match on catch block at 0xc3 in for 0xa5
04-11 13:00:49.761 7281 7281 E ArmVmp : Match on catch block at 0xc3 in for 0xa1
04-11 13:00:49.764 7281 7281 E ArmVmp : Match on catch block at 0xc3 in for 0xa5
04-11 13:00:49.765 7281 7281 E ArmVmp : Match on catch block at 0xc3 in for 0xa9
04-11 13:00:49.766 7281 7281 E ArmVmp : Match on catch block at 0xc3 in for 0xa1
04-11 13:00:49.767 7281 7281 E ArmVmp : Match on catch block at 0xc3 in for 0xa5
04-11 13:00:49.769 7281 7281 E ArmVmp : Match on catch block at 0xc3 in for 0xa9
04-11 13:00:49.770 7281 7281 E ArmVmp : Match on catch block at 0xc3 in for 0xa1
04-11 13:00:49.775 7281 7281 E ArmVmp : Match on catch block at 0xc3 in for 0xa9
04-11 13:00:49.778 7281 7281 E ArmVmp : Match on catch block at 0xc3 in for 0xa1
04-11 13:00:49.780 7281 7281 E ArmVmp : Match on catch block at 0xc3 in for 0xa5
04-11 13:00:49.781 7281 7281 E ArmVmp : Match on catch block at 0xc3 in for 0xa9
04-11 13:00:49.782 7281 7281 E ArmVmp : Match on catch block at 0xc3 in for 0xa1
04-11 13:00:49.783 7281 7281 E ArmVmp : Match on catch block at 0xc3 in for 0xa5
04-11 13:00:49.784 7281 7281 E ArmVmp : Match on catch block at 0xc3 in for 0xa9
04-11 13:00:49.809 7281 7281 E ArmVmp : Match on catch block at 0xc3 in for 0xa5
04-11 13:00:49.812 7281 7281 E ArmVmp : Match on catch block at 0xc3 in for 0xa9
04-11 13:00:49.813 7281 7281 E ArmVmp : Match on catch block at 0xc3 in for 0xa1
04-11 13:00:49.814 7281 7281 E ArmVmp : Match on catch block at 0xc3 in for 0xa5
04-11 13:00:49.816 7281 7281 E ArmVmp : Match on catch block at 0xc3 in for 0xa9
04-11 13:00:49.817 7281 7281 E ArmVmp : Match on catch block at 0xc3 in for 0xa1
04-11 13:00:49.818 7281 7281 E ArmVmp : Match on catch block at 0xc3 in for 0xa5
04-11 13:00:49.837 7281 7281 E ArmVmp : Match on catch block at 0xc3 in for 0xa1
04-11 13:00:49.840 7281 7281 E ArmVmp : Match on catch block at 0xc3 in for 0xa5
04-11 13:00:49.841 7281 7281 E ArmVmp : Match on catch block at 0xc3 in for 0xa9
04-11 13:00:49.842 7281 7281 E ArmVmp : Match on catch block at 0xc3 in for 0xa1
04-11 13:00:49.843 7281 7281 E ArmVmp : Match on catch block at 0xc3 in for 0xa5
04-11 13:00:49.843 7281 7281 E ArmVmp : Match on catch block at 0xc3 in for 0xa9
04-11 13:00:49.844 7281 7281 E ArmVmp : Match on catch block at 0xc3 in for 0xa1
04-11 13:00:49.848 7281 7281 E ArmVmp : Match on catch block at 0xc3 in for 0xa9
04-11 13:00:49.852 7281 7281 E ArmVmp : Match on catch block at 0xc3 in for 0xa1
04-11 13:00:49.853 7281 7281 E ArmVmp : Match on catch block at 0xc3 in for 0xa5
04-11 13:00:49.854 7281 7281 E ArmVmp : Match on catch block at 0xc3 in for 0xa9
04-11 13:00:49.855 7281 7281 E ArmVmp : Match on catch block at 0xc3 in for 0xa1
04-11 13:00:49.857 7281 7281 E ArmVmp : Match on catch block at 0xc3 in for 0xa5
04-11 13:00:49.857 7281 7281 E ArmVmp : Match on catch block at 0xc3 in for 0xa9
04-11 13:00:49.864 7281 7281 E ArmVmp : Match on catch block at 0xc3 in for 0xa5
04-11 13:00:49.867 7281 7281 E ArmVmp : Match on catch block at 0xc3 in for 0xa9
04-11 13:00:49.868 7281 7281 E ArmVmp : Match on catch block at 0xc3 in for 0xa1
04-11 13:00:49.869 7281 7281 E ArmVmp : Match on catch block at 0xc3 in for 0xa5
04-11 13:00:49.870 7281 7281 E ArmVmp : Match on catch block at 0xc3 in for 0xa9
04-11 13:00:49.871 7281 7281 E ArmVmp : Match on catch block at 0xc3 in for 0xa1
04-11 13:00:49.872 7281 7281 E ArmVmp : Match on catch block at 0xc3 in for 0xa5
04-11 13:00:49.880 7281 7281 E ArmVmp : Match on catch block at 0xc3 in for 0xa1
04-11 13:00:49.883 7281 7281 E ArmVmp : Match on catch block at 0xc3 in for 0xa5
04-11 13:00:49.884 7281 7281 E ArmVmp : Match on catch block at 0xc3 in for 0xa9
04-11 13:00:49.885 7281 7281 E ArmVmp : Match on catch block at 0xc3 in for 0xa1
04-11 13:00:49.887 7281 7281 E ArmVmp : Match on catch block at 0xc3 in for 0xa5
04-11 13:00:49.888 7281 7281 E ArmVmp : Match on catch block at 0xc3 in for 0xa9
04-11 13:00:49.889 7281 7281 E ArmVmp : Match on catch block at 0xc3 in for 0xa1
04-11 13:00:49.897 7281 7281 E ArmVmp : Match on catch block at 0xc3 in for 0xa9
04-11 13:00:49.899 7281 7281 E ArmVmp : Match on catch block at 0xc3 in for 0xa1
04-11 13:00:49.901 7281 7281 E ArmVmp : Match on catch block at 0xc3 in for 0xa5
04-11 13:00:49.902 7281 7281 E ArmVmp : Match on catch block at 0xc3 in for 0xa9
04-11 13:00:49.903 7281 7281 E ArmVmp : Match on catch block at 0xc3 in for 0xa1
04-11 13:00:49.904 7281 7281 E ArmVmp : Match on catch block at 0xc3 in for 0xa5
04-11 13:00:49.905 7281 7281 E ArmVmp : Match on catch block at 0xc3 in for 0xa9
04-11 13:00:49.913 7281 7281 E ArmVmp : Match on catch block at 0xc3 in for 0xa5
04-11 13:00:49.917 7281 7281 E ArmVmp : Match on catch block at 0xc3 in for 0xa9
04-11 13:00:49.918 7281 7281 E ArmVmp : Match on catch block at 0xc3 in for 0xa1
04-11 13:00:49.920 7281 7281 E ArmVmp : Match on catch block at 0xc3 in for 0xa5
04-11 13:00:49.921 7281 7281 E ArmVmp : Match on catch block at 0xc3 in for 0xa9
04-11 13:00:49.923 7281 7281 E ArmVmp : Match on catch block at 0xc3 in for 0xa1
04-11 13:00:49.924 7281 7281 E ArmVmp : Match on catch block at 0xc3 in for 0xa5
04-11 13:00:49.930 7281 7281 E ArmVmp : Match on catch block at 0xc3 in for 0xa1
04-11 13:00:49.934 7281 7281 E ArmVmp : Match on catch block at 0xc3 in for 0xa5
04-11 13:00:49.936 7281 7281 E ArmVmp : Match on catch block at 0xc3 in for 0xa9
04-11 13:00:49.937 7281 7281 E ArmVmp : Match on catch block at 0xc3 in for 0xa1
04-11 13:00:49.939 7281 7281 E ArmVmp : Match on catch block at 0xc3 in for 0xa5
04-11 13:00:49.940 7281 7281 E ArmVmp : Match on catch block at 0xc3 in for 0xa9
04-11 13:00:49.941 7281 7281 E ArmVmp : Match on catch block at 0xc3 in for 0xa1
04-11 13:00:49.947 7281 7281 E ArmVmp : Match on catch block at 0xc3 in for 0xa9
04-11 13:00:49.950 7281 7281 E ArmVmp : Match on catch block at 0xc3 in for 0xa1
04-11 13:00:49.952 7281 7281 E ArmVmp : Match on catch block at 0xc3 in for 0xa5
04-11 13:00:49.954 7281 7281 E ArmVmp : Match on catch block at 0xc3 in for 0xa9
04-11 13:00:49.956 7281 7281 E ArmVmp : Match on catch block at 0xc3 in for 0xa1
04-11 13:00:49.957 7281 7281 E ArmVmp : Match on catch block at 0xc3 in for 0xa5
04-11 13:00:49.958 7281 7281 E ArmVmp : Match on catch block at 0xc3 in for 0xa9
04-11 13:00:49.964 7281 7281 E ArmVmp : Match on catch block at 0xc3 in for 0xa5
04-11 13:00:49.968 7281 7281 E ArmVmp : Match on catch block at 0xc3 in for 0xa9
04-11 13:00:49.969 7281 7281 E ArmVmp : Match on catch block at 0xc3 in for 0xa1
04-11 13:00:49.971 7281 7281 E ArmVmp : Match on catch block at 0xc3 in for 0xa5
04-11 13:00:49.972 7281 7281 E ArmVmp : Match on catch block at 0xc3 in for 0xa9
04-11 13:00:49.973 7281 7281 E ArmVmp : Match on catch block at 0xc3 in for 0xa1
04-11 13:00:49.974 7281 7281 E ArmVmp : Match on catch block at 0xc3 in for 0xa5
04-11 13:00:49.980 7281 7281 E ArmVmp : Match on catch block at 0xc3 in for 0xa1
04-11 13:00:49.984 7281 7281 E ArmVmp : Match on catch block at 0xc3 in for 0xa5
04-11 13:00:49.985 7281 7281 E ArmVmp : Match on catch block at 0xc3 in for 0xa9
04-11 13:00:49.986 7281 7281 E ArmVmp : Match on catch block at 0xc3 in for 0xa1
04-11 13:00:49.988 7281 7281 E ArmVmp : Match on catch block at 0xc3 in for 0xa5
04-11 13:00:49.989 7281 7281 E ArmVmp : Match on catch block at 0xc3 in for 0xa9
04-11 13:00:49.991 7281 7281 E ArmVmp : Match on catch block at 0xc3 in for 0xa1
04-11 13:00:49.997 7281 7281 E ArmVmp : Match on catch block at 0xc3 in for 0xa9
04-11 13:00:50.000 7281 7281 E ArmVmp : Match on catch block at 0xc3 in for 0xa1
04-11 13:00:50.001 7281 7281 E ArmVmp : Match on catch block at 0xc3 in for 0xa5
04-11 13:00:50.003 7281 7281 E ArmVmp : Match on catch block at 0xc3 in for 0xa9
04-11 13:00:50.004 7281 7281 E ArmVmp : Match on catch block at 0xc3 in for 0xa1
04-11 13:00:50.005 7281 7281 E ArmVmp : Match on catch block at 0xc3 in for 0xa5
04-11 13:00:50.006 7281 7281 E ArmVmp : Match on catch block at 0xc3 in for 0xa9
04-11 13:00:50.014 7281 7281 E ArmVmp : Match on catch block at 0xc3 in for 0xa5
04-11 13:00:50.017 7281 7281 E ArmVmp : Match on catch block at 0xc3 in for 0xa9
04-11 13:00:50.018 7281 7281 E ArmVmp : Match on catch block at 0xc3 in for 0xa1
04-11 13:00:50.020 7281 7281 E ArmVmp : Match on catch block at 0xc3 in for 0xa5
04-11 13:00:50.021 7281 7281 E ArmVmp : Match on catch block at 0xc3 in for 0xa9
04-11 13:00:50.022 7281 7281 E ArmVmp : Match on catch block at 0xc3 in for 0xa1
04-11 13:00:50.023 7281 7281 E ArmVmp : Match on catch block at 0xc3 in for 0xa5
04-11 13:00:50.030 7281 7281 E ArmVmp : Match on catch block at 0xc3 in for 0xa1
04-11 13:00:50.033 7281 7281 E ArmVmp : Match on catch block at 0xc3 in for 0xa5
04-11 13:00:50.035 7281 7281 E ArmVmp : Match on catch block at 0xc3 in for 0xa9
04-11 13:00:50.037 7281 7281 E ArmVmp : Match on catch block at 0xc3 in for 0xa1
04-11 13:00:50.038 7281 7281 E ArmVmp : Match on catch block at 0xc3 in for 0xa5
04-11 13:00:50.039 7281 7281 E ArmVmp : Match on catch block at 0xc3 in for 0xa9
04-11 13:00:50.040 7281 7281 E ArmVmp : Match on catch block at 0xc3 in for 0xa1
04-11 13:00:50.047 7281 7281 E ArmVmp : Match on catch block at 0xc3 in for 0xa9
04-11 13:00:50.050 7281 7281 E ArmVmp : Match on catch block at 0xc3 in for 0xa1
04-11 13:00:50.051 7281 7281 E ArmVmp : Match on catch block at 0xc3 in for 0xa5
04-11 13:00:50.053 7281 7281 E ArmVmp : Match on catch block at 0xc3 in for 0xa9
04-11 13:00:50.054 7281 7281 E ArmVmp : Match on catch block at 0xc3 in for 0xa1
04-11 13:00:50.056 7281 7281 E ArmVmp : Match on catch block at 0xc3 in for 0xa5
04-11 13:00:50.057 7281 7281 E ArmVmp : Match on catch block at 0xc3 in for 0xa9
04-11 13:00:50.064 7281 7281 E ArmVmp : Match on catch block at 0xc3 in for 0xa5
04-11 13:00:50.067 7281 7281 E ArmVmp : Match on catch block at 0xc3 in for 0xa9
04-11 13:00:50.068 7281 7281 E ArmVmp : Match on catch block at 0xc3 in for 0xa1
04-11 13:00:50.070 7281 7281 E ArmVmp : Match on catch block at 0xc3 in for 0xa5
04-11 13:00:50.071 7281 7281 E ArmVmp : Match on catch block at 0xc3 in for 0xa9
04-11 13:00:50.072 7281 7281 E ArmVmp : Match on catch block at 0xc3 in for 0xa1
04-11 13:00:50.073 7281 7281 E ArmVmp : Match on catch block at 0xc3 in for 0xa5
04-11 13:00:50.080 7281 7281 E ArmVmp : Match on catch block at 0xc3 in for 0xa1
04-11 13:00:50.084 7281 7281 E ArmVmp : Match on catch block at 0xc3 in for 0xa5
04-11 13:00:50.085 7281 7281 E ArmVmp : Match on catch block at 0xc3 in for 0xa9
04-11 13:00:50.086 7281 7281 E ArmVmp : Match on catch block at 0xc3 in for 0xa1
04-11 13:00:50.087 7281 7281 E ArmVmp : Match on catch block at 0xc3 in for 0xa5
04-11 13:00:50.088 7281 7281 E ArmVmp : Match on catch block at 0xc3 in for 0xa9
04-11 13:00:50.089 7281 7281 E ArmVmp : Match on catch block at 0xc3 in for 0xa1
04-11 13:00:50.097 7281 7281 E ArmVmp : Match on catch block at 0xc3 in for 0xa9
04-11 13:00:50.101 7281 7281 E ArmVmp : Match on catch block at 0xc3 in for 0xa1
04-11 13:00:50.102 7281 7281 E ArmVmp : Match on catch block at 0xc3 in for 0xa5
04-11 13:00:50.105 7281 7281 E ArmVmp : Match on catch block at 0xc3 in for 0xa9
04-11 13:00:50.106 7281 7281 E ArmVmp : Match on catch block at 0xc3 in for 0xa1
04-11 13:00:50.108 7281 7281 E ArmVmp : Match on catch block at 0xc3 in for 0xa5
04-11 13:00:50.109 7281 7281 E ArmVmp : Match on catch block at 0xc3 in for 0xa9
04-11 13:00:50.115 7281 7281 E ArmVmp : Match on catch block at 0xc3 in for 0xa5
04-11 13:00:50.120 7281 7281 E ArmVmp : Match on catch block at 0xc3 in for 0xa9
04-11 13:00:50.121 7281 7281 E ArmVmp : Match on catch block at 0xc3 in for 0xa1
04-11 13:00:50.124 7281 7281 E ArmVmp : Match on catch block at 0xc3 in for 0xa5
04-11 13:00:50.125 7281 7281 E ArmVmp : Match on catch block at 0xc3 in for 0xa9
04-11 13:00:50.127 7281 7281 E ArmVmp : Match on catch block at 0xc3 in for 0xa1
04-11 13:00:50.128 7281 7281 E ArmVmp : Match on catch block at 0xc3 in for 0xa5
04-11 13:00:50.132 7281 7281 E ArmVmp : Match on catch block at 0xc3 in for 0xa1
04-11 13:00:50.137 7281 7281 E ArmVmp : Match on catch block at 0xc3 in for 0xa5
04-11 13:00:50.139 7281 7281 E ArmVmp : Match on catch block at 0xc3 in for 0xa9
04-11 13:00:50.140 7281 7281 E ArmVmp : Match on catch block at 0xc3 in for 0xa1
04-11 13:00:50.142 7281 7281 E ArmVmp : Match on catch block at 0xc3 in for 0xa5
04-11 13:00:50.143 7281 7281 E ArmVmp : Match on catch block at 0xc3 in for 0xa9
04-11 13:00:50.145 7281 7281 E ArmVmp : Match on catch block at 0xc3 in for 0xa1
04-11 13:00:50.150 7281 7281 E ArmVmp : Match on catch block at 0xc3 in for 0xa9
04-11 13:00:50.156 7281 7281 E ArmVmp : Match on catch block at 0xc3 in for 0xa1
04-11 13:00:50.157 7281 7281 E ArmVmp : Match on catch block at 0xc3 in for 0xa5
04-11 13:00:50.159 7281 7281 E ArmVmp : Match on catch block at 0xc3 in for 0xa9
04-11 13:00:50.160 7281 7281 E ArmVmp : Match on catch block at 0xc3 in for 0xa1
04-11 13:00:50.161 7281 7281 E ArmVmp : Match on catch block at 0xc3 in for 0xa5
04-11 13:00:50.163 7281 7281 E ArmVmp : Match on catch block at 0xc3 in for 0xa9
04-11 13:00:50.168 7281 7281 E ArmVmp : Match on catch block at 0xc3 in for 0xa5
04-11 13:00:50.173 7281 7281 E ArmVmp : Match on catch block at 0xc3 in for 0xa9
04-11 13:00:50.174 7281 7281 E ArmVmp : Match on catch block at 0xc3 in for 0xa1
04-11 13:00:50.176 7281 7281 E ArmVmp : Match on catch block at 0xc3 in for 0xa5
04-11 13:00:50.178 7281 7281 E ArmVmp : Match on catch block at 0xc3 in for 0xa9
04-11 13:00:50.180 7281 7281 E ArmVmp : Match on catch block at 0xc3 in for 0xa1
04-11 13:00:50.182 7281 7281 E ArmVmp : Match on catch block at 0xc3 in for 0xa5
04-11 13:00:50.188 7281 7281 E ArmVmp : Match on catch block at 0xc3 in for 0xa1
04-11 13:00:50.192 7281 7281 E ArmVmp : Match on catch block at 0xc3 in for 0xa5
04-11 13:00:50.195 7281 7281 E ArmVmp : Match on catch block at 0xc3 in for 0xa9
04-11 13:00:50.197 7281 7281 E ArmVmp : Match on catch block at 0xc3 in for 0xa1
04-11 13:00:50.199 7281 7281 E ArmVmp : Match on catch block at 0xc3 in for 0xa5
04-11 13:00:50.200 7281 7281 E ArmVmp : Match on catch block at 0xc3 in for 0xa9
04-11 13:00:50.202 7281 7281 E ArmVmp : Match on catch block at 0xc3 in for 0xa1
04-11 13:00:50.208 7281 7281 E ArmVmp : Match on catch block at 0xc3 in for 0xa9
04-11 13:00:50.212 7281 7281 E ArmVmp : Match on catch block at 0xc3 in for 0xa1
04-11 13:00:50.214 7281 7281 E ArmVmp : Match on catch block at 0xc3 in for 0xa5
04-11 13:00:50.216 7281 7281 E ArmVmp : Match on catch block at 0xc3 in for 0xa9
04-11 13:00:50.217 7281 7281 E ArmVmp : Match on catch block at 0xc3 in for 0xa1
04-11 13:00:50.219 7281 7281 E ArmVmp : Match on catch block at 0xc3 in for 0xa5
04-11 13:00:50.220 7281 7281 E ArmVmp : Match on catch block at 0xc3 in for 0xa9
04-11 13:00:50.225 7281 7281 E ArmVmp : Match on catch block at 0xc3 in for 0xa5
04-11 13:00:50.230 7281 7281 E ArmVmp : Match on catch block at 0xc3 in for 0xa9
04-11 13:00:50.232 7281 7281 E ArmVmp : Match on catch block at 0xc3 in for 0xa1
04-11 13:00:50.234 7281 7281 E ArmVmp : Match on catch block at 0xc3 in for 0xa5
04-11 13:00:50.236 7281 7281 E ArmVmp : Match on catch block at 0xc3 in for 0xa9
04-11 13:00:50.237 7281 7281 E ArmVmp : Match on catch block at 0xc3 in for 0xa1
04-11 13:00:50.239 7281 7281 E ArmVmp : Match on catch block at 0xc3 in for 0xa5
04-11 13:00:50.243 7281 7281 E ArmVmp : Match on catch block at 0xc3 in for 0xa1
04-11 13:00:50.248 7281 7281 E ArmVmp : Match on catch block at 0xc3 in for 0xa5
04-11 13:00:50.250 7281 7281 E ArmVmp : Match on catch block at 0xc3 in for 0xa9
04-11 13:00:50.252 7281 7281 E ArmVmp : Match on catch block at 0xc3 in for 0xa1
04-11 13:00:50.254 7281 7281 E ArmVmp : Match on catch block at 0xc3 in for 0xa5
04-11 13:00:50.256 7281 7281 E ArmVmp : Match on catch block at 0xc3 in for 0xa9
04-11 13:00:50.258 7281 7281 E ArmVmp : Match on catch block at 0xc3 in for 0xa1
04-11 13:00:50.263 7281 7281 E ArmVmp : Match on catch block at 0xc3 in for 0xa9
04-11 13:00:50.268 7281 7281 E ArmVmp : Match on catch block at 0xc3 in for 0xa1
04-11 13:00:50.270 7281 7281 E ArmVmp : Match on catch block at 0xc3 in for 0xa5
04-11 13:00:50.272 7281 7281 E ArmVmp : Match on catch block at 0xc3 in for 0xa9
04-11 13:00:50.273 7281 7281 E ArmVmp : Match on catch block at 0xc3 in for 0xa1
04-11 13:00:50.275 7281 7281 E ArmVmp : Match on catch block at 0xc3 in for 0xa5
04-11 13:00:50.276 7281 7281 E ArmVmp : Match on catch block at 0xc3 in for 0xa9
04-11 13:00:50.281 7281 7281 E ArmVmp : Match on catch block at 0xc3 in for 0xa5
04-11 13:00:50.288 7281 7281 E ArmVmp : Match on catch block at 0xc3 in for 0xa9
04-11 13:00:50.289 7281 7281 E ArmVmp : Match on catch block at 0xc3 in for 0xa1
04-11 13:00:50.291 7281 7281 E ArmVmp : Match on catch block at 0xc3 in for 0xa5
04-11 13:00:50.292 7281 7281 E ArmVmp : Match on catch block at 0xc3 in for 0xa9
04-11 13:00:50.293 7281 7281 E ArmVmp : Match on catch block at 0xc3 in for 0xa1
04-11 13:00:50.295 7281 7281 E ArmVmp : Match on catch block at 0xc3 in for 0xa5
04-11 13:00:50.300 7281 7281 E ArmVmp : Match on catch block at 0xc3 in for 0xa1
04-11 13:00:50.305 7281 7281 E ArmVmp : Match on catch block at 0xc3 in for 0xa5
04-11 13:00:50.307 7281 7281 E ArmVmp : Match on catch block at 0xc3 in for 0xa9
04-11 13:00:50.308 7281 7281 E ArmVmp : Match on catch block at 0xc3 in for 0xa1
04-11 13:00:50.309 7281 7281 E ArmVmp : Match on catch block at 0xc3 in for 0xa5
04-11 13:00:50.311 7281 7281 E ArmVmp : Match on catch block at 0xc3 in for 0xa9
04-11 13:00:50.312 7281 7281 E ArmVmp : Match on catch block at 0xc3 in for 0xa1
04-11 13:00:50.316 7281 7281 E ArmVmp : Match on catch block at 0xc3 in for 0xa9
04-11 13:00:50.320 7281 7281 E ArmVmp : Match on catch block at 0xc3 in for 0xa1
04-11 13:00:50.323 7281 7281 E ArmVmp : Match on catch block at 0xc3 in for 0xa5
04-11 13:00:50.324 7281 7281 E ArmVmp : Match on catch block at 0xc3 in for 0xa9
04-11 13:00:50.326 7281 7281 E ArmVmp : Match on catch block at 0xc3 in for 0xa1
04-11 13:00:50.327 7281 7281 E ArmVmp : Match on catch block at 0xc3 in for 0xa5
04-11 13:00:50.328 7281 7281 E ArmVmp : Match on catch block at 0xc3 in for 0xa9
04-11 13:00:50.333 7281 7281 E ArmVmp : Match on catch block at 0xc3 in for 0xa5
04-11 13:00:50.338 7281 7281 E ArmVmp : Match on catch block at 0xc3 in for 0xa9
04-11 13:00:50.339 7281 7281 E ArmVmp : Match on catch block at 0xc3 in for 0xa1
04-11 13:00:50.340 7281 7281 E ArmVmp : Match on catch block at 0xc3 in for 0xa5
04-11 13:00:50.342 7281 7281 E ArmVmp : Match on catch block at 0xc3 in for 0xa9
04-11 13:00:50.343 7281 7281 E ArmVmp : Match on catch block at 0xc3 in for 0xa1
04-11 13:00:50.344 7281 7281 E ArmVmp : Match on catch block at 0xc3 in for 0xa5
04-11 13:00:50.349 7281 7281 E ArmVmp : Match on catch block at 0xc3 in for 0xa1
04-11 13:00:50.353 7281 7281 E ArmVmp : Match on catch block at 0xc3 in for 0xa5
04-11 13:00:50.355 7281 7281 E ArmVmp : Match on catch block at 0xc3 in for 0xa9
04-11 13:00:50.357 7281 7281 E ArmVmp : Match on catch block at 0xc3 in for 0xa1
04-11 13:00:50.358 7281 7281 E ArmVmp : Match on catch block at 0xc3 in for 0xa5
04-11 13:00:50.360 7281 7281 E ArmVmp : Match on catch block at 0xc3 in for 0xa9
04-11 13:00:50.361 7281 7281 E ArmVmp : Match on catch block at 0xc3 in for 0xa1
04-11 13:00:50.367 7281 7281 E ArmVmp : Match on catch block at 0xc3 in for 0xa9
04-11 13:00:50.371 7281 7281 E ArmVmp : Match on catch block at 0xc3 in for 0xa1
04-11 13:00:50.373 7281 7281 E ArmVmp : Match on catch block at 0xc3 in for 0xa5
04-11 13:00:50.374 7281 7281 E ArmVmp : Match on catch block at 0xc3 in for 0xa9
04-11 13:00:50.376 7281 7281 E ArmVmp : Match on catch block at 0xc3 in for 0xa1
04-11 13:00:50.377 7281 7281 E ArmVmp : Match on catch block at 0xc3 in for 0xa5
04-11 13:00:50.378 7281 7281 E ArmVmp : Match on catch block at 0xc3 in for 0xa9
04-11 13:00:50.383 7281 7281 E ArmVmp : Match on catch block at 0xc3 in for 0xa5
04-11 13:00:50.387 7281 7281 E ArmVmp : Match on catch block at 0xc3 in for 0xa9
04-11 13:00:50.388 7281 7281 E ArmVmp : Match on catch block at 0xc3 in for 0xa1
04-11 13:00:50.390 7281 7281 E ArmVmp : Match on catch block at 0xc3 in for 0xa5
04-11 13:00:50.391 7281 7281 E ArmVmp : Match on catch block at 0xc3 in for 0xa9
04-11 13:00:50.392 7281 7281 E ArmVmp : Match on catch block at 0xc3 in for 0xa1
04-11 13:00:50.394 7281 7281 E ArmVmp : Match on catch block at 0xc3 in for 0xa5
04-11 13:00:50.398 7281 7281 E ArmVmp : Match on catch block at 0xc3 in for 0xa1
04-11 13:00:50.403 7281 7281 E ArmVmp : Match on catch block at 0xc3 in for 0xa5
04-11 13:00:50.405 7281 7281 E ArmVmp : Match on catch block at 0xc3 in for 0xa9
04-11 13:00:50.406 7281 7281 E ArmVmp : Match on catch block at 0xc3 in for 0xa1
04-11 13:00:50.408 7281 7281 E ArmVmp : Match on catch block at 0xc3 in for 0xa5
04-11 13:00:50.409 7281 7281 E ArmVmp : Match on catch block at 0xc3 in for 0xa9
04-11 13:00:50.410 7281 7281 E ArmVmp : Match on catch block at 0xc3 in for 0xa1
04-11 13:00:50.415 7281 7281 E ArmVmp : Match on catch block at 0xc3 in for 0xa9
04-11 13:00:50.419 7281 7281 E ArmVmp : Match on catch block at 0xc3 in for 0xa1
04-11 13:00:50.420 7281 7281 E ArmVmp : Match on catch block at 0xc3 in for 0xa5
04-11 13:00:50.422 7281 7281 E ArmVmp : Match on catch block at 0xc3 in for 0xa9
04-11 13:00:50.424 7281 7281 E ArmVmp : Match on catch block at 0xc3 in for 0xa1
04-11 13:00:50.425 7281 7281 E ArmVmp : Match on catch block at 0xc3 in for 0xa5
04-11 13:00:50.426 7281 7281 E ArmVmp : Match on catch block at 0xc3 in for 0xa9
04-11 13:00:58.355 7281 7281 E ArmVmp : Match on catch block at 0xc3 in for 0xa9
04-11 13:00:58.359 7281 7281 E ArmVmp : Match on catch block at 0xc3 in for 0xa1
04-11 13:00:58.360 7281 7281 E ArmVmp : Match on catch block at 0xc3 in for 0xa5
04-11 13:00:58.361 7281 7281 E ArmVmp : Match on catch block at 0xc3 in for 0xa9
04-11 13:00:58.362 7281 7281 E ArmVmp : Match on catch block at 0xc3 in for 0xa1
04-11 13:00:58.364 7281 7281 E ArmVmp : Match on catch block at 0xc3 in for 0xa5
04-11 13:00:58.365 7281 7281 E ArmVmp : Match on catch block at 0xc3 in for 0xa9
04-11 13:00:58.441 7281 7281 E ArmVmp : Match on catch block at 0xc3 in for 0xa1
04-11 13:00:58.444 7281 7281 E ArmVmp : Match on catch block at 0xc3 in for 0xa5
04-11 13:00:58.446 7281 7281 E ArmVmp : Match on catch block at 0xc3 in for 0xa9
04-11 13:00:58.448 7281 7281 E ArmVmp : Match on catch block at 0xc3 in for 0xa1
04-11 13:00:58.449 7281 7281 E ArmVmp : Match on catch block at 0xc3 in for 0xa5
04-11 13:00:58.450 7281 7281 E ArmVmp : Match on catch block at 0xc3 in for 0xa9
04-11 13:00:58.451 7281 7281 E ArmVmp : Match on catch block at 0xc3 in for 0xa1
04-11 13:00:59.108 7281 7281 E ArmVmp : Match on catch block at 0xc3 in for 0xa1
04-11 13:00:59.116 7281 7281 E ArmVmp : Match on catch block at 0xc3 in for 0xa5
04-11 13:00:59.119 7281 7281 E ArmVmp : Match on catch block at 0xc3 in for 0xa9
