The document contains log entries from an Android application, detailing the initialization process and various compatibility changes reported. It highlights errors related to missing fields and classes, specifically a NoSuchFieldException and ClassNotFoundException. Additionally, there are multiple warnings about failed attempts to ping a server, indicating potential connectivity issues.
We take content rights seriously. If you suspect this is your content, claim it here.
Available Formats
Download as TXT, PDF, TXT or read online on Scribd
0 ratings0% found this document useful (0 votes)
14 views32 pages
com.upgadata.zhushou32_logcat
The document contains log entries from an Android application, detailing the initialization process and various compatibility changes reported. It highlights errors related to missing fields and classes, specifically a NoSuchFieldException and ClassNotFoundException. Additionally, there are multiple warnings about failed attempts to ping a server, indicating potential connectivity issues.
We take content rights seriously. If you suspect this is your content, claim it here.
Available Formats
Download as TXT, PDF, TXT or read online on Scribd
You are on page 1/ 32
--------- beginning of main
04-26 23:36:48.691 7783 7783 I MMKV : <native-bridge.cpp:101::JNI_OnLoad>
current API level = 34
04-26 23:36:48.693 7783 7783 I MMKV : <MMKV.cpp:156::initialize> version v1.2.2 page size:4096
04-26 23:36:48.694 7783 7783 I MMKV : <MMKV.cpp:198::initializeMMKV> root dir: /data/user/0/com.upgadata.zhushou32/files/mmkv
04-26 23:36:48.711 7783 7783 D CompatibilityChangeReporter: Compat change id reported: 149924527; UID 10358; state: ENABLED
04-26 23:36:48.711 7783 7783 D CompatibilityChangeReporter: Compat change id reported: 132649864; UID 10358; state: DISABLED
04-26 23:36:49.064 7783 7783 D CompatibilityChangeReporter: Compat change id reported: 210923482; UID 10358; state: DISABLED
04-26 23:36:49.064 7783 7783 D CompatibilityChangeReporter: Compat change id reported: 37756858; UID 10358; state: ENABLED
04-26 23:36:49.072 7783 7783 D CompatibilityChangeReporter: Compat change id reported: 147798919; UID 10358; state: DISABLED
04-26 23:36:49.237 7783 7783 W System.err: java.lang.NoSuchFieldException: No field mHiddenApiWarningShown in class Landroid/app/ActivityThread; (declaration of 'android.app.ActivityThread' appears in /system/framework/framework.jar)
04-26 23:36:49.237 7783 7783 W System.err: at java.lang.Class.getDeclaredField(Native Method)
04-26 23:36:49.237 7783 7783 W System.err: at com.upgadata.up7723.MyApplication.closeAndroidPDialog(MyApplication.java:9)
04-26 23:36:49.237 7783 7783 W System.err: at com.upgadata.up7723.MyApplication.init(MyApplication.java:11)
04-26 23:36:49.237 7783 7783 W System.err: at com.upgadata.up7723.MyApplication.onCreate(MyApplication.java:7)
04-26 23:36:49.237 7783 7783 W System.err: at com.tencent.tinker.entry.TinkerApplicationInlineFence.handleMessageImpl(TinkerAppli cationInlineFence.java:14)
04-26 23:36:49.237 7783 7783 W System.err: at com.tencent.tinker.entry.TinkerApplicationInlineFence.handleMessage_$noinline$ (TinkerApplicationInlineFence.java:2)
04-26 23:36:49.237 7783 7783 W System.err: at com.tencent.tinker.entry.TinkerApplicationInlineFence.handleMessage(TinkerApplicati onInlineFence.java:1)
04-26 23:36:49.237 7783 7783 W System.err: at com.tencent.tinker.loader.app.TinkerInlineFenceAction.callOnCreate(TinkerInlineFenc eAction.java:2)
04-26 23:36:49.237 7783 7783 W System.err: at com.tencent.tinker.loader.app.TinkerApplication.onCreate(TinkerApplication.java:3)
04-26 23:36:49.237 7783 7783 W System.err: at android.app.Instrumentation.callApplicationOnCreate(Instrumentation.java:1323)
04-26 23:36:49.237 7783 7783 W System.err: at android.app.ActivityThread.handleBindApplication(ActivityThread.java:7522)
04-26 23:36:49.237 7783 7783 W System.err: at android.app.ActivityThread.-$ $Nest$mhandleBindApplication(Unknown Source:0)
04-26 23:36:49.237 7783 7783 W System.err: at android.app.ActivityThread$H.handleMessage(ActivityThread.java:2394)
04-26 23:36:49.237 7783 7783 W System.err: at android.os.Handler.dispatchMessage(Handler.java:106)
04-26 23:36:49.237 7783 7783 W System.err: at android.os.Looper.loopOnce(Looper.java:224)
04-26 23:36:49.237 7783 7783 W System.err: at android.os.Looper.loop(Looper.java:318)
04-26 23:36:49.237 7783 7783 W System.err: at android.app.ActivityThread.main(ActivityThread.java:8759)
04-26 23:36:49.237 7783 7783 W System.err: at java.lang.reflect.Method.invoke(Native Method)
04-26 23:36:49.237 7783 7783 W System.err: at com.android.internal.os.RuntimeInit$MethodAndArgsCaller.run(RuntimeInit.java:561)
04-26 23:36:49.237 7783 7783 W System.err: at com.android.internal.os.ZygoteInit.main(ZygoteInit.java:1013)
04-26 23:36:49.244 7783 7928 D TrafficStats: tagSocket(99) with statsTag=0xffffffff, statsUid=-1
04-26 23:36:49.256 7783 7931 D TrafficStats: tagSocket(102) with statsTag=0xffffffff, statsUid=-1
04-26 23:36:49.272 7783 7783 D CompatibilityChangeReporter: Compat change id reported: 263076149; UID 10358; state: DISABLED
04-26 23:36:49.326 7783 7928 W Pinger : Error pinging server (attempt: 0, timeout: 70).
04-26 23:36:49.409 7783 7783 D CompatibilityChangeReporter: Compat change id reported: 170188668; UID 10358; state: DISABLED
04-26 23:36:49.409 7783 7783 W System.err: java.lang.ClassNotFoundException: com.huawei.system.BuildEx
04-26 23:36:49.409 7783 7783 W System.err: at java.lang.Class.classForName(Native Method)
04-26 23:36:49.409 7783 7783 W System.err: at java.lang.Class.forName(Class.java:536)
04-26 23:36:49.409 7783 7783 W System.err: at java.lang.Class.forName(Class.java:467)
04-26 23:36:49.409 7783 7783 W System.err: at bzdevicesinfo.x.x(SourceFile:1)
04-26 23:36:49.409 7783 7783 W System.err: at bzdevicesinfo.y.d(SourceFile:28)
04-26 23:36:49.409 7783 7783 W System.err: at com.bz.devieceinfomod.BzDeviceManager.initSdk(SourceFile:1)
04-26 23:36:49.409 7783 7783 W System.err: at com.upgadata.up7723.http.utils.i.f(PhoneParamsUtil.java:20)
04-26 23:36:49.409 7783 7783 W System.err: at com.upgadata.up7723.MyApplication.initPhone(MyApplication.java:2)
04-26 23:36:49.409 7783 7783 W System.err: at com.upgadata.up7723.MyApplication.init(MyApplication.java:16)
04-26 23:36:49.410 7783 7783 W System.err: at com.upgadata.up7723.MyApplication.onCreate(MyApplication.java:7)
04-26 23:36:49.410 7783 7783 W System.err: at com.tencent.tinker.entry.TinkerApplicationInlineFence.handleMessageImpl(TinkerAppli cationInlineFence.java:14)
04-26 23:36:49.410 7783 7783 W System.err: at com.tencent.tinker.entry.TinkerApplicationInlineFence.handleMessage_$noinline$ (TinkerApplicationInlineFence.java:2)
04-26 23:36:49.410 7783 7783 W System.err: at com.tencent.tinker.entry.TinkerApplicationInlineFence.handleMessage(TinkerApplicati onInlineFence.java:1)
04-26 23:36:49.410 7783 7783 W System.err: at com.tencent.tinker.loader.app.TinkerInlineFenceAction.callOnCreate(TinkerInlineFenc eAction.java:2)
04-26 23:36:49.410 7783 7783 W System.err: at com.tencent.tinker.loader.app.TinkerApplication.onCreate(TinkerApplication.java:3)
04-26 23:36:49.410 7783 7783 W System.err: at android.app.Instrumentation.callApplicationOnCreate(Instrumentation.java:1323)
04-26 23:36:49.410 7783 7783 W System.err: at android.app.ActivityThread.handleBindApplication(ActivityThread.java:7522)
04-26 23:36:49.410 7783 7783 W System.err: at android.app.ActivityThread.-$ $Nest$mhandleBindApplication(Unknown Source:0)
04-26 23:36:49.410 7783 7783 W System.err: at android.app.ActivityThread$H.handleMessage(ActivityThread.java:2394)
04-26 23:36:49.410 7783 7783 W System.err: at android.os.Handler.dispatchMessage(Handler.java:106)
04-26 23:36:49.410 7783 7783 W System.err: at android.os.Looper.loopOnce(Looper.java:224)
04-26 23:36:49.410 7783 7783 W System.err: at android.os.Looper.loop(Looper.java:318)
04-26 23:36:49.410 7783 7783 W System.err: at android.app.ActivityThread.main(ActivityThread.java:8759)
04-26 23:36:49.410 7783 7783 W System.err: at java.lang.reflect.Method.invoke(Native Method)
04-26 23:36:49.410 7783 7783 W System.err: at com.android.internal.os.RuntimeInit$MethodAndArgsCaller.run(RuntimeInit.java:561)
04-26 23:36:49.410 7783 7783 W System.err: at com.android.internal.os.ZygoteInit.main(ZygoteInit.java:1013)
04-26 23:36:49.410 7783 7783 W System.err: Caused by: java.lang.ClassNotFoundException: com.huawei.system.BuildEx
04-26 23:36:49.410 7783 7783 W System.err: ... 26 more
04-26 23:36:49.467 7783 7928 W Pinger : Error pinging server (attempt: 1, timeout: 140).
04-26 23:36:49.500 7783 8092 D IdProviderImpl: getOAID from com.upgadata.zhushou32
04-26 23:36:49.503 7783 8097 D IdProviderImpl: getOAID from com.upgadata.zhushou32
04-26 23:36:49.545 7783 8092 D IdProviderImpl: getVAID from com.upgadata.zhushou32
04-26 23:36:49.546 7783 8097 D IdProviderImpl: getVAID from com.upgadata.zhushou32
04-26 23:36:49.559 7783 8097 D IdProviderImpl: getAAID from com.upgadata.zhushou32
04-26 23:36:49.561 7783 8092 D IdProviderImpl: getAAID from com.upgadata.zhushou32
04-26 23:36:49.612 7783 7783 I eup : register native abi method success
04-26 23:36:49.722 7783 7783 W crashsdk: Set: Unknown key 38
04-26 23:36:49.722 7783 7783 W crashsdk: Set: Unknown key 39
04-26 23:36:49.742 7783 8408 D crashsdk: Native log stat thread 8408 setup, waiting
04-26 23:36:49.746 7783 7783 I crashsdk: Catcher mask: 5000, 20480
04-26 23:36:49.747 7783 7783 I crashsdk: Catcher thread 7802
04-26 23:36:49.747 7783 7783 D crashsdk: Register ANR handler ...
04-26 23:36:49.747 7783 7783 I crashsdk: begin hack android.os.Process
04-26 23:36:49.747 7783 7783 I crashsdk: end hack android.os.Process
04-26 23:36:49.747 7783 7783 I crashsdk: LibcMalloc detail: disabled.
04-26 23:36:49.747 7783 7928 W Pinger : Error pinging server (attempt: 2, timeout: 280).
04-26 23:36:49.751 7783 7928 E Pinger : Error pinging server (attempts: 3, max timeout: 280). If you see this message, please, report at https://github.com/danikula/AndroidVideoCache/issues/134. Default proxies are: [DIRECT]
04-26 23:36:49.751 7783 7928 E Pinger : com.danikula.videocache.ProxyCacheException: Error pinging server (attempts: 3, max timeout: 280). If you see this message, please, report at https://github.com/danikula/AndroidVideoCache/issues/134. Default proxies are: [DIRECT]. Version: 1.0
04-26 23:36:49.751 7783 7928 E Pinger : at com.danikula.videocache.Pinger.ping(Pinger.java:10)
04-26 23:36:49.751 7783 7928 E Pinger : at com.danikula.videocache.HttpProxyCacheServer.isAlive(HttpProxyCacheServer.java:1)
04-26 23:36:49.751 7783 7928 E Pinger : at com.danikula.videocache.HttpProxyCacheServer.<init>(HttpProxyCacheServer.java:17)
04-26 23:36:49.751 7783 7928 E Pinger : at com.danikula.videocache.HttpProxyCacheServer.<init>(HttpProxyCacheServer.java:1)
04-26 23:36:49.751 7783 7928 E Pinger : at com.danikula.videocache.HttpProxyCacheServer$Builder.build(HttpProxyCacheServer.jav a:2)
04-26 23:36:49.751 7783 7928 E Pinger : at org.salient.artplayer.MediaPlayerManager.initVideoCache(MediaPlayerManager.java:5)
04-26 23:36:49.751 7783 7928 E Pinger : at com.upgadata.up7723.apps.ApplicationInit$initApplication$1.invokeSuspend(Applicatio nInit.kt:2)
04-26 23:36:49.751 7783 7928 E Pinger : at kotlin.coroutines.jvm.internal.BaseContinuationImpl.resumeWith(ContinuationImpl.kt: 3)
04-26 23:36:49.751 7783 7928 E Pinger : at kotlinx.coroutines.y0.run(DispatchedTask.kt:19)
04-26 23:36:49.751 7783 7928 E Pinger : at kotlinx.coroutines.scheduling.CoroutineScheduler.P(CoroutineScheduler.kt:1)
04-26 23:36:49.751 7783 7928 E Pinger : at kotlinx.coroutines.scheduling.CoroutineScheduler$b.c(CoroutineScheduler.kt:4)
04-26 23:36:49.751 7783 7928 E Pinger : at kotlinx.coroutines.scheduling.CoroutineScheduler$b.n(CoroutineScheduler.kt:4)
04-26 23:36:49.751 7783 7928 E Pinger : at kotlinx.coroutines.scheduling.CoroutineScheduler$b.run(CoroutineScheduler.kt:1)
04-26 23:36:49.751 7783 7928 I HttpProxyCacheServer: Proxy cache server started. Is it alive? false
04-26 23:36:49.767 7783 8417 E adata.zhushou32: Invalid resource ID 0x00000000.
04-26 23:36:49.774 7783 8417 E adata.zhushou32: Invalid resource ID 0x00000000.
04-26 23:36:49.853 7783 8128 W System.err: java.net.UnknownHostException: Unable to resolve host "cfg.imtt.qq.com": No address associated with hostname
04-26 23:36:49.853 7783 8128 W System.err: at java.net.Inet6AddressImpl.lookupHostByName(Inet6AddressImpl.java:156)
04-26 23:36:49.853 7783 8128 W System.err: at java.net.Inet6AddressImpl.lookupAllHostAddr(Inet6AddressImpl.java:103)
04-26 23:36:49.853 7783 8128 W System.err: at java.net.InetAddress.getAllByName(InetAddress.java:1152)
04-26 23:36:49.853 7783 8128 W System.err: at com.android.okhttp.Dns$1.lookup(Dns.java:41)
04-26 23:36:49.853 7783 8128 W System.err: at com.android.okhttp.internal.http.RouteSelector.resetNextInetSocketAddress(RouteSele ctor.java:178)
04-26 23:36:49.853 7783 8128 W System.err: at com.android.okhttp.internal.http.RouteSelector.nextProxy(RouteSelector.java:144)
04-26 23:36:49.853 7783 8128 W System.err: at com.android.okhttp.internal.http.RouteSelector.next(RouteSelector.java:86)
04-26 23:36:49.853 7783 8128 W System.err: at com.android.okhttp.internal.http.StreamAllocation.findConnection(StreamAllocation.j ava:176)
04-26 23:36:49.853 7783 8128 W System.err: at com.android.okhttp.internal.http.StreamAllocation.findHealthyConnection(StreamAlloc ation.java:128)
04-26 23:36:49.853 7783 8128 W System.err: at com.android.okhttp.internal.http.StreamAllocation.newStream(StreamAllocation.java:9 7)
04-26 23:36:49.853 7783 8128 W System.err: at com.android.okhttp.internal.http.HttpEngine.connect(HttpEngine.java:289)
04-26 23:36:49.853 7783 8128 W System.err: at com.android.okhttp.internal.http.HttpEngine.sendRequest(HttpEngine.java:232)
04-26 23:36:49.853 7783 8128 W System.err: at com.android.okhttp.internal.huc.HttpURLConnectionImpl.execute(HttpURLConnectionImpl .java:465)
04-26 23:36:49.853 7783 8128 W System.err: at com.android.okhttp.internal.huc.HttpURLConnectionImpl.connect(HttpURLConnectionImpl .java:131)
04-26 23:36:49.853 7783 8128 W System.err: at com.android.okhttp.internal.huc.HttpURLConnectionImpl.getOutputStream(HttpURLConnec tionImpl.java:262)
04-26 23:36:49.854 7783 8128 W System.err: at com.android.okhttp.internal.huc.DelegatingHttpsURLConnection.getOutputStream(Delega tingHttpsURLConnection.java:219)
04-26 23:36:49.854 7783 8128 W System.err: at com.android.okhttp.internal.huc.HttpsURLConnectionImpl.getOutputStream(HttpsURLConn ectionImpl.java:30)
04-26 23:36:49.854 7783 8128 W System.err: at com.tencent.smtt.utils.g.a(Unknown Source:1)
04-26 23:36:49.854 7783 8128 W System.err: at com.tencent.smtt.utils.g.a(Unknown Source:117)
04-26 23:36:49.854 7783 8128 W System.err: at com.tencent.smtt.sdk.TbsDownloader.b(Unknown Source:392)
04-26 23:36:49.854 7783 8128 W System.err: at com.tencent.smtt.sdk.TbsDownloader.a(Unknown Source:0)
04-26 23:36:49.854 7783 8128 W System.err: at com.tencent.smtt.sdk.TbsDownloader$1.handleMessage(Unknown Source:231)
04-26 23:36:49.854 7783 8128 W System.err: at android.os.Handler.dispatchMessage(Handler.java:106)
04-26 23:36:49.854 7783 8128 W System.err: at android.os.Looper.loopOnce(Looper.java:224)
04-26 23:36:49.854 7783 8128 W System.err: at android.os.Looper.loop(Looper.java:318)
04-26 23:36:49.855 7783 8128 W System.err: at android.os.HandlerThread.run(HandlerThread.java:67)
04-26 23:36:49.856 7783 8128 W System.err: Caused by: android.system.GaiException: android_getaddrinfo failed: EAI_NODATA (No address associated with hostname)
04-26 23:36:49.856 7783 8128 W System.err: at libcore.io.Linux.android_getaddrinfo(Native Method)
04-26 23:36:49.856 7783 8128 W System.err: at libcore.io.ForwardingOs.android_getaddrinfo(ForwardingOs.java:133)
04-26 23:36:49.856 7783 8128 W System.err: at libcore.io.BlockGuardOs.android_getaddrinfo(BlockGuardOs.java:222)
04-26 23:36:49.856 7783 8128 W System.err: at libcore.io.ForwardingOs.android_getaddrinfo(ForwardingOs.java:133)
04-26 23:36:49.856 7783 8128 W System.err: at java.net.Inet6AddressImpl.lookupHostByName(Inet6AddressImpl.java:135)
04-26 23:36:49.856 7783 8128 W System.err: ... 25 more
04-26 23:36:49.877 7783 8128 W System.err: org.json.JSONException: Value ["HttpError"] of type org.json.JSONArray cannot be converted to JSONObject
04-26 23:36:49.877 7783 8128 W System.err: at org.json.JSON.typeMismatch(JSON.java:112)
04-26 23:36:49.877 7783 8128 W System.err: at org.json.JSONObject.<init>(JSONObject.java:172)
04-26 23:36:49.877 7783 8128 W System.err: at org.json.JSONObject.<init>(JSONObject.java:185)
04-26 23:36:49.877 7783 8128 W System.err: at com.tencent.smtt.sdk.TbsDownloader.a(Unknown Source:70)
04-26 23:36:49.877 7783 8128 W System.err: at com.tencent.smtt.sdk.TbsDownloader.b(Unknown Source:463)
04-26 23:36:49.877 7783 8128 W System.err: at com.tencent.smtt.sdk.TbsDownloader.a(Unknown Source:0)
04-26 23:36:49.878 7783 8128 W System.err: at com.tencent.smtt.sdk.TbsDownloader$1.handleMessage(Unknown Source:231)
04-26 23:36:49.878 7783 8128 W System.err: at android.os.Handler.dispatchMessage(Handler.java:106)
04-26 23:36:49.880 7783 8128 W System.err: at android.os.Looper.loopOnce(Looper.java:224)
04-26 23:36:49.881 7783 8128 W System.err: at android.os.Looper.loop(Looper.java:318)
04-26 23:36:49.882 7783 8128 W System.err: at android.os.HandlerThread.run(HandlerThread.java:67)
04-26 23:36:49.888 7783 8468 D IdProviderImpl: getOAID from com.upgadata.zhushou32
04-26 23:36:49.946 7783 8472 W System.err: java.net.UnknownHostException: Unable to resolve host "android.bugly.qq.com": No address associated with hostname
04-26 23:36:49.947 7783 8472 W System.err: at java.net.Inet6AddressImpl.lookupHostByName(Inet6AddressImpl.java:156)
04-26 23:36:49.947 7783 8472 W System.err: at java.net.Inet6AddressImpl.lookupAllHostAddr(Inet6AddressImpl.java:103)
04-26 23:36:49.947 7783 8472 W System.err: at java.net.InetAddress.getAllByName(InetAddress.java:1152)
04-26 23:36:49.947 7783 8472 W System.err: at com.android.okhttp.Dns$1.lookup(Dns.java:41)
04-26 23:36:49.947 7783 8472 W System.err: at com.android.okhttp.internal.http.RouteSelector.resetNextInetSocketAddress(RouteSele ctor.java:178)
04-26 23:36:49.947 7783 8472 W System.err: at com.android.okhttp.internal.http.RouteSelector.nextProxy(RouteSelector.java:144)
04-26 23:36:49.947 7783 8472 W System.err: at com.android.okhttp.internal.http.RouteSelector.next(RouteSelector.java:86)
04-26 23:36:49.947 7783 8472 W System.err: at com.android.okhttp.internal.http.StreamAllocation.findConnection(StreamAllocation.j ava:176)
04-26 23:36:49.947 7783 8472 W System.err: at com.android.okhttp.internal.http.StreamAllocation.findHealthyConnection(StreamAlloc ation.java:128)
04-26 23:36:49.947 7783 8472 W System.err: at com.android.okhttp.internal.http.StreamAllocation.newStream(StreamAllocation.java:9 7)
04-26 23:36:49.947 7783 8472 W System.err: at com.android.okhttp.internal.http.HttpEngine.connect(HttpEngine.java:289)
04-26 23:36:49.947 7783 8472 W System.err: at com.android.okhttp.internal.http.HttpEngine.sendRequest(HttpEngine.java:232)
04-26 23:36:49.947 7783 8472 W System.err: at com.android.okhttp.internal.huc.HttpURLConnectionImpl.execute(HttpURLConnectionImpl .java:465)
04-26 23:36:49.948 7783 8472 W System.err: at com.android.okhttp.internal.huc.HttpURLConnectionImpl.connect(HttpURLConnectionImpl .java:131)
04-26 23:36:49.948 7783 8472 W System.err: at com.android.okhttp.internal.huc.HttpURLConnectionImpl.getOutputStream(HttpURLConnec tionImpl.java:262)
04-26 23:36:49.948 7783 8472 W System.err: at com.android.okhttp.internal.huc.DelegatingHttpsURLConnection.getOutputStream(Delega tingHttpsURLConnection.java:219)
04-26 23:36:49.948 7783 8472 W System.err: at com.android.okhttp.internal.huc.HttpsURLConnectionImpl.getOutputStream(HttpsURLConn ectionImpl.java:30)
04-26 23:36:49.949 7783 8472 W System.err: at com.tencent.bugly.proguard.af.a(BUGLY:63)
04-26 23:36:49.949 7783 8472 W System.err: at com.tencent.bugly.proguard.af.a(BUGLY:13)
04-26 23:36:49.949 7783 8472 W System.err: at com.tencent.bugly.proguard.aj.run(BUGLY:39)
04-26 23:36:49.949 7783 8472 W System.err: at com.tencent.bugly.proguard.ai$1.run(BUGLY:1)
04-26 23:36:49.949 7783 8472 W System.err: at java.lang.Thread.run(Thread.java:1012)
04-26 23:36:49.949 7783 8472 W System.err: Caused by: android.system.GaiException: android_getaddrinfo failed: EAI_NODATA (No address associated with hostname)
04-26 23:36:49.949 7783 8472 W System.err: at libcore.io.Linux.android_getaddrinfo(Native Method)
04-26 23:36:49.949 7783 8472 W System.err: at libcore.io.ForwardingOs.android_getaddrinfo(ForwardingOs.java:133)
04-26 23:36:49.949 7783 8472 W System.err: at libcore.io.BlockGuardOs.android_getaddrinfo(BlockGuardOs.java:222)
04-26 23:36:49.949 7783 8472 W System.err: at libcore.io.ForwardingOs.android_getaddrinfo(ForwardingOs.java:133)
04-26 23:36:49.949 7783 8472 W System.err: at java.net.Inet6AddressImpl.lookupHostByName(Inet6AddressImpl.java:135)
04-26 23:36:49.949 7783 8472 W System.err: ... 21 more
04-26 23:36:50.034 8546 8546 W libc : Access denied finding property "qemu.hw.mainkeys"
04-26 23:36:50.034 8546 8546 W libc : Access denied finding property "qemu.sf.lcd_density"
04-26 23:36:50.034 8546 8546 W libc : Access denied finding property "ro.serialno"
04-26 23:36:50.361 8546 8546 I Umeng_ZID: native zid is APEnNvEICEz8C_QaQ- wvMqHbbwMlaTCp4tWtEXZQ_TY41QmWvu73vsSB1-YIVWAaWN- 19p3eESrZE7zEHWmqgfJSejPWwIVVHdEG97IMWzyCxJy-Xb04zTidZajspkTx-G- zrlh5EDAUcgUIOTqWJNPYu0dEUAyRZsYut96aKCGHSDgMeUUnYyNoF90Li6u65sRmuWGznfg6zTTDJI9lxb YSPD4rJNiYdCu4iOoqN9Eb1pHAOKVW06LagVTwKKSe0KN5tmSM1z5Rv33pU9sv11TM83hzUEm9oSqctmcx_ zN7- BmodEERDiSJVvHsUwZ6RslPQGZe31zyolTg2tmodHlhXa6JYLwEiM_m50UC83r_b9CXcnf0crV7aWMkYSSO V7Cc8x3pZfMI9oBnSdbXiAVYAmVIBfDzfAMteFx7RDkyQOVGY4x2Fj4GjsLUAw_0RVcaa_zRs3J5eI0vOWV XyjVVagdVJKz_bck_oUqbdeFWMXbvpohLWYLQd8fvucHJGaiCjob-C3sLsRBBs6_eOa0FHF4bTcuzFw==
04-26 23:36:50.361 8546 8546 I Umeng_ZID:
04-26 23:36:50.402 7783 8518 D TrafficStats: tagSocket(175) with statsTag=0xffffffff, statsUid=-1
04-26 23:37:19.960 7783 8472 D TrafficStats: tagSocket(179) with statsTag=0xffffffff, statsUid=-1
04-26 23:37:20.428 7783 8518 W System.err: java.net.SocketTimeoutException: failed to connect to utoken.umeng.com/223.109.148.171 (port 443) from /10.5.51.227 (port 59720) after 30000ms
04-26 23:37:20.428 7783 8518 W System.err: at libcore.io.IoBridge.connectErrno(IoBridge.java:235)
04-26 23:37:20.428 7783 8518 W System.err: at libcore.io.IoBridge.connect(IoBridge.java:179)
04-26 23:37:20.428 7783 8518 W System.err: at java.net.PlainSocketImpl.socketConnect(PlainSocketImpl.java:142)
04-26 23:37:20.428 7783 8518 W System.err: at java.net.AbstractPlainSocketImpl.doConnect(AbstractPlainSocketImpl.java:390)
04-26 23:37:20.429 7783 8518 W System.err: at java.net.AbstractPlainSocketImpl.connectToAddress(AbstractPlainSocketImpl.java:230)
04-26 23:37:20.429 7783 8518 W System.err: at java.net.AbstractPlainSocketImpl.connect(AbstractPlainSocketImpl.java:212)
04-26 23:37:20.429 7783 8518 W System.err: at java.net.SocksSocketImpl.connect(SocksSocketImpl.java:436)
04-26 23:37:20.429 7783 8518 W System.err: at java.net.Socket.connect(Socket.java:646)
04-26 23:37:20.429 7783 8518 W System.err: at com.android.okhttp.internal.Platform.connectSocket(Platform.java:182)
04-26 23:37:20.429 7783 8518 W System.err: at com.android.okhttp.internal.io.RealConnection.connectSocket(RealConnection.java:145 )
04-26 23:37:20.429 7783 8518 W System.err: at com.android.okhttp.internal.io.RealConnection.connect(RealConnection.java:116)
04-26 23:37:20.429 7783 8518 W System.err: at com.android.okhttp.internal.http.StreamAllocation.findConnection(StreamAllocation.j ava:186)
04-26 23:37:20.429 7783 8518 W System.err: at com.android.okhttp.internal.http.StreamAllocation.findHealthyConnection(StreamAlloc ation.java:128)
04-26 23:37:20.429 7783 8518 W System.err: at com.android.okhttp.internal.http.StreamAllocation.newStream(StreamAllocation.java:9 7)
04-26 23:37:20.429 7783 8518 W System.err: at com.android.okhttp.internal.http.HttpEngine.connect(HttpEngine.java:289)
04-26 23:37:20.429 7783 8518 W System.err: at com.android.okhttp.internal.http.HttpEngine.sendRequest(HttpEngine.java:232)
04-26 23:37:20.429 7783 8518 W System.err: at com.android.okhttp.internal.huc.HttpURLConnectionImpl.execute(HttpURLConnectionImpl .java:465)
04-26 23:37:20.429 7783 8518 W System.err: at com.android.okhttp.internal.huc.HttpURLConnectionImpl.connect(HttpURLConnectionImpl .java:131)
04-26 23:37:20.429 7783 8518 W System.err: at com.android.okhttp.internal.huc.HttpURLConnectionImpl.getOutputStream(HttpURLConnec tionImpl.java:262)
04-26 23:37:20.429 7783 8518 W System.err: at com.android.okhttp.internal.huc.DelegatingHttpsURLConnection.getOutputStream(Delega tingHttpsURLConnection.java:219)
04-26 23:37:20.429 7783 8518 W System.err: at com.android.okhttp.internal.huc.HttpsURLConnectionImpl.getOutputStream(HttpsURLConn ectionImpl.java:30)
04-26 23:37:20.429 7783 8518 W System.err: at com.umeng.umzid.a.a(Unknown Source:79)
04-26 23:37:20.429 7783 8518 W System.err: at com.umeng.umzid.ZIDManager.b(:10)
04-26 23:37:20.429 7783 8518 W System.err: at com.umeng.umzid.ZIDManager$b.run(:1)
04-26 23:37:20.429 7783 8518 W System.err: at java.util.concurrent.Executors$RunnableAdapter.call(Executors.java:487)
04-26 23:37:20.429 7783 8518 W System.err: at java.util.concurrent.FutureTask.run(FutureTask.java:264)
04-26 23:37:20.429 7783 8518 W System.err: at java.util.concurrent.ScheduledThreadPoolExecutor$ScheduledFutureTask.run(ScheduledT hreadPoolExecutor.java:307)
04-26 23:37:20.429 7783 8518 W System.err: at java.util.concurrent.ThreadPoolExecutor.runWorker(ThreadPoolExecutor.java:1145)
04-26 23:37:20.429 7783 8518 W System.err: at java.util.concurrent.ThreadPoolExecutor$Worker.run(ThreadPoolExecutor.java:644)
04-26 23:37:20.429 7783 8518 W System.err: at java.lang.Thread.run(Thread.java:1012)
04-26 23:37:20.739 7783 7931 E Pinger : Error reading ping response
04-26 23:37:20.739 7783 7931 E Pinger : com.danikula.videocache.ProxyCacheException: Error opening connection for http://127.0.0.1:35559/ping with offset 0. Version: 1.0
04-26 23:37:20.739 7783 7931 E Pinger : at com.danikula.videocache.HttpUrlSource.open(HttpUrlSource.java:7)
04-26 23:37:20.739 7783 7931 E Pinger : at com.danikula.videocache.Pinger.pingServer(Pinger.java:4)
04-26 23:37:20.739 7783 7931 E Pinger : at com.danikula.videocache.Pinger.access$100(Pinger.java:1)
04-26 23:37:20.739 7783 7931 E Pinger : at com.danikula.videocache.Pinger$PingCallable.call(Pinger.java:2)
04-26 23:37:20.739 7783 7931 E Pinger : at com.danikula.videocache.Pinger$PingCallable.call(Pinger.java:1)
04-26 23:37:20.739 7783 7931 E Pinger : at java.util.concurrent.FutureTask.run(FutureTask.java:264)
04-26 23:37:20.739 7783 7931 E Pinger : at java.util.concurrent.ThreadPoolExecutor.runWorker(ThreadPoolExecutor.java:1145)
04-26 23:37:20.739 7783 7931 E Pinger : at java.util.concurrent.ThreadPoolExecutor$Worker.run(ThreadPoolExecutor.java:644)
04-26 23:37:20.739 7783 7931 E Pinger : at java.lang.Thread.run(Thread.java:1012)
04-26 23:37:20.739 7783 7931 E Pinger : Caused by: java.net.ConnectException: Failed to connect to /127.0.0.1:35559
04-26 23:37:20.739 7783 7931 E Pinger : at com.android.okhttp.internal.io.RealConnection.connectSocket(RealConnection.java:147 )
04-26 23:37:20.739 7783 7931 E Pinger : at com.android.okhttp.internal.io.RealConnection.connect(RealConnection.java:116)
04-26 23:37:20.739 7783 7931 E Pinger : at com.android.okhttp.internal.http.StreamAllocation.findConnection(StreamAllocation.j ava:186)
04-26 23:37:20.739 7783 7931 E Pinger : at com.android.okhttp.internal.http.StreamAllocation.findHealthyConnection(StreamAlloc ation.java:128)
04-26 23:37:20.739 7783 7931 E Pinger : at com.android.okhttp.internal.http.StreamAllocation.newStream(StreamAllocation.java:9 7)
04-26 23:37:20.739 7783 7931 E Pinger : at com.android.okhttp.internal.http.HttpEngine.connect(HttpEngine.java:289)
04-26 23:37:20.739 7783 7931 E Pinger : at com.android.okhttp.internal.http.HttpEngine.sendRequest(HttpEngine.java:232)
04-26 23:37:20.739 7783 7931 E Pinger : at com.android.okhttp.internal.huc.HttpURLConnectionImpl.execute(HttpURLConnectionImpl .java:465)
04-26 23:37:20.739 7783 7931 E Pinger : at com.android.okhttp.internal.huc.HttpURLConnectionImpl.getResponse(HttpURLConnection Impl.java:411)
04-26 23:37:20.739 7783 7931 E Pinger : at com.android.okhttp.internal.huc.HttpURLConnectionImpl.getResponseCode(HttpURLConnec tionImpl.java:542)
04-26 23:37:20.739 7783 7931 E Pinger : at com.danikula.videocache.HttpUrlSource.openConnection(HttpUrlSource.java:8)
04-26 23:37:20.739 7783 7931 E Pinger : at com.danikula.videocache.HttpUrlSource.open(HttpUrlSource.java:1)
04-26 23:37:20.739 7783 7931 E Pinger : ... 8 more
04-26 23:37:20.743 7783 7931 D TrafficStats: tagSocket(102) with statsTag=0xffffffff, statsUid=-1
04-26 23:37:23.044 7783 7810 I adata.zhushou32: This is non sticky GC, maxfree is 33554432 minfree is 2097152
04-26 23:37:23.056 7783 7815 W System : A resource failed to call close.
04-26 23:37:23.057 7783 7815 W System : A resource failed to call close.
04-26 23:37:23.057 7783 7815 W System : A resource failed to call close.
04-26 23:37:23.057 7783 7815 W System : A resource failed to call close.
04-26 23:37:23.059 7783 7815 W System : A resource failed to call close.
04-26 23:37:23.063 7783 7815 W System : A resource failed to call close.
04-26 23:37:49.970 7783 8472 D TrafficStats: tagSocket(90) with statsTag=0xffffffff, statsUid=-1
04-26 23:37:52.219 7783 7931 E Pinger : Error reading ping response
04-26 23:37:52.219 7783 7931 E Pinger : com.danikula.videocache.ProxyCacheException: Error opening connection for http://127.0.0.1:35559/ping with offset 0. Version: 1.0
04-26 23:37:52.219 7783 7931 E Pinger : at com.danikula.videocache.HttpUrlSource.open(HttpUrlSource.java:7)
04-26 23:37:52.219 7783 7931 E Pinger : at com.danikula.videocache.Pinger.pingServer(Pinger.java:4)
04-26 23:37:52.219 7783 7931 E Pinger : at com.danikula.videocache.Pinger.access$100(Pinger.java:1)
04-26 23:37:52.219 7783 7931 E Pinger : at com.danikula.videocache.Pinger$PingCallable.call(Pinger.java:2)
04-26 23:37:52.219 7783 7931 E Pinger : at com.danikula.videocache.Pinger$PingCallable.call(Pinger.java:1)
04-26 23:37:52.219 7783 7931 E Pinger : at java.util.concurrent.FutureTask.run(FutureTask.java:264)
04-26 23:37:52.219 7783 7931 E Pinger : at java.util.concurrent.ThreadPoolExecutor.runWorker(ThreadPoolExecutor.java:1145)
04-26 23:37:52.219 7783 7931 E Pinger : at java.util.concurrent.ThreadPoolExecutor$Worker.run(ThreadPoolExecutor.java:644)
04-26 23:37:52.219 7783 7931 E Pinger : at java.lang.Thread.run(Thread.java:1012)
04-26 23:37:52.219 7783 7931 E Pinger : Caused by: java.net.ConnectException: Failed to connect to /127.0.0.1:35559
04-26 23:37:52.219 7783 7931 E Pinger : at com.android.okhttp.internal.io.RealConnection.connectSocket(RealConnection.java:147 )
04-26 23:37:52.219 7783 7931 E Pinger : at com.android.okhttp.internal.io.RealConnection.connect(RealConnection.java:116)
04-26 23:37:52.219 7783 7931 E Pinger : at com.android.okhttp.internal.http.StreamAllocation.findConnection(StreamAllocation.j ava:186)
04-26 23:37:52.219 7783 7931 E Pinger : at com.android.okhttp.internal.http.StreamAllocation.findHealthyConnection(StreamAlloc ation.java:128)
04-26 23:37:52.219 7783 7931 E Pinger : at com.android.okhttp.internal.http.StreamAllocation.newStream(StreamAllocation.java:9 7)
04-26 23:37:52.219 7783 7931 E Pinger : at com.android.okhttp.internal.http.HttpEngine.connect(HttpEngine.java:289)
04-26 23:37:52.219 7783 7931 E Pinger : at com.android.okhttp.internal.http.HttpEngine.sendRequest(HttpEngine.java:232)
04-26 23:37:52.219 7783 7931 E Pinger : at com.android.okhttp.internal.huc.HttpURLConnectionImpl.execute(HttpURLConnectionImpl .java:465)
04-26 23:37:52.219 7783 7931 E Pinger : at com.android.okhttp.internal.huc.HttpURLConnectionImpl.getResponse(HttpURLConnection Impl.java:411)
04-26 23:37:52.219 7783 7931 E Pinger : at com.android.okhttp.internal.huc.HttpURLConnectionImpl.getResponseCode(HttpURLConnec tionImpl.java:542)
04-26 23:37:52.219 7783 7931 E Pinger : at com.danikula.videocache.HttpUrlSource.openConnection(HttpUrlSource.java:8)
04-26 23:37:52.219 7783 7931 E Pinger : at com.danikula.videocache.HttpUrlSource.open(HttpUrlSource.java:1)
04-26 23:37:52.219 7783 7931 E Pinger : ... 8 more
04-26 23:37:52.221 7783 7931 D TrafficStats: tagSocket(96) with statsTag=0xffffffff, statsUid=-1
04-26 23:38:20.001 7783 8472 W System.err: java.net.SocketTimeoutException: failed to connect to android.bugly.qq.com/123.184.88.201 (port 443) from /10.5.51.227 (port 44980) after 30000ms
04-26 23:38:20.002 7783 8472 W System.err: at libcore.io.IoBridge.connectErrno(IoBridge.java:235)
04-26 23:38:20.002 7783 8472 W System.err: at libcore.io.IoBridge.connect(IoBridge.java:179)
04-26 23:38:20.002 7783 8472 W System.err: at java.net.PlainSocketImpl.socketConnect(PlainSocketImpl.java:142)
04-26 23:38:20.002 7783 8472 W System.err: at java.net.AbstractPlainSocketImpl.doConnect(AbstractPlainSocketImpl.java:390)
04-26 23:38:20.002 7783 8472 W System.err: at java.net.AbstractPlainSocketImpl.connectToAddress(AbstractPlainSocketImpl.java:230)
04-26 23:38:20.002 7783 8472 W System.err: at java.net.AbstractPlainSocketImpl.connect(AbstractPlainSocketImpl.java:212)
04-26 23:38:20.002 7783 8472 W System.err: at java.net.SocksSocketImpl.connect(SocksSocketImpl.java:436)
04-26 23:38:20.002 7783 8472 W System.err: at java.net.Socket.connect(Socket.java:646)
04-26 23:38:20.002 7783 8472 W System.err: at com.android.okhttp.internal.Platform.connectSocket(Platform.java:182)
04-26 23:38:20.002 7783 8472 W System.err: at com.android.okhttp.internal.io.RealConnection.connectSocket(RealConnection.java:145 )
04-26 23:38:20.002 7783 8472 W System.err: at com.android.okhttp.internal.io.RealConnection.connect(RealConnection.java:116)
04-26 23:38:20.003 7783 8472 W System.err: at com.android.okhttp.internal.http.StreamAllocation.findConnection(StreamAllocation.j ava:186)
04-26 23:38:20.003 7783 8472 W System.err: at com.android.okhttp.internal.http.StreamAllocation.findHealthyConnection(StreamAlloc ation.java:128)
04-26 23:38:20.003 7783 8472 W System.err: at com.android.okhttp.internal.http.StreamAllocation.newStream(StreamAllocation.java:9 7)
04-26 23:38:20.003 7783 8472 W System.err: at com.android.okhttp.internal.http.HttpEngine.connect(HttpEngine.java:289)
04-26 23:38:20.003 7783 8472 W System.err: at com.android.okhttp.internal.http.HttpEngine.sendRequest(HttpEngine.java:232)
04-26 23:38:20.003 7783 8472 W System.err: at com.android.okhttp.internal.huc.HttpURLConnectionImpl.execute(HttpURLConnectionImpl .java:465)
04-26 23:38:20.003 7783 8472 W System.err: at com.android.okhttp.internal.huc.HttpURLConnectionImpl.connect(HttpURLConnectionImpl .java:131)
04-26 23:38:20.003 7783 8472 W System.err: at com.android.okhttp.internal.huc.HttpURLConnectionImpl.getOutputStream(HttpURLConnec tionImpl.java:262)
04-26 23:38:20.003 7783 8472 W System.err: at com.android.okhttp.internal.huc.DelegatingHttpsURLConnection.getOutputStream(Delega tingHttpsURLConnection.java:219)
04-26 23:38:20.003 7783 8472 W System.err: at com.android.okhttp.internal.huc.HttpsURLConnectionImpl.getOutputStream(HttpsURLConn ectionImpl.java:30)
04-26 23:38:20.003 7783 8472 W System.err: at com.tencent.bugly.proguard.af.a(BUGLY:63)
04-26 23:38:20.003 7783 8472 W System.err: at com.tencent.bugly.proguard.af.a(BUGLY:13)
04-26 23:38:20.003 7783 8472 W System.err: at com.tencent.bugly.proguard.aj.run(BUGLY:39)
04-26 23:38:20.003 7783 8472 W System.err: at com.tencent.bugly.proguard.ai$1.run(BUGLY:1)
04-26 23:38:20.003 7783 8472 W System.err: at java.lang.Thread.run(Thread.java:1012)
04-26 23:38:23.709 7783 7931 E Pinger : Error reading ping response
04-26 23:38:23.709 7783 7931 E Pinger : com.danikula.videocache.ProxyCacheException: Error opening connection for http://127.0.0.1:35559/ping with offset 0. Version: 1.0
04-26 23:38:23.709 7783 7931 E Pinger : at com.danikula.videocache.HttpUrlSource.open(HttpUrlSource.java:7)
04-26 23:38:23.709 7783 7931 E Pinger : at com.danikula.videocache.Pinger.pingServer(Pinger.java:4)
04-26 23:38:23.709 7783 7931 E Pinger : at com.danikula.videocache.Pinger.access$100(Pinger.java:1)
04-26 23:38:23.709 7783 7931 E Pinger : at com.danikula.videocache.Pinger$PingCallable.call(Pinger.java:2)
04-26 23:38:23.709 7783 7931 E Pinger : at com.danikula.videocache.Pinger$PingCallable.call(Pinger.java:1)
04-26 23:38:23.709 7783 7931 E Pinger : at java.util.concurrent.FutureTask.run(FutureTask.java:264)
04-26 23:38:23.709 7783 7931 E Pinger : at java.util.concurrent.ThreadPoolExecutor.runWorker(ThreadPoolExecutor.java:1145)
04-26 23:38:23.709 7783 7931 E Pinger : at java.util.concurrent.ThreadPoolExecutor$Worker.run(ThreadPoolExecutor.java:644)
04-26 23:38:23.709 7783 7931 E Pinger : at java.lang.Thread.run(Thread.java:1012)
04-26 23:38:23.709 7783 7931 E Pinger : Caused by: java.net.ConnectException: Failed to connect to /127.0.0.1:35559
04-26 23:38:23.709 7783 7931 E Pinger : at com.android.okhttp.internal.io.RealConnection.connectSocket(RealConnection.java:147 )
04-26 23:38:23.709 7783 7931 E Pinger : at com.android.okhttp.internal.io.RealConnection.connect(RealConnection.java:116)
04-26 23:38:23.709 7783 7931 E Pinger : at com.android.okhttp.internal.http.StreamAllocation.findConnection(StreamAllocation.j ava:186)
04-26 23:38:23.709 7783 7931 E Pinger : at com.android.okhttp.internal.http.StreamAllocation.findHealthyConnection(StreamAlloc ation.java:128)
04-26 23:38:23.709 7783 7931 E Pinger : at com.android.okhttp.internal.http.StreamAllocation.newStream(StreamAllocation.java:9 7)
04-26 23:38:23.709 7783 7931 E Pinger : at com.android.okhttp.internal.http.HttpEngine.connect(HttpEngine.java:289)
04-26 23:38:23.709 7783 7931 E Pinger : at com.android.okhttp.internal.http.HttpEngine.sendRequest(HttpEngine.java:232)
04-26 23:38:23.709 7783 7931 E Pinger : at com.android.okhttp.internal.huc.HttpURLConnectionImpl.execute(HttpURLConnectionImpl .java:465)
04-26 23:38:23.709 7783 7931 E Pinger : at com.android.okhttp.internal.huc.HttpURLConnectionImpl.getResponse(HttpURLConnection Impl.java:411)
04-26 23:38:23.709 7783 7931 E Pinger : at com.android.okhttp.internal.huc.HttpURLConnectionImpl.getResponseCode(HttpURLConnec tionImpl.java:542)
04-26 23:38:23.709 7783 7931 E Pinger : at com.danikula.videocache.HttpUrlSource.openConnection(HttpUrlSource.java:8)
04-26 23:38:23.709 7783 7931 E Pinger : at com.danikula.videocache.HttpUrlSource.open(HttpUrlSource.java:1)
04-26 23:38:23.709 7783 7931 E Pinger : ... 8 more
04-26 23:42:04.228 7783 16050 D TrafficStats: tagSocket(90) with statsTag=0xffffffff, statsUid=-1
04-26 23:42:19.516 7783 16050 W System.err: java.net.SocketTimeoutException: failed to connect to aspect-upush.umeng.com/223.109.148.178 (port 443) from /10.5.51.227 (port 38366) after 15000ms
04-26 23:42:19.555 7783 16050 W System.err: at libcore.io.IoBridge.connectErrno(IoBridge.java:235)
04-26 23:42:19.555 7783 16050 W System.err: at libcore.io.IoBridge.connect(IoBridge.java:179)
04-26 23:42:19.555 7783 16050 W System.err: at java.net.PlainSocketImpl.socketConnect(PlainSocketImpl.java:142)
04-26 23:42:19.555 7783 16050 W System.err: at java.net.AbstractPlainSocketImpl.doConnect(AbstractPlainSocketImpl.java:390)
04-26 23:42:19.555 7783 16050 W System.err: at java.net.AbstractPlainSocketImpl.connectToAddress(AbstractPlainSocketImpl.java:230)
04-26 23:42:19.555 7783 16050 W System.err: at java.net.AbstractPlainSocketImpl.connect(AbstractPlainSocketImpl.java:212)
04-26 23:42:19.555 7783 16050 W System.err: at java.net.SocksSocketImpl.connect(SocksSocketImpl.java:436)
04-26 23:42:19.555 7783 16050 W System.err: at java.net.Socket.connect(Socket.java:646)
04-26 23:42:19.555 7783 16050 W System.err: at com.android.okhttp.internal.Platform.connectSocket(Platform.java:182)
04-26 23:42:19.555 7783 16050 W System.err: at com.android.okhttp.internal.io.RealConnection.connectSocket(RealConnection.java:145 )
04-26 23:42:19.555 7783 16050 W System.err: at com.android.okhttp.internal.io.RealConnection.connect(RealConnection.java:116)
04-26 23:42:19.556 7783 16050 W System.err: at com.android.okhttp.internal.http.StreamAllocation.findConnection(StreamAllocation.j ava:186)
04-26 23:42:19.556 7783 16050 W System.err: at com.android.okhttp.internal.http.StreamAllocation.findHealthyConnection(StreamAlloc ation.java:128)
04-26 23:42:19.556 7783 16050 W System.err: at com.android.okhttp.internal.http.StreamAllocation.newStream(StreamAllocation.java:9 7)
04-26 23:42:19.556 7783 16050 W System.err: at com.android.okhttp.internal.http.HttpEngine.connect(HttpEngine.java:289)
04-26 23:42:19.556 7783 16050 W System.err: at com.android.okhttp.internal.http.HttpEngine.sendRequest(HttpEngine.java:232)
04-26 23:42:19.556 7783 16050 W System.err: at com.android.okhttp.internal.huc.HttpURLConnectionImpl.execute(HttpURLConnectionImpl .java:465)
04-26 23:42:19.556 7783 16050 W System.err: at com.android.okhttp.internal.huc.HttpURLConnectionImpl.connect(HttpURLConnectionImpl .java:131)
04-26 23:42:19.556 7783 16050 W System.err: at com.android.okhttp.internal.huc.DelegatingHttpsURLConnection.connect(DelegatingHttp sURLConnection.java:90)
04-26 23:42:19.556 7783 16050 W System.err: at com.android.okhttp.internal.huc.HttpsURLConnectionImpl.connect(HttpsURLConnectionIm pl.java:30)
04-26 23:42:19.556 7783 16050 W System.err: at com.umeng.analytics.pro.ao.a(HttpManager.java:31)
04-26 23:42:19.556 7783 16050 W System.err: at com.umeng.analytics.pro.ao.b(HttpManager.java:4)
04-26 23:42:19.556 7783 16050 W System.err: at com.umeng.analytics.pro.ap.run(HttpPostDataThread.java:3)
04-26 23:42:19.556 7783 16050 W System.err: at java.util.concurrent.Executors$RunnableAdapter.call(Executors.java:487)
04-26 23:42:19.557 7783 16050 W System.err: at java.util.concurrent.FutureTask.run(FutureTask.java:264)
04-26 23:42:19.557 7783 16050 W System.err: at java.util.concurrent.ScheduledThreadPoolExecutor$ScheduledFutureTask.run(ScheduledT hreadPoolExecutor.java:307)
04-26 23:42:19.557 7783 16050 W System.err: at java.util.concurrent.ThreadPoolExecutor.runWorker(ThreadPoolExecutor.java:1145)
04-26 23:42:19.557 7783 16050 W System.err: at java.util.concurrent.ThreadPoolExecutor$Worker.run(ThreadPoolExecutor.java:644)
04-26 23:42:19.557 7783 16050 W System.err: at java.lang.Thread.run(Thread.java:1012)
04-26 23:42:19.572 7783 16050 W System.err: java.net.SocketTimeoutException: failed to connect to aspect-upush.umeng.com/223.109.148.178 (port 443) from /10.5.51.227 (port 38366) after 15000ms
04-26 23:42:19.573 7783 16050 W System.err: at libcore.io.IoBridge.connectErrno(IoBridge.java:235)
04-26 23:42:19.573 7783 16050 W System.err: at libcore.io.IoBridge.connect(IoBridge.java:179)
04-26 23:42:19.573 7783 16050 W System.err: at java.net.PlainSocketImpl.socketConnect(PlainSocketImpl.java:142)
04-26 23:42:19.573 7783 16050 W System.err: at java.net.AbstractPlainSocketImpl.doConnect(AbstractPlainSocketImpl.java:390)
04-26 23:42:19.573 7783 16050 W System.err: at java.net.AbstractPlainSocketImpl.connectToAddress(AbstractPlainSocketImpl.java:230)
04-26 23:42:19.573 7783 16050 W System.err: at java.net.AbstractPlainSocketImpl.connect(AbstractPlainSocketImpl.java:212)
04-26 23:42:19.573 7783 16050 W System.err: at java.net.SocksSocketImpl.connect(SocksSocketImpl.java:436)
04-26 23:42:19.573 7783 16050 W System.err: at java.net.Socket.connect(Socket.java:646)
04-26 23:42:19.573 7783 16050 W System.err: at com.android.okhttp.internal.Platform.connectSocket(Platform.java:182)
04-26 23:42:19.573 7783 16050 W System.err: at com.android.okhttp.internal.io.RealConnection.connectSocket(RealConnection.java:145 )
04-26 23:42:19.573 7783 16050 W System.err: at com.android.okhttp.internal.io.RealConnection.connect(RealConnection.java:116)
04-26 23:42:19.573 7783 16050 W System.err: at com.android.okhttp.internal.http.StreamAllocation.findConnection(StreamAllocation.j ava:186)
04-26 23:42:19.573 7783 16050 W System.err: at com.android.okhttp.internal.http.StreamAllocation.findHealthyConnection(StreamAlloc ation.java:128)
04-26 23:42:19.573 7783 16050 W System.err: at com.android.okhttp.internal.http.StreamAllocation.newStream(StreamAllocation.java:9 7)
04-26 23:42:19.573 7783 16050 W System.err: at com.android.okhttp.internal.http.HttpEngine.connect(HttpEngine.java:289)
04-26 23:42:19.573 7783 16050 W System.err: at com.android.okhttp.internal.http.HttpEngine.sendRequest(HttpEngine.java:232)
04-26 23:42:19.573 7783 16050 W System.err: at com.android.okhttp.internal.huc.HttpURLConnectionImpl.execute(HttpURLConnectionImpl .java:465)
04-26 23:42:19.573 7783 16050 W System.err: at com.android.okhttp.internal.huc.HttpURLConnectionImpl.connect(HttpURLConnectionImpl .java:131)
04-26 23:42:19.573 7783 16050 W System.err: at com.android.okhttp.internal.huc.DelegatingHttpsURLConnection.connect(DelegatingHttp sURLConnection.java:90)
04-26 23:42:19.573 7783 16050 W System.err: at com.android.okhttp.internal.huc.HttpsURLConnectionImpl.connect(HttpsURLConnectionIm pl.java:30)
04-26 23:42:19.573 7783 16050 W System.err: at com.umeng.analytics.pro.ao.a(HttpManager.java:31)
04-26 23:42:19.573 7783 16050 W System.err: at com.umeng.analytics.pro.ao.b(HttpManager.java:4)
04-26 23:42:19.573 7783 16050 W System.err: at com.umeng.analytics.pro.ap.run(HttpPostDataThread.java:3)
04-26 23:42:19.573 7783 16050 W System.err: at java.util.concurrent.Executors$RunnableAdapter.call(Executors.java:487)
04-26 23:42:19.573 7783 16050 W System.err: at java.util.concurrent.FutureTask.run(FutureTask.java:264)
04-26 23:42:19.573 7783 16050 W System.err: at java.util.concurrent.ScheduledThreadPoolExecutor$ScheduledFutureTask.run(ScheduledT hreadPoolExecutor.java:307)
04-26 23:42:19.574 7783 16050 W System.err: at java.util.concurrent.ThreadPoolExecutor.runWorker(ThreadPoolExecutor.java:1145)
04-26 23:42:19.574 7783 16050 W System.err: at java.util.concurrent.ThreadPoolExecutor$Worker.run(ThreadPoolExecutor.java:644)
04-26 23:42:19.574 7783 16050 W System.err: at java.lang.Thread.run(Thread.java:1012)
04-26 23:42:34.929 7783 16330 D TrafficStats: tagSocket(90) with statsTag=0xffffffff, statsUid=-1
04-26 23:42:35.972 7783 16424 D TrafficStats: tagSocket(96) with statsTag=0xffffffff, statsUid=-1
04-26 23:42:49.958 7783 16330 W System.err: java.net.SocketTimeoutException: failed to connect to aspect-upush.umeng.com/223.109.148.178 (port 443) from /10.5.51.227 (port 52986) after 15000ms
04-26 23:42:49.965 7783 16330 W System.err: at libcore.io.IoBridge.connectErrno(IoBridge.java:235)
04-26 23:42:49.965 7783 16330 W System.err: at libcore.io.IoBridge.connect(IoBridge.java:179)
04-26 23:42:49.965 7783 16330 W System.err: at java.net.PlainSocketImpl.socketConnect(PlainSocketImpl.java:142)
04-26 23:42:49.965 7783 16330 W System.err: at java.net.AbstractPlainSocketImpl.doConnect(AbstractPlainSocketImpl.java:390)
04-26 23:42:49.965 7783 16330 W System.err: at java.net.AbstractPlainSocketImpl.connectToAddress(AbstractPlainSocketImpl.java:230)
04-26 23:42:49.965 7783 16330 W System.err: at java.net.AbstractPlainSocketImpl.connect(AbstractPlainSocketImpl.java:212)
04-26 23:42:49.965 7783 16330 W System.err: at java.net.SocksSocketImpl.connect(SocksSocketImpl.java:436)
04-26 23:42:49.965 7783 16330 W System.err: at java.net.Socket.connect(Socket.java:646)
04-26 23:42:49.965 7783 16330 W System.err: at com.android.okhttp.internal.Platform.connectSocket(Platform.java:182)
04-26 23:42:49.965 7783 16330 W System.err: at com.android.okhttp.internal.io.RealConnection.connectSocket(RealConnection.java:145 )
04-26 23:42:49.965 7783 16330 W System.err: at com.android.okhttp.internal.io.RealConnection.connect(RealConnection.java:116)
04-26 23:42:49.965 7783 16330 W System.err: at com.android.okhttp.internal.http.StreamAllocation.findConnection(StreamAllocation.j ava:186)
04-26 23:42:49.965 7783 16330 W System.err: at com.android.okhttp.internal.http.StreamAllocation.findHealthyConnection(StreamAlloc ation.java:128)
04-26 23:42:49.965 7783 16330 W System.err: at com.android.okhttp.internal.http.StreamAllocation.newStream(StreamAllocation.java:9 7)
04-26 23:42:49.965 7783 16330 W System.err: at com.android.okhttp.internal.http.HttpEngine.connect(HttpEngine.java:289)
04-26 23:42:49.965 7783 16330 W System.err: at com.android.okhttp.internal.http.HttpEngine.sendRequest(HttpEngine.java:232)
04-26 23:42:49.965 7783 16330 W System.err: at com.android.okhttp.internal.huc.HttpURLConnectionImpl.execute(HttpURLConnectionImpl .java:465)
04-26 23:42:49.965 7783 16330 W System.err: at com.android.okhttp.internal.huc.HttpURLConnectionImpl.connect(HttpURLConnectionImpl .java:131)
04-26 23:42:49.965 7783 16330 W System.err: at com.android.okhttp.internal.huc.DelegatingHttpsURLConnection.connect(DelegatingHttp sURLConnection.java:90)
04-26 23:42:49.967 7783 16330 W System.err: at com.android.okhttp.internal.huc.HttpsURLConnectionImpl.connect(HttpsURLConnectionIm pl.java:30)
04-26 23:42:49.967 7783 16330 W System.err: at com.umeng.analytics.pro.ao.a(HttpManager.java:31)
04-26 23:42:49.967 7783 16330 W System.err: at com.umeng.analytics.pro.ao.b(HttpManager.java:4)
04-26 23:42:49.967 7783 16330 W System.err: at com.umeng.analytics.pro.ap.run(HttpPostDataThread.java:3)
04-26 23:42:49.967 7783 16330 W System.err: at java.util.concurrent.Executors$RunnableAdapter.call(Executors.java:487)
04-26 23:42:49.967 7783 16330 W System.err: at java.util.concurrent.FutureTask.run(FutureTask.java:264)
04-26 23:42:49.967 7783 16330 W System.err: at java.util.concurrent.ScheduledThreadPoolExecutor$ScheduledFutureTask.run(ScheduledT hreadPoolExecutor.java:307)
