01-15 18:49:37.465 25960 25970 W app.secretspace: ApkAssets: Deleting an ApkAssets object '<empty> and /data/app/~~E33YwCcaAkIGseXNnyIN5g==/com.inmobi.weather-qk- 1p7ZLnQ-YFZDuCWp_FQ==/split_config.es.apk' with 1 weak references
01-15 18:49:37.465 25960 25970 W app.secretspace: ApkAssets: Deleting an ApkAssets object '<empty> and /data/app/~~E33YwCcaAkIGseXNnyIN5g==/com.inmobi.weather-qk- 1p7ZLnQ-YFZDuCWp_FQ==/split_config.xxhdpi.apk' with 1 weak references
01-15 18:49:37.465 25960 25970 W app.secretspace: ApkAssets: Deleting an ApkAssets object '<empty> and /data/app/~~q54ckpopT_jpGBiiY6wMzA==/com.google.android.apps.adm- ddH6ltZ9ozMoywViMaWyYA==/base.apk' with 1 weak references
01-15 18:49:37.466 25960 25970 W app.secretspace: ApkAssets: Deleting an ApkAssets object '<empty> and /data/app/~~q54ckpopT_jpGBiiY6wMzA==/com.google.android.apps.adm- ddH6ltZ9ozMoywViMaWyYA==/split_config.arm64_v8a.apk' with 1 weak references
01-15 18:49:37.466 25960 25970 W app.secretspace: ApkAssets: Deleting an ApkAssets object '<empty> and /data/app/~~q54ckpopT_jpGBiiY6wMzA==/com.google.android.apps.adm- ddH6ltZ9ozMoywViMaWyYA==/split_config.en.apk' with 1 weak references
01-15 18:49:37.466 25960 25970 W app.secretspace: ApkAssets: Deleting an ApkAssets object '<empty> and /data/app/~~q54ckpopT_jpGBiiY6wMzA==/com.google.android.apps.adm- ddH6ltZ9ozMoywViMaWyYA==/split_config.es.apk' with 1 weak references
01-15 18:49:37.466 25960 25970 W app.secretspace: ApkAssets: Deleting an ApkAssets object '<empty> and /data/app/~~q54ckpopT_jpGBiiY6wMzA==/com.google.android.apps.adm- ddH6ltZ9ozMoywViMaWyYA==/split_config.xxhdpi.apk' with 1 weak references
01-15 18:49:37.466 25960 25970 W app.secretspace: ApkAssets: Deleting an ApkAssets object '<empty> and /data/app/~~i-rPxYxXyALA5VFXOEX9TQ==/best.ldyt.controller- _cJQii51avWAIIbr3I0mHA==/base.apk' with 1 weak references
01-15 18:49:37.466 25960 25970 W app.secretspace: ApkAssets: Deleting an ApkAssets object '<empty> and /data/app/~~i-rPxYxXyALA5VFXOEX9TQ==/best.ldyt.controller- _cJQii51avWAIIbr3I0mHA==/split_config.arm64_v8a.apk' with 1 weak references
01-15 18:49:37.466 25960 25970 W app.secretspace: ApkAssets: Deleting an ApkAssets object '<empty> and /data/app/~~i-rPxYxXyALA5VFXOEX9TQ==/best.ldyt.controller- _cJQii51avWAIIbr3I0mHA==/split_config.en.apk' with 1 weak references
01-15 18:49:37.466 25960 25970 W app.secretspace: ApkAssets: Deleting an ApkAssets object '<empty> and /data/app/~~i-rPxYxXyALA5VFXOEX9TQ==/best.ldyt.controller- _cJQii51avWAIIbr3I0mHA==/split_config.es.apk' with 1 weak references
01-15 18:49:37.466 25960 25970 W app.secretspace: ApkAssets: Deleting an ApkAssets object '<empty> and /data/app/~~i-rPxYxXyALA5VFXOEX9TQ==/best.ldyt.controller- _cJQii51avWAIIbr3I0mHA==/split_config.xxhdpi.apk' with 1 weak references
01-15 18:49:37.501 25960 26195 D Surface : Surface::disconnect
01-15 18:49:37.501 25960 26195 D BufferQueueProducer: [VRI[HomeAct]#5(BLAST Consumer)5](id:656800000005,api:1,p:25960,c:25960) disconnect: api 1
01-15 18:49:37.532 25960 25960 W WindowOnBackDispatcher: sendCancelIfRunning: isInProgress=falsecallback=android.view.ViewRootImpl$ $ExternalSyntheticLambda17@3154aed
01-15 18:49:37.534 25960 26195 D Surface : Surface::disconnect
01-15 18:49:37.534 25960 26195 D BufferQueueProducer: [VRI[SearchListActivity]#7(BLAST Consumer)7](id:656800000007,api:1,p:25960,c:25960) disconnect: api 1
01-15 18:49:38.064 25960 26399 I MATDBManager: sqllite db insert success! insert row id:7
01-15 18:49:38.064 25960 26399 I MATDBManager: sqllite db capacity:1
01-15 18:49:38.065 25960 26399 I MATDBManager: sqllite db insert success! insert row id:8
01-15 18:49:38.065 25960 26399 I MATDBManager: sqllite db capacity:2
01-15 18:49:38.066 25960 26399 I MATDBManager: sqllite db insert success! insert row id:9
01-15 18:49:38.066 25960 26399 I MATDBManager: sqllite db capacity:3
01-15 18:49:38.066 25960 26399 I MATDBManager: sqllite db insert success! insert row id:10
01-15 18:49:38.067 25960 26399 I MATDBManager: sqllite db capacity:4
01-15 18:49:38.067 25960 26399 I MATDBManager: sqllite db insert success! insert row id:11
01-15 18:49:38.067 25960 26399 I MATDBManager: sqllite db capacity:5
01-15 18:49:38.399 25960 26399 I MATDBManager: sqllite db insert success! insert row id:12
01-15 18:49:38.399 25960 26399 I MATDBManager: sqllite db capacity:1
01-15 18:49:38.399 25960 26399 I MATDBManager: sqllite db insert success! insert row id:13
01-15 18:49:38.399 25960 26399 I MATDBManager: sqllite db capacity:2
01-15 18:49:38.400 25960 26399 I MATDBManager: sqllite db insert success! insert row id:14
01-15 18:49:38.400 25960 26399 I MATDBManager: sqllite db capacity:3
01-15 18:49:38.401 25960 26399 I MATDBManager: sqllite db insert success! insert row id:15
01-15 18:49:38.401 25960 26399 I MATDBManager: sqllite db capacity:4
01-15 18:49:38.401 25960 26399 I MATDBManager: sqllite db insert success! insert row id:16
01-15 18:49:38.401 25960 26399 I MATDBManager: sqllite db capacity:5
01-15 18:49:38.661 25960 26399 I MATDBManager: sqllite db insert success! insert row id:17
01-15 18:49:38.662 25960 26399 I MATDBManager: sqllite db capacity:1
01-15 18:49:38.662 25960 26399 I MATDBManager: sqllite db insert success! insert row id:18
01-15 18:49:38.662 25960 26399 I MATDBManager: sqllite db capacity:2
01-15 18:49:38.663 25960 26399 I MATDBManager: sqllite db insert success! insert row id:19
01-15 18:49:38.663 25960 26399 I MATDBManager: sqllite db capacity:3
01-15 18:49:38.663 25960 26399 I MATDBManager: sqllite db insert success! insert row id:20
01-15 18:49:38.664 25960 26399 I MATDBManager: sqllite db capacity:4
01-15 18:49:38.664 25960 26399 I MATDBManager: sqllite db insert success! insert row id:21
01-15 18:49:38.664 25960 26399 I MATDBManager: sqllite db capacity:5
01-15 18:49:38.895 25960 26399 I MATDBManager: sqllite db insert success! insert row id:22
01-15 18:49:38.895 25960 26399 I MATDBManager: sqllite db capacity:1
01-15 18:49:38.895 25960 26399 I MATDBManager: sqllite db insert success! insert row id:23
01-15 18:49:38.895 25960 26399 I MATDBManager: sqllite db capacity:2
01-15 18:49:38.896 25960 26399 I MATDBManager: sqllite db insert success! insert row id:24
01-15 18:49:38.896 25960 26399 I MATDBManager: sqllite db capacity:3
01-15 18:49:38.897 25960 26399 I MATDBManager: sqllite db insert success! insert row id:25
01-15 18:49:38.897 25960 26399 I MATDBManager: sqllite db capacity:4
01-15 18:49:38.897 25960 26399 I MATDBManager: sqllite db insert success! insert row id:26
01-15 18:49:38.897 25960 26399 I MATDBManager: sqllite db capacity:5
01-15 18:49:39.574 25960 26399 I MATDBManager: sqllite db insert success! insert row id:27
01-15 18:49:39.574 25960 26399 I MATDBManager: sqllite db capacity:1
01-15 18:49:39.574 25960 26399 I MATDBManager: sqllite db insert success! insert row id:28
01-15 18:49:39.575 25960 26399 I MATDBManager: sqllite db capacity:2
01-15 18:49:39.575 25960 26399 I MATDBManager: sqllite db insert success! insert row id:29
01-15 18:49:39.575 25960 26399 I MATDBManager: sqllite db capacity:3
01-15 18:49:39.576 25960 26399 I MATDBManager: sqllite db insert success! insert row id:30
01-15 18:49:39.576 25960 26399 I MATDBManager: sqllite db capacity:4
01-15 18:49:39.576 25960 26399 I MATDBManager: sqllite db insert success! insert row id:31
01-15 18:49:39.576 25960 26399 I MATDBManager: sqllite db capacity:5
01-15 18:49:40.512 25960 26399 I MATDBManager: sqllite db insert success! insert row id:32
01-15 18:49:40.512 25960 26399 I MATDBManager: sqllite db capacity:1
01-15 18:49:40.512 25960 26399 I MATDBManager: sqllite db insert success! insert row id:33
01-15 18:49:40.513 25960 26399 I MATDBManager: sqllite db capacity:2
01-15 18:49:44.077 25960 26399 I MATDBManager: sqllite db insert success! insert row id:34
01-15 18:49:44.077 25960 26399 I MATDBManager: sqllite db capacity:3
01-15 18:49:44.078 25960 26399 I MATDBManager: sqllite db insert success! insert row id:35
01-15 18:49:44.078 25960 26399 I MATDBManager: sqllite db capacity:4
01-15 18:49:45.926 26553 26560 W System : A resource failed to call ContentProviderClient.close.
01-15 18:49:45.926 26553 26560 W System : A resource failed to call ContentProviderClient.close.
01-15 18:49:46.027 26653 26658 I .secretspace:p1: Background concurrent mark compact GC freed 22MB AllocSpace bytes, 39(1804KB) LOS objects, 66% free, 9382KB/27MB, paused 681us,2.611ms total 101.911ms
01-15 18:49:47.562 25960 26399 I MATDBManager: sqllite db insert success! insert row id:36
01-15 18:49:47.563 25960 26399 I MATDBManager: sqllite db capacity:5
01-15 18:49:50.013 25960 26399 I MATDBManager: sqllite db insert success! insert row id:37
01-15 18:49:50.013 25960 26399 I MATDBManager: sqllite db capacity:1
01-15 18:49:51.649 25960 26399 I MATDBManager: sqllite db insert success! insert row id:38
01-15 18:49:51.650 25960 26399 I MATDBManager: sqllite db capacity:2
01-15 18:49:51.843 25960 26399 I MATDBManager: sqllite db insert success! insert row id:39
01-15 18:49:51.844 25960 26399 I MATDBManager: sqllite db capacity:3
01-15 18:49:51.844 25960 25960 D ViewRootImpl: update {(0,0)(fillxfill) gr=CENTER sim={adjust=resize forwardNavigation} ty=APPLICATION fmt=TRANSPARENT
01-15 18:49:51.844 25960 25960 D ViewRootImpl: fl=LAYOUT_IN_SCREEN LAYOUT_INSET_DECOR SPLIT_TOUCH HARDWARE_ACCELERATED DRAWS_SYSTEM_BAR_BACKGROUNDS
01-15 18:49:51.844 25960 25960 D ViewRootImpl: pfl=NO_MOVE_ANIMATION FORCE_DRAW_STATUS_BAR_BACKGROUND FIT_INSETS_CONTROLLED
01-15 18:49:51.844 25960 25960 D ViewRootImpl: bhv=DEFAULT
01-15 18:49:51.844 25960 25960 D ViewRootImpl: fitSides=} by setView
01-15 18:49:51.844 25960 26399 I MATDBManager: sqllite db insert success! insert row id:40
01-15 18:49:51.845 25960 26399 I MATDBManager: sqllite db capacity:4
01-15 18:49:51.857 25960 26195 E OpenGLRenderer: Unable to match the desired swap behavior.
01-15 18:49:52.592 25960 25960 I ImeTracker: com.hello.miheapp.secretspace:11e5bfa9: onRequestHide at ORIGIN_CLIENT_HIDE_SOFT_INPUT reason HIDE_SOFT_INPUT
01-15 18:49:52.592 25960 25960 I ImeTracker: com.hello.miheapp.secretspace:11e5bfa9: onFailed at PHASE_CLIENT_VIEW_SERVED
01-15 18:49:52.597 25960 25991 D SessionLifecycleClient: Sending lifecycle 2 to service
01-15 18:49:52.597 25960 26381 D SessionLifecycleService: Activity backgrounding at 250400511
01-15 18:49:52.601 25960 26399 I MATDBManager: sqllite db insert success! insert row id:41
01-15 18:49:52.601 25960 26399 I MATDBManager: sqllite db capacity:5
01-15 18:49:52.604 25960 25960 D CompatibilityChangeReporter: Compat change id reported: 78294732; UID 10640; state: ENABLED
01-15 18:49:52.612 25960 25960 D ViewRootImpl: update {(0,0)(wrapxwrap) gr=CENTER sim={adjust=pan forwardNavigation} ty=APPLICATION fmt=TRANSPARENT wanim=0x10302fb
01-15 18:49:52.612 25960 25960 D ViewRootImpl: fl=DIM_BEHIND ALT_FOCUSABLE_IM SPLIT_TOUCH HARDWARE_ACCELERATED
01-15 18:49:52.612 25960 25960 D ViewRootImpl: bhv=DEFAULT
01-15 18:49:52.612 25960 25960 D ViewRootImpl: fitTypes=STATUS_BARS NAVIGATION_BARS CAPTION_BAR} by setView
01-15 18:49:52.617 25960 25991 D SessionLifecycleClient: Sending lifecycle 1 to service
01-15 18:49:52.617 25960 26381 D SessionLifecycleService: Activity foregrounding at 250400530.
01-15 18:49:52.619 26041 26056 I incfs : Initial API level of the device: 34
01-15 18:49:52.619 26041 26056 W libc : Access denied finding property "ro.incremental.enable"
01-15 18:49:52.619 26041 26056 I incfs : ro.incremental.enable: on
01-15 18:49:52.619 26041 26056 I incfs : IncFs_Features: v2
01-15 18:49:52.617 26041 26041 W binder:26041_2: type=1400 audit(0.0:1101335): avc: denied { read } for name="u:object_r:incremental_prop:s0" dev="tmpfs" ino=239 scontext=u:r:untrusted_app:s0:c128,c258,c512,c768 tcontext=u:object_r:incremental_prop:s0 tclass=file permissive=0 app=com.hello.miheapp.secretspace
01-15 18:49:52.617 26041 26041 W binder:26041_2: type=1400 audit(0.0:1101336): avc: denied { read } for name="filesystems" dev="proc" ino=4026532068 scontext=u:r:untrusted_app:s0:c128,c258,c512,c768 tcontext=u:object_r:proc_filesystems:s0 tclass=file permissive=0 app=com.hello.miheapp.secretspace
01-15 18:49:52.620 26041 26056 I incfs-mounts: [incfs] Loaded incremental-fs mount info: 3 instances, 6 mount points
01-15 18:49:52.623 25960 26195 E OpenGLRenderer: Unable to match the desired swap behavior.
01-15 18:49:52.627 26041 26056 W PackageParser: Ignoring duplicate uses- permissions/uses-permissions-sdk-m: android.permission.VIBRATE in package: com.roblox.client at: Binary XML file line #71
01-15 18:49:52.627 26041 26056 W PackageParser: Unknown element under <manifest>: queries at /data/app/~~YvAsPxS0XgYPLceIDXTToQ==/com.roblox.client- pSMcKs1mfwdBNRua65hLDQ==/base.apk Binary XML file line #99
01-15 18:49:52.627 26041 26056 W PackageParser: Unknown element under <manifest>: queries at /data/app/~~YvAsPxS0XgYPLceIDXTToQ==/com.roblox.client- pSMcKs1mfwdBNRua65hLDQ==/base.apk Binary XML file line #118
01-15 18:49:52.627 26041 26056 W PackageParser: Unknown element under <manifest>: queries at /data/app/~~YvAsPxS0XgYPLceIDXTToQ==/com.roblox.client- pSMcKs1mfwdBNRua65hLDQ==/base.apk Binary XML file line #121
01-15 18:49:52.629 26041 26056 W PackageParser: Unknown element under <application>: property at /data/app/~~YvAsPxS0XgYPLceIDXTToQ==/com.roblox.client- pSMcKs1mfwdBNRua65hLDQ==/base.apk Binary XML file line #708
01-15 18:49:52.637 25960 26195 E OpenGLRenderer: Unable to match the desired swap behavior.
01-15 18:49:52.652 26041 26056 W PackageParser: Ignoring duplicate uses- permissions/uses-permissions-sdk-m: android.permission.VIBRATE in package: com.roblox.client at: Binary XML file line #71
01-15 18:49:52.652 26041 26056 W PackageParser: Unknown element under <manifest>: queries at /data/app/~~YvAsPxS0XgYPLceIDXTToQ==/com.roblox.client- pSMcKs1mfwdBNRua65hLDQ==/base.apk Binary XML file line #99
01-15 18:49:52.652 26041 26056 W PackageParser: Unknown element under <manifest>: queries at /data/app/~~YvAsPxS0XgYPLceIDXTToQ==/com.roblox.client- pSMcKs1mfwdBNRua65hLDQ==/base.apk Binary XML file line #118
01-15 18:49:52.652 26041 26056 W PackageParser: Unknown element under <manifest>: queries at /data/app/~~YvAsPxS0XgYPLceIDXTToQ==/com.roblox.client- pSMcKs1mfwdBNRua65hLDQ==/base.apk Binary XML file line #121
01-15 18:49:52.653 26041 26056 W PackageParser: Unknown element under <application>: property at /data/app/~~YvAsPxS0XgYPLceIDXTToQ==/com.roblox.client- pSMcKs1mfwdBNRua65hLDQ==/base.apk Binary XML file line #708
01-15 18:49:52.653 26041 26041 W binder:26041_2: type=1400 audit(0.0:1101337): avc: denied { ioctl } for path="/data/app/~~YvAsPxS0XgYPLceIDXTToQ==/com.roblox.client- pSMcKs1mfwdBNRua65hLDQ==/base.apk" dev="incremental-fs" ino=140996 ioctlcmd=0x671f scontext=u:r:untrusted_app:s0:c128,c258,c512,c768 tcontext=u:object_r:apk_data_file:s0 tclass=file permissive=0 app=com.hello.miheapp.secretspace
01-15 18:49:52.653 26041 26041 W binder:26041_2: type=1400 audit(0.0:1101338): avc: denied { ioctl } for path="/data/app/~~YvAsPxS0XgYPLceIDXTToQ==/com.roblox.client- pSMcKs1mfwdBNRua65hLDQ==/split_config.arm64_v8a.apk" dev="incremental-fs" ino=294417 ioctlcmd=0x671f scontext=u:r:untrusted_app:s0:c128,c258,c512,c768 tcontext=u:object_r:apk_data_file:s0 tclass=file permissive=0 app=com.hello.miheapp.secretspace
01-15 18:49:52.898 25960 25960 W WindowOnBackDispatcher: sendCancelIfRunning: isInProgress=falsecallback=android.view.ViewRootImpl$ $ExternalSyntheticLambda17@d429edb
01-15 18:49:52.900 25960 26195 D Surface : Surface::disconnect
01-15 18:49:52.900 25960 26195 D BufferQueueProducer: [VRI[SearchListActivity]#9(BLAST Consumer)9](id:656800000009,api:1,p:25960,c:25960) disconnect: api 1
01-15 18:49:52.912 25960 26399 I MATDBManager: sqllite db insert success! insert row id:42
01-15 18:49:52.912 25960 26399 I MATDBManager: sqllite db capacity:1
01-15 18:49:52.913 25960 26399 I MATDBManager: sqllite db insert success! insert row id:43
01-15 18:49:52.913 25960 26399 I MATDBManager: sqllite db capacity:2
01-15 18:49:52.915 25960 26399 I MATDBManager: sqllite db insert success! insert row id:44
01-15 18:49:52.915 25960 26399 I MATDBManager: sqllite db capacity:3
01-15 18:49:53.161 25960 26195 D Surface : Surface::disconnect
01-15 18:49:53.161 25960 26195 D BufferQueueProducer: [VRI[SearchListActivity]#8(BLAST Consumer)8](id:656800000008,api:1,p:25960,c:25960) disconnect: api 1
01-15 18:49:53.177 25960 25960 W WindowOnBackDispatcher: sendCancelIfRunning: isInProgress=falsecallback=android.view.ViewRootImpl$ $ExternalSyntheticLambda17@4dd196e
01-15 18:49:54.391 25960 25960 W WindowOnBackDispatcher: sendCancelIfRunning: isInProgress=falsecallback=android.view.ViewRootImpl$ $ExternalSyntheticLambda17@fa4697f
01-15 18:49:54.392 25960 26195 D Surface : Surface::disconnect
01-15 18:49:54.392 25960 26195 D BufferQueueProducer: [VRI[HomeAct]#11(BLAST Consumer)11](id:65680000000b,api:1,p:25960,c:25960) disconnect: api 1
01-15 18:49:54.406 25960 25960 W PackageParser: Ignoring duplicate uses- permissions/uses-permissions-sdk-m: android.permission.VIBRATE in package: com.roblox.client at: Binary XML file line #71
01-15 18:49:54.406 25960 25960 W PackageParser: Unknown element under <manifest>: queries at /data/user/0/com.hello.miheapp.secretspace/sandbox/data/app/com.roblox.client/ base.apk Binary XML file line #99
01-15 18:49:54.406 25960 25960 W PackageParser: Unknown element under <manifest>: queries at /data/user/0/com.hello.miheapp.secretspace/sandbox/data/app/com.roblox.client/ base.apk Binary XML file line #118
01-15 18:49:54.406 25960 25960 W PackageParser: Unknown element under <manifest>: queries at /data/user/0/com.hello.miheapp.secretspace/sandbox/data/app/com.roblox.client/ base.apk Binary XML file line #121
01-15 18:49:54.408 25960 25960 W PackageParser: Unknown element under <application>: property at /data/user/0/com.hello.miheapp.secretspace/sandbox/data/app/com.roblox.client/ base.apk Binary XML file line #708
01-15 18:49:54.417 25960 26399 I MATDBManager: sqllite db insert success! insert row id:45
01-15 18:49:54.418 25960 26399 I MATDBManager: sqllite db capacity:4
01-15 18:49:54.441 25960 25960 D ViewRootImpl: update {(0,0)(fillxfill) gr=CENTER sim={adjust=resize forwardNavigation} ty=APPLICATION fmt=TRANSPARENT
01-15 18:49:54.441 25960 25960 D ViewRootImpl: fl=LAYOUT_IN_SCREEN LAYOUT_INSET_DECOR SPLIT_TOUCH HARDWARE_ACCELERATED DRAWS_SYSTEM_BAR_BACKGROUNDS
01-15 18:49:54.441 25960 25960 D ViewRootImpl: pfl=NO_MOVE_ANIMATION FORCE_DRAW_STATUS_BAR_BACKGROUND FIT_INSETS_CONTROLLED
01-15 18:49:54.441 25960 25960 D ViewRootImpl: bhv=DEFAULT
01-15 18:49:54.441 25960 25960 D ViewRootImpl: fitSides=} by setView
01-15 18:49:54.468 25960 26399 I MATDBManager: sqllite db insert success! insert row id:46
01-15 18:49:54.470 25960 26399 I MATDBManager: sqllite db capacity:5
01-15 18:49:54.477 25960 26195 E OpenGLRenderer: Unable to match the desired swap behavior.
01-15 18:49:54.526 26593 26593 I WM-RemoteWorkerService: Binding to RemoteWorkerService
01-15 18:49:54.541 26593 26602 D CompatibilityChangeReporter: Compat change id reported: 263076149; UID 10640; state: ENABLED
01-15 18:49:54.542 26593 26602 D WM-WM-RemoteWorker List: Executing work request (2e358b05-4415-41b7-bde5-1b9001e1c78d, com.tantan.dex.library.Dex2OatWorker)
01-15 18:49:54.559 26593 26635 W ziparchive: Unable to open '/data/user/0/com.hello.miheapp.secretspace/sandbox/data/app/com.roblox.client/ base.dm': No such file or directory
01-15 18:49:54.612 26593 26635 W JavaBinder: ibinderForJavaObject: 0x776392fc70 is not a Binder object
01-15 18:49:54.612 26593 26635 E Parcel : Native binder in markForBinder is null for non-null jobject
01-15 18:49:55.625 25960 26399 I MATDBManager: sqllite db insert success! insert row id:47
01-15 18:49:55.626 25960 26399 I MATDBManager: sqllite db capacity:1
01-15 18:49:55.851 25960 26399 I MATDBManager: sqllite db insert success! insert row id:48
01-15 18:49:55.851 25960 26399 I MATDBManager: sqllite db capacity:2
01-15 18:49:55.860 25960 25960 D ViewRootImpl: update {(469,1817)(294x167) gr=TOP LEFT CENTER sim={state=unchanged} ty=APPLICATION_PANEL fmt=TRANSPARENT surfaceInsets=Rect(0, 0 - 0, 0) (manual)
01-15 18:49:55.860 25960 25960 D ViewRootImpl: fl=NOT_FOCUSABLE WATCH_OUTSIDE_TOUCH SPLIT_TOUCH HARDWARE_ACCELERATED FLAG_LAYOUT_ATTACHED_IN_DECOR
01-15 18:49:55.860 25960 25960 D ViewRootImpl: pfl=LAYOUT_CHILD_WINDOW_IN_PARENT_FRAME
01-15 18:49:55.860 25960 25960 D ViewRootImpl: bhv=DEFAULT
01-15 18:49:55.860 25960 25960 D ViewRootImpl: fitTypes=STATUS_BARS NAVIGATION_BARS CAPTION_BAR} by setView
01-15 18:49:55.869 25960 26399 I MATDBManager: sqllite db insert success! insert row id:49
01-15 18:49:55.869 25960 26399 I MATDBManager: sqllite db capacity:3
01-15 18:49:55.924 25960 26195 E OpenGLRenderer: Unable to match the desired swap behavior.
01-15 18:49:55.991 25960 26399 I MATDBManager: sqllite db insert success! insert row id:50
01-15 18:49:55.991 25960 26399 I MATDBManager: sqllite db capacity:4
01-15 18:49:56.321 25960 26399 I MATDBManager: sqllite db insert success! insert row id:51
01-15 18:49:56.322 25960 26399 I MATDBManager: sqllite db capacity:5
01-15 18:49:56.323 25960 25991 D SessionLifecycleClient: Sending lifecycle 2 to service
01-15 18:49:56.323 25960 26381 D SessionLifecycleService: Activity backgrounding at 250404236
01-15 18:49:56.345 25960 26002 D SessionLifecycleClient: Sending lifecycle 1 to service
01-15 18:49:56.345 25960 26381 D SessionLifecycleService: Activity foregrounding at 250404259.
01-15 18:49:56.347 25960 25960 D ViewRootImpl: update {(0,0)(fillxfill) sim={forwardNavigation} ty=BASE_APPLICATION wanim=0x1030300
01-15 18:49:56.347 25960 25960 D ViewRootImpl: fl=LAYOUT_IN_SCREEN SECURE LAYOUT_INSET_DECOR SPLIT_TOUCH HARDWARE_ACCELERATED DRAWS_SYSTEM_BAR_BACKGROUNDS
01-15 18:49:56.347 25960 25960 D ViewRootImpl: pfl=NO_MOVE_ANIMATION FORCE_DRAW_STATUS_BAR_BACKGROUND FIT_INSETS_CONTROLLED
01-15 18:49:56.347 25960 25960 D ViewRootImpl: bhv=DEFAULT
01-15 18:49:56.347 25960 25960 D ViewRootImpl: fitSides=} by setView
01-15 18:49:56.360 25960 25966 W app.secretspace: Cleared Reference was only reachable from finalizer (only reported once)
01-15 18:49:56.360 25960 26195 E OpenGLRenderer: Unable to match the desired swap behavior.
01-15 18:49:56.546 25960 25960 W WindowOnBackDispatcher: sendCancelIfRunning: isInProgress=falsecallback=android.view.ViewRootImpl$ $ExternalSyntheticLambda17@51d4322
01-15 18:49:56.548 25960 26195 D Surface : Surface::disconnect
01-15 18:49:56.548 25960 26195 D BufferQueueProducer: [VRI[HomeAct]#12(BLAST Consumer)12](id:65680000000c,api:1,p:25960,c:25960) disconnect: api 1
01-15 18:49:56.891 25960 26195 D Surface : Surface::disconnect
01-15 18:49:56.891 25960 26195 D BufferQueueProducer: [VRI[PopupWindow:24f9b64]#13(BLAST Consumer)13] (id:65680000000d,api:1,p:25960,c:25960) disconnect: api 1
01-15 18:49:56.894 25960 26195 D Surface : Surface::disconnect
01-15 18:49:56.895 25960 26195 D BufferQueueProducer: [VRI[HomeAct]#10(BLAST Consumer)10](id:65680000000a,api:1,p:25960,c:25960) disconnect: api 1
01-15 18:49:57.350 25960 26008 I TRuntime.CctTransportBackend: Making request to: https://firebaselogging-pa.googleapis.com/v1/firelog/legacy/batchlog
01-15 18:49:57.353 25960 26008 D TrafficStats: tagSocket(125) with statsTag=0xffffffff, statsUid=-1
01-15 18:49:57.767 25960 26399 I MATDBManager: sqllite db insert success! insert row id:52
01-15 18:49:57.768 25960 26399 I MATDBManager: sqllite db capacity:1
01-15 18:49:57.768 25960 26399 I MATDBManager: sqllite db insert success! insert row id:53
01-15 18:49:57.768 25960 26399 I MATDBManager: sqllite db capacity:2
01-15 18:49:58.498 25960 26399 I MATDBManager: sqllite db insert success! insert row id:54
01-15 18:49:58.498 25960 26399 I MATDBManager: sqllite db capacity:3
01-15 18:49:58.518 25960 26002 D SessionLifecycleClient: Sending lifecycle 2 to service
01-15 18:49:58.518 25960 26381 D SessionLifecycleService: Activity backgrounding at 250406431
01-15 18:49:59.442 25960 26195 D Surface : Surface::disconnect
01-15 18:49:59.442 25960 26195 D BufferQueueProducer: [VRI[OpenProfileOwnerGuideActivity]#14(BLAST Consumer)14] (id:65680000000e,api:1,p:25960,c:25960) disconnect: api 1
01-15 18:50:00.073 25960 26008 I TRuntime.CctTransportBackend: Status Code: 200
01-15 18:50:00.531 25960 26043 I FA : Application backgrounded at: timestamp_millis: 1736992198530
01-15 18:50:09.667 25960 26917 I WM-WorkerWrapper: Worker result SUCCESS for Work [ id=2e358b05-4415-41b7-bde5-1b9001e1c78d, tags={ com.tantan.dex.library.Dex2OatWorker, com.roblox.client } ]
01-15 18:50:20.333 26041 26056 I Process : Sending signal. PID: 26553 SIG: 9
01-15 18:50:22.585 25960 26399 I MATDBManager: sqllite db insert success! insert row id:55
01-15 18:50:22.585 25960 26399 I MATDBManager: sqllite db capacity:4
01-15 18:50:22.600 25960 25960 W WindowOnBackDispatcher: sendCancelIfRunning: isInProgress=falsecallback=android.view.ViewRootImpl$ $ExternalSyntheticLambda17@3e59609
01-15 18:50:22.605 25960 25960 W WindowOnBackDispatcher: sendCancelIfRunning: isInProgress=falsecallback=android.view.ViewRootImpl$ $ExternalSyntheticLambda17@cf458be
01-15 18:50:22.628 25960 25960 W WindowOnBackDispatcher: sendCancelIfRunning: isInProgress=falsecallback=android.view.ViewRootImpl$ $ExternalSyntheticLambda17@57cbc35
01-15 18:50:22.638 25960 25960 E WindowManager: android.view.WindowLeaked: Activity com.hello.sandbox.ui.home.HomeAct has leaked window android.widget.PopupWindow$PopupDecorView{b6ab2a V.E...... R......D 0,0-294,167} that was originally added here
01-15 18:50:22.638 25960 25960 E WindowManager: at android.view.ViewRootImpl.<init>(ViewRootImpl.java:1061)
01-15 18:50:22.638 25960 25960 E WindowManager: at android.view.ViewRootImpl.<init>(ViewRootImpl.java:1049)
01-15 18:50:22.638 25960 25960 E WindowManager: at android.view.WindowManagerGlobal.addView(WindowManagerGlobal.java:428)
01-15 18:50:22.638 25960 25960 E WindowManager: at android.view.WindowManagerImpl.addView(WindowManagerImpl.java:151)
01-15 18:50:22.638 25960 25960 E WindowManager: at android.widget.PopupWindow.invokePopup(PopupWindow.java:1586)
01-15 18:50:22.638 25960 25960 E WindowManager: at android.widget.PopupWindow.showAtLocation(PopupWindow.java:1352)
01-15 18:50:22.638 25960 25960 E WindowManager: at android.widget.PopupWindow.showAtLocation(PopupWindow.java:1318)
01-15 18:50:22.638 25960 25960 E WindowManager: at com.hello.sandbox.ui.home.BaseHomeFrag.showRewardTipPopup(BaseHomeFrag.kt:15)
01-15 18:50:22.638 25960 25960 E WindowManager: at com.hello.sandbox.ui.home.BaseHomeFrag.access$showRewardTipPopup(Unknown Source:0)
01-15 18:50:22.638 25960 25960 E WindowManager: at com.hello.sandbox.ui.home.BaseHomeFrag$onViewCreated$3$invoke$ $inlined$doOnLayout$1.onLayoutChange(View.kt:2)
01-15 18:50:22.638 25960 25960 E WindowManager: at android.view.View.layout(View.java:24552)
01-15 18:50:22.638 25960 25960 E WindowManager: at android.view.ViewGroup.layout(ViewGroup.java:6460)
01-15 18:50:22.638 25960 25960 E WindowManager: at android.widget.FrameLayout.layoutChildren(FrameLayout.java:332)
01-15 18:50:22.638 25960 25960 E WindowManager: at android.widget.FrameLayout.onLayout(FrameLayout.java:270)
01-15 18:50:22.638 25960 25960 E WindowManager: at android.view.View.layout(View.java:24531)
01-15 18:50:22.638 25960 25960 E WindowManager: at android.view.ViewGroup.layout(ViewGroup.java:6460)
01-15 18:50:22.638 25960 25960 E WindowManager: at android.widget.FrameLayout.layoutChildren(FrameLayout.java:332)
01-15 18:50:22.638 25960 25960 E WindowManager: at android.widget.FrameLayout.onLayout(FrameLayout.java:270)
01-15 18:50:22.638 25960 25960 E WindowManager: at android.view.View.layout(View.java:24531)
01-15 18:50:22.638 25960 25960 E WindowManager: at android.view.ViewGroup.layout(ViewGroup.java:6460)
01-15 18:50:22.638 25960 25960 E WindowManager: at androidx.recyclerview.widget.RecyclerView$LayoutManager.layoutDecoratedWithMargins( RecyclerView.java:3)
01-15 18:50:22.638 25960 25960 E WindowManager: at androidx.recyclerview.widget.LinearLayoutManager.layoutChunk(LinearLayoutManager.ja va:31)
01-15 18:50:22.638 25960 25960 E WindowManager: at androidx.recyclerview.widget.LinearLayoutManager.fill(LinearLayoutManager.java:12)
01-15 18:50:22.638 25960 25960 E WindowManager: at androidx.recyclerview.widget.LinearLayoutManager.onLayoutChildren(LinearLayoutManag er.java:66)
01-15 18:50:22.638 25960 25960 E WindowManager: at androidx.recyclerview.widget.RecyclerView.t(RecyclerView.java:12)
01-15 18:50:22.638 25960 25960 E WindowManager: at androidx.recyclerview.widget.RecyclerView.r(RecyclerView.java:15)
01-15 18:50:22.638 25960 25960 E WindowManager: at androidx.recyclerview.widget.RecyclerView.onLayout(RecyclerView.java:3)
01-15 18:50:22.638 25960 25960 E WindowManager: at android.view.View.layout(View.java:24531)
01-15 18:50:22.638 25960 25960 E WindowManager: at android.view.ViewGroup.layout(ViewGroup.java:6460)
01-15 18:50:22.638 25960 25960 E WindowManager: at androidx.viewpager2.widget.ViewPager2.onLayout(ViewPager2.java:8)
01-15 18:50:22.638 25960 25960 E WindowManager: at android.view.View.layout(View.java:24531)
01-15 18:50:22.638 25960 25960 E WindowManager: at android.view.ViewGroup.layout(ViewGroup.java:6460)
01-15 18:50:22.638 25960 25960 E WindowManager: at android.widget.LinearLayout.setChildFrame(LinearLayout.java:1891)
01-15 18:50:22.638 25960 25960 E WindowManager: at android.widget.LinearLayout.layoutVertical(LinearLayout.java:1729)
01-15 18:50:22.638 25960 25960 E WindowManager: at android.widget.LinearLayout.onLayout(LinearLayout.java:1638)
01-15 18:50:22.638 25960 25960 E WindowManager: at android.view.View.layout(View.java:24531)
01-15 18:50:22.638 25960 25960 E WindowManager: at android.view.ViewGroup.layout(ViewGroup.java:6460)
01-15 18:50:22.638 25960 25960 E WindowManager: at android.widget.FrameLayout.layoutChildren(FrameLayout.java:332)
01-15 18:50:22.638 25960 25960 E WindowManager: at android.widget.FrameLayout.onLayout(FrameLayout.java:270)
01-15 18:50:22.638 25960 25960 E WindowManager: at android.view.View.layout(View.java:24531)
01-15 18:50:22.638 25960 25960 E WindowManager: at android.view.ViewGroup.layout(ViewGroup.java:6460)
01-15 18:50:22.638 25960 25960 E WindowManager: at android.widget.LinearLayout.setChildFrame(LinearLayout.java:1891)
01-15 18:50:22.638 25960 25960 E WindowManager: at android.widget.LinearLayout.layoutVertical(LinearLayout.java:1729)
01-15 18:50:22.638 25960 25960 E WindowManager: at android.widget.LinearLayout.onLayout(LinearLayout.java:1638)
01-15 18:50:22.638 25960 25960 E WindowManager: at android.view.View.layout(View.java:24531)
01-15 18:50:22.638 25960 25960 E WindowManager: at android.view.ViewGroup.layout(ViewGroup.java:6460)
01-15 18:50:22.638 25960 25960 E WindowManager: at android.widget.FrameLayout.layoutChildren(FrameLayout.java:332)
01-15 18:50:22.638 25960 25960 E WindowManager: at android.widget.FrameLayout.onLayout(FrameLayout.java:270)
01-15 18:50:22.638 25960 25960 E WindowManager: at android.view.View.layout(Vie