01-15 18:49:35.369 26553 26553 E WM-RescheduleReceiver: at com.appsflyer.internal.o.run(Unknown Source:14)
01-15 18:49:35.369 26553 26553 E WM-RescheduleReceiver: at android.os.Handler.handleCallback(Handler.java:1000)
01-15 18:49:35.369 26553 26553 E WM-RescheduleReceiver: at android.os.Handler.dispatchMessage(Handler.java:104)
01-15 18:49:35.369 26553 26553 E WM-RescheduleReceiver: at android.os.Looper.loopOnce(Looper.java:242)
01-15 18:49:35.369 26553 26553 E WM-RescheduleReceiver: at android.os.Looper.loop(Looper.java:362)
01-15 18:49:35.369 26553 26553 E WM-RescheduleReceiver: at android.app.ActivityThread.main(ActivityThread.java:8448)
01-15 18:49:35.369 26553 26553 E WM-RescheduleReceiver: at java.lang.reflect.Method.invoke(Native Method)
01-15 18:49:35.369 26553 26553 E WM-RescheduleReceiver: at com.android.internal.os.RuntimeInit$MethodAndArgsCaller.run(RuntimeInit.java:552)
01-15 18:49:35.369 26553 26553 E WM-RescheduleReceiver: at com.android.internal.os.ZygoteInit.main(ZygoteInit.java:992)
01-15 18:49:35.393 26653 26653 D GmsGcmTrigger: Ignoring Intent { act=android.intent.action.BOOT_COMPLETED }: gcm is disabled
01-15 18:49:35.394 26653 26653 D ExposureNotification: ServiceTrigger: Intent { act=android.intent.action.BOOT_COMPLETED }
01-15 18:49:35.416 26653 26653 D ExposureNotification: Trigger class org.microg.gms.nearby.exposurenotification.CleanupService
01-15 18:49:35.440 26653 26653 D GmsGcmTrigger: Ignoring Intent { act=android.intent.action.BOOT_COMPLETED }: gcm is disabled
01-15 18:49:35.441 26653 26653 D ExposureNotification: ServiceTrigger: Intent { act=android.intent.action.BOOT_COMPLETED }
01-15 18:49:35.460 26653 26653 D ExposureNotification: Trigger class org.microg.gms.nearby.exposurenotification.CleanupService
01-15 18:49:35.469 26653 26653 D GmsGcmTrigger: Ignoring Intent { act=android.intent.action.BOOT_COMPLETED }: gcm is disabled
01-15 18:49:35.469 26653 26653 D ExposureNotification: ServiceTrigger: Intent { act=android.intent.action.BOOT_COMPLETED }
01-15 18:49:35.487 26653 26653 D ExposureNotification: Trigger class org.microg.gms.nearby.exposurenotification.CleanupService
01-15 18:49:35.501 26553 26564 D MeasurementService: bound by: GetServiceRequest{serviceId=MEASUREMENT, gmsVersion=12451000, packageName='com.hello.miheapp.secretspace', extras=Bundle[{}]}
01-15 18:49:35.509 26653 26653 D GmsGcmTrigger: Ignoring Intent { act=android.intent.action.BOOT_COMPLETED }: gcm is disabled
01-15 18:49:35.510 26653 26653 D ExposureNotification: ServiceTrigger: Intent { act=android.intent.action.BOOT_COMPLETED }
01-15 18:49:35.589 26653 26653 D ExposureNotification: Trigger class org.microg.gms.nearby.exposurenotification.CleanupService
01-15 18:49:35.636 26653 26653 D ExposureNotification: CleanupService.start: Intent { cmp=com.google.android.gms/org.microg.gms.nearby.exposurenotification.CleanupServic e }
01-15 18:49:35.761 26653 26653 D ExposureNotification: CleanupService.start: Intent { cmp=com.google.android.gms/org.microg.gms.nearby.exposurenotification.CleanupServic e }
01-15 18:49:35.778 26653 26719 D ExposureNotification: Upgrading database from 0 to 12
01-15 18:49:35.778 26653 26719 D ExposureNotification: Creating tables for version >= 1
01-15 18:49:35.781 26653 26653 D ExposureNotification: CleanupService.start: Intent { cmp=com.google.android.gms/org.microg.gms.nearby.exposurenotification.CleanupServic e }
01-15 18:49:35.784 26653 26719 D ExposureNotification: Creating tables for version >= 3
01-15 18:49:35.784 26653 26719 D ExposureNotification: Creating tables for version >= 5
01-15 18:49:35.786 26653 26719 D ExposureNotification: Creating tables for version >= 9
01-15 18:49:35.786 26653 26719 D ExposureNotification: Finished database upgrade
01-15 18:49:35.794 26653 26719 D ExposureNotification: Deleted on daily cleanup: 0 adv
01-15 18:49:35.795 26653 26721 D ExposureNotification: Deleted on daily cleanup: 0 adv
01-15 18:49:35.795 26653 26720 D ExposureNotification: Deleted on daily cleanup: 0 adv
01-15 18:49:35.795 26653 26653 D ExposureNotification: CleanupService.start: Intent { cmp=com.google.android.gms/org.microg.gms.nearby.exposurenotification.CleanupServic e }
01-15 18:49:35.795 26653 26719 D ExposureNotification: Deleted on daily cleanup: 0 applogs
01-15 18:49:35.795 26653 26721 D ExposureNotification: Deleted on daily cleanup: 0 applogs
01-15 18:49:35.796 26653 26720 D ExposureNotification: Deleted on daily cleanup: 0 applogs
01-15 18:49:35.796 26653 26719 D ExposureNotification: Deleted on daily cleanup: 0 tokens
01-15 18:49:35.796 26653 26721 D ExposureNotification: Deleted on daily cleanup: 0 tokens
01-15 18:49:35.797 26653 26720 D ExposureNotification: Deleted on daily cleanup: 0 tokens
01-15 18:49:35.797 26653 26719 D ExposureNotification: Deleted on daily cleanup: 0 teks
01-15 18:49:35.797 26653 26721 D ExposureNotification: Deleted on daily cleanup: 0 teks
01-15 18:49:35.797 26553 26564 D SafeParcel: Unknown field id 34 in com.google.android.gms.measurement.internal.AppMetadata, skipping.
01-15 18:49:35.797 26553 26564 D SafeParcel: Unknown field id 35 in com.google.android.gms.measurement.internal.AppMetadata, skipping.
01-15 18:49:35.798 26553 26564 D MeasurementService: sendAppLaunch() for AppMetadata[com.hello.miheapp.secretspace]
01-15 18:49:35.798 26653 26719 D ExposureNotification: Deleted on daily cleanup: 0 tcss
01-15 18:49:35.798 26653 26721 D ExposureNotification: Deleted on daily cleanup: 0 tcss
01-15 18:49:35.798 26653 26720 D ExposureNotification: Deleted on daily cleanup: 0 teks
01-15 18:49:35.799 26653 26719 D ExposureNotification: Deleted on daily cleanup: 0 tcfs
01-15 18:49:35.799 26653 26721 D ExposureNotification: Deleted on daily cleanup: 0 tcfs
01-15 18:49:35.800 26653 26720 D ExposureNotification: Deleted on daily cleanup: 0 tcss
01-15 18:49:35.800 26653 26719 D ExposureNotification: Deleted on daily cleanup: 0 perms
01-15 18:49:35.800 26653 26721 D ExposureNotification: Deleted on daily cleanup: 0 perms
01-15 18:49:35.800 26653 26720 D ExposureNotification: Deleted on daily cleanup: 0 tcfs
01-15 18:49:35.808 26653 26719 D ExposureNotification: Done vacuuming
01-15 18:49:35.812 26553 26564 D SafeParcel: Unknown field id 34 in com.google.android.gms.measurement.internal.AppMetadata, skipping.
01-15 18:49:35.813 26553 26564 D SafeParcel: Unknown field id 35 in com.google.android.gms.measurement.internal.AppMetadata, skipping.
01-15 18:49:35.813 26553 26564 D MeasurementService: getAppInstanceId() for AppMetadata[com.hello.miheapp.secretspace]
01-15 18:49:35.816 26553 26564 D SafeParcel: Unknown field id 34 in com.google.android.gms.measurement.internal.AppMetadata, skipping.
01-15 18:49:35.816 26553 26564 D SafeParcel: Unknown field id 35 in com.google.android.gms.measurement.internal.AppMetadata, skipping.
01-15 18:49:35.816 26653 26721 D ExposureNotification: Done vacuuming
01-15 18:49:35.817 26553 26564 D MeasurementService: sendDefaultEventParameters(Bundle[EMPTY_PARCEL]) for AppMetadata[com.hello.miheapp.secretspace]
01-15 18:49:35.817 26653 26653 D CompatibilityChangeReporter: Compat change id reported: 160794467; UID 10001; state: DISABLED
01-15 18:49:35.818 26653 26720 D ExposureNotification: Deleted on daily cleanup: 0 perms
01-15 18:49:35.818 26653 26723 D ExposureNotification: Deleted on daily cleanup: 0 adv
01-15 18:49:35.835 26653 26720 D ExposureNotification: Done vacuuming
01-15 18:49:35.836 26653 26723 D ExposureNotification: Deleted on daily cleanup: 0 applogs
01-15 18:49:35.836 26653 26723 D ExposureNotification: Deleted on daily cleanup: 0 tokens
01-15 18:49:35.836 26653 26723 D ExposureNotification: Deleted on daily cleanup: 0 teks
01-15 18:49:35.836 26653 26723 D ExposureNotification: Deleted on daily cleanup: 0 tcss
01-15 18:49:35.837 26653 26723 D ExposureNotification: Deleted on daily cleanup: 0 tcfs
01-15 18:49:35.837 26653 26723 D ExposureNotification: Deleted on daily cleanup: 0 perms
01-15 18:49:35.844 26653 26723 D ExposureNotification: Done vacuuming
01-15 18:49:36.234 25960 26043 D CompatibilityChangeReporter: Compat change id reported: 289878283; UID 10640; state: ENABLED
01-15 18:49:36.234 26593 26645 D CompatibilityChangeReporter: Compat change id reported: 289878283; UID 10640; state: ENABLED
01-15 18:49:36.248 26553 26575 D SessionConfigFetcher: Fetched settings: {"settings_version":3,"cache_duration":166821,"features": {"collect_logged_exceptions":true,"collect_reports":true,"collect_analytics":false, "prompt_enabled":false,"push_enabled":false,"firebase_crashlytics_enabled":false,"c ollect_anrs":true,"collect_metric_kit":false,"collect_build_ids":true},"app": {"status":"activated","update_required":false,"report_upload_variant":2,"native_rep ort_upload_variant":2},"fabric": {"org_id":"65f00c8a567bf1f0daf09834","bundle_id":"com.hello.miheapp.secretspace"}," on_demand_upload_rate_per_minute":10,"on_demand_backoff_base":1.2,"on_demand_backof f_step_duration_seconds":60,"app_quality": {"sessions_enabled":true,"sampling_rate":1,"session_timeout_seconds":1800}}
01-15 18:49:36.249 26593 26624 I FirebaseCrashlytics: No version control information found
01-15 18:49:36.255 26553 26590 D LifecycleServiceBinder: Binding service to application.
01-15 18:49:36.311 26593 26622 D SessionConfigFetcher: Fetched settings: {"settings_version":3,"cache_duration":153134,"features": {"collect_logged_exceptions":true,"collect_reports":true,"collect_analytics":false, "prompt_enabled":false,"push_enabled":false,"firebase_crashlytics_enabled":false,"c ollect_anrs":true,"collect_metric_kit":false,"collect_build_ids":true},"app": {"status":"activated","update_required":false,"report_upload_variant":2,"native_rep ort_upload_variant":2},"fabric": {"org_id":"65f00c8a567bf1f0daf09834","bundle_id":"com.hello.miheapp.secretspace"}," on_demand_upload_rate_per_minute":10,"on_demand_backoff_base":1.2,"on_demand_backof f_step_duration_seconds":60,"app_quality": {"sessions_enabled":true,"sampling_rate":1,"session_timeout_seconds":1800}}
01-15 18:49:36.315 26553 26571 I FirebaseCrashlytics: No version control information found
01-15 18:49:36.320 26593 26640 D LifecycleServiceBinder: Binding service to application.
01-15 18:49:36.323 25960 25960 D SessionLifecycleService: Service bound to new client on process 26593
01-15 18:49:36.323 25960 26381 D SessionLifecycleService: Client android.os.Messenger@cc860a1 bound at 250384236. Clients: 2
01-15 18:49:36.323 26593 26593 D SessionLifecycleClient: Session update received: 041ecac3b73b4efaa110d54c78e09e14
01-15 18:49:36.323 26593 26593 D SessionLifecycleClient: Connected to SessionLifecycleService. Queue size 0
01-15 18:49:36.324 26593 26643 D SessionLifecycleClient: Notified CRASHLYTICS of new session 041ecac3b73b4efaa110d54c78e09e14
01-15 18:49:36.352 26653 26673 D SessionConfigFetcher: Fetched settings: {"settings_version":3,"cache_duration":168164,"features": {"collect_logged_exceptions":true,"collect_reports":true,"collect_analytics":false, "prompt_enabled":false,"push_enabled":false,"firebase_crashlytics_enabled":false,"c ollect_anrs":true,"collect_metric_kit":false,"collect_build_ids":true},"app": {"status":"activated","update_required":false,"report_upload_variant":2,"native_rep ort_upload_variant":2},"fabric": {"org_id":"65f00c8a567bf1f0daf09834","bundle_id":"com.hello.miheapp.secretspace"}," on_demand_upload_rate_per_minute":10,"on_demand_backoff_base":1.2,"on_demand_backof f_step_duration_seconds":60,"app_quality": {"sessions_enabled":true,"sampling_rate":1,"session_timeout_seconds":1800}}
01-15 18:49:36.354 25960 26399 I MATDBManager: sqllite db insert success! insert row id:2
01-15 18:49:36.354 25960 26399 I MATDBManager: sqllite db capacity:1
01-15 18:49:36.355 25960 26399 I MATDBManager: sqllite db insert success! insert row id:3
01-15 18:49:36.355 25960 26399 I MATDBManager: sqllite db capacity:2
01-15 18:49:36.356 25960 26399 I MATDBManager: sqllite db insert success! insert row id:4
01-15 18:49:36.356 25960 26399 I MATDBManager: sqllite db capacity:3
01-15 18:49:36.360 26653 26678 D LifecycleServiceBinder: Binding service to application.
01-15 18:49:36.625 25960 25960 I Au.io : check on thread main
01-15 18:49:36.884 25960 26755 I MATDBManager: 服务端下发配置缓存成功! 插入行 id:1
01-15 18:49:36.906 25960 26399 I MATDBManager: sqllite db insert success! insert row id:5
01-15 18:49:36.907 25960 26399 I MATDBManager: sqllite db capacity:4
01-15 18:49:36.910 25960 26000 D SessionLifecycleClient: Sending lifecycle 2 to service
01-15 18:49:36.911 25960 26381 D SessionLifecycleService: Activity backgrounding at 250384823
01-15 18:49:36.913 25960 26399 I MATDBManager: sqllite db insert success! insert row id:6
01-15 18:49:36.913 25960 26399 I MATDBManager: sqllite db capacity:5
01-15 18:49:36.943 25960 25960 D ViewRootImpl: update {(0,0)(wrapxwrap) gr=CENTER sim={adjust=pan forwardNavigation} ty=APPLICATION fmt=TRANSPARENT wanim=0x10302fb
01-15 18:49:36.943 25960 25960 D ViewRootImpl: fl=DIM_BEHIND ALT_FOCUSABLE_IM SPLIT_TOUCH HARDWARE_ACCELERATED
01-15 18:49:36.943 25960 25960 D ViewRootImpl: bhv=DEFAULT
01-15 18:49:36.943 25960 25960 D ViewRootImpl: fitTypes=STATUS_BARS NAVIGATION_BARS CAPTION_BAR} by setView
01-15 18:49:36.954 25960 25998 D SessionLifecycleClient: Sending lifecycle 1 to service
01-15 18:49:36.954 25960 26381 D SessionLifecycleService: Activity foregrounding at 250384867.
01-15 18:49:36.955 25960 25960 D ViewRootImpl: update {(0,0)(fillxfill) sim={adjust=pan forwardNavigation} ty=BASE_APPLICATION wanim=0x1030300
01-15 18:49:36.955 25960 25960 D ViewRootImpl: fl=LAYOUT_IN_SCREEN SECURE LAYOUT_INSET_DECOR SPLIT_TOUCH HARDWARE_ACCELERATED DRAWS_SYSTEM_BAR_BACKGROUNDS
01-15 18:49:36.955 25960 25960 D ViewRootImpl: pfl=NO_MOVE_ANIMATION FORCE_DRAW_STATUS_BAR_BACKGROUND FIT_INSETS_CONTROLLED
01-15 18:49:36.955 25960 25960 D ViewRootImpl: bhv=DEFAULT
01-15 18:49:36.955 25960 25960 D ViewRootImpl: fitSides=} by setView
01-15 18:49:36.965 25960 26195 E OpenGLRenderer: Unable to match the desired swap behavior.
01-15 18:49:36.977 25960 26195 E OpenGLRenderer: Unable to match the desired swap behavior.
01-15 18:49:36.986 25960 25960 W System.err: android.content.pm.PackageManager$NameNotFoundException: com.android.permission.GET_INSTALLED_APPS
01-15 18:49:36.987 25960 25960 W System.err: at android.app.ApplicationPackageManager.getPermissionInfo(ApplicationPackageManager.j ava:433)
01-15 18:49:36.987 25960 25960 W System.err: at dc.d.c(GetInstalledAppsPermissionCompat.java:1)
01-15 18:49:36.987 25960 25960 W System.err: at dc.d.a(GetInstalledAppsPermissionCompat.java:1)
01-15 18:49:36.987 25960 25960 W System.err: at dc.m.b(PermissionDelegateImplV19.java:4)
01-15 18:49:36.987 25960 25960 W System.err: at dc.n.b(PermissionDelegateImplV21.java:3)
01-15 18:49:36.987 25960 25960 W System.err: at dc.o.b(PermissionDelegateImplV23.java:44)
01-15 18:49:36.987 25960 25960 W System.err: at dc.p.b(PermissionDelegateImplV26.java:7)
01-15 18:49:36.987 25960 25960 W System.err: at dc.q.b(PermissionDelegateImplV28.java:3)
01-15 18:49:36.987 25960 25960 W System.err: at dc.r.b(PermissionDelegateImplV29.java:9)
01-15 18:49:36.987 25960 25960 W System.err: at dc.s.b(PermissionDelegateImplV30.java:3)
01-15 18:49:36.987 25960 25960 W System.err: at dc.t.b(PermissionDelegateImplV31.java:6)
01-15 18:49:36.987 25960 25960 W System.err: at dc.u.b(PermissionDelegateImplV33.java:15)
01-15 18:49:36.987 25960 25960 W System.err: at dc.i.b(Unknown Source:2)
01-15 18:49:36.987 25960 25960 W System.err: at dc.i.c(PermissionApi.java:3)
01-15 18:49:36.987 25960 25960 W System.err: at dc.d0.c(XXPermissions.java:219)
01-15 18:49:36.987 25960 25960 W System.err: at com.hello.sandbox.ui.search.SearchListActivity.requestGetInstalledAppsPermissions(S earchListActivity.kt:4)
01-15 18:49:36.987 25960 25960 W System.err: at com.hello.sandbox.ui.search.SearchListActivity.access$requestGetInstalledAppsPermis sions(Unknown Source:0)
01-15 18:49:36.987 25960 25960 W System.err: at com.hello.sandbox.ui.search.SearchListActivity$initViewModel$3.invoke(SearchListAct ivity.kt:16)
01-15 18:49:36.987 25960 25960 W System.err: at com.hello.sandbox.ui.search.SearchListActivity$initViewModel$3.invoke(SearchListAct ivity.kt:1)
01-15 18:49:36.987 25960 25960 W System.err: at com.hello.sandbox.ui.search.SearchListActivity.initViewModel$lambda$17(Unknown Source:5)
01-15 18:49:36.987 25960 25960 W System.err: at com.hello.sandbox.ui.search.SearchListActivity.g(Unknown Source:0)
01-15 18:49:36.987 25960 25960 W System.err: at com.hello.sandbox.profile.owner.ui.frag.f.a(Unknown Source:20)
01-15 18:49:36.987 25960 25960 W System.err: at androidx.lifecycle.LiveData.b(LiveData.java:6)
01-15 18:49:36.987 25960 25960 W System.err: at androidx.lifecycle.LiveData.c(LiveData.java:8)
01-15 18:49:36.987 25960 25960 W System.err: at androidx.lifecycle.p.j(MutableLiveData.java:4)
01-15 18:49:36.987 25960 25960 W System.err: at androidx.lifecycle.LiveData$a.run(LiveData.java:5)
01-15 18:49:36.987 25960 25960 W System.err: at android.os.Handler.handleCallback(Handler.java:1000)
01-15 18:49:36.987 25960 25960 W System.err: at android.os.Handler.dispatchMessage(Handler.java:104)
01-15 18:49:36.987 25960 25960 W System.err: at android.os.Looper.loopOnce(Looper.java:242)
01-15 18:49:36.987 25960 25960 W System.err: at android.os.Looper.loop(Looper.java:362)
01-15 18:49:36.987 25960 25960 W System.err: at android.app.ActivityThread.main(ActivityThread.java:8448)
01-15 18:49:36.987 25960 25960 W System.err: at java.lang.reflect.Method.invoke(Native Method)
01-15 18:49:36.987 25960 25960 W System.err: at com.android.internal.os.RuntimeInit$MethodAndArgsCaller.run(RuntimeInit.java:552)
01-15 18:49:36.987 25960 25960 W System.err: at com.android.internal.os.ZygoteInit.main(ZygoteInit.java:992)
01-15 18:49:36.988 25960 25960 W System.err: android.provider.Settings$SettingNotFoundException: oem_installed_apps_runtime_permission_enable
01-15 18:49:36.989 25960 25960 W System.err: at android.provider.Settings.parseIntSetting(Settings.java:3705)
01-15 18:49:36.989 25960 25960 W System.err: at android.provider.Settings.-$ $Nest$smparseIntSetting(Unknown Source:0)
01-15 18:49:36.989 25960 25960 W System.err: at android.provider.Settings$Secure.getIntForUser(Settings.java:6729)
01-15 18:49:36.989 25960 25960 W System.err: at android.provider.Settings$Secure.getInt(Settings.java:6722)
01-15 18:49:36.989 25960 25960 W System.err: at dc.d.c(GetInstalledAppsPermissionCompat.java:6)
01-15 18:49:36.989 25960 25960 W System.err: at dc.d.a(GetInstalledAppsPermissionCompat.java:1)
01-15 18:49:36.989 25960 25960 W System.err: at dc.m.b(PermissionDelegateImplV19.java:4)
01-15 18:49:36.989 25960 25960 W System.err: at dc.n.b(PermissionDelegateImplV21.java:3)
01-15 18:49:36.989 25960 25960 W System.err: at dc.o.b(PermissionDelegateImplV23.java:44)
01-15 18:49:36.989 25960 25960 W System.err: at dc.p.b(PermissionDelegateImplV26.java:7)
01-15 18:49:36.989 25960 25960 W System.err: at dc.q.b(PermissionDelegateImplV28.java:3)
01-15 18:49:36.989 25960 25960 W System.err: at dc.r.b(PermissionDelegateImplV29.java:9)
01-15 18:49:36.989 25960 25960 W System.err: at dc.s.b(PermissionDelegateImplV30.java:3)
01-15 18:49:36.989 25960 25960 W System.err: at dc.t.b(PermissionDelegateImplV31.java:6)
01-15 18:49:36.989 25960 25960 W System.err: at dc.u.b(PermissionDelegateImplV33.java:15)
01-15 18:49:36.989 25960 25960 W System.err: at dc.i.b(Unknown Source:2)
01-15 18:49:36.989 25960 25960 W System.err: at dc.i.c(PermissionApi.java:3)
01-15 18:49:36.989 25960 25960 W System.err: at dc.d0.c(XXPermissions.java:219)
01-15 18:49:36.989 25960 25960 W System.err: at com.hello.sandbox.ui.search.SearchListActivity.requestGetInstalledAppsPermissions(S earchListActivity.kt:4)
01-15 18:49:36.989 25960 25960 W System.err: at com.hello.sandbox.ui.search.SearchListActivity.access$requestGetInstalledAppsPermis sions(Unknown Source:0)
01-15 18:49:36.989 25960 25960 W System.err: at com.hello.sandbox.ui.search.SearchListActivity$initViewModel$3.invoke(SearchListAct ivity.kt:16)
01-15 18:49:36.989 25960 25960 W System.err: at com.hello.sandbox.ui.search.SearchListActivity$initViewModel$3.invoke(SearchListAct ivity.kt:1)
01-15 18:49:36.989 25960 25960 W System.err: at com.hello.sandbox.ui.search.SearchListActivity.initViewModel$lambda$17(Unknown Source:5)
01-15 18:49:36.989 25960 25960 W System.err: at com.hello.sandbox.ui.search.SearchListActivity.g(Unknown Source:0)
01-15 18:49:36.989 25960 25960 W System.err: at com.hello.sandbox.profile.owner.ui.frag.f.a(Unknown Source:20)
01-15 18:49:36.989 25960 25960 W System.err: at androidx.lifecycle.LiveData.b(LiveData.java:6)
01-15 18:49:36.989 25960 25960 W System.err: at androidx.lifecycle.LiveData.c(LiveData.java:8)
01-15 18:49:36.989 25960 25960 W System.err: at androidx.lifecycle.p.j(MutableLiveData.java:4)
01-15 18:49:36.989 25960 25960 W System.err: at androidx.lifecycle.LiveData$a.run(LiveData.java:5)
01-15 18:49:36.989 25960 25960 W System.err: at android.os.Handler.handleCallback(Handler.java:1000)
01-15 18:49:36.989 25960 25960 W System.err: at android.os.Handler.dispatchMessage(Handler.java:104)
01-15 18:49:36.989 25960 25960 W System.err: at android.os.Looper.loopOnce(Looper.java:242)
01-15 18:49:36.989 25960 25960 W System.err: at android.os.Looper.loop(Looper.java:362)
01-15 18:49:36.989 25960 25960 W System.err: at android.app.ActivityThread.main(ActivityThread.java:8448)
01-15 18:49:36.989 25960 25960 W System.err: at java.lang.reflect.Method.invoke(Native Method)
01-15 18:49:36.989 25960 25960 W System.err: at com.android.internal.os.RuntimeInit$MethodAndArgsCaller.run(RuntimeInit.java:552)
01-15 18:49:36.989 25960 25960 W System.err: at com.android.internal.os.ZygoteInit.main(ZygoteInit.java:992)
01-15 18:49:37.001 25960 25960 W System.err: java.io.FileNotFoundException: /system/build.prop: open failed: EACCES (Permission denied)
01-15 18:49:37.001 25960 25960 W System.err: at libcore.io.IoBridge.open(IoBridge.java:574)
01-15 18:49:37.001 25960 25960 W System.err: at java.io.FileInputStream.<init>(FileInputStream.java:179)
01-15 18:49:37.001 25960 25960 W System.err: at dc.b0.c(PhoneRomUtils.java:13)
01-15 18:49:37.001 25960 25960 W System.err: at dc.b0.e(Unknown Source:2)
01-15 18:49:37.001 25960 25960 W System.err: at dc.d.a(GetInstalledAppsPermissionCompat.java:4)
01-15 18:49:37.001 25960 25960 W System.err: at dc.m.b(PermissionDelegateImplV19.java:4)
01-15 18:49:37.001 25960 25960 W System.err: at dc.n.b(PermissionDelegateImplV21.java:3)
01-15 18:49:37.001 25960 25960 W System.err: at dc.o.b(PermissionDelegateImplV23.java:44)
01-15 18:49:37.001 25960 25960 W System.err: at dc.p.b(PermissionDelegateImplV26.java:7)
01-15 18:49:37.001 25960 25960 W System.err: at dc.q.b(PermissionDelegateImplV28.java:3)
01-15 18:49:37.001 25960 25960 W System.err: at dc.r.b(PermissionDelegateImplV29.java:9)
01-15 18:49:37.001 25960 25960 W System.err: at dc.s.b(PermissionDelegateImplV30.java:3)
01-15 18:49:37.001 25960 25960 W System.err: at dc.t.b(PermissionDelegateImplV31.java:6)
01-15 18:49:37.001 25960 25960 W System.err: at dc.u.b(PermissionDelegateImplV33.java:15)
01-15 18:49:37.001 25960 25960 W System.err: at dc.i.b(Unknown Source:2)
01-15 18:49:37.001 25960 25960 W System.err: at dc.i.c(PermissionApi.java:3)
01-15 18:49:37.001 25960 25960 W System.err: at dc.d0.c(XXPermissions.java:219)
01-15 18:49:37.001 25960 25960 W System.err: at com.hello.sandbox.ui.search.SearchListActivity.requestGetInstalledAppsPermissions(S earchListActivity.kt:4)
01-15 18:49:37.001 25960 25960 W System.err: at com.hello.sandbox.ui.search.SearchListActivity.access$requestGetInstalledAppsPermis sions(Unknown Source:0)
01-15 18:49:37.001 25960 25960 W System.err: at com.hello.sandbox.ui.search.SearchListActivity$initViewModel$3.invoke(SearchListAct ivity.kt:16)
01-15 18:49:37.001 25960 25960 W System.err: at com.hello.sandbox.ui.search.SearchListActivity$initViewModel$3.invoke(SearchListAct ivity.kt:1)
01-15 18:49:37.001 25960 25960 W System.err: at com.hello.sandbox.ui.search.SearchListActivity.initViewModel$lambda$17(Unknown Source:5)
01-15 18:49:37.001 25960 25960 W System.err: at com.hello.sandbox.ui.search.SearchListActivity.g(Unknown Source:0)
01-15 18:49:37.001 25960 25960 W System.err: at com.hello.sandbox.profile.owner.ui.frag.f.a(Unknown Source:20)
01-15 18:49:37.001 25960 25960 W System.err: at androidx.lifecycle.LiveData.b(LiveData.java:6)
01-15 18:49:37.001 25960 25960 W System.err: at androidx.lifecycle.LiveData.c(LiveData.java:8)
01-15 18:49:37.001 25960 25960 W System.err: at androidx.lifecycle.p.j(MutableLiveData.java:4)
01-15 18:49:37.001 25960 25960 W System.err: at androidx.lifecycle.LiveData$a.run(LiveData.java:5)
01-15 18:49:37.001 25960 25960 W System.err: at android.os.Handler.handleCallback(Handler.java:1000)
01-15 18:49:37.001 25960 25960 W System.err: at android.os.Handler.dispatchMessage(Handler.java:104)
01-15 18:49:37.001 25960 25960 W System.err: at android.os.Looper.loopOnce(Looper.java:242)
01-15 18:49:37.001 25960 25960 W System.err: at android.os.Looper.loop(Looper.java:362)
01-15 18:49:37.001 25960 25960 W System.err: at android.app.ActivityThread.main(ActivityThread.java:8448)
01-15 18:49:37.001 25960 25960 W System.err: at java.lang.reflect.Method.invoke(Native Method)
01-15 18:49:37.001 25960 25960 W System.err: at com.android.internal.os.RuntimeInit$MethodAndArgsCaller.run(RuntimeInit.java:552)
01-15 18:49:37.001 25960 25960 W System.err: at com.android.internal.os.ZygoteInit.main(ZygoteInit.java:992)
01-15 18:49:37.001 25960 25960 W System.err: Caused by: android.system.ErrnoException: open failed: EACCES (Permission denied)
01-15 18:49:37.001 25960 25960 W System.err: at libcore.io.Linux.open(Native Method)
01-15 18:49:37.001 25960 25960 W System.err: at libcore.io.ForwardingOs.open(ForwardingOs.java:563)
01-15 18:49:37.001 25960 25960 W System.err: at libcore.io.BlockGuardOs.open(BlockGuardOs.java:274)
01-15 18:49:37.001 25960 25960 W System.err: at libcore.io.ForwardingOs.open(ForwardingOs.java:563)
01-15 18:49:37.001 25960 25960 W System.err: at android.app.ActivityThread$AndroidOs.open(ActivityThread.java:8330)
01-15 18:49:37.001 25960 25960 W System.err: at libcore.io.IoBridge.open(IoBridge.java:560)
01-15 18:49:37.001 25960 25960 W System.err: ... 35 more
01-15 18:49:37.072 25960 26533 I incfs : Initial API level of the device: 34
01-15 18:49:37.072 25960 26533 W libc : Access denied finding property "ro.incremental.enable"
01-15 18:49:37.072 25960 26533 I incfs : ro.incremental.enable: on
01-15 18:49:37.072 25960 26533 I incfs : IncFs_Features: v2
01-15 18:49:37.069 25960 25960 W DefaultDispatch: type=1400 audit(0.0:1101333): avc: denied { read } for name="u:object_r:incremental_prop:s0" dev="tmpfs" ino=239 scontext=u:r:untrusted_app:s0:c128,c258,c512,c768 tcontext=u:object_r:incremental_prop:s0 tclass=file permissive=0 app=com.hello.miheapp.secretspace
01-15 18:49:37.073 25960 26533 I incfs-mounts: [incfs] Loaded incremental-fs mount info: 3 instances, 6 mount points
01-15 18:49:37.069 25960 25960 W DefaultDispatch: type=1400 audit(0.0:1101334): avc: denied { read } for name="filesystems" dev="proc" ino=4026532068 scontext=u:r:untrusted_app:s0:c128,c258,c512,c768 tcontext=u:object_r:proc_filesystems:s0 tclass=file permissive=0 app=com.hello.miheapp.secretspace
01-15 18:49:37.153 25960 25970 W app.secretspace: ApkAssets: Deleting an ApkAssets object '<empty> and /data/app/~~RkXQE3a15Fi32HE9-jDxGQ==/com.asurion.android.mediabackup.vault.cricket- OSWPbRx0ZdTwZ5Jbn0oDRw==/base.apk' with 1 weak references
01-15 18:49:37.153 25960 25970 W app.secretspace: ApkAssets: Deleting an ApkAssets object '<empty> and /data/app/~~ZALa7i22S2xaAavZb3NKSg==/com.dts.freefireth- BXEZxDK42Gi1dk7AViR5gA==/base.apk' with 1 weak references
01-15 18:49:37.154 25960 25970 W app.secretspace: ApkAssets: Deleting an ApkAssets object '<empty> and /data/app/~~YvAsPxS0XgYPLceIDXTToQ==/com.roblox.client- pSMcKs1mfwdBNRua65hLDQ==/base.apk' with 1 weak references
01-15 18:49:37.154 25960 25970 W app.secretspace: ApkAssets: Deleting an ApkAssets object '<empty> and /data/app/~~YvAsPxS0XgYPLceIDXTToQ==/com.roblox.client- pSMcKs1mfwdBNRua65hLDQ==/split_config.arm64_v8a.apk' with 1 weak references
01-15 18:49:37.154 25960 25970 W app.secretspace: ApkAssets: Deleting an ApkAssets object '<empty> and /data/app/~~N-5v3MlJYOw_ZHExRuhGCw==/com.whatsapp- 03Fh8yf7hqwhs6DSKkvGug==/base.apk' with 1 weak references
01-15 18:49:37.154 25960 25970 W app.secretspace: ApkAssets: Deleting an ApkAssets object '<empty> and /data/app/~~N-5v3MlJYOw_ZHExRuhGCw==/com.whatsapp- 03Fh8yf7hqwhs6DSKkvGug==/split_config.arm64_v8a.apk' with 1 weak references
01-15 18:49:37.244 26653 26676 I FirebaseCrashlytics: No version control information found
01-15 18:49:37.457 25960 25970 W app.secretspace: ApkAssets: Deleting an ApkAssets object '<empty> and /data/app/~~2A6z_4O8Bj7a8_mSflwQZw==/com.particlenews.newsbreak- oxPomBcErlS5jblYypZsZA==/base.apk' with 1 weak references
01-15 18:49:37.458 25960 25970 W app.secretspace: ApkAssets: Deleting an ApkAssets object '<empty> and /data/app/~~2A6z_4O8Bj7a8_mSflwQZw==/com.particlenews.newsbreak- oxPomBcErlS5jblYypZsZA==/split_config.arm64_v8a.apk' with 1 weak references
01-15 18:49:37.458 25960 25970 W app.secretspace: ApkAssets: Deleting an ApkAssets object '<empty> and /data/app/~~2A6z_4O8Bj7a8_mSflwQZw==/com.particlenews.newsbreak- oxPomBcErlS5jblYypZsZA==/split_config.xxhdpi.apk' with 1 weak references
01-15 18:49:37.458 25960 25970 W app.secretspace: ApkAssets: Deleting an ApkAssets object '<empty> and /data/app/~~0LInmctwodABstiWiSBvqQ==/com.acorns.android- FPOP4SbSQND9r0wQmc1DPg==/base.apk' with 1 weak references
01-15 18:49:37.459 25960 25970 W app.secretspace: ApkAssets: Deleting an ApkAssets object '<empty> and /data/app/~~0LInmctwodABstiWiSBvqQ==/com.acorns.android- FPOP4SbSQND9r0wQmc1DPg==/split_config.arm64_v8a.apk' with 1 weak references
01-15 18:49:37.459 25960 25970 W app.secretspace: ApkAssets: Deleting an ApkAssets object '<empty> and /data/app/~~0LInmctwodABstiWiSBvqQ==/com.acorns.android- FPOP4SbSQND9r0wQmc1DPg==/split_config.en.apk' with 1 weak references
01-15 18:49:37.459 25960 25970 W app.secretspace: ApkAssets: Deleting an ApkAssets object '<empty> and /data/app/~~0LInmctwodABstiWiSBvqQ==/com.acorns.android- FPOP4SbSQND9r0wQmc1DPg==/split_config.xxhdpi.apk' with 1 weak references
01-15 18:49:37.459 25960 25970 W app.secretspace: ApkAssets: Deleting an ApkAssets object '<empty> and /data/app/~~5vx2bSFu59t3ANtlSfvKhw==/by.green.tuber- YXMbUMnUwCoJRlfJls6fyg==/base.apk' with 1 weak references
01-15 18:49:37.459 25960 25970 W app.secretspace: ApkAssets: Deleting an ApkAssets object '<empty> and /data/app/~~5vx2bSFu59t3ANtlSfvKhw==/by.green.tuber- YXMbUMnUwCoJRlfJls6fyg==/split_config.en.apk' with 1 weak references
01-15 18:49:37.459 25960 25970 W app.secretspace: ApkAssets: Deleting an ApkAssets object '<empty> and /data/app/~~5vx2bSFu59t3ANtlSfvKhw==/by.green.tuber- YXMbUMnUwCoJRlfJls6fyg==/split_config.es.apk' with 1 weak references
01-15 18:49:37.459 25960 25970 W app.secretspace: ApkAssets: Deleting an ApkAssets object '<empty> and /data/app/~~5vx2bSFu59t3ANtlSfvKhw==/by.green.tuber- YXMbUMnUwCoJRlfJls6fyg==/split_config.xxhdpi.apk' with 1 weak references
01-15 18:49:37.460 25960 25970 W app.secretspace: ApkAssets: Deleting an ApkAssets object '<empty> and /data/app/~~6arobsJzcvAfNn_0Ogs_PQ==/com.pinterest- m4403h5tpyjzNwYTw9mL0w==/base.apk' with 1 weak references
01-15 18:49:37.460 25960 25970 W app.secretspace: ApkAssets: Deleting an ApkAssets object '<empty> and /data/app/~~6arobsJzcvAfNn_0Ogs_PQ==/com.pinterest- m4403h5tpyjzNwYTw9mL0w==/split_config.arm64_v8a.apk' with 1 weak references
01-15 18:49:37.460 25960 25970 W app.secretspace: ApkAssets: Deleting an ApkAssets object '<empty> and /data/app/~~6arobsJzcvAfNn_0Ogs_PQ==/com.pinterest- m4403h5tpyjzNwYTw9mL0w==/split_config.en.apk' with 1 weak references
01-15 18:49:37.460 25960 25970 W app.secretspace: ApkAssets: Deleting an ApkAssets object '<empty> and /data/app/~~6arobsJzcvAfNn_0Ogs_PQ==/com.pinterest- m4403h5tpyjzNwYTw9mL0w==/split_config.es.apk' with 1 weak references
01-15 18:49:37.460 25960 25970 W app.secretspace: ApkAssets: Deleting an ApkAssets object '<empty> and /data/app/~~6arobsJzcvAfNn_0Ogs_PQ==/com.pinterest- m4403h5tpyjzNwYTw9mL0w==/split_config.xxhdpi.apk' with 1 weak references
01-15 18:49:37.460 25960 25970 W app.secretspace: ApkAssets: Deleting an ApkAssets object '<empty> and /data/app/~~LaopCrKIA50kGHk96sjo7w==/com.mizmowireless.vvm- FZWMPiyP11su2m1PzdYutw==/base.apk' with 1 weak references
01-15 18:49:37.460 25960 25970 W app.secretspace: ApkAssets: Deleting an ApkAssets object '<empty> and /data/app/~~oSoi-Oyup_eX_PEFQ3ayWg==/com.daily.forecast.weather.radar- SQN8JLvcWhEDk-fQtzQ-IA==/base.apk' with 1 weak references
01-15 18:49:37.460 25960 25970 W app.secretspace: ApkAssets: Deleting an ApkAssets object '<empty> and /data/app/~~oSoi-Oyup_eX_PEFQ3ayWg==/com.daily.forecast.weather.radar- SQN8JLvcWhEDk-fQtzQ-IA==/split_config.arm64_v8a.apk' with 1 weak references
01-15 18:49:37.461 25960 25970 W app.secretspace: ApkAssets: Deleting an ApkAssets object '<empty> and /data/app/~~PgrCQJeKvWHsoIFGykIT8w==/com.opera.gx- YfnRgdwcPoWzVo379Jmg8w==/base.apk' with 1 weak references
01-15 18:49:37.461 25960 25970 W app.secretspace: ApkAssets: Deleting an ApkAssets object '<empty> and /data/app/~~PgrCQJeKvWHsoIFGykIT8w==/com.opera.gx- YfnRgdwcPoWzVo379Jmg8w==/split_config.arm64_v8a.apk' with 1 weak references
01-15 18:49:37.461 25960 25970 W app.secretspace: ApkAssets: Deleting an ApkAssets object '<empty> and /data/app/~~PgrCQJeKvWHsoIFGykIT8w==/com.opera.gx- YfnRgdwcPoWzVo379Jmg8w==/split_config.xxhdpi.apk' with 1 weak references
01-15 18:49:37.461 25960 25970 W app.secretspace: ApkAssets: Deleting an ApkAssets object '<empty> and /data/app/~~Mgenbz-g_i42-UJJSRndJA==/com.google.android.apps.walletnfcrel- BgvO9NGTZehE8n7wynS60w==/base.apk' with 1 weak references
01-15 18:49:37.461 25960 25970 W app.secretspace: ApkAssets: Deleting an ApkAssets object '<empty> and /data/app/~~Mgenbz-g_i42-UJJSRndJA==/com.google.android.apps.walletnfcrel- BgvO9NGTZehE8n7wynS60w==/split_config.arm64_v8a.apk' with 1 weak references
01-15 18:49:37.461 25960 25970 W app.secretspace: ApkAssets: Deleting an ApkAssets object '<empty> and /data/app/~~Mgenbz-g_i42-UJJSRndJA==/com.google.android.apps.walletnfcrel- BgvO9NGTZehE8n7wynS60w==/split_config.xxhdpi.apk' with 1 weak references
01-15 18:49:37.461 25960 25970 W app.secretspace: ApkAssets: Deleting an ApkAssets object '<empty> and /data/app/~~LGtSx68Y8N0_ZDsoLq8lPg==/com.zhiliaoapp.musically- cOZFNvnTo6TL-xWRLIFzhg==/base.apk' with 1 weak references
01-15 18:49:37.461 25960 25970 W app.secretspace: ApkAssets: Deleting an ApkAssets object '<empty> and /data/app/~~LGtSx68Y8N0_ZDsoLq8lPg==/com.zhiliaoapp.musically- cOZFNvnTo6TL-xWRLIFzhg==/split_config.arm64_v8a.apk' with 1 weak references
01-15 18:49:37.462 25960 25970 W app.secretspace: ApkAssets: Deleting an ApkAssets object '<empty> and /data/app/~~LGtSx68Y8N0_ZDsoLq8lPg==/com.zhiliaoapp.musically- cOZFNvnTo6TL-xWRLIFzhg==/split_config.en.apk' with 1 weak references
01-15 18:49:37.462 25960 25970 W app.secretspace: ApkAssets: Deleting an ApkAssets object '<empty> and /data/app/~~LGtSx68Y8N0_ZDsoLq8lPg==/com.zhiliaoapp.musically- cOZFNvnTo6TL-xWRLIFzhg==/split_config.es.apk' with 1 weak references
01-15 18:49:37.462 25960 25970 W app.secretspace: ApkAssets: Deleting an ApkAssets object '<empty> and /data/app/~~LGtSx68Y8N0_ZDsoLq8lPg==/com.zhiliaoapp.musically- cOZFNvnTo6TL-xWRLIFzhg==/split_config.xxhdpi.apk' with 1 weak references
01-15 18:49:37.462 25960 25970 W app.secretspace: ApkAssets: Deleting an ApkAssets object '<empty> and /data/app/~~LGtSx68Y8N0_ZDsoLq8lPg==/com.zhiliaoapp.musically- cOZFNvnTo6TL-xWRLIFzhg==/split_df_kakao.apk' with 1 weak references
01-15 18:49:37.462 25960 25970 W app.secretspace: ApkAssets: Deleting an ApkAssets object '<empty> and /data/app/~~LGtSx68Y8N0_ZDsoLq8lPg==/com.zhiliaoapp.musically- cOZFNvnTo6TL-xWRLIFzhg==/split_df_line.apk' with 1 weak references
01-15 18:49:37.462 25960 25970 W app.secretspace: ApkAssets: Deleting an ApkAssets object '<empty> and /data/app/~~LGtSx68Y8N0_ZDsoLq8lPg==/com.zhiliaoapp.musically- cOZFNvnTo6TL-xWRLIFzhg==/split_df_line_nonus.apk' with 1 weak references
01-15 18:49:37.462 25960 25970 W app.secretspace: ApkAssets: Deleting an ApkAssets object '<empty> and /data/app/~~LGtSx68Y8N0_ZDsoLq8lPg==/com.zhiliaoapp.musically- cOZFNvnTo6TL-xWRLIFzhg==/split_df_live_byte_link.apk' with 1 weak references
01-15 18:49:37.462 25960 25970 W app.secretspace: ApkAssets: Deleting an ApkAssets object '<empty> and /data/app/~~LGtSx68Y8N0_ZDsoLq8lPg==/com.zhiliaoapp.musically- cOZFNvnTo6TL-xWRLIFzhg==/split_df_live_byte_link.config.arm64_v8a.apk' with 1 weak references
01-15 18:49:37.462 25960 25970 W app.secretspace: ApkAssets: Deleting an ApkAssets object '<empty> and /data/app/~~LGtSx68Y8N0_ZDsoLq8lPg==/com.zhiliaoapp.musically- cOZFNvnTo6TL-xWRLIFzhg==/split_df_live_cast.apk' with 1 weak references
01-15 18:49:37.462 25960 25970 W app.secretspace: ApkAssets: Deleting an ApkAssets object '<empty> and /data/app/~~LGtSx68Y8N0_ZDsoLq8lPg==/com.zhiliaoapp.musically- cOZFNvnTo6TL-xWRLIFzhg==/split_df_live_cast.config.arm64_v8a.apk' with 1 weak references
01-15 18:49:37.462 25960 25970 W app.secretspace: ApkAssets: Deleting an ApkAssets object '<empty> and /data/app/~~LGtSx68Y8N0_ZDsoLq8lPg==/com.zhiliaoapp.musically- cOZFNvnTo6TL-xWRLIFzhg==/split_df_live_cast.config.en.apk' with 1 weak references
01-15 18:49:37.462 25960 25970 W app.secretspace: ApkAssets: Deleting an ApkAssets object '<empty> and /data/app/~~LGtSx68Y8N0_ZDsoLq8lPg==/com.zhiliaoapp.musically- cOZFNvnTo6TL-xWRLIFzhg==/split_df_live_cast.config.es.apk' with 1 weak references
01-15 18:49:37.462 25960 25970 W app.secretspace: ApkAssets: Deleting an ApkAssets object '<empty> and /data/app/~~LGtSx68Y8N0_ZDsoLq8lPg==/com.zhiliaoapp.musically- cOZFNvnTo6TL-xWRLIFzhg==/split_df_live_cast.config.xxhdpi.apk' with 1 weak references
01-15 18:49:37.462 25960 25970 W app.secretspace: ApkAssets: Deleting an ApkAssets object '<empty> and /data/app/~~LGtSx68Y8N0_ZDsoLq8lPg==/com.zhiliaoapp.musically- cOZFNvnTo6TL-xWRLIFzhg==/split_df_live_cmaf.apk' with 1 weak references
01-15 18:49:37.462 25960 25970 W app.secretspace: ApkAssets: Deleting an ApkAssets object '<empty> and /data/app/~~LGtSx68Y8N0_ZDsoLq8lPg==/com.zhiliaoapp.musically- cOZFNvnTo6TL-xWRLIFzhg==/split_df_live_cmaf.config.arm64_v8a.apk' with 1 weak references
01-15 18:49:37.462 25960 25970 W app.secretspace: ApkAssets: Deleting an ApkAssets object '<empty> and /data/app/~~LGtSx68Y8N0_ZDsoLq8lPg==/com.zhiliaoapp.musically- cOZFNvnTo6TL-xWRLIFzhg==/split_df_live_p2p.apk' with 1 weak references
01-15 18:49:37.462 25960 25970 W app.secretspace: ApkAssets: Deleting an ApkAssets object '<empty> and /data/app/~~LGtSx68Y8N0_ZDsoLq8lPg==/com.zhiliaoapp.musically- cOZFNvnTo6TL-xWRLIFzhg==/split_df_live_p2p.config.arm64_v8a.apk' with 1 weak references
01-15 18:49:37.462 25960 25970 W app.secretspace: ApkAssets: Deleting an ApkAssets object '<empty> and /data/app/~~LGtSx68Y8N0_ZDsoLq8lPg==/com.zhiliaoapp.musically- cOZFNvnTo6TL-xWRLIFzhg==/split_df_live_quic.apk' with 1 weak references
01-15 18:49:37.462 25960 25970 W app.secretspace: ApkAssets: Deleting an ApkAssets object '<empty> and /data/app/~~LGtSx68Y8N0_ZDsoLq8lPg==/com.zhiliaoapp.musically- cOZFNvnTo6TL-xWRLIFzhg==/split_df_live_quic.config.arm64_v8a.apk' with 1 weak references
01-15 18:49:37.462 25960 25970 W app.secretspace: ApkAssets: Deleting an ApkAssets object '<empty> and /data/app/~~LGtSx68Y8N0_ZDsoLq8lPg==/com.zhiliaoapp.musically- cOZFNvnTo6TL-xWRLIFzhg==/split_df_live_rtmglobal.apk' with 1 weak references
01-15 18:49:37.462 25960 25970 W app.secretspace: ApkAssets: Deleting an ApkAssets object '<empty> and /data/app/~~LGtSx68Y8N0_ZDsoLq8lPg==/com.zhiliaoapp.musically- cOZFNvnTo6TL-xWRLIFzhg==/split_df_live_rtmglobal.config.arm64_v8a.apk' with 1 weak references
01-15 18:49:37.462 25960 25970 W app.secretspace: ApkAssets: Deleting an ApkAssets object '<empty> and /data/app/~~LGtSx68Y8N0_ZDsoLq8lPg==/com.zhiliaoapp.musically- cOZFNvnTo6TL-xWRLIFzhg==/split_df_location.apk' with 1 weak references
01-15 18:49:37.463 25960 25970 W app.secretspace: ApkAssets: Deleting an ApkAssets object '<empty> and /data/app/~~LGtSx68Y8N0_ZDsoLq8lPg==/com.zhiliaoapp.musically- cOZFNvnTo6TL-xWRLIFzhg==/split_df_location.config.arm64_v8a.apk' with 1 weak references
01-15 18:49:37.463 25960 25970 W app.secretspace: ApkAssets: Deleting an ApkAssets object '<empty> and /data/app/~~LGtSx68Y8N0_ZDsoLq8lPg==/com.zhiliaoapp.musically- cOZFNvnTo6TL-xWRLIFzhg==/split_df_music_dsp.apk' with 1 weak references
01-15 18:49:37.463 25960 25970 W app.secretspace: ApkAssets: Deleting an ApkAssets object '<empty> and /data/app/~~LGtSx68Y8N0_ZDsoLq8lPg==/com.zhiliaoapp.musically- cOZFNvnTo6TL-xWRLIFzhg==/split_df_oppo_hyperboost.apk' with 1 weak references
01-15 18:49:37.463 25960 25970 W app.secretspace: ApkAssets: Deleting an ApkAssets object '<empty> and /data/app/~~LGtSx68Y8N0_ZDsoLq8lPg==/com.zhiliaoapp.musically- cOZFNvnTo6TL-xWRLIFzhg==/split_df_oppo_push.apk' with 1 weak references
01-15 18:49:37.463 25960 25970 W app.secretspace: ApkAssets: Deleting an ApkAssets object '<empty> and /data/app/~~LGtSx68Y8N0_ZDsoLq8lPg==/com.zhiliaoapp.musically- cOZFNvnTo6TL-xWRLIFzhg==/split_df_oppo_push.config.en.apk' with 1 weak references
01-15 18:49:37.463 25960 25970 W app.secretspace: ApkAssets: Deleting an ApkAssets object '<empty> and /data/app/~~LGtSx68Y8N0_ZDsoLq8lPg==/com.zhiliaoapp.musically- cOZFNvnTo6TL-xWRLIFzhg==/split_df_oppo_push.config.es.apk' with 1 weak references
01-15 18:49:37.463 25960 25970 W app.secretspace: ApkAssets: Deleting an ApkAssets object '<empty> and /data/app/~~LGtSx68Y8N0_ZDsoLq8lPg==/com.zhiliaoapp.musically- cOZFNvnTo6TL-xWRLIFzhg==/split_df_pipo_bnpl.apk' with 1 weak references
01-15 18:49:37.463 25960 25970 W app.secretspace: ApkAssets: Deleting an ApkAssets object '<empty> and /data/app/~~LGtSx68Y8N0_ZDsoLq8lPg==/com.zhiliaoapp.musically- cOZFNvnTo6TL-xWRLIFzhg==/split_df_pipo_bnpl.config.xxhdpi.apk' with 1 weak references
01-15 18:49:37.463 25960 25970 W app.secretspace: ApkAssets: Deleting an ApkAssets object '<empty> and /data/app/~~LGtSx68Y8N0_ZDsoLq8lPg==/com.zhiliaoapp.musically- cOZFNvnTo6TL-xWRLIFzhg==/split_df_pitaya.apk' with 1 weak references
01-15 18:49:37.463 25960 25970 W app.secretspace: ApkAssets: Deleting an ApkAssets object '<empty> and /data/app/~~LGtSx68Y8N0_ZDsoLq8lPg==/com.zhiliaoapp.musically- cOZFNvnTo6TL-xWRLIFzhg==/split_df_pitaya.config.arm64_v8a.apk' with 1 weak references
01-15 18:49:37.463 25960 25970 W app.secretspace: ApkAssets: Deleting an ApkAssets object '<empty> and /data/app/~~LGtSx68Y8N0_ZDsoLq8lPg==/com.zhiliaoapp.musically- cOZFNvnTo6TL-xWRLIFzhg==/split_df_pns_sg.apk' with 1 weak references
01-15 18:49:37.463 25960 25970 W app.secretspace: ApkAssets: Deleting an ApkAssets object '<empty> and /data/app/~~LGtSx68Y8N0_ZDsoLq8lPg==/com.zhiliaoapp.musically- cOZFNvnTo6TL-xWRLIFzhg==/split_df_pns_us.apk' with 1 weak references
01-15 18:49:37.463 25960 25970 W app.secretspace: ApkAssets: Deleting an ApkAssets object '<empty> and /data/app/~~LGtSx68Y8N0_ZDsoLq8lPg==/com.zhiliaoapp.musically- cOZFNvnTo6TL-xWRLIFzhg==/split_df_search_adblock.apk' with 1 weak references
01-15 18:49:37.463 25960 25970 W app.secretspace: ApkAssets: Deleting an ApkAssets object '<empty> and /data/app/~~LGtSx68Y8N0_ZDsoLq8lPg==/com.zhiliaoapp.musically- cOZFNvnTo6TL-xWRLIFzhg==/split_df_ship.apk' with 1 weak references
01-15 18:49:37.463 25960 25970 W app.secretspace: ApkAssets: Deleting an ApkAssets object '<empty> and /data/app/~~LGtSx68Y8N0_ZDsoLq8lPg==/com.zhiliaoapp.musically- cOZFNvnTo6TL-xWRLIFzhg==/split_df_ship.config.arm64_v8a.apk' with 1 weak references
01-15 18:49:37.463 25960 25970 W app.secretspace: ApkAssets: Deleting an ApkAssets object '<empty> and /data/app/~~LGtSx68Y8N0_ZDsoLq8lPg==/com.zhiliaoapp.musically- cOZFNvnTo6TL-xWRLIFzhg==/split_df_ship.config.en.apk' with 1 weak references
01-15 18:49:37.463 25960 25970 W app.secretspace: ApkAssets: Deleting an ApkAssets object '<empty> and /data/app/~~LGtSx68Y8N0_ZDsoLq8lPg==/com.zhiliaoapp.musically- cOZFNvnTo6TL-xWRLIFzhg==/split_df_ship.config.es.apk' with 1 weak references
01-15 18:49:37.463 25960 25970 W app.secretspace: ApkAssets: Deleting an ApkAssets object '<empty> and /data/app/~~LGtSx68Y8N0_ZDsoLq8lPg==/com.zhiliaoapp.musically- cOZFNvnTo6TL-xWRLIFzhg==/split_df_ship.config.xxhdpi.apk' with 1 weak references
01-15 18:49:37.463 25960 25970 W app.secretspace: ApkAssets: Deleting an ApkAssets object '<empty> and /data/app/~~LGtSx68Y8N0_ZDsoLq8lPg==/com.zhiliaoapp.musically- cOZFNvnTo6TL-xWRLIFzhg==/split_df_tiktok_font.apk' with 1 weak references
01-15 18:49:37.463 25960 25970 W app.secretspace: ApkAssets: Deleting an ApkAssets object '<empty> and /data/app/~~LGtSx68Y8N0_ZDsoLq8lPg==/com.zhiliaoapp.musically- cOZFNvnTo6TL-xWRLIFzhg==/split_df_vmsdk.apk' with 1 weak references
01-15 18:49:37.463 25960 25970 W app.secretspace: ApkAssets: Deleting an ApkAssets object '<empty> and /data/app/~~LGtSx68Y8N0_ZDsoLq8lPg==/com.zhiliaoapp.musically- cOZFNvnTo6TL-xWRLIFzhg==/split_df_vmsdk.config.arm64_v8a.apk' with 1 weak references
01-15 18:49:37.463 25960 25970 W app.secretspace: ApkAssets: Deleting an ApkAssets object '<empty> and /data/app/~~En6kHY7k37rdMeU2nTJ2YQ==/hyde.android.launcher3- kpBWKuNVIRDPG9cjLchKmQ==/base.apk' with 1 weak references
01-15 18:49:37.463 25960 25970 W app.secretspace: ApkAssets: Deleting an ApkAssets object '<empty> and /data/app/~~En6kHY7k37rdMeU2nTJ2YQ==/hyde.android.launcher3- kpBWKuNVIRDPG9cjLchKmQ==/split_config.arm64_v8a.apk' with 1 weak references
01-15 18:49:37.463 25960 25970 W app.secretspace: ApkAssets: Deleting an ApkAssets object '<empty> and /data/app/~~En6kHY7k37rdMeU2nTJ2YQ==/hyde.android.launcher3- kpBWKuNVIRDPG9cjLchKmQ==/split_config.en.apk' with 1 weak references
01-15 18:49:37.463 25960 25970 W app.secretspace: ApkAssets: Deleting an ApkAssets object '<empty> and /data/app/~~En6kHY7k37rdMeU2nTJ2YQ==/hyde.android.launcher3- kpBWKuNVIRDPG9cjLchKmQ==/split_config.es.apk' with 1 weak references
01-15 18:49:37.463 25960 25970 W app.secretspace: ApkAssets: Deleting an ApkAssets object '<empty> and /data/app/~~En6kHY7k37rdMeU2nTJ2YQ==/hyde.android.launcher3- kpBWKuNVIRDPG9cjLchKmQ==/split_config.xxhdpi.apk' with 1 weak references
01-15 18:49:37.464 25960 25970 W app.secretspace: ApkAssets: Deleting an ApkAssets object '<empty> and /data/app/~~w3ZkQ6UtXuN7PTcjbc_4ag==/com.linkedin.android- G3TfBcE2tDiBuxbRsxp4fA==/base.apk' with 1 weak references
01-15 18:49:37.464 25960 25970 W app.secretspace: ApkAssets: Deleting an ApkAssets object '<empty> and /data/app/~~w3ZkQ6UtXuN7PTcjbc_4ag==/com.linkedin.android- G3TfBcE2tDiBuxbRsxp4fA==/split_config.arm64_v8a.apk' with 1 weak references
01-15 18:49:37.464 25960 25970 W app.secretspace: ApkAssets: Deleting an ApkAssets object '<empty> and /data/app/~~w3ZkQ6UtXuN7PTcjbc_4ag==/com.linkedin.android- G3TfBcE2tDiBuxbRsxp4fA==/split_config.en.apk' with 1 weak references
01-15 18:49:37.464 25960 25970 W app.secretspace: ApkAssets: Deleting an ApkAssets object '<empty> and /data/app/~~w3ZkQ6UtXuN7PTcjbc_4ag==/com.linkedin.android- G3TfBcE2tDiBuxbRsxp4fA==/split_config.es.apk' with 1 weak references
01-15 18:49:37.464 25960 25970 W app.secretspace: ApkAssets: Deleting an ApkAssets object '<empty> and /data/app/~~w3ZkQ6UtXuN7PTcjbc_4ag==/com.linkedin.android- G3TfBcE2tDiBuxbRsxp4fA==/split_config.xxhdpi.apk' with 1 weak references
01-15 18:49:37.464 25960 25970 W app.secretspace: ApkAssets: Deleting an ApkAssets object '<empty> and /data/app/~~oP4qx0tWsT4aYeKyvVEBIA==/com.google.android.apps.chromecast.app-4UUxX5- J9TEqj1_trqXKjQ==/base.apk' with 1 weak references
01-15 18:49:37.464 25960 25970 W app.secretspace: ApkAssets: Deleting an ApkAssets object '<empty> and /data/app/~~oP4qx0tWsT4aYeKyvVEBIA==/com.google.android.apps.chromecast.app-4UUxX5- J9TEqj1_trqXKjQ==/split_config.arm64_v8a.apk' with 1 weak references
01-15 18:49:37.464 25960 25970 W app.secretspace: ApkAssets: Deleting an ApkAssets object '<empty> and /data/app/~~oP4qx0tWsT4aYeKyvVEBIA==/com.google.android.apps.chromecast.app-4UUxX5- J9TEqj1_trqXKjQ==/split_config.en.apk' with 1 weak references
01-15 18:49:37.464 25960 25970 W app.secretspace: ApkAssets: Deleting an ApkAssets object '<empty> and /data/app/~~oP4qx0tWsT4aYeKyvVEBIA==/com.google.android.apps.chromecast.app-4UUxX5- J9TEqj1_trqXKjQ==/split_config.es.apk' with 1 weak references
01-15 18:49:37.465 25960 25970 W app.secretspace: ApkAssets: Deleting an ApkAssets object '<empty> and /data/app/~~oP4qx0tWsT4aYeKyvVEBIA==/com.google.android.apps.chromecast.app-4UUxX5- J9TEqj1_trqXKjQ==/split_config.xxhdpi.apk' with 1 weak references
01-15 18:49:37.465 25960 25970 W app.secretspace: ApkAssets: Deleting an ApkAssets object '<empty> and /data/app/~~8FPF0ytT-a-0zj2dWdRg0Q==/com.digitalturbine.cricketbar- iMn6ej8I7c5IL_wMPXKCbA==/base.apk' with 1 weak references
01-15 18:49:37.465 25960 25970 W app.secretspace: ApkAssets: Deleting an ApkAssets object '<empty> and /data/app/~~E33YwCcaAkIGseXNnyIN5g==/com.inmobi.weather-qk- 1p7ZLnQ-YFZDuCWp_FQ==/base.apk' with 1 weak references
01-15 18:49:37.465 25960 25970 W app.secretspace: ApkAssets: Deleting an ApkAssets object '<empty> and /data/app/~~E33YwCcaAkIGseXNnyIN5g==/com.inmobi.weather-qk- 1p7ZLnQ-YFZDuCWp_FQ==/split_config.arm64_v8a.apk' with 1 weak references
01-15 18:49:37.465 25960 25970 W app.secretspace: ApkAssets: Deleting an ApkAssets object '<empty> and /data/app/~~E33YwCcaAkIGseXNnyIN5g==/com.inmobi.weather-qk- 1p7ZLnQ-YFZDuCWp_FQ==/split_config.en.apk' with 1 weak references
