The document contains log entries related to the initialization of Firebase services and various components of an Android application named 'secretspace'. It highlights issues such as classpath size mismatches, missing resources, and warnings regarding configuration settings for analytics and advertising. Additionally, there are indications of successful initializations and module selections, alongside errors related to missing files and package IDs.
We take content rights seriously. If you suspect this is your content, claim it here.
Available Formats
Download as TXT, PDF, TXT or read online on Scribd
0 ratings0% found this document useful (0 votes)
6 views51 pages
com.hello.miheapp.secretspace_logcat
The document contains log entries related to the initialization of Firebase services and various components of an Android application named 'secretspace'. It highlights issues such as classpath size mismatches, missing resources, and warnings regarding configuration settings for analytics and advertising. Additionally, there are indications of successful initializations and module selections, alongside errors related to missing files and package IDs.
We take content rights seriously. If you suspect this is your content, claim it here.
Available Formats
Download as TXT, PDF, TXT or read online on Scribd
You are on page 1/ 51
--------- beginning of main
01-15 18:49:23.896 25960 25960 D FirebaseSessions: Initializing Firebase Sessions
SDK.
01-15 18:49:23.897 25960 25960 I FirebaseCrashlytics: Initializing Firebase Crashlytics 18.6.2 for com.hello.miheapp.secretspace
01-15 18:49:23.903 25960 25960 D SessionsDependencies: Subscriber CRASHLYTICS registered.
01-15 18:49:23.912 25960 25987 W app.secretspace: ClassLoaderContext classpath size mismatch. expected=1, found=0 (DLC[];PCL[base.apk*2783873312]{PCL[/system/framework/org.apache.http.legacy.jar*36 5604909]#PCL[/system/framework/ com.android.media.remotedisplay.jar*2114713712]#PCL[/system/framework/ com.android.location.provider.jar*3994156537]#PCL[/system/framework/ org.apache.http.legacy.jar*365604909]} | DLC[];PCL[])
01-15 18:49:23.915 25960 25987 I DynamiteModule: Considering local module com.google.android.gms.measurement.dynamite:100 and remote module com.google.android.gms.measurement.dynamite:134
01-15 18:49:23.915 25960 25987 I DynamiteModule: Selected remote version of com.google.android.gms.measurement.dynamite, version >= 134
01-15 18:49:23.915 25960 25987 V DynamiteModule: Dynamite loader version >= 2, using loadModule2NoCrashUtils
01-15 18:49:23.916 25960 26000 D CompatibilityChangeReporter: Compat change id reported: 247079863; UID 10640; state: ENABLED
01-15 18:49:23.917 25960 26000 D SessionConfigFetcher: Fetching settings from server.
01-15 18:49:23.924 25960 25960 I FirebaseInitProvider: FirebaseApp initialization successful
01-15 18:49:23.929 25960 25960 D WM-WrkMgrInitializer: Initializing WorkManager with default configuration.
01-15 18:49:23.929 25960 25987 W System : ClassLoader referenced unknown path:
01-15 18:49:23.930 25960 25987 D nativeloader: Configuring clns-6 for other apk . target_sdk_version=34, uses_libraries=, library_path=/data/app/~~4mCQLyoqDN16QO_374s_vg==/com.google.android.gms-lDZAE- ljAXBqNejlQFV2UA==/lib/arm64:/data/app/~~4mCQLyoqDN16QO_374s_vg==/ com.google.android.gms-lDZAE-ljAXBqNejlQFV2UA==/base.apk!/lib/arm64-v8a, permitted_path=/data:/mnt/expand:/data/user/0/com.google.android.gms
01-15 18:49:23.935 25960 25960 D WM-PackageManagerHelper: androidx.work.impl.background.systemjob.SystemJobService enabled
01-15 18:49:23.935 25960 25960 D WM-Schedulers: Created SystemJobScheduler and enabled SystemJobService
01-15 18:49:23.945 25960 26009 D nativeloader: Configuring clns-7 for other apk /system/framework/com.android.media.remotedisplay.jar. target_sdk_version=34, uses_libraries=ALL, library_path=/data/app/~~4mCQLyoqDN16QO_374s_vg==/com.google.android.gms-lDZAE- ljAXBqNejlQFV2UA==/lib/arm64:/data/app/~~4mCQLyoqDN16QO_374s_vg==/ com.google.android.gms-lDZAE-ljAXBqNejlQFV2UA==/base.apk!/lib/arm64-v8a, permitted_path=/data:/mnt/expand:/data/user/0/com.google.android.gms
01-15 18:49:23.946 25960 26009 D nativeloader: Extending system_exposed_libraries: libbinauralrenderer_wrapper.qti.so:libhoaeffects.qti.so:libQOC.qti.so:libenginepost proc.moto.so:libjni_helper.motocameradesktop.so:libimgTuner_jni.motoimagetuner.so:l ibparamupdater_jni.motoparamupdater.so:libupdateprof.qti.so:libQOC.qti.so:libdiag_s ystem.qti.so:libqape.qti.so:libqesdk_ndk_platform.qti.so:liblistenjni.qti.so
01-15 18:49:23.949 25960 25987 W app.secretspace: ClassLoaderContext classpath element checksum mismatch. expected=2783873312, found=831060618 (DLC[];PCL[base.apk*2783873312]{PCL[/system/framework/org.apache.http.legacy.jar*36 5604909]#PCL[/system/framework/ com.android.media.remotedisplay.jar*2114713712]#PCL[/system/framework/ com.android.location.provider.jar*3994156537]#PCL[/system/framework/ org.apache.http.legacy.jar*365604909]} | DLC[];PCL[/data/app/~~5xzjRVIAymNVkUiZSLpgcg==/com.hello.miheapp.secretspace- inACk7ZA2CTViVmWPWthjg==/base.apk*831060618]{PCL[/system/framework/ android.test.base.jar*836642757]#PCL[/system/framework/ org.apache.http.legacy.jar*365604909]})
01-15 18:49:23.951 25960 26009 D nativeloader: Configuring clns-8 for other apk /system/framework/com.android.location.provider.jar. target_sdk_version=34, uses_libraries=ALL, library_path=/data/app/~~4mCQLyoqDN16QO_374s_vg==/com.google.android.gms-lDZAE- ljAXBqNejlQFV2UA==/lib/arm64:/data/app/~~4mCQLyoqDN16QO_374s_vg==/ com.google.android.gms-lDZAE-ljAXBqNejlQFV2UA==/base.apk!/lib/arm64-v8a, permitted_path=/data:/mnt/expand:/data/user/0/com.google.android.gms
01-15 18:49:23.951 25960 26009 D nativeloader: Extending system_exposed_libraries: libbinauralrenderer_wrapper.qti.so:libhoaeffects.qti.so:libQOC.qti.so:libenginepost proc.moto.so:libjni_helper.motocameradesktop.so:libimgTuner_jni.motoimagetuner.so:l ibparamupdater_jni.motoparamupdater.so:libupdateprof.qti.so:libQOC.qti.so:libdiag_s ystem.qti.so:libqape.qti.so:libqesdk_ndk_platform.qti.so:liblistenjni.qti.so
01-15 18:49:23.954 25960 25960 W i4.z : Please set a value for AutoLogAppEventsEnabled. Set the flag to TRUE if you want to collect app install, app launch and in-app purchase events automatically. To request user consent before collecting data, set the flag value to FALSE, then change to TRUE once user consent is received. Learn more: https://developers.facebook.com/docs/app-events/getting- started-app-events-android#disable-auto-events.
01-15 18:49:23.954 25960 25960 W i4.z : You haven't set a value for AdvertiserIDCollectionEnabled. Set the flag to TRUE if you want to collect Advertiser ID for better advertising and analytics results. To request user consent before collecting data, set the flag value to FALSE, then change to TRUE once user consent is received. Learn more: https://developers.facebook.com/docs/app-events/getting-started-app-events- android#disable-auto-events.
01-15 18:49:23.976 25960 25960 W Glide : Failed to find GeneratedAppGlideModule. You should include an annotationProcessor compile dependency on com.github.bumptech.glide:compiler in your application and a @GlideModule annotated AppGlideModule implementation or LibraryGlideModules will be silently ignored
01-15 18:49:23.983 25960 26015 D CompatibilityChangeReporter: Compat change id reported: 160794467; UID 10640; state: ENABLED
01-15 18:49:24.001 25960 26009 D nativeloader: Configuring clns-9 for other apk /data/app/~~4mCQLyoqDN16QO_374s_vg==/com.google.android.gms-lDZAE- ljAXBqNejlQFV2UA==/base.apk. target_sdk_version=34, uses_libraries=, library_path=/data/app/~~4mCQLyoqDN16QO_374s_vg==/com.google.android.gms-lDZAE- ljAXBqNejlQFV2UA==/lib/arm64:/data/app/~~4mCQLyoqDN16QO_374s_vg==/ com.google.android.gms-lDZAE-ljAXBqNejlQFV2UA==/base.apk!/lib/arm64-v8a, permitted_path=/data:/mnt/expand:/data/user/0/com.google.android.gms
01-15 18:49:24.001 26017 26017 W libprocessgroup: JoinCgroup: controller schedtune is not found
01-15 18:49:24.016 25960 26009 I DynamiteModule: Considering local module com.google.android.gms.ads.dynamite:0 and remote module com.google.android.gms.ads.dynamite:244410203
01-15 18:49:24.016 25960 26009 I DynamiteModule: Selected remote version of com.google.android.gms.ads.dynamite, version >= 244410203
01-15 18:49:24.016 25960 26009 V DynamiteModule: Dynamite loader version >= 2, using loadModule2NoCrashUtils
01-15 18:49:24.019 26041 26041 I libc : SetHeapTaggingLevel: tag level set to 0
01-15 18:49:24.033 26041 26041 I cretspace:black: Using CollectorTypeCMC GC.
01-15 18:49:24.038 25960 26043 E app.secretspace: No package ID 76 found for resource ID 0x760b000f.
01-15 18:49:24.038 25960 26043 E app.secretspace: No package ID 76 found for resource ID 0x760b000f.
01-15 18:49:24.039 26041 26041 E cretspace:black: Not starting debugger since process cannot load the jdwp agent.
01-15 18:49:24.039 25960 26043 I FA : App measurement initialized, version: 112007
01-15 18:49:24.039 25960 26043 I FA : To enable debug logging run: adb shell setprop log.tag.FA VERBOSE
01-15 18:49:24.039 25960 26043 I FA : To enable faster debug mode event logging run:
01-15 18:49:24.039 25960 26043 I FA : adb shell setprop debug.firebase.analytics.app com.hello.miheapp.secretspace
01-15 18:49:24.042 26041 26041 D nativeloader: Load libframework-connectivity- tiramisu-jni.so using APEX ns com_android_tethering for caller /apex/com.android.tethering/javalib/framework-connectivity-t.jar: ok
01-15 18:49:24.056 26041 26041 D CompatibilityChangeReporter: Compat change id reported: 171979766; UID 10640; state: ENABLED
01-15 18:49:24.056 26041 26041 D CompatibilityChangeReporter: Compat change id reported: 242716250; UID 10640; state: ENABLED
01-15 18:49:24.064 26041 26041 D ApplicationLoaders: Returning zygote-cached class loader: /system/framework/android.test.base.jar
01-15 18:49:24.066 26041 26041 D nativeloader: Configuring clns-4 for other apk /system/framework/org.apache.http.legacy.jar. target_sdk_version=34, uses_libraries=ALL, library_path=/data/app/~~5xzjRVIAymNVkUiZSLpgcg==/com.hello.miheapp.secretspace- inACk7ZA2CTViVmWPWthjg==/lib/arm64:/data/app/~~5xzjRVIAymNVkUiZSLpgcg==/ com.hello.miheapp.secretspace-inACk7ZA2CTViVmWPWthjg==/base.apk!/lib/arm64-v8a:/ data/app/~~5xzjRVIAymNVkUiZSLpgcg==/com.hello.miheapp.secretspace- inACk7ZA2CTViVmWPWthjg==/split_config.arm64_v8a.apk!/lib/arm64-v8a:/data/app/ ~~5xzjRVIAymNVkUiZSLpgcg==/com.hello.miheapp.secretspace-inACk7ZA2CTViVmWPWthjg==/ split_config.en.apk!/lib/arm64-v8a:/data/app/~~5xzjRVIAymNVkUiZSLpgcg==/ com.hello.miheapp.secretspace-inACk7ZA2CTViVmWPWthjg==/split_config.es.apk!/lib/ arm64-v8a:/data/app/~~5xzjRVIAymNVkUiZSLpgcg==/com.hello.miheapp.secretspace- inACk7ZA2CTViVmWPWthjg==/split_config.xxhdpi.apk!/lib/arm64-v8a, permitted_path=/data:/mnt/expand:/data/user/0/com.hello.miheapp.secretspace
01-15 18:49:24.066 26041 26041 D nativeloader: Extending system_exposed_libraries: libbinauralrenderer_wrapper.qti.so:libhoaeffects.qti.so:libQOC.qti.so:libenginepost proc.moto.so:libjni_helper.motocameradesktop.so:libimgTuner_jni.motoimagetuner.so:l ibparamupdater_jni.motoparamupdater.so:libupdateprof.qti.so:libQOC.qti.so:libdiag_s ystem.qti.so:libqape.qti.so:libqesdk_ndk_platform.qti.so:liblistenjni.qti.so
01-15 18:49:24.077 26041 26041 W ziparchive: Unable to open '/data/app/~~5xzjRVIAymNVkUiZSLpgcg==/com.hello.miheapp.secretspace- inACk7ZA2CTViVmWPWthjg==/split_config.arm64_v8a.dm': No such file or directory
01-15 18:49:24.077 26041 26041 W ziparchive: Unable to open '/data/app/~~5xzjRVIAymNVkUiZSLpgcg==/com.hello.miheapp.secretspace- inACk7ZA2CTViVmWPWthjg==/split_config.arm64_v8a.dm': No such file or directory
01-15 18:49:24.077 26041 26041 W cretspace:black: Entry not found
01-15 18:49:24.077 26041 26041 W ziparchive: Unable to open '/data/app/~~5xzjRVIAymNVkUiZSLpgcg==/com.hello.miheapp.secretspace- inACk7ZA2CTViVmWPWthjg==/split_config.en.dm': No such file or directory
01-15 18:49:24.077 26041 26041 W ziparchive: Unable to open '/data/app/~~5xzjRVIAymNVkUiZSLpgcg==/com.hello.miheapp.secretspace- inACk7ZA2CTViVmWPWthjg==/split_config.en.dm': No such file or directory
01-15 18:49:24.078 26041 26041 W cretspace:black: Entry not found
01-15 18:49:24.078 26041 26041 W ziparchive: Unable to open '/data/app/~~5xzjRVIAymNVkUiZSLpgcg==/com.hello.miheapp.secretspace- inACk7ZA2CTViVmWPWthjg==/split_config.es.dm': No such file or directory
01-15 18:49:24.078 26041 26041 W ziparchive: Unable to open '/data/app/~~5xzjRVIAymNVkUiZSLpgcg==/com.hello.miheapp.secretspace- inACk7ZA2CTViVmWPWthjg==/split_config.es.dm': No such file or directory
01-15 18:49:24.078 26041 26041 W cretspace:black: Entry not found
01-15 18:49:24.078 26041 26041 W ziparchive: Unable to open '/data/app/~~5xzjRVIAymNVkUiZSLpgcg==/com.hello.miheapp.secretspace- inACk7ZA2CTViVmWPWthjg==/split_config.xxhdpi.dm': No such file or directory
01-15 18:49:24.078 26041 26041 W ziparchive: Unable to open '/data/app/~~5xzjRVIAymNVkUiZSLpgcg==/com.hello.miheapp.secretspace- inACk7ZA2CTViVmWPWthjg==/split_config.xxhdpi.dm': No such file or directory
01-15 18:49:24.078 26041 26041 W cretspace:black: Entry not found
01-15 18:49:24.079 25960 26043 I FA : Tag Manager is not found and thus will not be used
01-15 18:49:24.079 26041 26041 D nativeloader: Configuring clns-5 for other apk /data/app/~~5xzjRVIAymNVkUiZSLpgcg==/com.hello.miheapp.secretspace- inACk7ZA2CTViVmWPWthjg==/base.apk:/data/app/~~5xzjRVIAymNVkUiZSLpgcg==/ com.hello.miheapp.secretspace-inACk7ZA2CTViVmWPWthjg==/ split_config.arm64_v8a.apk:/data/app/~~5xzjRVIAymNVkUiZSLpgcg==/ com.hello.miheapp.secretspace-inACk7ZA2CTViVmWPWthjg==/split_config.en.apk:/data/ app/~~5xzjRVIAymNVkUiZSLpgcg==/com.hello.miheapp.secretspace- inACk7ZA2CTViVmWPWthjg==/split_config.es.apk:/data/app/~~5xzjRVIAymNVkUiZSLpgcg==/ com.hello.miheapp.secretspace-inACk7ZA2CTViVmWPWthjg==/split_config.xxhdpi.apk. target_sdk_version=34, uses_libraries=, library_path=/data/app/~~5xzjRVIAymNVkUiZSLpgcg==/com.hello.miheapp.secretspace- inACk7ZA2CTViVmWPWthjg==/lib/arm64:/data/app/~~5xzjRVIAymNVkUiZSLpgcg==/ com.hello.miheapp.secretspace-inACk7ZA2CTViVmWPWthjg==/base.apk!/lib/arm64-v8a:/ data/app/~~5xzjRVIAymNVkUiZSLpgcg==/com.hello.miheapp.secretspace- inACk7ZA2CTViVmWPWthjg==/split_config.arm64_v8a.apk!/lib/arm64-v8a:/data/app/ ~~5xzjRVIAymNV
01-15 18:49:24.085 26041 26041 D nativeloader: Load libframework-connectivity- jni.so using APEX ns com_android_tethering for caller /apex/com.android.tethering/javalib/framework-connectivity.jar: ok
01-15 18:49:24.087 26041 26041 V GraphicsEnvironment: Currently set values for:
01-15 18:49:24.087 26041 26041 V GraphicsEnvironment: angle_gl_driver_selection_pkgs=[]
01-15 18:49:24.087 26041 26041 V GraphicsEnvironment: angle_gl_driver_selection_values=[]
01-15 18:49:24.087 26041 26041 V GraphicsEnvironment: ANGLE GameManagerService for com.hello.miheapp.secretspace: false
01-15 18:49:24.087 26041 26041 V GraphicsEnvironment: com.hello.miheapp.secretspace is not listed in per-application setting
01-15 18:49:24.087 26041 26041 V GraphicsEnvironment: Neither updatable production driver nor prerelease driver is supported.
01-15 18:49:24.094 26041 26041 D nativeloader: Load /data/app/~~5xzjRVIAymNVkUiZSLpgcg==/com.hello.miheapp.secretspace- inACk7ZA2CTViVmWPWthjg==/split_config.arm64_v8a.apk!/lib/arm64-v8a/librepublic.so using ns clns-5 from class loader (caller=/data/app/~~5xzjRVIAymNVkUiZSLpgcg==/com.hello.miheapp.secretspace- inACk7ZA2CTViVmWPWthjg==/base.apk): ok --------- beginning of system
01-15 18:49:24.190 26041 26062 D ActivityThread: Loading provider com.hello.miheapp.secretspace.blackbox.SystemCallProvider: com.hello.sandbox.core.system.SystemCallProvider
01-15 18:49:24.195 26041 26041 W Glide : Failed to find GeneratedAppGlideModule. You should include an annotationProcessor compile dependency on com.github.bumptech.glide:compiler in your application and a @GlideModule annotated AppGlideModule implementation or LibraryGlideModules will be silently ignored
01-15 18:49:24.199 26041 26041 D CompatibilityChangeReporter: Compat change id reported: 183155436; UID 10640; state: ENABLED
01-15 18:49:24.200 26041 26041 D SessionsDependencies: Dependency to CRASHLYTICS added.
01-15 18:49:24.201 26041 26041 I FirebaseApp: Device unlocked: initializing all Firebase APIs for app [DEFAULT]
01-15 18:49:24.209 25960 25960 I DynamiteModule: Considering local module com.google.android.gms.ads.dynamite:0 and remote module com.google.android.gms.ads.dynamite:244410203
01-15 18:49:24.209 25960 25960 I DynamiteModule: Selected remote version of com.google.android.gms.ads.dynamite, version >= 244410203
01-15 18:49:24.210 25960 25960 D DynamitePackage: Instantiated singleton DynamitePackage.
01-15 18:49:24.210 25960 25960 D DynamitePackage: Instantiating com.google.android.gms.ads.ChimeraMobileAdsSettingManagerCreatorImpl
01-15 18:49:24.211 26041 26070 W cretspace:black: ClassLoaderContext classpath size mismatch. expected=1, found=0 (DLC[];PCL[base.apk*2783873312]{PCL[/system/framework/org.apache.http.legacy.jar*36 5604909]#PCL[/system/framework/ com.android.media.remotedisplay.jar*2114713712]#PCL[/system/framework/ com.android.location.provider.jar*3994156537]#PCL[/system/framework/ org.apache.http.legacy.jar*365604909]} | DLC[];PCL[])
01-15 18:49:24.212 26041 26041 D FirebaseSessions: Initializing Firebase Sessions SDK.
01-15 18:49:24.212 26041 26070 I DynamiteModule: Considering local module com.google.android.gms.measurement.dynamite:100 and remote module com.google.android.gms.measurement.dynamite:134
01-15 18:49:24.213 26041 26070 I DynamiteModule: Selected remote version of com.google.android.gms.measurement.dynamite, version >= 134
01-15 18:49:24.213 26041 26070 V DynamiteModule: Dynamite loader version >= 2, using loadModule2NoCrashUtils
01-15 18:49:24.213 26041 26041 I FirebaseCrashlytics: Initializing Firebase Crashlytics 18.6.2 for com.hello.miheapp.secretspace
01-15 18:49:24.214 26041 26041 D CompatibilityChangeReporter: Compat change id reported: 247079863; UID 10640; state: ENABLED
01-15 18:49:24.219 26041 26041 D SessionsDependencies: Subscriber CRASHLYTICS registered.
01-15 18:49:24.219 26041 26070 W System : ClassLoader referenced unknown path:
01-15 18:49:24.219 26041 26070 D nativeloader: Configuring clns-6 for other apk . target_sdk_version=34, uses_libraries=, library_path=/data/app/~~4mCQLyoqDN16QO_374s_vg==/com.google.android.gms-lDZAE- ljAXBqNejlQFV2UA==/lib/arm64:/data/app/~~4mCQLyoqDN16QO_374s_vg==/ com.google.android.gms-lDZAE-ljAXBqNejlQFV2UA==/base.apk!/lib/arm64-v8a, permitted_path=/data:/mnt/expand:/data/user/0/com.google.android.gms
01-15 18:49:24.224 26041 26084 D SessionConfigFetcher: Fetching settings from server.
01-15 18:49:24.231 26041 26070 W cretspace:black: ClassLoaderContext classpath element checksum mismatch. expected=2783873312, found=831060618 (DLC[];PCL[base.apk*2783873312]{PCL[/system/framework/org.apache.http.legacy.jar*36 5604909]#PCL[/system/framework/ com.android.media.remotedisplay.jar*2114713712]#PCL[/system/framework/ com.android.location.provider.jar*3994156537]#PCL[/system/framework/ org.apache.http.legacy.jar*365604909]} | DLC[];PCL[/data/app/~~5xzjRVIAymNVkUiZSLpgcg==/com.hello.miheapp.secretspace- inACk7ZA2CTViVmWPWthjg==/base.apk*831060618]{PCL[/system/framework/ android.test.base.jar*836642757]#PCL[/system/framework/ org.apache.http.legacy.jar*365604909]})
01-15 18:49:24.237 26041 26041 I FirebaseApp: FirebaseApp initialization successful
01-15 18:49:24.237 26041 26041 I Typeface: updateThemeFont new=Rookery- Regular;old=sans-serif;new=Rookery-Stacked;old=
01-15 18:49:24.251 25960 26023 D TrafficStats: tagSocket(105) with statsTag=0xffffffff, statsUid=-1
01-15 18:49:24.251 25960 26026 D TrafficStats: tagSocket(124) with statsTag=0xffffffff, statsUid=-1
01-15 18:49:24.253 25960 26001 D TrafficStats: tagSocket(100) with statsTag=0xffffffff, statsUid=-1
01-15 18:49:24.253 26041 26082 D TrafficStats: tagSocket(104) with statsTag=0xffffffff, statsUid=-1
01-15 18:49:24.255 26041 26072 D TrafficStats: tagSocket(106) with statsTag=0xffffffff, statsUid=-1
01-15 18:49:24.256 26041 26073 D TrafficStats: tagSocket(113) with statsTag=0x8001, statsUid=-1
01-15 18:49:24.257 25960 26019 D TrafficStats: tagSocket(125) with statsTag=0xffffffff, statsUid=-1
01-15 18:49:24.259 25960 25995 D TrafficStats: tagSocket(126) with statsTag=0x8001, statsUid=-1
01-15 18:49:24.259 25960 25997 D TrafficStats: tagSocket(127) with statsTag=0xffffffff, statsUid=-1
01-15 18:49:24.267 25960 25960 W ziparchive: Unable to open '/data/app/~~QT5JoBfEf_NWh-njHhv4jQ==/com.google.android.trichromelibrary_677826033 -2PZkqnpambvEElKmczGa2A==/base.dm': No such file or directory
01-15 18:49:24.268 25960 25960 W ziparchive: Unable to open '/data/app/~~QT5JoBfEf_NWh-njHhv4jQ==/com.google.android.trichromelibrary_677826033 -2PZkqnpambvEElKmczGa2A==/base.dm': No such file or directory
01-15 18:49:24.268 25960 25960 W app.secretspace: Entry not found
01-15 18:49:24.268 25960 25960 D nativeloader: Configuring clns-10 for other apk /data/app/~~QT5JoBfEf_NWh-njHhv4jQ==/com.google.android.trichromelibrary_677826033- 2PZkqnpambvEElKmczGa2A==/base.apk. target_sdk_version=34, uses_libraries=ALL, library_path=/data/app/~~w38lR_YIu0tf0hkayg-inQ==/com.google.android.webview- BeBbHdpMvOrnu53YoTbWxQ==/lib/arm64:/data/app/~~w38lR_YIu0tf0hkayg-inQ==/ com.google.android.webview-BeBbHdpMvOrnu53YoTbWxQ==/base.apk!/lib/arm64-v8a:/data/ app/~~QT5JoBfEf_NWh-njHhv4jQ==/com.google.android.trichromelibrary_677826033- 2PZkqnpambvEElKmczGa2A==/base.apk!/lib/arm64-v8a, permitted_path=/data:/mnt/expand
01-15 18:49:24.268 25960 25960 D nativeloader: Extending system_exposed_libraries: libbinauralrenderer_wrapper.qti.so:libhoaeffects.qti.so:libQOC.qti.so:libenginepost proc.moto.so:libjni_helper.motocameradesktop.so:libimgTuner_jni.motoimagetuner.so:l ibparamupdater_jni.motoparamupdater.so:libupdateprof.qti.so:libQOC.qti.so:libdiag_s ystem.qti.so:libqape.qti.so:libqesdk_ndk_platform.qti.so:liblistenjni.qti.so
01-15 18:49:24.273 25960 25960 D nativeloader: Configuring clns-11 for other apk /data/app/~~w38lR_YIu0tf0hkayg-inQ==/com.google.android.webview- BeBbHdpMvOrnu53YoTbWxQ==/base.apk. target_sdk_version=34, uses_libraries=, library_path=/data/app/~~w38lR_YIu0tf0hkayg-inQ==/com.google.android.webview- BeBbHdpMvOrnu53YoTbWxQ==/lib/arm64:/data/app/~~w38lR_YIu0tf0hkayg-inQ==/ com.google.android.webview-BeBbHdpMvOrnu53YoTbWxQ==/base.apk!/lib/arm64-v8a:/data/ app/~~QT5JoBfEf_NWh-njHhv4jQ==/com.google.android.trichromelibrary_677826033- 2PZkqnpambvEElKmczGa2A==/base.apk!/lib/arm64-v8a, permitted_path=/data:/mnt/expand
01-15 18:49:24.276 25960 25960 I WebViewFactory: Loading com.google.android.webview version 131.0.6778.260 (code 677826033)
01-15 18:49:24.283 26041 26110 E cretspace:black: No package ID 76 found for resource ID 0x760b000f.
01-15 18:49:24.283 26041 26110 E cretspace:black: No package ID 76 found for resource ID 0x760b000f.
01-15 18:49:24.283 26041 26110 I FA : App measurement initialized, version: 112007
01-15 18:49:24.283 26041 26110 I FA : To enable debug logging run: adb shell setprop log.tag.FA VERBOSE
01-15 18:49:24.284 26041 26110 I FA : To enable faster debug mode event logging run:
01-15 18:49:24.284 26041 26110 I FA : adb shell setprop debug.firebase.analytics.app com.hello.miheapp.secretspace
01-15 18:49:24.288 26041 26115 E adservices: Failed to bindService: Intent { act=android.adservices.MEASUREMENT_SERVICE cmp=com.google.android.adservices.api/com.android.adservices.measurement.Measuremen tService }
01-15 18:49:24.288 26041 26115 E adservices: Failed to bind to measurement service: java.lang.IllegalStateException: Unable to find the service
01-15 18:49:24.297 25960 25960 I cr_WVCFactoryProvider: version=131.0.6778.260 (677826033) minSdkVersion=29 isBundle=true multiprocess=true packageId=2
01-15 18:49:24.297 26041 26110 W GmsClient: unable to connect to service: com.google.android.gms.measurement.START on com.google.android.gms
01-15 18:49:24.298 26041 26041 W FA : Service connection failed: ci{statusCode=API_UNAVAILABLE, resolution=null, message=null}
01-15 18:49:24.300 26041 26110 W GmsClient: unable to connect to service: com.google.android.gms.measurement.START on com.google.android.gms
01-15 18:49:24.301 26041 26041 W FA : Service connection failed: ci{statusCode=API_UNAVAILABLE, resolution=null, message=null}
01-15 18:49:24.302 25960 25960 D nativeloader: Load /data/app/~~QT5JoBfEf_NWh- njHhv4jQ==/com.google.android.trichromelibrary_677826033-2PZkqnpambvEElKmczGa2A==/ base.apk!/lib/arm64-v8a/libmonochrome_64.so using ns clns-11 from class loader (caller=/data/app/~~w38lR_YIu0tf0hkayg-inQ==/com.google.android.webview- BeBbHdpMvOrnu53YoTbWxQ==/base.apk): ok
01-15 18:49:24.303 26041 26110 W GmsClient: unable to connect to service: com.google.android.gms.measurement.START on com.google.android.gms
01-15 18:49:24.304 26041 26041 W FA : Service connection failed: ci{statusCode=API_UNAVAILABLE, resolution=null, message=null}
01-15 18:49:24.304 26041 26110 E FA : Discarding data. Failed to send app launch
01-15 18:49:24.304 26041 26110 E FA : Failed to get app instance id
01-15 18:49:24.304 26041 26110 E FA : Failed to send default event parameters to service
01-15 18:49:24.304 25960 25960 D nativeloader: Load /system/lib64/libwebviewchromium_plat_support.so using ns clns-11 from class loader (caller=/data/app/~~w38lR_YIu0tf0hkayg-inQ==/com.google.android.webview- BeBbHdpMvOrnu53YoTbWxQ==/base.apk): ok
01-15 18:49:24.306 25960 26121 I chromium: [0115/184924.306506:INFO:variations_seed_loader.cc(68)] Failed to open file for reading.: No such file or directory (2)
01-15 18:49:24.307 25960 26121 I chromium: [0115/184924.307013:INFO:variations_seed_loader.cc(68)] Failed to open file for reading.: No such file or directory (2)
01-15 18:49:24.313 25960 26123 I cr_TrackExitReasons: Failed to read file.
01-15 18:49:24.315 25960 25960 I cr_LibraryLoader: Successfully loaded native library
01-15 18:49:24.316 25960 25960 I cr_CachingUmaRecorder: Flushed 6 samples from 6 histograms, 0 samples were dropped.
01-15 18:49:24.317 25960 25960 I cr_CombinedPProvider: #registerProvider() provider:WV.y8@8337a26 isPolicyCacheEnabled:false policyProvidersSize:0
01-15 18:49:24.319 25960 25960 I cr_PolicyProvider: #setManagerAndSource() 0
01-15 18:49:24.330 25960 25960 I cr_CombinedPProvider: #linkNativeInternal() 1
01-15 18:49:24.331 25960 25960 I cr_AppResProvider: #getApplicationRestrictionsFromUserManager() Bundle[EMPTY_PARCEL]
01-15 18:49:24.331 25960 25960 I cr_PolicyProvider: #notifySettingsAvailable() 0
01-15 18:49:24.331 25960 25960 I cr_CombinedPProvider: #onSettingsAvailable() 0
01-15 18:49:24.331 25960 25960 I cr_CombinedPProvider: #flushPolicies()
01-15 18:49:24.383 25960 25960 D CompatibilityChangeReporter: Compat change id reported: 214741472; UID 10640; state: ENABLED
01-15 18:49:24.388 25960 25960 D CompatibilityChangeReporter: Compat change id reported: 171228096; UID 10640; state: ENABLED
01-15 18:49:24.393 25960 25960 W PointerIcon: Missing theme resources for pointer icon type 1022
01-15 18:49:24.473 25960 25960 I Typeface: updateThemeFont new=Rookery- Regular;old=sans-serif;new=Rookery-Stacked;old=
01-15 18:49:24.524 25960 25960 D CompatibilityChangeReporter: Compat change id reported: 237531167; UID 10640; state: DISABLED
01-15 18:49:24.530 25960 25960 D ViewRootImpl: update {(0,0)(fillxfill) sim={forwardNavigation} ty=BASE_APPLICATION fmt=TRANSLUCENT wanim=0x1030300
01-15 18:49:24.530 25960 25960 D ViewRootImpl: fl=LAYOUT_IN_SCREEN SECURE LAYOUT_INSET_DECOR SPLIT_TOUCH HARDWARE_ACCELERATED DRAWS_SYSTEM_BAR_BACKGROUNDS
01-15 18:49:24.530 25960 25960 D ViewRootImpl: pfl=NO_MOVE_ANIMATION FORCE_DRAW_STATUS_BAR_BACKGROUND FIT_INSETS_CONTROLLED
01-15 18:49:24.530 25960 25960 D ViewRootImpl: bhv=DEFAULT
01-15 18:49:24.530 25960 25960 D ViewRootImpl: fitSides=} by setView
01-15 18:49:24.554 25960 26137 W cr_media: BLUETOOTH_CONNECT permission is missing.
01-15 18:49:24.556 25960 26221 I AdrenoGLES-0: QUALCOMM build : 406382a20f, I986008d073
01-15 18:49:24.556 25960 26221 I AdrenoGLES-0: Build Date : 01/05/24
01-15 18:49:24.556 25960 26221 I AdrenoGLES-0: OpenGL ES Shader Compiler Version: EV031.36.08.28
01-15 18:49:24.556 25960 26221 I AdrenoGLES-0: Local Branch :
01-15 18:49:24.556 25960 26221 I AdrenoGLES-0: Remote Branch : refs/tags/AU_LINUX_ANDROID_LA.VENDOR.1.0.11.00.00.770.073
01-15 18:49:24.556 25960 26221 I AdrenoGLES-0: Remote Branch : NONE
01-15 18:49:24.556 25960 26221 I AdrenoGLES-0: Reconstruct Branch : NOTHING
01-15 18:49:24.556 25960 26221 I AdrenoGLES-0: Build Config : S P 12.1.1 AArch64
01-15 18:49:24.556 25960 26221 I AdrenoGLES-0: Driver Path : /vendor/lib64/egl/libGLESv2_adreno.so
01-15 18:49:24.556 25960 26221 I AdrenoGLES-0: Driver Version : 0615.80
01-15 18:49:24.557 25960 26137 W cr_media: getBluetoothAdapter() requires BLUETOOTH permission
01-15 18:49:24.557 25960 26137 W cr_media: registerBluetoothIntentsIfNeeded: Requires BLUETOOTH permission
01-15 18:49:24.584 25960 26024 D TrafficStats: tagSocket(238) with statsTag=0xffffffff, statsUid=-1
01-15 18:49:24.585 25960 26221 I AdrenoGLES-0: PFP: 0x01710158, ME: 0x00000000
01-15 18:49:24.651 25960 26195 I OpenGLRenderer: setGrContext nullptr-->validptr
01-15 18:49:24.652 25960 26195 E OpenGLRenderer: Unable to match the desired swap behavior.
01-15 18:49:24.655 25960 26221 W chromium: [WARNING:viz_main_impl.cc(85)] VizNullHypothesis is disabled (not a warning)
01-15 18:49:24.802 25960 26179 D TrafficStats: tagSocket(198) with statsTag=0x4e864ee, statsUid=-1
01-15 18:49:25.065 25960 26152 W VideoCapabilities: Unsupported mime image/vnd.android.heic
01-15 18:49:25.065 25960 26152 W VideoCapabilities: Unsupported mime image/vnd.android.heic
01-15 18:49:25.523 25960 26208 D TrafficStats: tagSocket(285) with statsTag=0xffffffff, statsUid=-1
01-15 18:49:25.544 25960 25960 D ViewRootImpl: update {(0,0)(fillxfill) gr=CENTER sim={adjust=resize forwardNavigation} ty=APPLICATION fmt=TRANSPARENT
01-15 18:49:25.544 25960 25960 D ViewRootImpl: fl=LAYOUT_IN_SCREEN LAYOUT_INSET_DECOR SPLIT_TOUCH HARDWARE_ACCELERATED DRAWS_SYSTEM_BAR_BACKGROUNDS
01-15 18:49:25.544 25960 25960 D ViewRootImpl: pfl=NO_MOVE_ANIMATION FORCE_DRAW_STATUS_BAR_BACKGROUND FIT_INSETS_CONTROLLED
01-15 18:49:25.544 25960 25960 D ViewRootImpl: bhv=DEFAULT
01-15 18:49:25.544 25960 25960 D ViewRootImpl: fitSides=} by setView
01-15 18:49:25.555 25960 25960 D CompatibilityChangeReporter: Compat change id reported: 210923482; UID 10640; state: ENABLED
01-15 18:49:25.561 25960 25960 D ViewRootImpl: update {(0,0)(fillxfill) sim={forwardNavigation} ty=BASE_APPLICATION wanim=0x1030300
01-15 18:49:25.561 25960 25960 D ViewRootImpl: fl=LAYOUT_IN_SCREEN LAYOUT_INSET_DECOR SPLIT_TOUCH HARDWARE_ACCELERATED DRAWS_SYSTEM_BAR_BACKGROUNDS
01-15 18:49:25.561 25960 25960 D ViewRootImpl: pfl=NO_MOVE_ANIMATION FORCE_DRAW_STATUS_BAR_BACKGROUND FIT_INSETS_CONTROLLED
01-15 18:49:25.561 25960 25960 D ViewRootImpl: bhv=DEFAULT
01-15 18:49:25.561 25960 25960 D ViewRootImpl: fitSides=} by setView
01-15 18:49:25.578 25960 26195 E OpenGLRenderer: Unable to match the desired swap behavior.
01-15 18:49:25.588 25960 26195 E OpenGLRenderer: Unable to match the desired swap behavior.
01-15 18:49:25.836 25960 25997 D SessionConfigFetcher: Fetched settings: {"settings_version":3,"cache_duration":190244,"features": {"collect_logged_exceptions":true,"collect_reports":true,"collect_analytics":false, "prompt_enabled":false,"push_enabled":false,"firebase_crashlytics_enabled":false,"c ollect_anrs":true,"collect_metric_kit":false,"collect_build_ids":true},"app": {"status":"activated","update_required":false,"report_upload_variant":2,"native_rep ort_upload_variant":2},"fabric": {"org_id":"65f00c8a567bf1f0daf09834","bundle_id":"com.hello.miheapp.secretspace"}," on_demand_upload_rate_per_minute":10,"on_demand_backoff_base":1.2,"on_demand_backof f_step_duration_seconds":60,"app_quality": {"sessions_enabled":true,"sampling_rate":1,"session_timeout_seconds":1800}}
01-15 18:49:25.837 26041 26072 D SessionConfigFetcher: Fetched settings: {"settings_version":3,"cache_duration":160226,"features": {"collect_logged_exceptions":true,"collect_reports":true,"collect_analytics":false, "prompt_enabled":false,"push_enabled":false,"firebase_crashlytics_enabled":false,"c ollect_anrs":true,"collect_metric_kit":false,"collect_build_ids":true},"app": {"status":"activated","update_required":false,"report_upload_variant":2,"native_rep ort_upload_variant":2},"fabric": {"org_id":"65f00c8a567bf1f0daf09834","bundle_id":"com.hello.miheapp.secretspace"}," on_demand_upload_rate_per_minute":10,"on_demand_backoff_base":1.2,"on_demand_backof f_step_duration_seconds":60,"app_quality": {"sessions_enabled":true,"sampling_rate":1,"session_timeout_seconds":1800}}
01-15 18:49:25.838 26041 26081 I FirebaseCrashlytics: No version control information found
01-15 18:49:25.839 25960 25999 I FirebaseCrashlytics: No version control information found
01-15 18:49:25.857 26041 26078 D LifecycleServiceBinder: Binding service to application.
01-15 18:49:25.857 25960 26000 D LifecycleServiceBinder: Binding service to application.
01-15 18:49:25.861 25960 26000 D SessionLifecycleClient: Queued message 1. Queue size 1
01-15 18:49:25.863 25960 25960 D SessionLifecycleService: Service bound to new client on process 25960
01-15 18:49:25.863 25960 26381 D SessionLifecycleService: App has not yet foregrounded. Using previously stored session: null
01-15 18:49:25.863 25960 26381 D SessionLifecycleService: Client android.os.Messenger@c7e1882 bound at 250373776. Clients: 1
01-15 18:49:25.864 25960 25960 D SessionLifecycleClient: Connected to SessionLifecycleService. Queue size 1
01-15 18:49:25.864 25960 26000 D SessionLifecycleClient: Sending lifecycle 1 to service
01-15 18:49:25.864 25960 26381 D SessionLifecycleService: Activity foregrounding at 250373777.
01-15 18:49:25.864 25960 26381 D SessionLifecycleService: Cold start detected.
01-15 18:49:25.865 25960 26381 D SessionLifecycleService: Generated new session 041ecac3b73b4efaa110d54c78e09e14
01-15 18:49:25.865 25960 26381 D SessionLifecycleService: Broadcasting new session: SessionDetails(sessionId=041ecac3b73b4efaa110d54c78e09e14, firstSessionId=041ecac3b73b4efaa110d54c78e09e14, sessionIndex=0, sessionStartTimestampUs=1736992165865000)
01-15 18:49:25.865 25960 25998 D SessionFirelogPublisher: Data Collection is enabled for at least one Subscriber
01-15 18:49:25.865 25960 25960 D SessionLifecycleClient: Session update received: 041ecac3b73b4efaa110d54c78e09e14
01-15 18:49:25.866 25960 25998 D SessionLifecycleClient: Notified CRASHLYTICS of new session 041ecac3b73b4efaa110d54c78e09e14
01-15 18:49:25.868 25960 26000 D EventGDTLogger: Session Event: {"eventType":1,"sessionData": {"sessionId":"041ecac3b73b4efaa110d54c78e09e14","firstSessionId":"041ecac3b73b4efaa 110d54c78e09e14","sessionIndex":0,"eventTimestampUs":1736992165865000,"dataCollecti onStatus": {"performance":1,"crashlytics":2,"sessionSamplingRate":1.0},"firebaseInstallationId ":"fmf_baSTTrKPyq91Az08fM"},"applicationInfo": {"appId":"1:716442668392:android:91ab0e5825942d3ba61add","deviceModel":"moto g stylus 5G - 2024","sessionSdkVersion":"1.2.1","osVersion":"14","logEnvironment":3,"androidAppIn fo": {"packageName":"com.hello.miheapp.secretspace","versionName":"1.1.48","appBuildVers ion":"1148","deviceManufacturer":"motorola","currentProcessDetails": {"processName":"com.hello.miheapp.secretspace","pid":25960,"importance":100,"defaul tProcess":true},"appProcessDetails": [{"processName":"com.hello.miheapp.secretspace","pid":25960,"importance":100,"defau ltProcess":true}, {"processName":"com.hello.miheapp.secretspace:black","pid":26041,"importance":100," defaultProcess":false}]}}}
01-15 18:49:25.868 25960 26000 D SessionFirelogPublisher: Successfully logged Session Start event: 041ecac3b73b4efaa110d54c78e09e14
01-15 18:49:25.873 25960 26008 D CompatibilityChangeReporter: Compat change id reported: 194532703; UID 10640; state: ENABLED
01-15 18:49:25.873 25960 26008 D CompatibilityChangeReporter: Compat change id reported: 253665015; UID 10640; state: ENABLED
01-15 18:49:25.922 25960 25997 W System : Ignoring header If-None-Match because its value was null.
01-15 18:49:26.128 25960 26195 D Surface : Surface::disconnect
01-15 18:49:26.129 25960 26195 D BufferQueueProducer: [VRI[SplashAct]#0(BLAST Consumer)0](id:656800000000,api:1,p:25960,c:25960) disconnect: api 1
01-15 18:49:26.136 25960 25960 W WindowOnBackDispatcher: sendCancelIfRunning: isInProgress=falsecallback=android.view.ViewRootImpl$ $ExternalSyntheticLambda17@4ed1933
01-15 18:49:26.357 25960 25997 D TrafficStats: tagSocket(229) with statsTag=0xffffffff, statsUid=-1
01-15 18:49:26.444 25960 26130 D CompatibilityChangeReporter: Compat change id reported: 263076149; UID 10640; state: ENABLED
01-15 18:49:26.455 25960 26024 W b : initStore should have been called before calling setUserID
01-15 18:49:27.118 25960 25998 D SessionLifecycleClient: Sending lifecycle 2 to service
01-15 18:49:27.119 25960 26381 D SessionLifecycleService: Activity backgrounding at 250375032
01-15 18:49:27.144 25960 26002 D SessionLifecycleClient: Sending lifecycle 1 to service
01-15 18:49:27.144 25960 26381 D SessionLifecycleService: Activity foregrounding at 250375057.
01-15 18:49:27.145 25960 25960 D ViewRootImpl: update {(0,0)(fillxfill) sim={forwardNavigation} ty=BASE_APPLICATION wanim=0x1030300
01-15 18:49:27.145 25960 25960 D ViewRootImpl: fl=LAYOUT_IN_SCREEN SECURE LAYOUT_INSET_DECOR SPLIT_TOUCH HARDWARE_ACCELERATED DRAWS_SYSTEM_BAR_BACKGROUNDS
01-15 18:49:27.145 25960 25960 D ViewRootImpl: pfl=NO_MOVE_ANIMATION FORCE_DRAW_STATUS_BAR_BACKGROUND FIT_INSETS_CONTROLLED
01-15 18:49:27.145 25960 25960 D ViewRootImpl: bhv=DEFAULT
01-15 18:49:27.145 25960 25960 D ViewRootImpl: fitSides=} by setView
01-15 18:49:27.162 25960 26195 E OpenGLRenderer: Unable to match the desired swap behavior.
01-15 18:49:27.644 25960 25960 I ImeTracker: com.hello.miheapp.secretspace:6a5d9d5e: onRequestShow at ORIGIN_CLIENT_SHOW_SOFT_INPUT reason SHOW_SOFT_INPUT
01-15 18:49:27.646 25960 25960 D InputMethodManager: showSoftInput() view=v.InputCodeView{6f799d6 VFED..... .F....ID 0,286-1080,436 #7f090198 app:id/icv_password_code aid=1073741826} flags=2 reason=SHOW_SOFT_INPUT
01-15 18:49:27.688 25960 26195 D Surface : Surface::disconnect
01-15 18:49:27.688 25960 26195 D BufferQueueProducer: [VRI[LoginAct]#1(BLAST Consumer)1](id:656800000001,api:1,p:25960,c:25960) disconnect: api 1
01-15 18:49:27.698 25960 26195 D Surface : Surface::disconnect
01-15 18:49:27.698 25960 26195 D BufferQueueProducer: [VRI[LoginAct]#2(BLAST Consumer)2](id:656800000002,api:1,p:25960,c:25960) disconnect: api 1
01-15 18:49:27.715 25960 25960 D InsetsController: show(ime(), fromIme=true)
01-15 18:49:27.729 25960 26442 D InteractionJankMonitor: Build configuration failed!
01-15 18:49:27.729 25960 26442 D InteractionJankMonitor: java.lang.IllegalArgumentException: Must pass in a valid surface control if only instrument surface;
01-15 18:49:27.729 25960 26442 D InteractionJankMonitor: at com.android.internal.jank.InteractionJankMonitor$Configuration.validate(Interaction JankMonitor.java:1259)
01-15 18:49:27.729 25960 26442 D InteractionJankMonitor: at com.android.internal.jank.InteractionJankMonitor$Configuration.<init>(InteractionJa nkMonitor.java:1217)
01-15 18:49:27.729 25960 26442 D InteractionJankMonitor: at com.android.internal.jank.InteractionJankMonitor$Configuration.<init>(Unknown Source:0)
01-15 18:49:27.729 25960 26442 D InteractionJankMonitor: at com.android.internal.jank.InteractionJankMonitor$Configuration$Builder.build(Intera ctionJankMonitor.java:1197)
01-15 18:49:27.729 25960 26442 D InteractionJankMonitor: at com.android.internal.jank.InteractionJankMonitor.begin(InteractionJankMonitor.java: 611)
01-15 18:49:27.729 25960 26442 D InteractionJankMonitor: at android.view.inputmethod.ImeTracker$ImeJankTracker.onRequestAnimation(ImeTracker.ja va:717)
01-15 18:49:27.729 25960 26442 D InteractionJankMonitor: at android.view.InsetsController$InternalAnimationControlListener$2.onAnimationStart(I nsetsController.java:448)
01-15 18:49:27.729 25960 26442 D InteractionJankMonitor: at android.animation.Animator$AnimatorListener.onAnimationStart(Animator.java:695)
01-15 18:49:27.729 25960 26442 D InteractionJankMonitor: at android.animation.Animator$AnimatorCaller$$ExternalSyntheticLambda0.call(Unknown Source:4)
01-15 18:49:27.729 25960 26442 D InteractionJankMonitor: at android.animation.Animator.callOnList(Animator.java:669)
01-15 18:49:27.729 25960 26442 D InteractionJankMonitor: at android.animation.Animator.notifyListeners(Animator.java:608)
01-15 18:49:27.729 25960 26442 D InteractionJankMonitor: at android.animation.Animator.notifyStartListeners(Animator.java:625)
01-15 18:49:27.729 25960 26442 D InteractionJankMonitor: at android.animation.ValueAnimator.startAnimation(ValueAnimator.java:1334)
01-15 18:49:27.729 25960 26442 D InteractionJankMonitor: at android.animation.ValueAnimator.start(ValueAnimator.java:1149)
01-15 18:49:27.729 25960 26442 D InteractionJankMonitor: at android.animation.ValueAnimator.start(ValueAnimator.java:1173)
01-15 18:49:27.729 25960 26442 D InteractionJankMonitor: at android.view.InsetsController$InternalAnimationControlListener.onReady(InsetsContro ller.java:470)
01-15 18:49:27.729 25960 26442 D InteractionJankMonitor: at android.view.InsetsAnimationThreadControlRunner.lambda$new$0(InsetsAnimationThreadC ontrolRunner.java:129)
01-15 18:49:27.729 25960 26442 D InteractionJankMonitor: at android.view.InsetsAnimationThreadControlRunner. $r8$lambda$3zGKYd3XPzPnvMO2hiF8a88M6T0(Unknown Source:0)
01-15 18:49:27.729 25960 26442 D InteractionJankMonitor: at android.view.InsetsAnimationThreadControlRunner$ $ExternalSyntheticLambda2.run(Unknown Source:6)
01-15 18:49:27.729 25960 26442 D InteractionJankMonitor: at android.os.Handler.handleCallback(Handler.java:1000)
01-15 18:49:27.729 25960 26442 D InteractionJankMonitor: at android.os.Handler.dispatchMessage(Handler.java:104)
01-15 18:49:27.729 25960 26442 D InteractionJankMonitor: at android.os.Looper.loopOnce(Looper.java:242)
01-15 18:49:27.729 25960 26442 D InteractionJankMonitor: at android.os.Looper.loop(Looper.java:362)
01-15 18:49:27.729 25960 26442 D InteractionJankMonitor: at android.os.HandlerThread.run(HandlerThread.java:85)
01-15 18:49:27.912 25960 26177 D TrafficStats: tagSocket(314) with statsTag=0x4e864ee, statsUid=-1
01-15 18:49:27.928 25960 25960 I ImeTracker: com.hello.miheapp.secretspace:6a5d9d5e: onShown
01-15 18:49:29.336 25960 25960 I Ads : JS: The jsLoaded GMSG has been sent (https://googleads.g.doubleclick.net/mads/static/mad/sdk/native/production/sdk- core-v40-impl.html:823)
01-15 18:49:33.276 25960 25960 I ImeTracker: com.hello.miheapp.secretspace:9dac7ad1: onRequestHide at ORIGIN_CLIENT_HIDE_SOFT_INPUT reason HIDE_SOFT_INPUT
01-15 18:49:33.281 25960 25960 D ViewRootImpl: update {(0,0)(fillxfill) gr=CENTER sim={adjust=resize forwardNavigation} ty=APPLICATION fmt=TRANSPARENT
01-15 18:49:33.281 25960 25960 D ViewRootImpl: fl=LAYOUT_IN_SCREEN LAYOUT_INSET_DECOR SPLIT_TOUCH HARDWARE_ACCELERATED DRAWS_SYSTEM_BAR_BACKGROUNDS
01-15 18:49:33.281 25960 25960 D ViewRootImpl: pfl=NO_MOVE_ANIMATION FORCE_DRAW_STATUS_BAR_BACKGROUND FIT_INSETS_CONTROLLED
01-15 18:49:33.281 25960 25960 D ViewRootImpl: bhv=DEFAULT
01-15 18:49:33.281 25960 25960 D ViewRootImpl: fitSides=} by setView
01-15 18:49:33.302 25960 26195 E OpenGLRenderer: Unable to match the desired swap behavior.
01-15 18:49:33.307 25960 25960 W WindowOnBackDispatcher: sendCancelIfRunning: isInProgress=falsecallback=ImeCallback=ImeOnBackInvokedCallback@177128908 Callback=android.window.IOnBackInvokedCallback$Stub$Proxy@cecb648
01-15 18:49:33.319 25960 25960 I ImeTracker: com.hello.miheapp.secretspace:9dac7ad1: onCancelled at PHASE_CLIENT_ANIMATION_CANCEL
01-15 18:49:33.319 25960 25960 I ImeTracker: com.hello.miheapp.secretspace:89fbad85: onRequestHide at ORIGIN_CLIENT_HIDE_SOFT_INPUT reason HIDE_SOFT_INPUT_BY_INSETS_API
01-15 18:49:33.319 25960 25960 I ImeTracker: com.hello.miheapp.secretspace:89fbad85: onFailed at PHASE_CLIENT_VIEW_SERVED
01-15 18:49:33.901 25960 25970 W app.secretspace: ApkAssets: Deleting an ApkAssets object '<empty> and /data/app/~~w38lR_YIu0tf0hkayg-inQ==/com.google.android.webview- BeBbHdpMvOrnu53YoTbWxQ==/base.apk' with 1 weak references
01-15 18:49:33.901 25960 25970 W app.secretspace: ApkAssets: Deleting an ApkAssets object '<empty> and /data/app/~~w38lR_YIu0tf0hkayg-inQ==/com.google.android.webview- BeBbHdpMvOrnu53YoTbWxQ==/split_config.en.apk' with 1 weak references
01-15 18:49:33.901 25960 25970 W app.secretspace: ApkAssets: Deleting an ApkAssets object '<empty> and /data/app/~~w38lR_YIu0tf0hkayg-inQ==/com.google.android.webview- BeBbHdpMvOrnu53YoTbWxQ==/split_config.es.apk' with 1 weak references
01-15 18:49:33.974 25960 26399 I MATDBManager: sqllite db insert success! insert row id:1
01-15 18:49:33.975 25960 26399 I MATDBManager: sqllite db capacity:1
01-15 18:49:33.993 25960 26000 D SessionLifecycleClient: Sending lifecycle 2 to service
01-15 18:49:33.993 25960 26381 D SessionLifecycleService: Activity backgrounding at 250381906
01-15 18:49:33.994 25960 25960 D VRI[SettingPasswordActivity]: update {(0,0) (fillxfill) sim={state=hidden} ty=BASE_APPLICATION wanim=0x1030300
01-15 18:49:33.994 25960 25960 D VRI[SettingPasswordActivity]: fl=LAYOUT_IN_SCREEN SECURE LAYOUT_INSET_DECOR SPLIT_TOUCH HARDWARE_ACCELERATED DRAWS_SYSTEM_BAR_BACKGROUNDS
01-15 18:49:33.994 25960 25960 D VRI[SettingPasswordActivity]: pfl=NO_MOVE_ANIMATION FORCE_DRAW_STATUS_BAR_BACKGROUND FIT_INSETS_CONTROLLED
01-15 18:49:33.994 25960 25960 D VRI[SettingPasswordActivity]: bhv=DEFAULT
01-15 18:49:33.994 25960 25960 D VRI[SettingPasswordActivity]: fitSides=} by setLayoutParams
01-15 18:49:33.994 25960 25960 I ImeTracker: com.hello.miheapp.secretspace:1d3d46f9: onRequestHide at ORIGIN_CLIENT_HIDE_SOFT_INPUT reason HIDE_SOFT_INPUT
01-15 18:49:33.994 25960 25960 I ImeTracker: com.hello.miheapp.secretspace:1d3d46f9: onFailed at PHASE_CLIENT_VIEW_SERVED
01-15 18:49:34.069 25960 25991 D SessionLifecycleClient: Sending lifecycle 1 to service
01-15 18:49:34.069 25960 25960 D ViewRootImpl: update {(0,0)(fillxfill) sim={forwardNavigation} ty=BASE_APPLICATION wanim=0x1030300
01-15 18:49:34.069 25960 25960 D ViewRootImpl: fl=LAYOUT_IN_SCREEN SECURE LAYOUT_INSET_DECOR SPLIT_TOUCH HARDWARE_ACCELERATED DRAWS_SYSTEM_BAR_BACKGROUNDS
01-15 18:49:34.069 25960 25960 D ViewRootImpl: pfl=NO_MOVE_ANIMATION FORCE_DRAW_STATUS_BAR_BACKGROUND FIT_INSETS_CONTROLLED
01-15 18:49:34.069 25960 25960 D ViewRootImpl: bhv=DEFAULT
01-15 18:49:34.069 25960 25960 D ViewRootImpl: fitSides=} by setView
01-15 18:49:34.070 25960 26381 D SessionLifecycleService: Activity foregrounding at 250381983.
01-15 18:49:34.084 25960 26195 E OpenGLRenderer: Unable to match the desired swap behavior.
01-15 18:49:34.113 25960 25960 D ViewRootImpl: update {(0,0)(wrapxwrap) gr=CENTER sim={adjust=pan forwardNavigation} ty=APPLICATION fmt=TRANSPARENT wanim=0x10302fb
01-15 18:49:34.113 25960 25960 D ViewRootImpl: fl=DIM_BEHIND ALT_FOCUSABLE_IM SPLIT_TOUCH HARDWARE_ACCELERATED
01-15 18:49:34.113 25960 25960 D ViewRootImpl: bhv=DEFAULT
01-15 18:49:34.113 25960 25960 D ViewRootImpl: fitTypes=STATUS_BARS NAVIGATION_BARS CAPTION_BAR} by setView
01-15 18:49:34.141 25960 26490 D TrafficStats: tagSocket(360) with statsTag=0xffffffff, statsUid=-1
01-15 18:49:34.142 25960 26399 D TrafficStats: tagSocket(359) with statsTag=0xffffffff, statsUid=-1
01-15 18:49:34.203 25960 26500 D TrafficStats: tagSocket(323) with statsTag=0xffffffff, statsUid=-1
01-15 18:49:34.203 25960 26519 D TrafficStats: tagSocket(352) with statsTag=0xffffffff, statsUid=-1
01-15 18:49:34.204 25960 26522 D TrafficStats: tagSocket(308) with statsTag=0xffffffff, statsUid=-1
01-15 18:49:34.204 25960 25990 D TrafficStats: tagSocket(298) with statsTag=0xffffffff, statsUid=-1
01-15 18:49:34.205 25960 26491 D TrafficStats: tagSocket(294) with statsTag=0xffffffff, statsUid=-1
01-15 18:49:34.205 25960 26499 D TrafficStats: tagSocket(377) with statsTag=0xffffffff, statsUid=-1
01-15 18:49:34.224 26041 26055 W PackageParser: Unknown element under <manifest>: queries at /data/user/0/com.hello.miheapp.secretspace/app_tmp/core-1.apk Binary XML file line #196
01-15 18:49:34.245 26041 26055 W PackageParser: Unknown element under <manifest>: queries at /data/user/0/com.hello.miheapp.secretspace/app_tmp/core-1.apk Binary XML file line #196
01-15 18:49:34.248 25960 26195 E OpenGLRenderer: Unable to match the desired swap behavior.
01-15 18:49:34.333 25960 26179 D TrafficStats: tagSocket(135) with statsTag=0x4e864ee, statsUid=-1
01-15 18:49:34.333 25960 26177 D TrafficStats: tagSocket(100) with statsTag=0x4e864ee, statsUid=-1
01-15 18:49:34.351 25960 25960 W WindowOnBackDispatcher: sendCancelIfRunning: isInProgress=falsecallback=android.view.ViewRootImpl$ $ExternalSyntheticLambda17@63e81a9
01-15 18:49:34.362 25960 26195 D Surface : Surface::disconnect
01-15 18:49:34.362 25960 26195 D BufferQueueProducer: [VRI[SettingPasswordActivity]#4(BLAST Consumer)4] (id:656800000004,api:1,p:25960,c:25960) disconnect: api 1
01-15 18:49:34.494 26041 26055 W PackageParser: Unknown element under <manifest>: queries at /data/user/0/com.hello.miheapp.secretspace/app_tmp/core-2.apk Binary XML file line #32
01-15 18:49:34.501 26041 26055 W PackageParser: Unknown element under <manifest>: queries at /data/user/0/com.hello.miheapp.secretspace/app_tmp/core-2.apk Binary XML file line #32
01-15 18:49:34.547 25960 25960 W WindowOnBackDispatcher: sendCancelIfRunning: isInProgress=falsecallback=android.view.ViewRootImpl$ $ExternalSyntheticLambda17@e0e38e3
01-15 18:49:34.549 25960 26195 D Surface : Surface::disconnect
