01-15 18:49:34.549 25960 26195 D BufferQueueProducer: [VRI[HomeAct]#6(BLAST Consumer)6](id:656800000006,api:1,p:25960,c:25960) disconnect: api 1
01-15 18:49:34.585 26553 26553 I libc : SetHeapTaggingLevel: tag level set to 0
01-15 18:49:34.591 26553 26553 I .secretspace:p0: Using CollectorTypeCMC GC.
01-15 18:49:34.593 26553 26553 E .secretspace:p0: Not starting debugger since process cannot load the jdwp agent.
01-15 18:49:34.595 26553 26553 D nativeloader: Load libframework-connectivity- tiramisu-jni.so using APEX ns com_android_tethering for caller /apex/com.android.tethering/javalib/framework-connectivity-t.jar: ok
01-15 18:49:34.605 26553 26553 D CompatibilityChangeReporter: Compat change id reported: 171979766; UID 10640; state: ENABLED
01-15 18:49:34.605 26553 26553 D CompatibilityChangeReporter: Compat change id reported: 242716250; UID 10640; state: ENABLED
01-15 18:49:34.610 26553 26553 D ApplicationLoaders: Returning zygote-cached class loader: /system/framework/android.test.base.jar
01-15 18:49:34.612 26553 26553 D nativeloader: Configuring clns-4 for other apk /system/framework/org.apache.http.legacy.jar. target_sdk_version=34, uses_libraries=ALL, library_path=/data/app/~~5xzjRVIAymNVkUiZSLpgcg==/com.hello.miheapp.secretspace- inACk7ZA2CTViVmWPWthjg==/lib/arm64:/data/app/~~5xzjRVIAymNVkUiZSLpgcg==/ com.hello.miheapp.secretspace-inACk7ZA2CTViVmWPWthjg==/base.apk!/lib/arm64-v8a:/ data/app/~~5xzjRVIAymNVkUiZSLpgcg==/com.hello.miheapp.secretspace- inACk7ZA2CTViVmWPWthjg==/split_config.arm64_v8a.apk!/lib/arm64-v8a:/data/app/ ~~5xzjRVIAymNVkUiZSLpgcg==/com.hello.miheapp.secretspace-inACk7ZA2CTViVmWPWthjg==/ split_config.en.apk!/lib/arm64-v8a:/data/app/~~5xzjRVIAymNVkUiZSLpgcg==/ com.hello.miheapp.secretspace-inACk7ZA2CTViVmWPWthjg==/split_config.es.apk!/lib/ arm64-v8a:/data/app/~~5xzjRVIAymNVkUiZSLpgcg==/com.hello.miheapp.secretspace- inACk7ZA2CTViVmWPWthjg==/split_config.xxhdpi.apk!/lib/arm64-v8a, permitted_path=/data:/mnt/expand:/data/user/0/com.hello.miheapp.secretspace
01-15 18:49:34.612 26553 26553 D nativeloader: Extending system_exposed_libraries: libbinauralrenderer_wrapper.qti.so:libhoaeffects.qti.so:libQOC.qti.so:libenginepost proc.moto.so:libjni_helper.motocameradesktop.so:libimgTuner_jni.motoimagetuner.so:l ibparamupdater_jni.motoparamupdater.so:libupdateprof.qti.so:libQOC.qti.so:libdiag_s ystem.qti.so:libqape.qti.so:libqesdk_ndk_platform.qti.so:liblistenjni.qti.so
01-15 18:49:34.621 26553 26553 W ziparchive: Unable to open '/data/app/~~5xzjRVIAymNVkUiZSLpgcg==/com.hello.miheapp.secretspace- inACk7ZA2CTViVmWPWthjg==/split_config.arm64_v8a.dm': No such file or directory
01-15 18:49:34.621 26553 26553 W ziparchive: Unable to open '/data/app/~~5xzjRVIAymNVkUiZSLpgcg==/com.hello.miheapp.secretspace- inACk7ZA2CTViVmWPWthjg==/split_config.arm64_v8a.dm': No such file or directory
01-15 18:49:34.621 26553 26553 W .secretspace:p0: Entry not found
01-15 18:49:34.622 26553 26553 W ziparchive: Unable to open '/data/app/~~5xzjRVIAymNVkUiZSLpgcg==/com.hello.miheapp.secretspace- inACk7ZA2CTViVmWPWthjg==/split_config.en.dm': No such file or directory
01-15 18:49:34.622 26553 26553 W ziparchive: Unable to open '/data/app/~~5xzjRVIAymNVkUiZSLpgcg==/com.hello.miheapp.secretspace- inACk7ZA2CTViVmWPWthjg==/split_config.en.dm': No such file or directory
01-15 18:49:34.622 26553 26553 W .secretspace:p0: Entry not found
01-15 18:49:34.622 26553 26553 W ziparchive: Unable to open '/data/app/~~5xzjRVIAymNVkUiZSLpgcg==/com.hello.miheapp.secretspace- inACk7ZA2CTViVmWPWthjg==/split_config.es.dm': No such file or directory
01-15 18:49:34.622 26553 26553 W ziparchive: Unable to open '/data/app/~~5xzjRVIAymNVkUiZSLpgcg==/com.hello.miheapp.secretspace- inACk7ZA2CTViVmWPWthjg==/split_config.es.dm': No such file or directory
01-15 18:49:34.622 26553 26553 W .secretspace:p0: Entry not found
01-15 18:49:34.623 26553 26553 W ziparchive: Unable to open '/data/app/~~5xzjRVIAymNVkUiZSLpgcg==/com.hello.miheapp.secretspace- inACk7ZA2CTViVmWPWthjg==/split_config.xxhdpi.dm': No such file or directory
01-15 18:49:34.623 26553 26553 W ziparchive: Unable to open '/data/app/~~5xzjRVIAymNVkUiZSLpgcg==/com.hello.miheapp.secretspace- inACk7ZA2CTViVmWPWthjg==/split_config.xxhdpi.dm': No such file or directory
01-15 18:49:34.623 26553 26553 W .secretspace:p0: Entry not found
01-15 18:49:34.623 26553 26553 D nativeloader: Configuring clns-5 for other apk /data/app/~~5xzjRVIAymNVkUiZSLpgcg==/com.hello.miheapp.secretspace- inACk7ZA2CTViVmWPWthjg==/base.apk:/data/app/~~5xzjRVIAymNVkUiZSLpgcg==/ com.hello.miheapp.secretspace-inACk7ZA2CTViVmWPWthjg==/ split_config.arm64_v8a.apk:/data/app/~~5xzjRVIAymNVkUiZSLpgcg==/ com.hello.miheapp.secretspace-inACk7ZA2CTViVmWPWthjg==/split_config.en.apk:/data/ app/~~5xzjRVIAymNVkUiZSLpgcg==/com.hello.miheapp.secretspace- inACk7ZA2CTViVmWPWthjg==/split_config.es.apk:/data/app/~~5xzjRVIAymNVkUiZSLpgcg==/ com.hello.miheapp.secretspace-inACk7ZA2CTViVmWPWthjg==/split_config.xxhdpi.apk. target_sdk_version=34, uses_libraries=, library_path=/data/app/~~5xzjRVIAymNVkUiZSLpgcg==/com.hello.miheapp.secretspace- inACk7ZA2CTViVmWPWthjg==/lib/arm64:/data/app/~~5xzjRVIAymNVkUiZSLpgcg==/ com.hello.miheapp.secretspace-inACk7ZA2CTViVmWPWthjg==/base.apk!/lib/arm64-v8a:/ data/app/~~5xzjRVIAymNVkUiZSLpgcg==/com.hello.miheapp.secretspace- inACk7ZA2CTViVmWPWthjg==/split_config.arm64_v8a.apk!/lib/arm64-v8a:/data/app/ ~~5xzjRVIAymNV
01-15 18:49:34.630 26553 26553 D nativeloader: Load libframework-connectivity- jni.so using APEX ns com_android_tethering for caller /apex/com.android.tethering/javalib/framework-connectivity.jar: ok
01-15 18:49:34.631 26553 26553 V GraphicsEnvironment: Currently set values for:
01-15 18:49:34.631 26553 26553 V GraphicsEnvironment: angle_gl_driver_selection_pkgs=[]
01-15 18:49:34.631 26553 26553 V GraphicsEnvironment: angle_gl_driver_selection_values=[]
01-15 18:49:34.632 26553 26553 V GraphicsEnvironment: ANGLE GameManagerService for com.hello.miheapp.secretspace: false
01-15 18:49:34.632 26553 26553 V GraphicsEnvironment: com.hello.miheapp.secretspace is not listed in per-application setting
01-15 18:49:34.632 26553 26553 V GraphicsEnvironment: Neither updatable production driver nor prerelease driver is supported.
01-15 18:49:34.637 26553 26553 D nativeloader: Load /data/app/~~5xzjRVIAymNVkUiZSLpgcg==/com.hello.miheapp.secretspace- inACk7ZA2CTViVmWPWthjg==/split_config.arm64_v8a.apk!/lib/arm64-v8a/librepublic.so using ns clns-5 from class loader (caller=/data/app/~~5xzjRVIAymNVkUiZSLpgcg==/com.hello.miheapp.secretspace- inACk7ZA2CTViVmWPWthjg==/base.apk): ok
01-15 18:49:34.703 26553 26553 W Glide : Failed to find GeneratedAppGlideModule. You should include an annotationProcessor compile dependency on com.github.bumptech.glide:compiler in your application and a @GlideModule annotated AppGlideModule implementation or LibraryGlideModules will be silently ignored
01-15 18:49:34.706 26553 26553 D CompatibilityChangeReporter: Compat change id reported: 183155436; UID 10640; state: ENABLED
01-15 18:49:34.707 26553 26553 D SessionsDependencies: Dependency to CRASHLYTICS added.
01-15 18:49:34.708 26553 26553 I FirebaseApp: Device unlocked: initializing all Firebase APIs for app [DEFAULT]
01-15 18:49:34.710 26553 26553 I FirebaseCrashlytics: Initializing Firebase Crashlytics 18.6.2 for com.hello.miheapp.secretspace
01-15 18:49:34.710 26553 26553 D CompatibilityChangeReporter: Compat change id reported: 247079863; UID 10640; state: ENABLED
01-15 18:49:34.715 26553 26553 D SessionsDependencies: Subscriber CRASHLYTICS registered.
01-15 18:49:34.718 26553 26568 D ActivityThread: Loading provider com.google.android.gms.chimera: org.microg.gms.chimera.ServiceProvider
01-15 18:49:34.728 26553 26568 D nativeloader: Configuring clns-6 for other apk /system/framework/com.android.location.provider.jar. target_sdk_version=29, uses_libraries=ALL, library_path=/data/user/0/com.hello.miheapp.secretspace/sandbox/data/app/ com.google.android.gms/lib:/data/user/0/com.hello.miheapp.secretspace/sandbox/ data/app/com.google.android.gms/base.apk!/lib/arm64-v8a, permitted_path=/data:/mnt/expand:/data/user/0/com.hello.miheapp.secretspace/ sandbox/data/user/0/com.google.android.gms
01-15 18:49:34.728 26553 26568 D nativeloader: Extending system_exposed_libraries: libbinauralrenderer_wrapper.qti.so:libhoaeffects.qti.so:libQOC.qti.so:libenginepost proc.moto.so:libjni_helper.motocameradesktop.so:libimgTuner_jni.motoimagetuner.so:l ibparamupdater_jni.motoparamupdater.so:libupdateprof.qti.so:libQOC.qti.so:libdiag_s ystem.qti.so:libqape.qti.so:libqesdk_ndk_platform.qti.so:liblistenjni.qti.so
01-15 18:49:34.730 26553 26568 E .secretspace:p0: Attempt to load writable dex file: /data/user/0/com.hello.miheapp.secretspace/sandbox/data/app/com.google.android.gms/ base.apk
01-15 18:49:34.730 26553 26568 D CompatibilityChangeReporter: Compat change id reported: 218865702; UID 10640; state: ENABLED
01-15 18:49:34.730 26553 26568 E DynamiteModule: Failed to load IDynamiteLoader from GmsCore: Writable dex file '/data/user/0/com.hello.miheapp.secretspace/sandbox/data/app/com.google.android.gms /base.apk' is not allowed.
01-15 18:49:34.730 26553 26568 I DynamiteModule: Considering local module com.google.android.gms.measurement.dynamite:100 and remote module com.google.android.gms.measurement.dynamite:0
01-15 18:49:34.730 26553 26568 I DynamiteModule: Selected local version of com.google.android.gms.measurement.dynamite
01-15 18:49:34.731 26553 26568 E .secretspace:p0: Attempt to load writable dex file: /data/user/0/com.hello.miheapp.secretspace/sandbox/data/app/com.google.android.gms/ base.apk
01-15 18:49:34.731 26553 26568 E DynamiteModule: Failed to load IDynamiteLoader from GmsCore: Writable dex file '/data/user/0/com.hello.miheapp.secretspace/sandbox/data/app/com.google.android.gms /base.apk' is not allowed.
01-15 18:49:34.742 26553 26572 D TrafficStats: tagSocket(103) with statsTag=0xffffffff, statsUid=-1
01-15 18:49:34.743 26553 26553 D FirebaseSessions: Initializing Firebase Sessions SDK.
01-15 18:49:34.744 26553 26553 I FirebaseApp: FirebaseApp initialization successful
01-15 18:49:34.750 26553 26580 I FA : App measurement initialized, version: 84002
01-15 18:49:34.750 26553 26580 I FA : To enable debug logging run: adb shell setprop log.tag.FA VERBOSE
01-15 18:49:34.750 26553 26580 I FA : To enable faster debug mode event logging run:
01-15 18:49:34.750 26553 26580 I FA : adb shell setprop debug.firebase.analytics.app com.hello.miheapp.secretspace
01-15 18:49:34.754 26553 26590 D SessionConfigFetcher: Fetching settings from server.
01-15 18:49:34.755 26553 26575 D TrafficStats: tagSocket(104) with statsTag=0xffffffff, statsUid=-1
01-15 18:49:34.757 26553 26553 I Typeface: updateThemeFont new=Rookery- Regular;old=sans-serif;new=Rookery-Stacked;old=
01-15 18:49:34.772 25960 26195 D Surface : Surface::disconnect
01-15 18:49:34.772 25960 26195 D BufferQueueProducer: [VRI[SettingPasswordActivity]#3(BLAST Consumer)3] (id:656800000003,api:1,p:25960,c:25960) disconnect: api 1
01-15 18:49:34.776 26593 26593 I libc : SetHeapTaggingLevel: tag level set to 0
01-15 18:49:34.777 25960 25960 W WindowOnBackDispatcher: sendCancelIfRunning: isInProgress=falsecallback=android.view.ViewRootImpl$ $ExternalSyntheticLambda17@180d602
01-15 18:49:34.778 26553 26553 D nativeloader: Load /data/app/~~5xzjRVIAymNVkUiZSLpgcg==/com.hello.miheapp.secretspace- inACk7ZA2CTViVmWPWthjg==/split_config.arm64_v8a.apk!/lib/arm64-v8a/libsandbox.so using ns clns-5 from class loader (caller=/data/app/~~5xzjRVIAymNVkUiZSLpgcg==/com.hello.miheapp.secretspace- inACk7ZA2CTViVmWPWthjg==/base.apk): ok
01-15 18:49:34.778 26553 26553 D NativeCore: NativeCore init.
01-15 18:49:34.779 26553 26553 D NativeCore: found art method entrypoint jni offset: 2
01-15 18:49:34.779 26553 26553 D NativeCore: not found art method match access flags offset , use default: 4
01-15 18:49:34.782 26593 26593 I secretspace:dex: Using CollectorTypeCMC GC.
01-15 18:49:34.785 26593 26593 E secretspace:dex: Not starting debugger since process cannot load the jdwp agent.
01-15 18:49:34.788 26593 26593 D nativeloader: Load libframework-connectivity- tiramisu-jni.so using APEX ns com_android_tethering for caller /apex/com.android.tethering/javalib/framework-connectivity-t.jar: ok
01-15 18:49:34.800 26553 26580 D CompatibilityChangeReporter: Compat change id reported: 183155436; UID 10640; state: ENABLED
01-15 18:49:34.809 26593 26593 D CompatibilityChangeReporter: Compat change id reported: 171979766; UID 10640; state: ENABLED
01-15 18:49:34.809 26593 26593 D CompatibilityChangeReporter: Compat change id reported: 242716250; UID 10640; state: ENABLED
01-15 18:49:34.814 26593 26593 D ApplicationLoaders: Returning zygote-cached class loader: /system/framework/android.test.base.jar
01-15 18:49:34.814 26553 26553 E NativeCore: not native method
01-15 18:49:34.815 26553 26553 E NativeCore: check flags error. class:java/io/UnixFileSystem, method:canonicalize0
01-15 18:49:34.815 26553 26553 D NativeCore: register class:java/io/UnixFileSystem, method:getBooleanAttributes0 success!
01-15 18:49:34.815 26553 26553 D NativeCore: register class:java/io/UnixFileSystem, method:getLastModifiedTime0 success!
01-15 18:49:34.815 26553 26553 D NativeCore: register class:java/io/UnixFileSystem, method:setPermission0 success!
01-15 18:49:34.815 26553 26553 D NativeCore: register class:java/io/UnixFileSystem, method:createFileExclusively0 success!
01-15 18:49:34.815 26553 26553 D NativeCore: register class:java/io/UnixFileSystem, method:list0 success!
01-15 18:49:34.815 26553 26553 D NativeCore: register class:java/io/UnixFileSystem, method:createDirectory0 success!
01-15 18:49:34.815 26553 26553 D NativeCore: register class:java/io/UnixFileSystem, method:setLastModifiedTime0 success!
01-15 18:49:34.815 26553 26553 D NativeCore: register class:java/io/UnixFileSystem, method:setReadOnly0 success!
01-15 18:49:34.815 26553 26553 D NativeCore: register class:java/io/UnixFileSystem, method:getSpace0 success!
01-15 18:49:34.815 26553 26553 D NativeCore: register class:java/lang/VMClassLoader, method:findLoadedClass success!
01-15 18:49:34.815 26553 26553 D NativeCore: register class:android/os/Binder, method:getCallingUid success!
01-15 18:49:34.815 26553 26553 D NativeCore: register class:dalvik/system/VMRuntime, method:setHiddenApiExemptions success!
01-15 18:49:34.815 26553 26553 D NativeCore: register class:dalvik/system/DexFile, method:openDexFileNative success!
01-15 18:49:34.817 26593 26593 D nativeloader: Configuring clns-4 for other apk /system/framework/org.apache.http.legacy.jar. target_sdk_version=34, uses_libraries=ALL, library_path=/data/app/~~5xzjRVIAymNVkUiZSLpgcg==/com.hello.miheapp.secretspace- inACk7ZA2CTViVmWPWthjg==/lib/arm64:/data/app/~~5xzjRVIAymNVkUiZSLpgcg==/ com.hello.miheapp.secretspace-inACk7ZA2CTViVmWPWthjg==/base.apk!/lib/arm64-v8a:/ data/app/~~5xzjRVIAymNVkUiZSLpgcg==/com.hello.miheapp.secretspace- inACk7ZA2CTViVmWPWthjg==/split_config.arm64_v8a.apk!/lib/arm64-v8a:/data/app/ ~~5xzjRVIAymNVkUiZSLpgcg==/com.hello.miheapp.secretspace-inACk7ZA2CTViVmWPWthjg==/ split_config.en.apk!/lib/arm64-v8a:/data/app/~~5xzjRVIAymNVkUiZSLpgcg==/ com.hello.miheapp.secretspace-inACk7ZA2CTViVmWPWthjg==/split_config.es.apk!/lib/ arm64-v8a:/data/app/~~5xzjRVIAymNVkUiZSLpgcg==/com.hello.miheapp.secretspace- inACk7ZA2CTViVmWPWthjg==/split_config.xxhdpi.apk!/lib/arm64-v8a, permitted_path=/data:/mnt/expand:/data/user/0/com.hello.miheapp.secretspace
01-15 18:49:34.817 26593 26593 D nativeloader: Extending system_exposed_libraries: libbinauralrenderer_wrapper.qti.so:libhoaeffects.qti.so:libQOC.qti.so:libenginepost proc.moto.so:libjni_helper.motocameradesktop.so:libimgTuner_jni.motoimagetuner.so:l ibparamupdater_jni.motoparamupdater.so:libupdateprof.qti.so:libQOC.qti.so:libdiag_s ystem.qti.so:libqape.qti.so:libqesdk_ndk_platform.qti.so:liblistenjni.qti.so
01-15 18:49:34.817 26553 26553 W ziparchive: Unable to open '/data/user/0/com.hello.miheapp.secretspace/sandbox/data/app/com.google.android.gms /base.dm': No such file or directory
01-15 18:49:34.827 26593 26593 W ziparchive: Unable to open '/data/app/~~5xzjRVIAymNVkUiZSLpgcg==/com.hello.miheapp.secretspace- inACk7ZA2CTViVmWPWthjg==/split_config.arm64_v8a.dm': No such file or directory
01-15 18:49:34.827 26593 26593 W ziparchive: Unable to open '/data/app/~~5xzjRVIAymNVkUiZSLpgcg==/com.hello.miheapp.secretspace- inACk7ZA2CTViVmWPWthjg==/split_config.arm64_v8a.dm': No such file or directory
01-15 18:49:34.827 26593 26593 W secretspace:dex: Entry not found
01-15 18:49:34.827 26593 26593 W ziparchive: Unable to open '/data/app/~~5xzjRVIAymNVkUiZSLpgcg==/com.hello.miheapp.secretspace- inACk7ZA2CTViVmWPWthjg==/split_config.en.dm': No such file or directory
01-15 18:49:34.827 26593 26593 W ziparchive: Unable to open '/data/app/~~5xzjRVIAymNVkUiZSLpgcg==/com.hello.miheapp.secretspace- inACk7ZA2CTViVmWPWthjg==/split_config.en.dm': No such file or directory
01-15 18:49:34.828 26593 26593 W secretspace:dex: Entry not found
01-15 18:49:34.828 26593 26593 W ziparchive: Unable to open '/data/app/~~5xzjRVIAymNVkUiZSLpgcg==/com.hello.miheapp.secretspace- inACk7ZA2CTViVmWPWthjg==/split_config.es.dm': No such file or directory
01-15 18:49:34.828 26593 26593 W ziparchive: Unable to open '/data/app/~~5xzjRVIAymNVkUiZSLpgcg==/com.hello.miheapp.secretspace- inACk7ZA2CTViVmWPWthjg==/split_config.es.dm': No such file or directory
01-15 18:49:34.828 26593 26593 W secretspace:dex: Entry not found
01-15 18:49:34.828 26593 26593 W ziparchive: Unable to open '/data/app/~~5xzjRVIAymNVkUiZSLpgcg==/com.hello.miheapp.secretspace- inACk7ZA2CTViVmWPWthjg==/split_config.xxhdpi.dm': No such file or directory
01-15 18:49:34.828 26593 26593 W ziparchive: Unable to open '/data/app/~~5xzjRVIAymNVkUiZSLpgcg==/com.hello.miheapp.secretspace- inACk7ZA2CTViVmWPWthjg==/split_config.xxhdpi.dm': No such file or directory
01-15 18:49:34.828 26593 26593 W secretspace:dex: Entry not found
01-15 18:49:34.829 26593 26593 D nativeloader: Configuring clns-5 for other apk /data/app/~~5xzjRVIAymNVkUiZSLpgcg==/com.hello.miheapp.secretspace- inACk7ZA2CTViVmWPWthjg==/base.apk:/data/app/~~5xzjRVIAymNVkUiZSLpgcg==/ com.hello.miheapp.secretspace-inACk7ZA2CTViVmWPWthjg==/ split_config.arm64_v8a.apk:/data/app/~~5xzjRVIAymNVkUiZSLpgcg==/ com.hello.miheapp.secretspace-inACk7ZA2CTViVmWPWthjg==/split_config.en.apk:/data/ app/~~5xzjRVIAymNVkUiZSLpgcg==/com.hello.miheapp.secretspace- inACk7ZA2CTViVmWPWthjg==/split_config.es.apk:/data/app/~~5xzjRVIAymNVkUiZSLpgcg==/ com.hello.miheapp.secretspace-inACk7ZA2CTViVmWPWthjg==/split_config.xxhdpi.apk. target_sdk_version=34, uses_libraries=, library_path=/data/app/~~5xzjRVIAymNVkUiZSLpgcg==/com.hello.miheapp.secretspace- inACk7ZA2CTViVmWPWthjg==/lib/arm64:/data/app/~~5xzjRVIAymNVkUiZSLpgcg==/ com.hello.miheapp.secretspace-inACk7ZA2CTViVmWPWthjg==/base.apk!/lib/arm64-v8a:/ data/app/~~5xzjRVIAymNVkUiZSLpgcg==/com.hello.miheapp.secretspace- inACk7ZA2CTViVmWPWthjg==/split_config.arm64_v8a.apk!/lib/arm64-v8a:/data/app/ ~~5xzjRVIAymNV
01-15 18:49:34.836 26593 26593 D nativeloader: Load libframework-connectivity- jni.so using APEX ns com_android_tethering for caller /apex/com.android.tethering/javalib/framework-connectivity.jar: ok
01-15 18:49:34.838 26593 26593 V GraphicsEnvironment: Currently set values for:
01-15 18:49:34.838 26593 26593 V GraphicsEnvironment: angle_gl_driver_selection_pkgs=[]
01-15 18:49:34.838 26593 26593 V GraphicsEnvironment: angle_gl_driver_selection_values=[]
01-15 18:49:34.838 26593 26593 V GraphicsEnvironment: ANGLE GameManagerService for com.hello.miheapp.secretspace: false
01-15 18:49:34.838 26593 26593 V GraphicsEnvironment: com.hello.miheapp.secretspace is not listed in per-application setting
01-15 18:49:34.838 26593 26593 V GraphicsEnvironment: Neither updatable production driver nor prerelease driver is supported.
01-15 18:49:34.844 26593 26593 D nativeloader: Load /data/app/~~5xzjRVIAymNVkUiZSLpgcg==/com.hello.miheapp.secretspace- inACk7ZA2CTViVmWPWthjg==/split_config.arm64_v8a.apk!/lib/arm64-v8a/librepublic.so using ns clns-5 from class loader (caller=/data/app/~~5xzjRVIAymNVkUiZSLpgcg==/com.hello.miheapp.secretspace- inACk7ZA2CTViVmWPWthjg==/base.apk): ok
01-15 18:49:34.863 26593 26593 W Glide : Failed to find GeneratedAppGlideModule. You should include an annotationProcessor compile dependency on com.github.bumptech.glide:compiler in your application and a @GlideModule annotated AppGlideModule implementation or LibraryGlideModules will be silently ignored
01-15 18:49:34.867 26593 26593 D CompatibilityChangeReporter: Compat change id reported: 183155436; UID 10640; state: ENABLED
01-15 18:49:34.867 26593 26593 D SessionsDependencies: Dependency to CRASHLYTICS added.
01-15 18:49:34.868 26593 26593 I FirebaseApp: Device unlocked: initializing all Firebase APIs for app [DEFAULT]
01-15 18:49:34.869 26593 26593 I FirebaseCrashlytics: Initializing Firebase Crashlytics 18.6.2 for com.hello.miheapp.secretspace
01-15 18:49:34.869 26593 26593 D CompatibilityChangeReporter: Compat change id reported: 247079863; UID 10640; state: ENABLED
01-15 18:49:34.875 26593 26593 D SessionsDependencies: Subscriber CRASHLYTICS registered.
01-15 18:49:34.885 26593 26623 W secretspace:dex: ClassLoaderContext classpath size mismatch. expected=1, found=0 (DLC[];PCL[base.apk*2783873312]{PCL[/system/framework/org.apache.http.legacy.jar*36 5604909]#PCL[/system/framework/ com.android.media.remotedisplay.jar*2114713712]#PCL[/system/framework/ com.android.location.provider.jar*3994156537]#PCL[/system/framework/ org.apache.http.legacy.jar*365604909]} | DLC[];PCL[])
01-15 18:49:34.888 26593 26623 I DynamiteModule: Considering local module com.google.android.gms.measurement.dynamite:100 and remote module com.google.android.gms.measurement.dynamite:134
01-15 18:49:34.888 26593 26623 I DynamiteModule: Selected remote version of com.google.android.gms.measurement.dynamite, version >= 134
01-15 18:49:34.888 26593 26623 V DynamiteModule: Dynamite loader version >= 2, using loadModule2NoCrashUtils
01-15 18:49:34.892 26553 26553 D nativeloader: Configuring clns-7 for other apk /data/user/0/com.hello.miheapp.secretspace/sandbox/data/app/com.google.android.gms/ base.apk. target_sdk_version=29, uses_libraries=, library_path=/data/user/0/com.hello.miheapp.secretspace/sandbox/data/app/ com.google.android.gms/lib:/data/user/0/com.hello.miheapp.secretspace/sandbox/ data/app/com.google.android.gms/base.apk!/lib/arm64-v8a, permitted_path=/data:/mnt/expand:/data/user/0/com.hello.miheapp.secretspace/ sandbox/data/user/0/com.google.android.gms
01-15 18:49:34.892 26553 26553 D nativeloader: Extending system_exposed_libraries: libbinauralrenderer_wrapper.qti.so:libhoaeffects.qti.so:libQOC.qti.so:libenginepost proc.moto.so:libjni_helper.motocameradesktop.so:libimgTuner_jni.motoimagetuner.so:l ibparamupdater_jni.motoparamupdater.so:libupdateprof.qti.so:libQOC.qti.so:libdiag_s ystem.qti.so:libqape.qti.so:libqesdk_ndk_platform.qti.so:liblistenjni.qti.so
01-15 18:49:34.894 26593 26623 W System : ClassLoader referenced unknown path:
01-15 18:49:34.894 26593 26623 D nativeloader: Configuring clns-6 for other apk . target_sdk_version=34, uses_libraries=, library_path=/data/app/~~4mCQLyoqDN16QO_374s_vg==/com.google.android.gms-lDZAE- ljAXBqNejlQFV2UA==/lib/arm64:/data/app/~~4mCQLyoqDN16QO_374s_vg==/ com.google.android.gms-lDZAE-ljAXBqNejlQFV2UA==/base.apk!/lib/arm64-v8a, permitted_path=/data:/mnt/expand:/data/user/0/com.google.android.gms
01-15 18:49:34.901 26593 26623 W secretspace:dex: ClassLoaderContext classpath element checksum mismatch. expected=2783873312, found=831060618 (DLC[];PCL[base.apk*2783873312]{PCL[/system/framework/org.apache.http.legacy.jar*36 5604909]#PCL[/system/framework/ com.android.media.remotedisplay.jar*2114713712]#PCL[/system/framework/ com.android.location.provider.jar*3994156537]#PCL[/system/framework/ org.apache.http.legacy.jar*365604909]} | DLC[];PCL[/data/app/~~5xzjRVIAymNVkUiZSLpgcg==/com.hello.miheapp.secretspace- inACk7ZA2CTViVmWPWthjg==/base.apk*831060618]{PCL[/system/framework/ android.test.base.jar*836642757]#PCL[/system/framework/ org.apache.http.legacy.jar*365604909]})
01-15 18:49:34.910 26593 26625 D TrafficStats: tagSocket(104) with statsTag=0xffffffff, statsUid=-1
01-15 18:49:34.917 26593 26593 D FirebaseSessions: Initializing Firebase Sessions SDK.
01-15 18:49:34.918 26593 26593 I FirebaseApp: FirebaseApp initialization successful
01-15 18:49:34.923 26593 26593 I Typeface: updateThemeFont new=Rookery- Regular;old=sans-serif;new=Rookery-Stacked;old=
01-15 18:49:34.930 26593 26643 D SessionConfigFetcher: Fetching settings from server.
01-15 18:49:34.933 26593 26622 D TrafficStats: tagSocket(111) with statsTag=0xffffffff, statsUid=-1
01-15 18:49:34.946 26553 26553 I MultiDex: VM with version 2.1.0 has multidex support
01-15 18:49:34.946 26553 26553 I MultiDex: Installing application
01-15 18:49:34.947 26553 26553 I MultiDex: VM has multidex support, MultiDex support library is disabled.
01-15 18:49:34.951 26553 26553 D ChimeraServiceProvider: onCreate
01-15 18:49:34.954 26553 26553 D FontsProvider: onCreate
01-15 18:49:34.955 26553 26553 D GmsPhenotypeCfgProvider: unimplemented Method: onCreate
01-15 18:49:34.962 26553 26553 D ActivityThread: Loading provider com.google.android.gms.microg.settings: org.microg.gms.settings.SettingsProvider
01-15 18:49:34.976 26553 26553 D ProfileManager: Using Serial bc2fec9dba9a9cd37d64418a066b3802
01-15 18:49:34.981 26553 26553 D CompatibilityChangeReporter: Compat change id reported: 183155436; UID 10001; state: ENABLED
01-15 18:49:34.981 26593 26645 E secretspace:dex: No package ID 76 found for resource ID 0x760b000f.
01-15 18:49:34.982 26593 26645 E secretspace:dex: No package ID 76 found for resource ID 0x760b000f.
01-15 18:49:34.982 26593 26645 I FA : App measurement initialized, version: 112007
01-15 18:49:34.982 26593 26645 I FA : To enable debug logging run: adb shell setprop log.tag.FA VERBOSE
01-15 18:49:34.982 26593 26645 I FA : To enable faster debug mode event logging run:
01-15 18:49:34.982 26593 26645 I FA : adb shell setprop debug.firebase.analytics.app com.hello.miheapp.secretspace
01-15 18:49:34.993 26553 26553 D MeasurementService: onBind: Intent { act=com.google.android.gms.measurement.START pkg=com.google.android.gms }
01-15 18:49:34.999 26553 26553 D GmsCheckinTrigger: Ignoring Intent { act=android.intent.action.BOOT_COMPLETED }: checkin is disabled
01-15 18:49:35.002 26553 26553 D MeasurementService: bound by: GetServiceRequest{serviceId=MEASUREMENT, gmsVersion=12451000, packageName='com.hello.miheapp.secretspace', extras=Bundle[{}]}
01-15 18:49:35.012 26653 26653 I libc : SetHeapTaggingLevel: tag level set to 0
01-15 18:49:35.012 26553 26580 D SafeParcel: Unknown field id 34 in com.google.android.gms.measurement.internal.AppMetadata, skipping.
01-15 18:49:35.012 26553 26580 D SafeParcel: Unknown field id 35 in com.google.android.gms.measurement.internal.AppMetadata, skipping.
01-15 18:49:35.012 26553 26580 D MeasurementService: sendAppLaunch() for AppMetadata[com.hello.miheapp.secretspace]
01-15 18:49:35.017 26653 26653 I .secretspace:p1: Using CollectorTypeCMC GC.
01-15 18:49:35.019 26653 26653 E .secretspace:p1: Not starting debugger since process cannot load the jdwp agent.
01-15 18:49:35.022 26653 26653 D nativeloader: Load libframework-connectivity- tiramisu-jni.so using APEX ns com_android_tethering for caller /apex/com.android.tethering/javalib/framework-connectivity-t.jar: ok
01-15 18:49:35.024 26553 26580 D SafeParcel: Unknown field id 34 in com.google.android.gms.measurement.internal.AppMetadata, skipping.
01-15 18:49:35.024 26553 26580 D SafeParcel: Unknown field id 35 in com.google.android.gms.measurement.internal.AppMetadata, skipping.
01-15 18:49:35.024 26553 26580 D MeasurementService: getAppInstanceId() for AppMetadata[com.hello.miheapp.secretspace]
01-15 18:49:35.024 26553 26580 D SafeParcel: Unknown field id 34 in com.google.android.gms.measurement.internal.AppMetadata, skipping.
01-15 18:49:35.024 26553 26580 D SafeParcel: Unknown field id 35 in com.google.android.gms.measurement.internal.AppMetadata, skipping.
01-15 18:49:35.024 26553 26580 D MeasurementService: sendDefaultEventParameters(Bundle[EMPTY_PARCEL]) for AppMetadata[com.hello.miheapp.secretspace]
01-15 18:49:35.036 26653 26653 D CompatibilityChangeReporter: Compat change id reported: 171979766; UID 10640; state: ENABLED
01-15 18:49:35.036 26653 26653 D CompatibilityChangeReporter: Compat change id reported: 242716250; UID 10640; state: ENABLED
01-15 18:49:35.043 26653 26653 D ApplicationLoaders: Returning zygote-cached class loader: /system/framework/android.test.base.jar
01-15 18:49:35.045 26653 26653 D nativeloader: Configuring clns-4 for other apk /system/framework/org.apache.http.legacy.jar. target_sdk_version=34, uses_libraries=ALL, library_path=/data/app/~~5xzjRVIAymNVkUiZSLpgcg==/com.hello.miheapp.secretspace- inACk7ZA2CTViVmWPWthjg==/lib/arm64:/data/app/~~5xzjRVIAymNVkUiZSLpgcg==/ com.hello.miheapp.secretspace-inACk7ZA2CTViVmWPWthjg==/base.apk!/lib/arm64-v8a:/ data/app/~~5xzjRVIAymNVkUiZSLpgcg==/com.hello.miheapp.secretspace- inACk7ZA2CTViVmWPWthjg==/split_config.arm64_v8a.apk!/lib/arm64-v8a:/data/app/ ~~5xzjRVIAymNVkUiZSLpgcg==/com.hello.miheapp.secretspace-inACk7ZA2CTViVmWPWthjg==/ split_config.en.apk!/lib/arm64-v8a:/data/app/~~5xzjRVIAymNVkUiZSLpgcg==/ com.hello.miheapp.secretspace-inACk7ZA2CTViVmWPWthjg==/split_config.es.apk!/lib/ arm64-v8a:/data/app/~~5xzjRVIAymNVkUiZSLpgcg==/com.hello.miheapp.secretspace- inACk7ZA2CTViVmWPWthjg==/split_config.xxhdpi.apk!/lib/arm64-v8a, permitted_path=/data:/mnt/expand:/data/user/0/com.hello.miheapp.secretspace
01-15 18:49:35.045 26653 26653 D nativeloader: Extending system_exposed_libraries: libbinauralrenderer_wrapper.qti.so:libhoaeffects.qti.so:libQOC.qti.so:libenginepost proc.moto.so:libjni_helper.motocameradesktop.so:libimgTuner_jni.motoimagetuner.so:l ibparamupdater_jni.motoparamupdater.so:libupdateprof.qti.so:libQOC.qti.so:libdiag_s ystem.qti.so:libqape.qti.so:libqesdk_ndk_platform.qti.so:liblistenjni.qti.so
01-15 18:49:35.056 26653 26653 W ziparchive: Unable to open '/data/app/~~5xzjRVIAymNVkUiZSLpgcg==/com.hello.miheapp.secretspace- inACk7ZA2CTViVmWPWthjg==/split_config.arm64_v8a.dm': No such file or directory
01-15 18:49:35.056 26653 26653 W ziparchive: Unable to open '/data/app/~~5xzjRVIAymNVkUiZSLpgcg==/com.hello.miheapp.secretspace- inACk7ZA2CTViVmWPWthjg==/split_config.arm64_v8a.dm': No such file or directory
01-15 18:49:35.056 26653 26653 W .secretspace:p1: Entry not found
01-15 18:49:35.056 26653 26653 W ziparchive: Unable to open '/data/app/~~5xzjRVIAymNVkUiZSLpgcg==/com.hello.miheapp.secretspace- inACk7ZA2CTViVmWPWthjg==/split_config.en.dm': No such file or directory
01-15 18:49:35.057 26653 26653 W ziparchive: Unable to open '/data/app/~~5xzjRVIAymNVkUiZSLpgcg==/com.hello.miheapp.secretspace- inACk7ZA2CTViVmWPWthjg==/split_config.en.dm': No such file or directory
01-15 18:49:35.057 26653 26653 W .secretspace:p1: Entry not found
01-15 18:49:35.057 26653 26653 W ziparchive: Unable to open '/data/app/~~5xzjRVIAymNVkUiZSLpgcg==/com.hello.miheapp.secretspace- inACk7ZA2CTViVmWPWthjg==/split_config.es.dm': No such file or directory
01-15 18:49:35.057 26653 26653 W ziparchive: Unable to open '/data/app/~~5xzjRVIAymNVkUiZSLpgcg==/com.hello.miheapp.secretspace- inACk7ZA2CTViVmWPWthjg==/split_config.es.dm': No such file or directory
01-15 18:49:35.057 26653 26653 W .secretspace:p1: Entry not found
01-15 18:49:35.057 26653 26653 W ziparchive: Unable to open '/data/app/~~5xzjRVIAymNVkUiZSLpgcg==/com.hello.miheapp.secretspace- inACk7ZA2CTViVmWPWthjg==/split_config.xxhdpi.dm': No such file or directory
01-15 18:49:35.057 26653 26653 W ziparchive: Unable to open '/data/app/~~5xzjRVIAymNVkUiZSLpgcg==/com.hello.miheapp.secretspace- inACk7ZA2CTViVmWPWthjg==/split_config.xxhdpi.dm': No such file or directory
01-15 18:49:35.057 26653 26653 W .secretspace:p1: Entry not found
01-15 18:49:35.058 26653 26653 D nativeloader: Configuring clns-5 for other apk /data/app/~~5xzjRVIAymNVkUiZSLpgcg==/com.hello.miheapp.secretspace- inACk7ZA2CTViVmWPWthjg==/base.apk:/data/app/~~5xzjRVIAymNVkUiZSLpgcg==/ com.hello.miheapp.secretspace-inACk7ZA2CTViVmWPWthjg==/ split_config.arm64_v8a.apk:/data/app/~~5xzjRVIAymNVkUiZSLpgcg==/ com.hello.miheapp.secretspace-inACk7ZA2CTViVmWPWthjg==/split_config.en.apk:/data/ app/~~5xzjRVIAymNVkUiZSLpgcg==/com.hello.miheapp.secretspace- inACk7ZA2CTViVmWPWthjg==/split_config.es.apk:/data/app/~~5xzjRVIAymNVkUiZSLpgcg==/ com.hello.miheapp.secretspace-inACk7ZA2CTViVmWPWthjg==/split_config.xxhdpi.apk. target_sdk_version=34, uses_libraries=, library_path=/data/app/~~5xzjRVIAymNVkUiZSLpgcg==/com.hello.miheapp.secretspace- inACk7ZA2CTViVmWPWthjg==/lib/arm64:/data/app/~~5xzjRVIAymNVkUiZSLpgcg==/ com.hello.miheapp.secretspace-inACk7ZA2CTViVmWPWthjg==/base.apk!/lib/arm64-v8a:/ data/app/~~5xzjRVIAymNVkUiZSLpgcg==/com.hello.miheapp.secretspace- inACk7ZA2CTViVmWPWthjg==/split_config.arm64_v8a.apk!/lib/arm64-v8a:/data/app/ ~~5xzjRVIAymNV
01-15 18:49:35.064 26653 26653 D nativeloader: Load libframework-connectivity- jni.so using APEX ns com_android_tethering for caller /apex/com.android.tethering/javalib/framework-connectivity.jar: ok
01-15 18:49:35.066 26653 26653 V GraphicsEnvironment: Currently set values for:
01-15 18:49:35.066 26653 26653 V GraphicsEnvironment: angle_gl_driver_selection_pkgs=[]
01-15 18:49:35.066 26653 26653 V GraphicsEnvironment: angle_gl_driver_selection_values=[]
01-15 18:49:35.067 26653 26653 V GraphicsEnvironment: ANGLE GameManagerService for com.hello.miheapp.secretspace: false
01-15 18:49:35.067 26653 26653 V GraphicsEnvironment: com.hello.miheapp.secretspace is not listed in per-application setting
01-15 18:49:35.067 26653 26653 V GraphicsEnvironment: Neither updatable production driver nor prerelease driver is supported.
01-15 18:49:35.074 26653 26653 D nativeloader: Load /data/app/~~5xzjRVIAymNVkUiZSLpgcg==/com.hello.miheapp.secretspace- inACk7ZA2CTViVmWPWthjg==/split_config.arm64_v8a.apk!/lib/arm64-v8a/librepublic.so using ns clns-5 from class loader (caller=/data/app/~~5xzjRVIAymNVkUiZSLpgcg==/com.hello.miheapp.secretspace- inACk7ZA2CTViVmWPWthjg==/base.apk): ok
01-15 18:49:35.142 26653 26653 W Glide : Failed to find GeneratedAppGlideModule. You should include an annotationProcessor compile dependency on com.github.bumptech.glide:compiler in your application and a @GlideModule annotated AppGlideModule implementation or LibraryGlideModules will be silently ignored
01-15 18:49:35.145 26653 26653 D CompatibilityChangeReporter: Compat change id reported: 183155436; UID 10640; state: ENABLED
01-15 18:49:35.146 26653 26653 D SessionsDependencies: Dependency to CRASHLYTICS added.
01-15 18:49:35.147 26653 26653 I FirebaseApp: Device unlocked: initializing all Firebase APIs for app [DEFAULT]
01-15 18:49:35.149 26653 26653 I FirebaseCrashlytics: Initializing Firebase Crashlytics 18.6.2 for com.hello.miheapp.secretspace
01-15 18:49:35.150 26653 26653 D CompatibilityChangeReporter: Compat change id reported: 247079863; UID 10640; state: ENABLED
01-15 18:49:35.159 26653 26653 D SessionsDependencies: Subscriber CRASHLYTICS registered.
01-15 18:49:35.169 26553 26564 D ChimeraServiceProvider: query: content://com.google.android.gms.chimera/api_force_staging/com.google.android.gms.m easurement.dynamite?requestStartTime=461633027
01-15 18:49:35.169 26653 26669 W DynamiteModule: Failed to retrieve remote module version.
01-15 18:49:35.174 26653 26677 D TrafficStats: tagSocket(103) with statsTag=0xffffffff, statsUid=-1
01-15 18:49:35.177 26653 26669 D nativeloader: Configuring clns-6 for other apk /system/framework/com.android.location.provider.jar. target_sdk_version=29, uses_libraries=ALL, library_path=/data/user/0/com.hello.miheapp.secretspace/sandbox/data/app/ com.google.android.gms/lib:/data/user/0/com.hello.miheapp.secretspace/sandbox/ data/app/com.google.android.gms/base.apk!/lib/arm64-v8a, permitted_path=/data:/mnt/expand:/data/user/0/com.hello.miheapp.secretspace/ sandbox/data/user/0/com.google.android.gms
01-15 18:49:35.177 26653 26669 D nativeloader: Extending system_exposed_libraries: libbinauralrenderer_wrapper.qti.so:libhoaeffects.qti.so:libQOC.qti.so:libenginepost proc.moto.so:libjni_helper.motocameradesktop.so:libimgTuner_jni.motoimagetuner.so:l ibparamupdater_jni.motoparamupdater.so:libupdateprof.qti.so:libQOC.qti.so:libdiag_s ystem.qti.so:libqape.qti.so:libqesdk_ndk_platform.qti.so:liblistenjni.qti.so
01-15 18:49:35.178 26653 26669 W ziparchive: Unable to open '/data/user/0/com.hello.miheapp.secretspace/sandbox/data/app/com.google.android.gms /base.dm': No such file or directory
01-15 18:49:35.180 26653 26653 D FirebaseSessions: Initializing Firebase Sessions SDK.
01-15 18:49:35.181 26653 26653 I FirebaseApp: FirebaseApp initialization successful
01-15 18:49:35.187 26653 26691 D SessionConfigFetcher: Fetching settings from server.
01-15 18:49:35.190 26653 26673 D TrafficStats: tagSocket(104) with statsTag=0xffffffff, statsUid=-1
01-15 18:49:35.202 26653 26653 I Typeface: updateThemeFont new=Rookery- Regular;old=sans-serif;new=Rookery-Stacked;old=
01-15 18:49:35.208 26653 26653 D nativeloader: Load /data/app/~~5xzjRVIAymNVkUiZSLpgcg==/com.hello.miheapp.secretspace- inACk7ZA2CTViVmWPWthjg==/split_config.arm64_v8a.apk!/lib/arm64-v8a/libsandbox.so using ns clns-5 from class loader (caller=/data/app/~~5xzjRVIAymNVkUiZSLpgcg==/com.hello.miheapp.secretspace- inACk7ZA2CTViVmWPWthjg==/base.apk): ok
01-15 18:49:35.208 26653 26653 D NativeCore: NativeCore init.
01-15 18:49:35.208 26653 26653 D NativeCore: found art method entrypoint jni offset: 2
01-15 18:49:35.208 26653 26653 D NativeCore: not found art method match access flags offset , use default: 4
01-15 18:49:35.220 26653 26653 E NativeCore: not native method
01-15 18:49:35.220 26653 26653 E NativeCore: check flags error. class:java/io/UnixFileSystem, method:canonicalize0
01-15 18:49:35.221 26653 26653 D NativeCore: register class:java/io/UnixFileSystem, method:getBooleanAttributes0 success!
01-15 18:49:35.221 26653 26653 D NativeCore: register class:java/io/UnixFileSystem, method:getLastModifiedTime0 success!
01-15 18:49:35.221 26653 26653 D NativeCore: register class:java/io/UnixFileSystem, method:setPermission0 success!
01-15 18:49:35.221 26653 26653 D NativeCore: register class:java/io/UnixFileSystem, method:createFileExclusively0 success!
01-15 18:49:35.221 26653 26653 D NativeCore: register class:java/io/UnixFileSystem, method:list0 success!
01-15 18:49:35.221 26653 26653 D NativeCore: register class:java/io/UnixFileSystem, method:createDirectory0 success!
01-15 18:49:35.221 26653 26653 D NativeCore: register class:java/io/UnixFileSystem, method:setLastModifiedTime0 success!
01-15 18:49:35.221 26653 26653 D NativeCore: register class:java/io/UnixFileSystem, method:setReadOnly0 success!
01-15 18:49:35.221 26653 26653 D NativeCore: register class:java/io/UnixFileSystem, method:getSpace0 success!
01-15 18:49:35.221 26653 26653 D NativeCore: register class:java/lang/VMClassLoader, method:findLoadedClass success!
01-15 18:49:35.221 26653 26653 D NativeCore: register class:android/os/Binder, method:getCallingUid success!
01-15 18:49:35.221 26653 26653 D NativeCore: register class:dalvik/system/VMRuntime, method:setHiddenApiExemptions success!
01-15 18:49:35.221 26653 26653 D NativeCore: register class:dalvik/system/DexFile, method:openDexFileNative success!
01-15 18:49:35.250 26653 26669 D nativeloader: Configuring clns-7 for other apk /data/user/0/com.hello.miheapp.secretspace/sandbox/data/app/com.google.android.gms/ base.apk. target_sdk_version=29, uses_libraries=, library_path=/data/user/0/com.hello.miheapp.secretspace/sandbox/data/app/ com.google.android.gms/lib:/data/user/0/com.hello.miheapp.secretspace/sandbox/ data/app/com.google.android.gms/base.apk!/lib/arm64-v8a, permitted_path=/data:/mnt/expand:/data/user/0/com.hello.miheapp.secretspace/ sandbox/data/user/0/com.google.android.gms
01-15 18:49:35.250 26653 26669 D nativeloader: Extending system_exposed_libraries: libbinauralrenderer_wrapper.qti.so:libhoaeffects.qti.so:libQOC.qti.so:libenginepost proc.moto.so:libjni_helper.motocameradesktop.so:libimgTuner_jni.motoimagetuner.so:l ibparamupdater_jni.motoparamupdater.so:libupdateprof.qti.so:libQOC.qti.so:libdiag_s ystem.qti.so:libqape.qti.so:libqesdk_ndk_platform.qti.so:liblistenjni.qti.so
01-15 18:49:35.252 26653 26669 W DynamiteModule: IDynamite loader version = 2, no high precision latency measurement.
01-15 18:49:35.253 26653 26669 I DynamiteModule: Considering local module com.google.android.gms.measurement.dynamite:100 and remote module com.google.android.gms.measurement.dynamite:98
01-15 18:49:35.253 26653 26669 I DynamiteModule: Selected local version of com.google.android.gms.measurement.dynamite
01-15 18:49:35.253 26653 26669 W DynamiteModule: IDynamite loader version = 2, no high precision latency measurement.
01-15 18:49:35.274 26653 26700 I FA : App measurement initialized, version: 84002
01-15 18:49:35.274 26653 26700 I FA : To enable debug logging run: adb shell setprop log.tag.FA VERBOSE
01-15 18:49:35.275 26653 26700 I FA : To enable faster debug mode event logging run:
01-15 18:49:35.275 26653 26700 I FA : adb shell setprop debug.firebase.analytics.app com.hello.miheapp.secretspace
01-15 18:49:35.294 26653 26700 D CompatibilityChangeReporter: Compat change id reported: 183155436; UID 10640; state: ENABLED
01-15 18:49:35.319 26653 26653 I MultiDex: VM with version 2.1.0 has multidex support
01-15 18:49:35.320 26653 26653 I MultiDex: Installing application
01-15 18:49:35.320 26653 26653 I MultiDex: VM has multidex support, MultiDex support library is disabled.
01-15 18:49:35.330 26653 26653 D CompatibilityChangeReporter: Compat change id reported: 183155436; UID 10001; state: ENABLED
01-15 18:49:35.333 26553 26553 D WM-RescheduleReceiver: Received intent Intent { act=android.intent.action.BOOT_COMPLETED }
01-15 18:49:35.335 26553 26553 E WM-RescheduleReceiver: Cannot reschedule jobs. WorkManager needs to be initialized via a ContentProvider#onCreate() or an Application#onCreate().
01-15 18:49:35.335 26553 26553 E WM-RescheduleReceiver: java.lang.IllegalStateException: WorkManager is not initialized properly. You have explicitly disabled WorkManagerInitializer in your manifest, have not manually called WorkManager#initialize at this point, and your Application does not implement Configuration.Provider.
01-15 18:49:35.335 26553 26553 E WM-RescheduleReceiver: at i1.j.j(SourceFile:1)
01-15 18:49:35.335 26553 26553 E WM-RescheduleReceiver: at androidx.work.impl.background.systemalarm.RescheduleReceiver.onReceive(Unknown Source:29)
01-15 18:49:35.335 26553 26553 E WM-RescheduleReceiver: at com.hello.sandbox.app.BActivityThread.lambda$scheduleReceiver$4(BActivityThread.jav a:9)
01-15 18:49:35.335 26553 26553 E WM-RescheduleReceiver: at com.hello.sandbox.app.BActivityThread.N1(Unknown Source:0)
01-15 18:49:35.335 26553 26553 E WM-RescheduleReceiver: at com.appsflyer.internal.o.run(Unknown Source:14)
01-15 18:49:35.335 26553 26553 E WM-RescheduleReceiver: at android.os.Handler.handleCallback(Handler.java:1000)
01-15 18:49:35.335 26553 26553 E WM-RescheduleReceiver: at android.os.Handler.dispatchMessage(Handler.java:104)
01-15 18:49:35.335 26553 26553 E WM-RescheduleReceiver: at android.os.Looper.loopOnce(Looper.java:242)
01-15 18:49:35.335 26553 26553 E WM-RescheduleReceiver: at android.os.Looper.loop(Looper.java:362)
01-15 18:49:35.335 26553 26553 E WM-RescheduleReceiver: at android.app.ActivityThread.main(ActivityThread.java:8448)
01-15 18:49:35.335 26553 26553 E WM-RescheduleReceiver: at java.lang.reflect.Method.invoke(Native Method)
01-15 18:49:35.335 26553 26553 E WM-RescheduleReceiver: at com.android.internal.os.RuntimeInit$MethodAndArgsCaller.run(RuntimeInit.java:552)
01-15 18:49:35.335 26553 26553 E WM-RescheduleReceiver: at com.android.internal.os.ZygoteInit.main(ZygoteInit.java:992)
01-15 18:49:35.339 26553 26553 D GmsCheckinTrigger: Ignoring Intent { act=android.intent.action.BOOT_COMPLETED }: checkin is disabled
01-15 18:49:35.340 26553 26553 D WM-RescheduleReceiver: Received intent Intent { act=android.intent.action.BOOT_COMPLETED }
01-15 18:49:35.341 26553 26553 E WM-RescheduleReceiver: Cannot reschedule jobs. WorkManager needs to be initialized via a ContentProvider#onCreate() or an Application#onCreate().
01-15 18:49:35.341 26553 26553 E WM-RescheduleReceiver: java.lang.IllegalStateException: WorkManager is not initialized properly. You have explicitly disabled WorkManagerInitializer in your manifest, have not manually called WorkManager#initialize at this point, and your Application does not implement Configuration.Provider.
01-15 18:49:35.341 26553 26553 E WM-RescheduleReceiver: at i1.j.j(SourceFile:1)
01-15 18:49:35.341 26553 26553 E WM-RescheduleReceiver: at androidx.work.impl.background.systemalarm.RescheduleReceiver.onReceive(Unknown Source:29)
01-15 18:49:35.341 26553 26553 E WM-RescheduleReceiver: at com.hello.sandbox.app.BActivityThread.lambda$scheduleReceiver$4(BActivityThread.jav a:9)
01-15 18:49:35.341 26553 26553 E WM-RescheduleReceiver: at com.hello.sandbox.app.BActivityThread.N1(Unknown Source:0)
01-15 18:49:35.341 26553 26553 E WM-RescheduleReceiver: at com.appsflyer.internal.o.run(Unknown Source:14)
01-15 18:49:35.341 26553 26553 E WM-RescheduleReceiver: at android.os.Handler.handleCallback(Handler.java:1000)
01-15 18:49:35.341 26553 26553 E WM-RescheduleReceiver: at android.os.Handler.dispatchMessage(Handler.java:104)
01-15 18:49:35.341 26553 26553 E WM-RescheduleReceiver: at android.os.Looper.loopOnce(Looper.java:242)
01-15 18:49:35.341 26553 26553 E WM-RescheduleReceiver: at android.os.Looper.loop(Looper.java:362)
01-15 18:49:35.341 26553 26553 E WM-RescheduleReceiver: at android.app.ActivityThread.main(ActivityThread.java:8448)
01-15 18:49:35.341 26553 26553 E WM-RescheduleReceiver: at java.lang.reflect.Method.invoke(Native Method)
01-15 18:49:35.341 26553 26553 E WM-RescheduleReceiver: at com.android.internal.os.RuntimeInit$MethodAndArgsCaller.run(RuntimeInit.java:552)
01-15 18:49:35.341 26553 26553 E WM-RescheduleReceiver: at com.android.internal.os.ZygoteInit.main(ZygoteInit.java:992)
01-15 18:49:35.347 26553 26553 D GmsCheckinTrigger: Ignoring Intent { act=android.intent.action.BOOT_COMPLETED }: checkin is disabled
01-15 18:49:35.351 26553 26553 D WM-RescheduleReceiver: Received intent Intent { act=android.intent.action.BOOT_COMPLETED }
01-15 18:49:35.351 26553 26553 E WM-RescheduleReceiver: Cannot reschedule jobs. WorkManager needs to be initialized via a ContentProvider#onCreate() or an Application#onCreate().
01-15 18:49:35.351 26553 26553 E WM-RescheduleReceiver: java.lang.IllegalStateException: WorkManager is not initialized properly. You have explicitly disabled WorkManagerInitializer in your manifest, have not manually called WorkManager#initialize at this point, and your Application does not implement Configuration.Provider.
01-15 18:49:35.351 26553 26553 E WM-RescheduleReceiver: at i1.j.j(SourceFile:1)
01-15 18:49:35.351 26553 26553 E WM-RescheduleReceiver: at androidx.work.impl.background.systemalarm.RescheduleReceiver.onReceive(Unknown Source:29)
01-15 18:49:35.351 26553 26553 E WM-RescheduleReceiver: at com.hello.sandbox.app.BActivityThread.lambda$scheduleReceiver$4(BActivityThread.jav a:9)
01-15 18:49:35.351 26553 26553 E WM-RescheduleReceiver: at com.hello.sandbox.app.BActivityThread.N1(Unknown Source:0)
01-15 18:49:35.351 26553 26553 E WM-RescheduleReceiver: at com.appsflyer.internal.o.run(Unknown Source:14)
01-15 18:49:35.351 26553 26553 E WM-RescheduleReceiver: at android.os.Handler.handleCallback(Handler.java:1000)
01-15 18:49:35.351 26553 26553 E WM-RescheduleReceiver: at android.os.Handler.dispatchMessage(Handler.java:104)
01-15 18:49:35.351 26553 26553 E WM-RescheduleReceiver: at android.os.Looper.loopOnce(Looper.java:242)
01-15 18:49:35.351 26553 26553 E WM-RescheduleReceiver: at android.os.Looper.loop(Looper.java:362)
01-15 18:49:35.351 26553 26553 E WM-RescheduleReceiver: at android.app.ActivityThread.main(ActivityThread.java:8448)
01-15 18:49:35.351 26553 26553 E WM-RescheduleReceiver: at java.lang.reflect.Method.invoke(Native Method)
01-15 18:49:35.351 26553 26553 E WM-RescheduleReceiver: at com.android.internal.os.RuntimeInit$MethodAndArgsCaller.run(RuntimeInit.java:552)
01-15 18:49:35.351 26553 26553 E WM-RescheduleReceiver: at com.android.internal.os.ZygoteInit.main(ZygoteInit.java:992)
01-15 18:49:35.360 26553 26553 D GmsCheckinTrigger: Ignoring Intent { act=android.intent.action.BOOT_COMPLETED }: checkin is disabled
01-15 18:49:35.369 26553 26553 D WM-RescheduleReceiver: Received intent Intent { act=android.intent.action.BOOT_COMPLETED }
01-15 18:49:35.369 26553 26553 E WM-RescheduleReceiver: Cannot reschedule jobs. WorkManager needs to be initialized via a ContentProvider#onCreate() or an Application#onCreate().
01-15 18:49:35.369 26553 26553 E WM-RescheduleReceiver: java.lang.IllegalStateException: WorkManager is not initialized properly. You have explicitly disabled WorkManagerInitializer in your manifest, have not manually called WorkManager#initialize at this point, and your Application does not implement Configuration.Provider.
01-15 18:49:35.369 26553 26553 E WM-RescheduleReceiver: at i1.j.j(SourceFile:1)
01-15 18:49:35.369 26553 26553 E WM-RescheduleReceiver: at androidx.work.impl.background.systemalarm.RescheduleReceiver.onReceive(Unknown Source:29)
01-15 18:49:35.369 26553 26553 E WM-RescheduleReceiver: at com.hello.sandbox.app.BActivityThread.lambda$scheduleReceiver$4(BActivityThread.jav a:9)
01-15 18:49:35.369 26553 26553 E WM-RescheduleReceiver: at com.hello.sandbox.app.BActivityThread.N1(Unknown Source:0)
