05-26 16:59:02.739 32422 32422 W .secretspace:p3: Entry not found
05-26 16:59:02.741 32422 32422 W ziparchive: Unable to open '/data/user/0/com.hello.miheapp.secretspace/sandbox/data/app/com.instagram.android/ split_config.xxhdpi.dm': No such file or directory
05-26 16:59:02.745 32422 32422 W .secretspace:p3: Entry not found
05-26 16:59:02.746 32422 32422 W ziparchive: Unable to open '/data/user/0/com.hello.miheapp.secretspace/sandbox/data/app/com.instagram.android/ split_executorch.dm': No such file or directory
05-26 16:59:02.747 32422 32422 W .secretspace:p3: Entry not found
05-26 16:59:02.748 32145 32277 E IdleQueuePayloadBasedServiceLayer: Request empty, but still some servings left: -40960
05-26 16:59:02.749 32422 32422 W ziparchive: Unable to open '/data/user/0/com.hello.miheapp.secretspace/sandbox/data/app/com.instagram.android/ split_heliumcore.dm': No such file or directory
05-26 16:59:02.750 32422 32422 W .secretspace:p3: Entry not found
05-26 16:59:02.751 32422 32422 W ziparchive: Unable to open '/data/user/0/com.hello.miheapp.secretspace/sandbox/data/app/com.instagram.android/ split_heliumiab.dm': No such file or directory
05-26 16:59:02.752 32422 32422 W .secretspace:p3: Entry not found
05-26 16:59:02.753 32422 32422 W ziparchive: Unable to open '/data/user/0/com.hello.miheapp.secretspace/sandbox/data/app/com.instagram.android/ split_pytorch.dm': No such file or directory
05-26 16:59:02.754 32422 32422 W .secretspace:p3: Entry not found
05-26 16:59:02.755 32422 32422 W ziparchive: Unable to open '/data/user/0/com.hello.miheapp.secretspace/sandbox/data/app/com.instagram.android/ split_s_audio_stream_processor_configurable_audio.dm': No such file or directory
05-26 16:59:02.755 32145 32145 I .secretspace:p0: Explicit concurrent copying GC freed 5666KB AllocSpace bytes, 16(584KB) LOS objects, 49% free, 20MB/41MB, paused 262us,152us total 306.901ms
05-26 16:59:02.756 32422 32422 W .secretspace:p3: Entry not found
05-26 16:59:02.756 32145 32145 W Looper : PerfMonitor doFrame : time=641ms vsyncFrame=0 latency=3ms procState=-1 historyMsgCount=3
05-26 16:59:02.757 32422 32422 W ziparchive: Unable to open '/data/user/0/com.hello.miheapp.secretspace/sandbox/data/app/com.instagram.android/ split_s_executorch_pytorch.dm': No such file or directory
05-26 16:59:02.758 32422 32422 W .secretspace:p3: Entry not found
05-26 16:59:02.759 32422 32422 W ziparchive: Unable to open '/data/user/0/com.hello.miheapp.secretspace/sandbox/data/app/com.instagram.android/ split_spm.dm': No such file or directory
05-26 16:59:02.760 32422 32422 W .secretspace:p3: Entry not found
05-26 16:59:02.764 32145 32145 I Choreographer: Skipped 38 frames! The application may be doing too much work on its main thread.
05-26 16:59:02.767 32422 32422 D nativeloader: Configuring clns-8 for other apk /data/user/0/com.hello.miheapp.secretspace/sandbox/data/app/com.instagram.android/ base.apk:/data/user/0/com.hello.miheapp.secretspace/sandbox/data/app/ com.instagram.android/split_audio_stream_processor.apk:/data/user/0/ com.hello.miheapp.secretspace/sandbox/data/app/com.instagram.android/ split_audio_stream_processor_shim_impl.apk:/data/user/0/ com.hello.miheapp.secretspace/sandbox/data/app/com.instagram.android/ split_config.xxhdpi.apk:/data/user/0/com.hello.miheapp.secretspace/sandbox/data/ app/com.instagram.android/split_executorch.apk:/data/user/0/ com.hello.miheapp.secretspace/sandbox/data/app/com.instagram.android/ split_heliumcore.apk:/data/user/0/com.hello.miheapp.secretspace/sandbox/data/app/ com.instagram.android/split_heliumiab.apk:/data/user/0/ com.hello.miheapp.secretspace/sandbox/data/app/com.instagram.android/ split_pytorch.apk:/data/user/0/com.hello.miheapp.secretspace/sandbox/data/app/ com.instagram.android/split_s_audio_stream_processor_configurable_audio.apk:/data/ use
05-26 16:59:02.767 32145 32145 W Looper : PerfMonitor doFrame : time=2ms vsyncFrame=0 latency=635ms procState=-1 historyMsgCount=6 (msgIndex=1 wall=641ms seq=169 late=3ms h=android.view.Choreographer$FrameHandler c=android.view.Choreographer$FrameDisplayEventReceiver)
05-26 16:59:02.768 32145 32145 W IgMetaConfig: Could not obtain MC: not_user_session session=X.0Ce@b49cfcf
05-26 16:59:02.768 32145 32145 W IgMetaConfig: java.lang.RuntimeException: Could not obtain MC, call-site will receive default values
05-26 16:59:02.768 32145 32145 W IgMetaConfig: at X.4kk.A06(:4)
05-26 16:59:02.768 32145 32145 W IgMetaConfig: at X.4kk.A05(:43)
05-26 16:59:02.768 32145 32145 W IgMetaConfig: at X.4kk.A03(:2)
05-26 16:59:02.768 32145 32145 W IgMetaConfig: at X.2OL.A00(:14)
05-26 16:59:02.768 32145 32145 W IgMetaConfig: at X.AKn.execute(:9)
05-26 16:59:02.768 32145 32145 W IgMetaConfig: at X.2KZ.A00(:96)
05-26 16:59:02.768 32145 32145 W IgMetaConfig: at X.2HD.A01(:58)
05-26 16:59:02.768 32145 32145 W IgMetaConfig: at X.2Kq.FHA(:7)
05-26 16:59:02.768 32145 32145 W IgMetaConfig: at X.2HL.A09(:126)
05-26 16:59:02.768 32145 32145 W IgMetaConfig: at X.2HZ.run(:6)
05-26 16:59:02.768 32145 32145 W IgMetaConfig: at android.os.Handler.handleCallback(Handler.java:942)
05-26 16:59:02.768 32145 32145 W IgMetaConfig: at android.os.Handler.dispatchMessage(Handler.java:99)
05-26 16:59:02.768 32145 32145 W IgMetaConfig: at android.os.Looper.loopOnce(Looper.java:211)
05-26 16:59:02.768 32145 32145 W IgMetaConfig: at android.os.Looper.loop(Looper.java:300)
05-26 16:59:02.768 32145 32145 W IgMetaConfig: at android.app.ActivityThread.main(ActivityThread.java:8503)
05-26 16:59:02.768 32145 32145 W IgMetaConfig: at java.lang.reflect.Method.invoke(Native Method)
05-26 16:59:02.768 32145 32145 W IgMetaConfig: at com.android.internal.os.RuntimeInit$MethodAndArgsCaller.run(RuntimeInit.java:561)
05-26 16:59:02.768 32145 32145 W IgMetaConfig: at com.android.internal.os.ZygoteInit.main(ZygoteInit.java:954)
05-26 16:59:02.788 32145 32145 W IgMetaConfig: Could not obtain MC: not_user_session session=X.0Ce@b49cfcf
05-26 16:59:02.788 32145 32145 W IgMetaConfig: java.lang.RuntimeException: Could not obtain MC, call-site will receive default values
05-26 16:59:02.788 32145 32145 W IgMetaConfig: at X.4kk.A06(:4)
05-26 16:59:02.788 32145 32145 W IgMetaConfig: at X.4kk.A05(:43)
05-26 16:59:02.788 32145 32145 W IgMetaConfig: at X.4kk.A03(:2)
05-26 16:59:02.788 32145 32145 W IgMetaConfig: at X.FhQ.A0E(:2)
05-26 16:59:02.788 32145 32145 W IgMetaConfig: at X.FhQ.A07(:72)
05-26 16:59:02.788 32145 32145 W IgMetaConfig: at X.CcJ.A00(:157)
05-26 16:59:02.788 32145 32145 W IgMetaConfig: at X.8aR.A0j(:1053)
05-26 16:59:02.788 32145 32145 W IgMetaConfig: at X.8aR.A0X(:1378)
05-26 16:59:02.788 32145 32145 W IgMetaConfig: at X.2Kt.AoW(:37)
05-26 16:59:02.788 32145 32145 W IgMetaConfig: at X.2LG.AoW(:631)
05-26 16:59:02.788 32145 32145 W IgMetaConfig: at X.2LE.A03(:28)
05-26 16:59:02.788 32145 32145 W IgMetaConfig: at X.2FH.A0B(:414)
05-26 16:59:02.788 32145 32145 W IgMetaConfig: at X.2Eu.A00(:240)
05-26 16:59:02.788 32145 32145 W IgMetaConfig: at X.2Et.A01(:106)
05-26 16:59:02.788 32145 32145 W IgMetaConfig: at X.2LE.A03(:19)
05-26 16:59:02.788 32145 32145 W IgMetaConfig: at X.2FH.A0B(:414)
05-26 16:59:02.788 32145 32145 W IgMetaConfig: at X.2Eu.A00(:240)
05-26 16:59:02.788 32145 32145 W IgMetaConfig: at X.2Et.A01(:106)
05-26 16:59:02.788 32145 32145 W IgMetaConfig: at X.2Et.A00(:2)
05-26 16:59:02.788 32145 32145 W IgMetaConfig: at X.8t7.A02(:10)
05-26 16:59:02.788 32145 32145 W IgMetaConfig: at X.BWc.Aoo(:159)
05-26 16:59:02.788 32145 32145 W IgMetaConfig: at X.1rH.A01(:30)
05-26 16:59:02.788 32145 32145 W IgMetaConfig: at X.1kb.A02(:28)
05-26 16:59:02.788 32145 32145 W IgMetaConfig: at X.1lF.run(:330)
05-26 16:59:02.788 32145 32145 W IgMetaConfig: at android.os.Handler.handleCallback(Handler.java:942)
05-26 16:59:02.788 32145 32145 W IgMetaConfig: at android.os.Handler.dispatchMessage(Handler.java:99)
05-26 16:59:02.788 32145 32145 W IgMetaConfig: at android.os.Looper.loopOnce(Looper.java:211)
05-26 16:59:02.788 32145 32145 W IgMetaConfig: at android.os.Looper.loop(Looper.java:300)
05-26 16:59:02.788 32145 32145 W IgMetaConfig: at android.app.ActivityThread.main(ActivityThread.java:8503)
05-26 16:59:02.788 32145 32145 W IgMetaConfig: at java.lang.reflect.Method.invoke(Native Method)
05-26 16:59:02.788 32145 32145 W IgMetaConfig: at com.android.internal.os.RuntimeInit$MethodAndArgsCaller.run(RuntimeInit.java:561)
05-26 16:59:02.788 32145 32145 W IgMetaConfig: at com.android.internal.os.ZygoteInit.main(ZygoteInit.java:954)
05-26 16:59:02.795 32145 32520 W IgMetaConfig: Could not obtain MC: not_user_session session=X.0Ce@b49cfcf
05-26 16:59:02.795 32145 32520 W IgMetaConfig: java.lang.RuntimeException: Could not obtain MC, call-site will receive default values
05-26 16:59:02.795 32145 32520 W IgMetaConfig: at X.4kk.A06(:4)
05-26 16:59:02.795 32145 32520 W IgMetaConfig: at X.4kk.A05(:43)
05-26 16:59:02.795 32145 32520 W IgMetaConfig: at X.4kk.A03(:2)
05-26 16:59:02.795 32145 32520 W IgMetaConfig: at X.2NN.A02(:1172509)
05-26 16:59:02.795 32145 32520 W IgMetaConfig: at X.1Ri.A00(:268)
05-26 16:59:02.795 32145 32520 W IgMetaConfig: at X.1Ri.AMB(:19)
05-26 16:59:02.795 32145 32520 W IgMetaConfig: at com.facebook.flexlayout.FlexLayoutNativeMeasureCallback.measureNative(:143)
05-26 16:59:02.795 32145 32520 W IgMetaConfig: at com.facebook.flexlayout.FlexLayoutNative.jni_calculateLayout(Native Method)
05-26 16:59:02.795 32145 32520 W IgMetaConfig: at X.2NN.A02(:1172411)
05-26 16:59:02.795 32145 32520 W IgMetaConfig: at X.1Ri.A00(:268)
05-26 16:59:02.795 32145 32520 W IgMetaConfig: at X.1Ri.AMB(:19)
05-26 16:59:02.795 32145 32520 W IgMetaConfig: at com.facebook.flexlayout.FlexLayoutNativeMeasureCallback.measureNative(:143)
05-26 16:59:02.795 32145 32520 W IgMetaConfig: at com.facebook.flexlayout.FlexLayoutNative.jni_calculateLayout(Native Method)
05-26 16:59:02.795 32145 32520 W IgMetaConfig: at X.2NN.A02(:1172411)
05-26 16:59:02.795 32145 32520 W IgMetaConfig: at X.1Ri.A00(:268)
05-26 16:59:02.795 32145 32520 W IgMetaConfig: at X.1Ri.AMB(:19)
05-26 16:59:02.795 32145 32520 W IgMetaConfig: at com.facebook.flexlayout.FlexLayoutNativeMeasureCallback.measureNative(:143)
05-26 16:59:02.795 32145 32520 W IgMetaConfig: at com.facebook.flexlayout.FlexLayoutNative.jni_calculateLayout(Native Method)
05-26 16:59:02.795 32145 32520 W IgMetaConfig: at X.2NN.A02(:1172411)
05-26 16:59:02.795 32145 32520 W IgMetaConfig: at X.1Ri.A00(:268)
05-26 16:59:02.795 32145 32520 W IgMetaConfig: at X.1Ri.AMB(:19)
05-26 16:59:02.795 32145 32520 W IgMetaConfig: at com.facebook.flexlayout.FlexLayoutNativeMeasureCallback.measureNative(:143)
05-26 16:59:02.795 32145 32520 W IgMetaConfig: at com.facebook.flexlayout.FlexLayoutNative.jni_calculateLayout(Native Method)
05-26 16:59:02.795 32145 32520 W IgMetaConfig: at X.2NN.A02(:1172411)
05-26 16:59:02.795 32145 32520 W IgMetaConfig: at X.1Ri.A00(:268)
05-26 16:59:02.795 32145 32520 W IgMetaConfig: at X.1Ri.AMB(:19)
05-26 16:59:02.795 32145 32520 W IgMetaConfig: at com.facebook.flexlayout.FlexLayoutNativeMeasureCallback.measureNative(:143)
05-26 16:59:02.795 32145 32520 W IgMetaConfig: at com.facebook.flexlayout.FlexLayoutNative.jni_calculateLayout(Native Method)
05-26 16:59:02.795 32145 32520 W IgMetaConfig: at X.2NN.A02(:1172411)
05-26 16:59:02.795 32145 32520 W IgMetaConfig: at X.1Ri.A00(:268)
05-26 16:59:02.795 32145 32520 W IgMetaConfig: at X.1Ri.AMB(:19)
05-26 16:59:02.795 32145 32520 W IgMetaConfig: at com.facebook.flexlayout.FlexLayoutNativeMeasureCallback.measureNative(:143)
05-26 16:59:02.795 32145 32520 W IgMetaConfig: at com.facebook.flexlayout.FlexLayoutNative.jni_calculateLayout(Native Method)
05-26 16:59:02.795 32145 32520 W IgMetaConfig: at X.2NN.A02(:1172411)
05-26 16:59:02.795 32145 32520 W IgMetaConfig: at X.1Ri.A00(:268)
05-26 16:59:02.795 32145 32520 W IgMetaConfig: at X.1Ri.AMB(:19)
05-26 16:59:02.795 32145 32520 W IgMetaConfig: at com.facebook.flexlayout.FlexLayoutNativeMeasureCallback.measureNative(:143)
05-26 16:59:02.795 32145 32520 W IgMetaConfig: at com.facebook.flexlayout.FlexLayoutNative.jni_calculateLayout(Native Method)
05-26 16:59:02.795 32145 32520 W IgMetaConfig: at X.2NN.A02(:1172411)
05-26 16:59:02.795 32145 32520 W IgMetaConfig: at X.1Ri.A00(:268)
05-26 16:59:02.795 32145 32520 W IgMetaConfig: at X.1Ri.AMB(:19)
05-26 16:59:02.795 32145 32520 W IgMetaConfig: at com.facebook.flexlayout.FlexLayoutNativeMeasureCallback.measureNative(:143)
05-26 16:59:02.795 32145 32520 W IgMetaConfig: at com.facebook.flexlayout.FlexLayoutNative.jni_calculateLayout(Native Method)
05-26 16:59:02.795 32145 32520 W IgMetaConfig: at X.2NN.A02(:1172411)
05-26 16:59:02.795 32145 32520 W IgMetaConfig: at X.1Ri.A00(:268)
05-26 16:59:02.795 32145 32520 W IgMetaConfig: at X.1Ri.AMB(:19)
05-26 16:59:02.795 32145 32520 W IgMetaConfig: at com.facebook.flexlayout.FlexLayoutNativeMeasureCallback.measureNative(:143)
05-26 16:59:02.795 32145 32520 W IgMetaConfig: at com.facebook.flexlayout.FlexLayoutNative.jni_calculateLayout(Native Method)
05-26 16:59:02.795 32145 32520 W IgMetaConfig: at X.2NN.A02(:1172411)
05-26 16:59:02.795 32145 32520 W IgMetaConfig: at X.1Ri.A00(:268)
05-26 16:59:02.795 32145 32520 W IgMetaConfig: at X.1Ri.AMB(:19)
05-26 16:59:02.795 32145 32520 W IgMetaConfig: at com.facebook.flexlayout.FlexLayoutNativeMeasureCallback.measureNative(:143)
05-26 16:59:02.795 32145 32520 W IgMetaConfig: at com.facebook.flexlayout.FlexLayoutNative.jni_calculateLayout(Native Method)
05-26 16:59:02.795 32145 32520 W IgMetaConfig: at X.2NN.A02(:1172411)
05-26 16:59:02.795 32145 32520 W IgMetaConfig: at X.1Ri.A00(:268)
05-26 16:59:02.795 32145 32520 W IgMetaConfig: at X.1Ri.AMB(:19)
05-26 16:59:02.795 32145 32520 W IgMetaConfig: at com.facebook.flexlayout.FlexLayoutNativeMeasureCallback.measureNative(:143)
05-26 16:59:02.795 32145 32520 W IgMetaConfig: at com.facebook.flexlayout.FlexLayoutNative.jni_calculateLayout(Native Method)
05-26 16:59:02.795 32145 32520 W IgMetaConfig: at X.2NN.A02(:1172411)
05-26 16:59:02.795 32145 32520 W IgMetaConfig: at X.1Ri.A00(:268)
05-26 16:59:02.795 32145 32520 W IgMetaConfig: at X.1Ri.AMB(:19)
05-26 16:59:02.795 32145 32520 W IgMetaConfig: at X.2NN.A02(:1172879)
05-26 16:59:02.795 32145 32520 W IgMetaConfig: at X.1Ri.A00(:268)
05-26 16:59:02.795 32145 32520 W IgMetaConfig: at X.1Ri.AMB(:19)
05-26 16:59:02.795 32145 32520 W IgMetaConfig: at X.2Fb.A00(:8)
05-26 16:59:02.795 32145 32520 W IgMetaConfig: at X.1Ri.AMC(Unknown Source:0)
05-26 16:59:02.795 32145 32520 W IgMetaConfig: at X.2FZ.A03(:12)
05-26 16:59:02.795 32145 32520 W IgMetaConfig: at X.2Br.call(:63)
05-26 16:59:02.795 32145 32520 W IgMetaConfig: at java.util.concurrent.FutureTask.run(FutureTask.java:264)
05-26 16:59:02.795 32145 32520 W IgMetaConfig: at X.8Ix.A00(:23)
05-26 16:59:02.795 32145 32520 W IgMetaConfig: at X.2KZ.A02(:63)
05-26 16:59:02.795 32145 32520 W IgMetaConfig: at X.2Lq.run(:21)
05-26 16:59:02.795 32145 32520 W IgMetaConfig: at android.os.Handler.handleCallback(Handler.java:942)
05-26 16:59:02.795 32145 32520 W IgMetaConfig: at android.os.Handler.dispatchMessage(Handler.java:99)
05-26 16:59:02.795 32145 32520 W IgMetaConfig: at android.os.Looper.loopOnce(Looper.java:211)
05-26 16:59:02.795 32145 32520 W IgMetaConfig: at android.os.Looper.loop(Looper.java:300)
05-26 16:59:02.795 32145 32520 W IgMetaConfig: at android.os.HandlerThread.run(HandlerThread.java:67)
05-26 16:59:02.797 32145 32145 W IgMetaConfig: Could not obtain MC: not_user_session session=X.0Ce@b49cfcf
05-26 16:59:02.797 32145 32145 W IgMetaConfig: java.lang.RuntimeException: Could not obtain MC, call-site will receive default values
05-26 16:59:02.797 32145 32145 W IgMetaConfig: at X.4kk.A06(:4)
05-26 16:59:02.797 32145 32145 W IgMetaConfig: at X.4kk.A05(:43)
05-26 16:59:02.797 32145 32145 W IgMetaConfig: at X.4kk.A03(:2)
05-26 16:59:02.797 32145 32145 W IgMetaConfig: at X.FhQ.A09(:1)
05-26 16:59:02.797 32145 32145 W IgMetaConfig: at X.CcJ.A00(:167)
05-26 16:59:02.797 32145 32145 W IgMetaConfig: at X.8aR.A0j(:1053)
05-26 16:59:02.797 32145 32145 W IgMetaConfig: at X.8aR.A0X(:1378)
05-26 16:59:02.797 32145 32145 W IgMetaConfig: at X.2Kt.AoW(:37)
05-26 16:59:02.797 32145 32145 W IgMetaConfig: at X.2LG.AoW(:631)
05-26 16:59:02.797 32145 32145 W IgMetaConfig: at X.2LE.A03(:28)
05-26 16:59:02.797 32145 32145 W IgMetaConfig: at X.2FH.A0B(:414)
05-26 16:59:02.797 32145 32145 W IgMetaConfig: at X.2Eu.A00(:240)
05-26 16:59:02.797 32145 32145 W IgMetaConfig: at X.2Et.A01(:106)
05-26 16:59:02.797 32145 32145 W IgMetaConfig: at X.2LE.A03(:19)
05-26 16:59:02.797 32145 32145 W IgMetaConfig: at X.2FH.A0B(:414)
05-26 16:59:02.797 32145 32145 W IgMetaConfig: at X.2Eu.A00(:240)
05-26 16:59:02.797 32145 32145 W IgMetaConfig: at X.2Et.A01(:106)
05-26 16:59:02.797 32145 32145 W IgMetaConfig: at X.2Et.A00(:2)
05-26 16:59:02.797 32145 32145 W IgMetaConfig: at X.8t7.A02(:10)
05-26 16:59:02.797 32145 32145 W IgMetaConfig: at X.BWc.Aoo(:159)
05-26 16:59:02.797 32145 32145 W IgMetaConfig: at X.1rH.A01(:30)
05-26 16:59:02.797 32145 32145 W IgMetaConfig: at X.1kb.A02(:28)
05-26 16:59:02.797 32145 32145 W IgMetaConfig: at X.1lF.run(:330)
05-26 16:59:02.797 32145 32145 W IgMetaConfig: at android.os.Handler.handleCallback(Handler.java:942)
05-26 16:59:02.797 32145 32145 W IgMetaConfig: at android.os.Handler.dispatchMessage(Handler.java:99)
05-26 16:59:02.797 32145 32145 W IgMetaConfig: at android.os.Looper.loopOnce(Looper.java:211)
05-26 16:59:02.797 32145 32145 W IgMetaConfig: at android.os.Looper.loop(Looper.java:300)
05-26 16:59:02.797 32145 32145 W IgMetaConfig: at android.app.ActivityThread.main(ActivityThread.java:8503)
05-26 16:59:02.797 32145 32145 W IgMetaConfig: at java.lang.reflect.Method.invoke(Native Method)
05-26 16:59:02.797 32145 32145 W IgMetaConfig: at com.android.internal.os.RuntimeInit$MethodAndArgsCaller.run(RuntimeInit.java:561)
05-26 16:59:02.797 32145 32145 W IgMetaConfig: at com.android.internal.os.ZygoteInit.main(ZygoteInit.java:954)
05-26 16:59:02.799 32422 32422 D NetworkSecurityConfig: Using Network Security Config from resource fb_network_security_config debugBuild: false
05-26 16:59:02.802 32422 32422 D NetworkSecurityConfig: Using Network Security Config from resource fb_network_security_config debugBuild: false
05-26 16:59:02.811 32145 32145 W IgMetaConfig: Could not obtain MC: not_user_session session=X.0Ce@b49cfcf
05-26 16:59:02.811 32145 32145 W IgMetaConfig: java.lang.RuntimeException: Could not obtain MC, call-site will receive default values
05-26 16:59:02.811 32145 32145 W IgMetaConfig: at X.4kk.A06(:4)
05-26 16:59:02.811 32145 32145 W IgMetaConfig: at X.4kk.A05(:43)
05-26 16:59:02.811 32145 32145 W IgMetaConfig: at X.4kk.A03(:2)
05-26 16:59:02.811 32145 32145 W IgMetaConfig: at X.FhQ.A0E(:2)
05-26 16:59:02.811 32145 32145 W IgMetaConfig: at X.FhQ.A07(:72)
05-26 16:59:02.811 32145 32145 W IgMetaConfig: at X.CcJ.A00(:157)
05-26 16:59:02.811 32145 32145 W IgMetaConfig: at X.8aR.A0j(:1053)
05-26 16:59:02.811 32145 32145 W IgMetaConfig: at X.8aR.A0X(:1378)
05-26 16:59:02.811 32145 32145 W IgMetaConfig: at X.2Kt.AoW(:37)
05-26 16:59:02.811 32145 32145 W IgMetaConfig: at X.2LG.AoW(:631)
05-26 16:59:02.811 32145 32145 W IgMetaConfig: at X.2LE.A03(:28)
05-26 16:59:02.811 32145 32145 W IgMetaConfig: at X.2FH.A0B(:414)
05-26 16:59:02.811 32145 32145 W IgMetaConfig: at X.2Eu.A00(:240)
05-26 16:59:02.811 32145 32145 W IgMetaConfig: at X.2Et.A01(:106)
05-26 16:59:02.811 32145 32145 W IgMetaConfig: at X.2LE.A03(:19)
05-26 16:59:02.811 32145 32145 W IgMetaConfig: at X.2FH.A0B(:414)
05-26 16:59:02.811 32145 32145 W IgMetaConfig: at X.2Eu.A00(:240)
05-26 16:59:02.811 32145 32145 W IgMetaConfig: at X.2Et.A01(:106)
05-26 16:59:02.811 32145 32145 W IgMetaConfig: at X.2Et.A00(:2)
05-26 16:59:02.811 32145 32145 W IgMetaConfig: at X.8t7.A02(:10)
05-26 16:59:02.811 32145 32145 W IgMetaConfig: at X.BWc.Aoo(:159)
05-26 16:59:02.811 32145 32145 W IgMetaConfig: at X.1rH.A01(:30)
05-26 16:59:02.811 32145 32145 W IgMetaConfig: at X.1kb.A02(:28)
05-26 16:59:02.811 32145 32145 W IgMetaConfig: at X.1lF.run(:330)
05-26 16:59:02.811 32145 32145 W IgMetaConfig: at android.os.Handler.handleCallback(Handler.java:942)
05-26 16:59:02.811 32145 32145 W IgMetaConfig: at android.os.Handler.dispatchMessage(Handler.java:99)
05-26 16:59:02.811 32145 32145 W IgMetaConfig: at android.os.Looper.loopOnce(Looper.java:211)
05-26 16:59:02.811 32145 32145 W IgMetaConfig: at android.os.Looper.loop(Looper.java:300)
05-26 16:59:02.811 32145 32145 W IgMetaConfig: at android.app.ActivityThread.main(ActivityThread.java:8503)
05-26 16:59:02.811 32145 32145 W IgMetaConfig: at java.lang.reflect.Method.invoke(Native Method)
05-26 16:59:02.811 32145 32145 W IgMetaConfig: at com.android.internal.os.RuntimeInit$MethodAndArgsCaller.run(RuntimeInit.java:561)
05-26 16:59:02.811 32145 32145 W IgMetaConfig: at com.android.internal.os.ZygoteInit.main(ZygoteInit.java:954)
05-26 16:59:02.817 32145 32145 W IgMetaConfig: Could not obtain MC: not_user_session session=X.0Ce@b49cfcf
05-26 16:59:02.817 32145 32145 W IgMetaConfig: java.lang.RuntimeException: Could not obtain MC, call-site will receive default values
05-26 16:59:02.817 32145 32145 W IgMetaConfig: at X.4kk.A06(:4)
05-26 16:59:02.817 32145 32145 W IgMetaConfig: at X.4kk.A05(:43)
05-26 16:59:02.817 32145 32145 W IgMetaConfig: at X.4kk.A03(:2)
05-26 16:59:02.817 32145 32145 W IgMetaConfig: at X.FhQ.A09(:1)
05-26 16:59:02.817 32145 32145 W IgMetaConfig: at X.CcJ.A00(:167)
05-26 16:59:02.817 32145 32145 W IgMetaConfig: at X.8aR.A0j(:1053)
05-26 16:59:02.817 32145 32145 W IgMetaConfig: at X.8aR.A0X(:1378)
05-26 16:59:02.817 32145 32145 W IgMetaConfig: at X.2Kt.AoW(:37)
05-26 16:59:02.817 32145 32145 W IgMetaConfig: at X.2LG.AoW(:631)
05-26 16:59:02.817 32145 32145 W IgMetaConfig: at X.2LE.A03(:28)
05-26 16:59:02.817 32145 32145 W IgMetaConfig: at X.2FH.A0B(:414)
05-26 16:59:02.817 32145 32145 W IgMetaConfig: at X.2Eu.A00(:240)
05-26 16:59:02.817 32145 32145 W IgMetaConfig: at X.2Et.A01(:106)
05-26 16:59:02.817 32145 32145 W IgMetaConfig: at X.2LE.A03(:19)
05-26 16:59:02.817 32145 32145 W IgMetaConfig: at X.2FH.A0B(:414)
05-26 16:59:02.817 32145 32145 W IgMetaConfig: at X.2Eu.A00(:240)
05-26 16:59:02.817 32145 32145 W IgMetaConfig: at X.2Et.A01(:106)
05-26 16:59:02.817 32145 32145 W IgMetaConfig: at X.2Et.A00(:2)
05-26 16:59:02.817 32145 32145 W IgMetaConfig: at X.8t7.A02(:10)
05-26 16:59:02.817 32145 32145 W IgMetaConfig: at X.BWc.Aoo(:159)
05-26 16:59:02.817 32145 32145 W IgMetaConfig: at X.1rH.A01(:30)
05-26 16:59:02.817 32145 32145 W IgMetaConfig: at X.1kb.A02(:28)
05-26 16:59:02.817 32145 32145 W IgMetaConfig: at X.1lF.run(:330)
05-26 16:59:02.817 32145 32145 W IgMetaConfig: at android.os.Handler.handleCallback(Handler.java:942)
05-26 16:59:02.817 32145 32145 W IgMetaConfig: at android.os.Handler.dispatchMessage(Handler.java:99)
05-26 16:59:02.817 32145 32145 W IgMetaConfig: at android.os.Looper.loopOnce(Looper.java:211)
05-26 16:59:02.817 32145 32145 W IgMetaConfig: at android.os.Looper.loop(Looper.java:300)
05-26 16:59:02.817 32145 32145 W IgMetaConfig: at android.app.ActivityThread.main(ActivityThread.java:8503)
05-26 16:59:02.817 32145 32145 W IgMetaConfig: at java.lang.reflect.Method.invoke(Native Method)
05-26 16:59:02.817 32145 32145 W IgMetaConfig: at com.android.internal.os.RuntimeInit$MethodAndArgsCaller.run(RuntimeInit.java:561)
05-26 16:59:02.817 32145 32145 W IgMetaConfig: at com.android.internal.os.ZygoteInit.main(ZygoteInit.java:954)
05-26 16:59:02.833 32145 32145 W IgMetaConfig: Could not obtain MC: not_user_session session=X.0Ce@b49cfcf
05-26 16:59:02.833 32145 32145 W IgMetaConfig: java.lang.RuntimeException: Could not obtain MC, call-site will receive default values
05-26 16:59:02.833 32145 32145 W IgMetaConfig: at X.4kk.A06(:4)
05-26 16:59:02.833 32145 32145 W IgMetaConfig: at X.4kk.A05(:43)
05-26 16:59:02.833 32145 32145 W IgMetaConfig: at X.4kk.A03(:2)
05-26 16:59:02.833 32145 32145 W IgMetaConfig: at X.FhQ.A0E(:2)
05-26 16:59:02.833 32145 32145 W IgMetaConfig: at X.FhQ.A07(:72)
05-26 16:59:02.833 32145 32145 W IgMetaConfig: at X.CcJ.A00(:157)
05-26 16:59:02.833 32145 32145 W IgMetaConfig: at X.8aR.A0j(:1053)
05-26 16:59:02.833 32145 32145 W IgMetaConfig: at X.8aR.A0X(:1378)
05-26 16:59:02.833 32145 32145 W IgMetaConfig: at X.2Kt.AoW(:37)
05-26 16:59:02.833 32145 32145 W IgMetaConfig: at X.2LG.AoW(:631)
05-26 16:59:02.833 32145 32145 W IgMetaConfig: at X.2LE.A03(:28)
05-26 16:59:02.833 32145 32145 W IgMetaConfig: at X.2FH.A0B(:414)
05-26 16:59:02.833 32145 32145 W IgMetaConfig: at X.2Eu.A00(:240)
05-26 16:59:02.833 32145 32145 W IgMetaConfig: at X.2Et.A01(:106)
05-26 16:59:02.833 32145 32145 W IgMetaConfig: at X.2Et.A00(:2)
05-26 16:59:02.833 32145 32145 W IgMetaConfig: at X.8t7.A02(:10)
05-26 16:59:02.833 32145 32145 W IgMetaConfig: at X.BWc.Aoo(:159)
05-26 16:59:02.833 32145 32145 W IgMetaConfig: at X.1rH.A01(:30)
05-26 16:59:02.833 32145 32145 W IgMetaConfig: at X.1kb.A02(:28)
05-26 16:59:02.833 32145 32145 W IgMetaConfig: at X.1lF.run(:330)
05-26 16:59:02.833 32145 32145 W IgMetaConfig: at android.os.Handler.handleCallback(Handler.java:942)
05-26 16:59:02.833 32145 32145 W IgMetaConfig: at android.os.Handler.dispatchMessage(Handler.java:99)
05-26 16:59:02.833 32145 32145 W IgMetaConfig: at android.os.Looper.loopOnce(Looper.java:211)
05-26 16:59:02.833 32145 32145 W IgMetaConfig: at android.os.Looper.loop(Looper.java:300)
05-26 16:59:02.833 32145 32145 W IgMetaConfig: at android.app.ActivityThread.main(ActivityThread.java:8503)
05-26 16:59:02.833 32145 32145 W IgMetaConfig: at java.lang.reflect.Method.invoke(Native Method)
05-26 16:59:02.833 32145 32145 W IgMetaConfig: at com.android.internal.os.RuntimeInit$MethodAndArgsCaller.run(RuntimeInit.java:561)
05-26 16:59:02.833 32145 32145 W IgMetaConfig: at com.android.internal.os.ZygoteInit.main(ZygoteInit.java:954)
05-26 16:59:02.839 32145 32145 W IgMetaConfig: Could not obtain MC: not_user_session session=X.0Ce@b49cfcf
05-26 16:59:02.839 32145 32145 W IgMetaConfig: java.lang.RuntimeException: Could not obtain MC, call-site will receive default values
05-26 16:59:02.839 32145 32145 W IgMetaConfig: at X.4kk.A06(:4)
05-26 16:59:02.839 32145 32145 W IgMetaConfig: at X.4kk.A05(:43)
05-26 16:59:02.839 32145 32145 W IgMetaConfig: at X.4kk.A03(:2)
05-26 16:59:02.839 32145 32145 W IgMetaConfig: at X.FhQ.A09(:1)
05-26 16:59:02.839 32145 32145 W IgMetaConfig: at X.CcJ.A00(:167)
05-26 16:59:02.839 32145 32145 W IgMetaConfig: at X.8aR.A0j(:1053)
05-26 16:59:02.839 32145 32145 W IgMetaConfig: at X.8aR.A0X(:1378)
05-26 16:59:02.839 32145 32145 W IgMetaConfig: at X.2Kt.AoW(:37)
05-26 16:59:02.839 32145 32145 W IgMetaConfig: at X.2LG.AoW(:631)
05-26 16:59:02.839 32145 32145 W IgMetaConfig: at X.2LE.A03(:28)
05-26 16:59:02.839 32145 32145 W IgMetaConfig: at X.2FH.A0B(:414)
05-26 16:59:02.839 32145 32145 W IgMetaConfig: at X.2Eu.A00(:240)
05-26 16:59:02.839 32145 32145 W IgMetaConfig: at X.2Et.A01(:106)
05-26 16:59:02.839 32145 32145 W IgMetaConfig: at X.2Et.A00(:2)
05-26 16:59:02.839 32145 32145 W IgMetaConfig: at X.8t7.A02(:10)
05-26 16:59:02.839 32145 32145 W IgMetaConfig: at X.BWc.Aoo(:159)
05-26 16:59:02.839 32145 32145 W IgMetaConfig: at X.1rH.A01(:30)
05-26 16:59:02.839 32145 32145 W IgMetaConfig: at X.1kb.A02(:28)
05-26 16:59:02.839 32145 32145 W IgMetaConfig: at X.1lF.run(:330)
05-26 16:59:02.839 32145 32145 W IgMetaConfig: at android.os.Handler.handleCallback(Handler.java:942)
05-26 16:59:02.839 32145 32145 W IgMetaConfig: at android.os.Handler.dispatchMessage(Handler.java:99)
05-26 16:59:02.839 32145 32145 W IgMetaConfig: at android.os.Looper.loopOnce(Looper.java:211)
05-26 16:59:02.839 32145 32145 W IgMetaConfig: at android.os.Looper.loop(Looper.java:300)
05-26 16:59:02.839 32145 32145 W IgMetaConfig: at android.app.ActivityThread.main(ActivityThread.java:8503)
05-26 16:59:02.839 32145 32145 W IgMetaConfig: at java.lang.reflect.Method.invoke(Native Method)
05-26 16:59:02.839 32145 32145 W IgMetaConfig: at com.android.internal.os.RuntimeInit$MethodAndArgsCaller.run(RuntimeInit.java:561)
05-26 16:59:02.839 32145 32145 W IgMetaConfig: at com.android.internal.os.ZygoteInit.main(ZygoteInit.java:954)
05-26 16:59:02.885 32145 32145 D CompatibilityChangeReporter: Compat change id reported: 163400105; UID 10003; state: ENABLED
05-26 16:59:02.891 32145 32145 I AssistStructure: Flattened final assist data: 3144 bytes, containing 1 windows, 24 views
05-26 16:59:02.919 32145 32145 W Looper : PerfMonitor looperActivity : package=com.instagram.android/com.instagram.nux.activity.BloksSignedOutFragmentActi vity time=10ms latency=355ms procState=-1 historyMsgCount=28 (msgIndex=1 wall=641ms seq=169 late=3ms h=android.view.Choreographer$FrameHandler c=android.view.Choreographer$FrameDisplayEventReceiver)
05-26 16:59:02.926 32145 32145 D DecorView[]: onWindowFocusChanged hasWindowFocus true
05-26 16:59:02.927 32145 32145 I HandWritingStubImpl: refreshLastKeyboardType: 1
05-26 16:59:02.927 32145 32145 I HandWritingStubImpl: getCurrentKeyboardType: 1
05-26 16:59:02.944 32422 32422 W lacrima : LacrimaConfigBuilder.setUserIdActorId not called, using 0
05-26 16:59:02.944 32422 32422 W lacrima : LacrimaConfigBuilder.setUserIdActingAccountId not called, using 0
05-26 16:59:02.992 32422 32422 W lacrima : Start JavaAppDeathCrashDetector... X.3ff
05-26 16:59:02.997 32422 32422 W lacrima : Sending pending reports
05-26 16:59:03.000 32145 32145 W MiuiMagicPointerUtilsStubHeadImpl: MiuiMagicPointerUtilsStubHeadImpl has been initialized !!
05-26 16:59:03.004 32422 32422 W SoLoader: Initializing SoLoader: 2
05-26 16:59:03.004 32422 32422 W SoLoader: context.getApplicationContext returned null, holding reference to original context.ApplicationSoSource fallbacks to: /data/user/0/com.hello.miheapp.secretspace/sandbox/data/app/com.instagram.android/ lib
05-26 16:59:03.005 32422 32422 W SoLoader: Recording new base apk path: /data/user/0/com.hello.miheapp.secretspace/sandbox/data/app/com.instagram.android/ base.apk
05-26 16:59:03.005 32422 32422 W SoLoader: Previously recorded 0 base apk paths.
05-26 16:59:03.009 32145 32145 W IgMetaConfig: Could not obtain MC: not_user_session session=X.0Ce@b49cfcf
05-26 16:59:03.009 32145 32145 W IgMetaConfig: java.lang.RuntimeException: Could not obtain MC, call-site will receive default values
05-26 16:59:03.009 32145 32145 W IgMetaConfig: at X.4kk.A06(:4)
05-26 16:59:03.009 32145 32145 W IgMetaConfig: at X.4kk.A05(:43)
05-26 16:59:03.009 32145 32145 W IgMetaConfig: at X.4kk.A03(:2)
05-26 16:59:03.009 32145 32145 W IgMetaConfig: at X.2OL.A00(:14)
05-26 16:59:03.009 32145 32145 W IgMetaConfig: at X.AKn.execute(:9)
05-26 16:59:03.009 32145 32145 W IgMetaConfig: at X.2KZ.A00(:96)
05-26 16:59:03.009 32145 32145 W IgMetaConfig: at X.2HD.A01(:58)
05-26 16:59:03.009 32145 32145 W IgMetaConfig: at X.2Kq.FHA(:7)
05-26 16:59:03.009 32145 32145 W IgMetaConfig: at X.2HL.A09(:126)
05-26 16:59:03.009 32145 32145 W IgMetaConfig: at X.2HZ.run(:6)
05-26 16:59:03.009 32145 32145 W IgMetaConfig: at android.os.Handler.handleCallback(Handler.java:942)
05-26 16:59:03.009 32145 32145 W IgMetaConfig: at android.os.Handler.dispatchMessage(Handler.java:99)
05-26 16:59:03.009 32145 32145 W IgMetaConfig: at android.os.Looper.loopOnce(Looper.java:211)
05-26 16:59:03.009 32145 32145 W IgMetaConfig: at android.os.Looper.loop(Looper.java:300)
05-26 16:59:03.009 32145 32145 W IgMetaConfig: at android.app.ActivityThread.main(ActivityThread.java:8503)
05-26 16:59:03.009 32145 32145 W IgMetaConfig: at java.lang.reflect.Method.invoke(Native Method)
05-26 16:59:03.009 32145 32145 W IgMetaConfig: at com.android.internal.os.RuntimeInit$MethodAndArgsCaller.run(RuntimeInit.java:561)
05-26 16:59:03.009 32145 32145 W IgMetaConfig: at com.android.internal.os.ZygoteInit.main(ZygoteInit.java:954)
05-26 16:59:03.140 32422 32422 W BackupSoSource: adding backup source from split: ExtractFromZipSoSource[/data/data/com.hello.miheapp.secretspace/sandbox/data/app/ com.instagram.android/split_heliumcore.apk]
05-26 16:59:03.142 32422 32422 W BackupSoSource: adding backup source from split: ExtractFromZipSoSource[/data/data/com.hello.miheapp.secretspace/sandbox/data/app/ com.instagram.android/split_heliumiab.apk]
05-26 16:59:03.148 32422 32422 W SoLoader: SoLoader initialized: 2
05-26 16:59:03.171 32422 32422 W FbSoLoader: Will use precomputed native lib dependencies file, extractToDisk = false
05-26 16:59:03.177 32422 32422 W FbSoLoader: Initialized FBSoLoader
05-26 16:59:03.188 32422 32422 W ClassLoadsTracer: ClassTracingLogger not initialized, waiting for callback.
05-26 16:59:03.189 32422 32562 D nativeloader: Load /data/data/com.hello.miheapp.secretspace/sandbox/data/app/com.instagram.android/ lib/libbreakpad.so using ns clns-8 from class loader (caller=/data/user/0/com.hello.miheapp.secretspace/sandbox/data/app/ com.instagram.android/base.apk): ok
05-26 16:59:03.190 32422 32422 W ClassLoadsTracer: Installed ClassLoadsTracer to com.facebook.common.dextricks.MultiDexClassLoaderLight@4cba953.
05-26 16:59:03.194 32422 32422 W ClassLoadsRecorder: ClassLoadsRecorder is not initialized because coinflip rate <= 0
05-26 16:59:03.195 32422 32422 W InstagramAppShell: MultiDexClassLoaderLight installed
05-26 16:59:03.195 32422 32562 D nativeloader: Load /data/data/com.hello.miheapp.secretspace/sandbox/data/user/0/com.instagram.android/ lib-compressed/libearlystartup.so using ns clns-8 from class loader (caller=/data/user/0/com.hello.miheapp.secretspace/sandbox/data/app/ com.instagram.android/base.apk): ok
05-26 16:59:03.217 32422 32422 W SoLoader: Loading verifier on the main thread
05-26 16:59:03.218 32422 32422 W SoLoader: Loading fb on the main thread
05-26 16:59:03.218 32422 32422 W SoLoader: Loading fb on the main thread
05-26 16:59:03.222 32422 32422 V v9p : Not disabled
05-26 16:59:03.222 32422 32422 W Verifier: Could not disable RTV
05-26 16:59:03.224 32422 32562 W lacrima : Start AnrAppDeathDetector... X.3ek
05-26 16:59:03.225 32422 32562 E HeliumCrashReporter: Pending crash path /data/data/com.hello.miheapp.secretspace/sandbox/data/user/0/com.instagram.android/ cache/webview_embedded/Helium Crashpad/pending/ is not a directory
05-26 16:59:03.229 32422 32562 D nativeloader: Load /data/data/com.hello.miheapp.secretspace/sandbox/data/user/0/com.instagram.android/ lib-compressed/libstartup.so using ns clns-8 from class loader (caller=/data/user/0/com.hello.miheapp.secretspace/sandbox/data/app/ com.instagram.android/base.apk): ok
05-26 16:59:03.256 32422 32422 W MDCLLight: MultiDexClassLoaderLight already installed
05-26 16:59:03.257 32422 32422 W InstagramAppShell: MultiDexClassLoaderLight installed
05-26 16:59:03.305 32422 32422 W SoLoader: SoLoader already initialized
05-26 16:59:03.305 32422 32422 W SoLoader: Loading c++_shared on the main thread
05-26 16:59:03.308 32422 32422 D nativeloader: Load /data/data/com.hello.miheapp.secretspace/sandbox/data/app/com.instagram.android/ lib/libc++_shared.so using ns clns-8 from class loader (caller=/data/user/0/com.hello.miheapp.secretspace/sandbox/data/app/ com.instagram.android/base.apk): ok
05-26 16:59:03.344 32145 32337 W FileBasedMultiProcessTracker: <default>: Observed new PID: 32422
05-26 16:59:03.346 32422 32562 E lacrima : Unable to retrieve health stats
05-26 16:59:03.346 32422 32562 E lacrima : java.lang.SecurityException: Neither user 11031 nor current process has android.permission.BATTERY_STATS.
05-26 16:59:03.346 32422 32562 E lacrima : at android.os.Parcel.createExceptionOrNull(Parcel.java:3011)
05-26 16:59:03.346 32422 32562 E lacrima : at android.os.Parcel.createException(Parcel.java:2995)
05-26 16:59:03.346 32422 32562 E lacrima : at android.os.Parcel.readException(Parcel.java:2978)
05-26 16:59:03.346 32422 32562 E lacrima : at android.os.Parcel.readException(Parcel.java:2920)
05-26 16:59:03.346 32422 32562 E lacrima : at com.android.internal.app.IBatteryStats$Stub$Proxy.takeUidSnapshot(IBatteryStats.jav a:3424)
05-26 16:59:03.346 32422 32562 E lacrima : at android.os.health.SystemHealthManager.takeUidSnapshot(SystemHealthManager.java:92)
05-26 16:59:03.346 32422 32562 E lacrima : at android.os.health.SystemHealthManager.takeMyUidSnapshot(SystemHealthManager.java:10 8)
05-26 16:59:03.346 32422 32562 E lacrima : at X.3aa.Ft9(:22)
05-26 16:59:03.346 32422 32562 E lacrima : at X.0Zd.A0A(:297)
05-26 16:59:03.346 32422 32562 E lacrima : at X.0Zd.A08(:10)
05-26 16:59:03.346 32422 32562 E lacrima : at X.3gd.start(:33)
05-26 16:59:03.346 32422 32562 E lacrima : at X.3bg.DxD(:504)
05-26 16:59:03.346 32422 32562 E lacrima : at X.1ts.run(:77)
05-26 16:59:03.346 32422 32562 E lacrima : at java.util.concurrent.ThreadPoolExecutor.runWorker(ThreadPoolExecutor.java:1145)
05-26 16:59:03.346 32422 32562 E lacrima : at java.util.concurrent.ThreadPoolExecutor$Worker.run(ThreadPoolExecutor.java:644)
05-26 16:59:03.346 32422 32562 E lacrima : at X.0ag.run(:26)
05-26 16:59:03.346 32422 32562 E lacrima : Caused by: android.os.RemoteException: Remote stack trace:
05-26 16:59:03.346 32422 32562 E lacrima : at android.app.ContextImpl.enforce(ContextImpl.java:2250)
05-26 16:59:03.346 32422 32562 E lacrima : at android.app.ContextImpl.enforceCallingOrSelfPermission(ContextImpl.java:2278)
05-26 16:59:03.346 32422 32562 E lacrima : at com.android.server.am.BatteryStatsService.takeUidSnapshot(BatteryStatsService.java: 2788)
05-26 16:59:03.346 32422 32562 E lacrima : at com.android.internal.app.IBatteryStats$Stub.onTransact(IBatteryStats.java:1792)
05-26 16:59:03.346 32422 32562 E lacrima : at android.os.Binder.execTransactInternal(Binder.java:1285)
05-26 16:59:03.346 32422 32562 E lacrima :
05-26 16:59:03.376 32422 32562 D nativeloader: Load /data/data/com.hello.miheapp.secretspace/sandbox/data/app/com.instagram.android/ lib/libbreakpad_cpp_helper.so using ns clns-8 from class loader (caller=/data/user/0/com.hello.miheapp.secretspace/sandbox/data/app/ com.instagram.android/base.apk): ok
05-26 16:59:03.379 32422 32422 D CompatibilityChangeReporter: Compat change id reported: 183155436; UID 10003; state: ENABLED
05-26 16:59:03.449 32422 32562 W dalvik-internals: sigaction64 succeeded
05-26 16:59:03.450 32422 32562 D dalvik-internals: SuspendAndroid11: Found all symbols
05-26 16:59:03.450 32422 32562 D dalvik-internals: SuspendAndroid11: Suspending threads.
05-26 16:59:03.452 32422 32562 D dalvik-internals: SuspendAndroid11: Resuming threads.
05-26 16:59:03.453 32422 32562 V dalvik-internals: hooked signal using trap ()
05-26 16:59:03.453 32422 32562 V dalvik-internals: hooked sigaction using trap ()
05-26 16:59:03.454 32422 32562 I dalvik-internals: integrateWithCrashLog crashlog: /data/user/0/com.hello.miheapp.secretspace/sandbox/data/user/0/com.instagram.androi d/crash_log, insta_crashlog: /data/user/0/com.hello.miheapp.secretspace/sandbox/data/user/0/com.instagram.androi d/insta_crash_log
05-26 16:59:03.454 32422 32562 I dalvik-internals: installed sigmux crash handler for crash log
05-26 16:59:03.473 32422 32562 D nativeloader: Load /data/data/com.hello.miheapp.secretspace/sandbox/data/user/0/com.instagram.android/ lib-compressed/libffsingletonmerged.so using ns clns-8 from class loader (caller=/data/user/0/com.hello.miheapp.secretspace/sandbox/data/app/ com.instagram.android/base.apk): ok
05-26 16:59:03.477 32422 32562 D nativeloader: Load /data/data/com.hello.miheapp.secretspace/sandbox/data/app/com.instagram.android/ lib/libfbunwindstack.so using ns clns-8 from class loader (caller=/data/user/0/com.hello.miheapp.secretspace/sandbox/data/app/ com.instagram.android/base.apk): ok
05-26 16:59:03.488 32422 32562 D nativeloader: Load /data/data/com.hello.miheapp.secretspace/sandbox/data/user/0/com.instagram.android/ lib-compressed/libscrollmerged.so using ns clns-8 from class loader (caller=/data/user/0/com.hello.miheapp.secretspace/sandbox/data/app/ com.instagram.android/base.apk): ok
05-26 16:59:03.696 32422 32422 D CompatibilityChangeReporter: Compat change id reported: 160794467; UID 10003; state: DISABLED
05-26 16:59:03.983 32422 32648 E AddressEntries: Cannot create JSONObject from rawJson
05-26 16:59:03.983 32422 32648 E AddressEntries: org.json.JSONException: End of input at character 0 of
05-26 16:59:03.983 32422 32648 E AddressEntries: at org.json.JSONTokener.syntaxError(JSONTokener.java:469)
05-26 16:59:03.983 32422 32648 E AddressEntries: at org.json.JSONTokener.nextValue(JSONTokener.java:101)
05-26 16:59:03.983 32422 32648 E AddressEntries: at org.json.JSONObject.<init>(JSONObject.java:168)
05-26 16:59:03.983 32422 32648 E AddressEntries: at org.json.JSONObject.<init>(JSONObject.java:185)
05-26 16:59:03.983 32422 32648 E AddressEntries: at X.20U.A10(:2)
05-26 16:59:03.983 32422 32648 E AddressEntries: at X.YQP.A01(:21)
05-26 16:59:03.983 32422 32648 E AddressEntries: at X.ket.run(:82)
05-26 16:59:03.983 32422 32648 E AddressEntries: at java.lang.Thread.run(Thread.java:1012)
05-26 16:59:03.991 32422 32422 W Looper : PerfMonitor longMsg : seq=5 plan=16:59:00.455 late=287ms wall=3247ms h=android.app.ActivityThread$H w=115 procState=-1
05-26 16:59:04.029 31926 31971 D MeasurementService: bound by: GetServiceRequest{serviceId=MEASUREMENT, gmsVersion=12451000, packageName='com.hello.miheapp.secretspace', extras=Bundle[{}]}
05-26 16:59:04.035 32422 32422 E SlowAppComponent: 0ms: InstagramAppShell instantiating…
05-26 16:59:04.036 32422 32422 E SlowAppComponent: Main thread was blocked for 1200ms in the background starting with InstagramAppShell
05-26 16:59:04.043 31926 31971 D SafeParcel: Unknown field id 34 in com.google.android.gms.measurement.internal.AppMetadata, skipping.
05-26 16:59:04.044 31926 31971 D SafeParcel: Unknown field id 35 in com.google.android.gms.measurement.internal.AppMetadata, skipping.
05-26 16:59:04.044 31926 31971 D MeasurementService: sendAppLaunch() for AppMetadata[com.hello.miheapp.secretspace]
05-26 16:59:04.050 32422 32506 W FA : Table has extra columns. table, columns: messages, app_version, app_version_int
05-26 16:59:04.058 32422 32506 W FA : Table has extra columns. table, columns: messages, app_version, app_version_int
05-26 16:59:04.064 31926 31971 D SafeParcel: Unknown field id 34 in com.google.android.gms.measurement.internal.AppMetadata, skipping.
05-26 16:59:04.064 31926 31971 D SafeParcel: Unknown field id 35 in com.google.android.gms.measurement.internal.AppMetadata, skipping.
05-26 16:59:04.065 31926 31971 D MeasurementService: getAppInstanceId() for AppMetadata[com.hello.miheapp.secretspace]
05-26 16:59:04.069 31926 31971 D SafeParcel: Unknown field id 34 in com.google.android.gms.measurement.internal.AppMetadata, skipping.
05-26 16:59:04.070 31926 31971 D SafeParcel: Unknown field id 35 in com.google.android.gms.measurement.internal.AppMetadata, skipping.
05-26 16:59:04.070 31926 31971 D MeasurementService: sendDefaultEventParameters(Bundle[EMPTY_PARCEL]) for AppMetadata[com.hello.miheapp.secretspace]
05-26 16:59:04.102 32422 32649 E AddressEntries: Cannot create JSONObject from rawJson
05-26 16:59:04.102 32422 32649 E AddressEntries: org.json.JSONException: End of input at character 0 of
05-26 16:59:04.102 32422 32649 E AddressEntries: at org.json.JSONTokener.syntaxError(JSONTokener.java:469)
05-26 16:59:04.102 32422 32649 E AddressEntries: at org.json.JSONTokener.nextValue(JSONTokener.java:101)
05-26 16:59:04.102 32422 32649 E AddressEntries: at org.json.JSONObject.<init>(JSONObject.java:168)
05-26 16:59:04.102 32422 32649 E AddressEntries: at org.json.JSONObject.<init>(JSONObject.java:185)
05-26 16:59:04.102 32422 32649 E AddressEntries: at X.20U.A10(:2)
05-26 16:59:04.102 32422 32649 E AddressEntries: at X.YQP.A01(:21)
05-26 16:59:04.102 32422 32649 E AddressEntries: at X.ktm.call(:29)
05-26 16:59:04.102 32422 32649 E AddressEntries: at java.util.concurrent.FutureTask.run(FutureTask.java:264)
05-26 16:59:04.102 32422 32649 E AddressEntries: at java.util.concurrent.ThreadPoolExecutor.runWorker(ThreadPoolExecutor.java:1145)
05-26 16:59:04.102 32422 32649 E AddressEntries: at java.util.concurrent.ThreadPoolExecutor$Worker.run(ThreadPoolExecutor.java:644)
05-26 16:59:04.102 32422 32649 E AddressEntries: at java.lang.Thread.run(Thread.java:1012)
05-26 16:59:04.103 32422 32649 E AddressEntries: Cannot create JSONObject from rawJson
05-26 16:59:04.103 32422 32649 E AddressEntries: org.json.JSONException: End of input at character 0 of
05-26 16:59:04.103 32422 32649 E AddressEntries: at org.json.JSONTokener.syntaxError(JSONTokener.java:469)
05-26 16:59:04.103 32422 32649 E AddressEntries: at org.json.JSONTokener.nextValue(JSONTokener.java:101)
05-26 16:59:04.103 32422 32649 E AddressEntries: at org.json.JSONObject.<init>(JSONObject.java:168)
05-26 16:59:04.103 32422 32649 E AddressEntries: at org.json.JSONObject.<init>(JSONObject.java:185)
05-26 16:59:04.103 32422 32649 E AddressEntries: at X.20U.A10(:2)
05-26 16:59:04.103 32422 32649 E AddressEntries: at X.YQP.A01(:21)
05-26 16:59:04.103 32422 32649 E AddressEntries: at X.YQP.A00(:1)
05-26 16:59:04.103 32422 32649 E AddressEntries: at X.ktm.call(:51)
05-26 16:59:04.103 32422 32649 E AddressEntries: at java.util.concurrent.FutureTask.run(FutureTask.java:264)
05-26 16:59:04.103 32422 32649 E AddressEntries: at java.util.concurrent.ThreadPoolExecutor.runWorker(ThreadPoolExecutor.java:1145)
05-26 16:59:04.103 32422 32649 E AddressEntries: at java.util.concurrent.ThreadPoolExecutor$Worker.run(ThreadPoolExecutor.java:644)
05-26 16:59:04.103 32422 32649 E AddressEntries: at java.lang.Thread.run(Thread.java:1012)
05-26 16:59:05.977 28916 31885 I WM-DiagnosticsWrkr: Recently completed work:
05-26 16:59:05.977 28916 31885 I WM-DiagnosticsWrkr:
05-26 16:59:05.989 28916 31885 I WM-DiagnosticsWrkr: Id Class Name Job Id State Unique Name Tags
05-26 16:59:05.989 28916 31885 I WM-DiagnosticsWrkr: dc1f3551-6a92-4186-bf62- 1a4a79dca3c4 com.tantan.dex.library.Dex2OatWorker null CANCELLED com.tantan.dex.library.Dex2OatWorker,com.instagram.android
05-26 16:59:05.989 28916 31885 I WM-DiagnosticsWrkr: Running work:
05-26 16:59:05.989 28916 31885 I WM-DiagnosticsWrkr:
05-26 16:59:05.994 28916 31885 I WM-DiagnosticsWrkr: Id Class Name Job Id State Unique Name Tags
05-26 16:59:05.994 28916 31885 I WM-DiagnosticsWrkr: eab2db31-dadd-4445-b0f1- 2e18676c9217 com.tantan.dex.library.Dex2OatWorker 1 RUNNING com.tantan.dex.library.Dex2OatWorker,com.instagram.android
05-26 16:59:05.994 28916 31885 I WM-DiagnosticsWrkr: 9b90381b-0913-41c2-92b4- 531dffbf71cc androidx.work.impl.workers.DiagnosticsWorker 2 RUNNING androidx.work.impl.workers.DiagnosticsWorker
05-26 16:59:05.999 28916 29012 I WM-WorkerWrapper: Worker result SUCCESS for Work [ id=9b90381b-0913-41c2-92b4-531dffbf71cc, tags={ androidx.work.impl.workers.DiagnosticsWorker } ]
05-26 16:59:08.141 29919 29923 I secretspace:dex: Background concurrent copying GC freed 461KB AllocSpace bytes, 0(0B) LOS objects, 34% free, 46MB/70MB, paused 122us,110us total 218.943ms
05-26 16:59:13.072 31987 31987 W dex2oat64: Verification of X.7ze X.7vy.parseFromJson(X.4gk) took 29.000s (large method) (679.67 bytecodes/s) (1973208B approximate peak alloc)
05-26 16:59:13.636 31987 32009 W dex2oat64: Verification of X.5hD X.5eU.parseFromJson(X.4gk) took 170.105ms (18118.17 bytecodes/s) (116944B approximate peak alloc)
05-26 16:59:13.751 31987 32012 W dex2oat64: Accessing hidden method Landroid/util/BoostFramework;-><init>(Landroid/content/Context;)V (blocked, linking, denied)
05-26 16:59:13.751 31987 32012 W dex2oat64: Accessing hidden method Landroid/util/BoostFramework;-><init>()V (blocked, linking, denied)
05-26 16:59:13.752 31987 32012 W dex2oat64: Accessing hidden method Landroid/util/BoostFramework;->perfLockAcquire(I[I)I (blocked, linking, denied)
05-26 16:59:13.752 31987 32012 W dex2oat64: Accessing hidden method Landroid/util/BoostFramework;->perfLockRelease()I (blocked, linking, denied)
05-26 16:59:14.032 31987 32008 W dex2oat64: Verification of X.7zX X.7xX.parseFromJson(X.4gk) took 334.750ms (11554.88 bytecodes/s) (168224B approximate peak alloc)
05-26 16:59:14.131 31987 32009 W dex2oat64: Verification of X.ThR X.Cno.parseFromJson(X.4gk) took 211.957ms (12554.40 bytecodes/s) (604248B approximate peak alloc)
05-26 16:59:14.650 31987 31987 W dex2oat64: Verification of X.0Tu X.4s2.A0d(X.6tN) took 186.402ms (42837.40 bytecodes/s) (348912B approximate peak alloc)
05-26 16:59:15.030 28916 31221 I WM-DiagnosticsWrkr: Recently completed work:
05-26 16:59:15.030 28916 31221 I WM-DiagnosticsWrkr:
05-26 16:59:15.043 28916 31221 I WM-DiagnosticsWrkr: Id Class Name Job Id State Unique Name Tags
05-26 16:59:15.043 28916 31221 I WM-DiagnosticsWrkr: 9b90381b-0913-41c2-92b4- 531dffbf71cc androidx.work.impl.workers.DiagnosticsWorker null SUCCEEDED androidx.work.impl.workers.DiagnosticsWorker
05-26 16:59:15.043 28916 31221 I WM-DiagnosticsWrkr: dc1f3551-6a92-4186-bf62- 1a4a79dca3c4 com.tantan.dex.library.Dex2OatWorker null CANCELLED com.tantan.dex.library.Dex2OatWorker,com.instagram.android
05-26 16:59:15.044 28916 31221 I WM-DiagnosticsWrkr: Running work:
05-26 16:59:15.044 28916 31221 I WM-DiagnosticsWrkr:
05-26 16:59:15.052 28916 31221 I WM-DiagnosticsWrkr: Id Class Name Job Id State Unique Name Tags
05-26 16:59:15.052 28916 31221 I WM-DiagnosticsWrkr: eab2db31-dadd-4445-b0f1- 2e18676c9217 com.tantan.dex.library.Dex2OatWorker 1 RUNNING com.tantan.dex.library.Dex2OatWorker,com.instagram.android
05-26 16:59:15.052 28916 31221 I WM-DiagnosticsWrkr: 20122bd7-0e07-40a3-8451- bbee83ad01e8 androidx.work.impl.workers.DiagnosticsWorker 3 RUNNING androidx.work.impl.workers.DiagnosticsWorker
05-26 16:59:15.054 28916 28980 I WM-WorkerWrapper: Worker result SUCCESS for Work [ id=20122bd7-0e07-40a3-8451-bbee83ad01e8, tags={ androidx.work.impl.workers.DiagnosticsWorker } ]
05-26 16:59:15.377 31987 32008 W dex2oat64: Verification of java.lang.Object X.8Lw.invoke() took 127.754ms (31701.32 bytecodes/s) (182784B approximate peak alloc)
