05-26 16:55:23.930 28916 28916 D VRI[LoginAct]: vri.reportDrawFinished syncSeqId=0 android.view.ViewRootImpl.lambda$createSyncIfNeeded$4$android-view- ViewRootImpl:4081 android.view.ViewRootImpl$$ExternalSyntheticLambda2.run:6 android.os.Handler.handleCallback:942 android.os.Handler.dispatchMessage:99 android.os.Looper.loopOnce:211
05-26 16:55:23.937 28916 28916 D DecorView[]: onWindowFocusChanged hasWindowFocus false
05-26 16:55:23.990 28916 28916 D DecorView[]: onWindowFocusChanged hasWindowFocus true
05-26 16:55:23.991 28916 28916 I HandWritingStubImpl: refreshLastKeyboardType: 1
05-26 16:55:23.991 28916 28916 I HandWritingStubImpl: getCurrentKeyboardType: 1
05-26 16:55:24.486 28916 28916 W MiuiMagicPointerUtilsStubHeadImpl: MiuiMagicPointerUtilsStubHeadImpl has been initialized !!
05-26 16:55:32.366 28916 28916 W MirrorManager: this model don't Support
05-26 16:55:32.453 28916 28971 D SessionLifecycleClient: Sending lifecycle 2 to service
05-26 16:55:32.454 28916 29202 D SessionLifecycleService: Activity backgrounding at 1627058977
05-26 16:55:32.506 28916 28916 D IS_CTS_MODE: false
05-26 16:55:32.506 28916 28916 D MULTI_WINDOW_ENABLED: false
05-26 16:55:32.507 28916 28916 D DecorView[]: getWindowModeFromSystem windowmode is 1
05-26 16:55:32.514 28916 28955 D SessionLifecycleClient: Sending lifecycle 1 to service
05-26 16:55:32.514 28916 29202 D SessionLifecycleService: Activity foregrounding at 1627059037.
05-26 16:55:32.552 28916 28916 D VRI[SettingPasswordActivity]: vri.reportNextDraw android.view.ViewRootImpl.performTraversals:4013 android.view.ViewRootImpl.doTraversal:2725 android.view.ViewRootImpl$TraversalRunnable.run:9812 android.view.Choreographer$CallbackRecord.run:1505 android.view.Choreographer$CallbackRecord.run:1513
05-26 16:55:32.553 28916 28916 D VRI[SettingPasswordActivity]: vri.Setup new sync id=0 syncSeqId=0
05-26 16:55:32.557 28916 29174 E perf_hint: Session creation failed, mPreferredRateNanos: -1
05-26 16:55:32.560 28916 28916 D VRI[SettingPasswordActivity]: vri.reportDrawFinished syncSeqId=0 android.view.ViewRootImpl.lambda$createSyncIfNeeded$4$android-view- ViewRootImpl:4081 android.view.ViewRootImpl$$ExternalSyntheticLambda2.run:6 android.os.Handler.handleCallback:942 android.os.Handler.dispatchMessage:99 android.os.Looper.loopOnce:211
05-26 16:55:32.566 28916 28916 D DecorView[]: onWindowFocusChanged hasWindowFocus false
05-26 16:55:32.596 28916 28916 D DecorView[]: onWindowFocusChanged hasWindowFocus true
05-26 16:55:32.597 28916 28916 I HandWritingStubImpl: refreshLastKeyboardType: 1
05-26 16:55:32.597 28916 28916 I HandWritingStubImpl: getCurrentKeyboardType: 1
05-26 16:55:33.012 28916 28916 I HandWritingStubImpl: refreshLastKeyboardType: 1
05-26 16:55:33.013 28916 28916 I HandWritingStubImpl: getCurrentKeyboardType: 1
05-26 16:55:33.025 28916 28916 D InputMethodManager: showSoftInput() view=v.InputCodeView{8a92c11 VFED..... .F....ID 0,232-1080,397 #7f090198 app:id/icv_password_code aid=1073741826} flags=2 reason=SHOW_SOFT_INPUT
05-26 16:55:33.059 28916 28916 W OnBackInvokedCallback: OnBackInvokedCallback is not enabled for the application.
05-26 16:55:33.059 28916 28916 W OnBackInvokedCallback: Set 'android:enableOnBackInvokedCallback="true"' in the application manifest.
05-26 16:55:33.156 28916 28916 D InsetsController: show(ime(), fromIme=true)
05-26 16:55:38.133 28916 29174 W RenderInspector: DequeueBuffer time out on com.hello.miheapp.secretspace/com.hello.sandbox.ui.password.SettingPasswordActivity , count=1, avg=20 ms, max=20 ms.
05-26 16:55:42.627 28916 29174 W RenderInspector: DequeueBuffer time out on com.hello.miheapp.secretspace/com.hello.sandbox.ui.password.SettingPasswordActivity , count=1, avg=17 ms, max=17 ms.
05-26 16:55:45.093 28916 29174 W RenderInspector: DequeueBuffer time out on com.hello.miheapp.secretspace/com.hello.sandbox.ui.password.SettingPasswordActivity , count=1, avg=16 ms, max=16 ms.
05-26 16:55:45.141 28916 28916 D IS_CTS_MODE: false
05-26 16:55:45.142 28916 28916 D MULTI_WINDOW_ENABLED: false
05-26 16:55:45.150 28916 28916 D DecorView[]: updateDecorCaptionStatus windowMode is 1
05-26 16:55:45.233 28916 28916 D VRI[SettingPasswordActivity]: vri.reportNextDraw android.view.ViewRootImpl.performTraversals:4013 android.view.ViewRootImpl.doTraversal:2725 android.view.ViewRootImpl$TraversalRunnable.run:9812 android.view.Choreographer$CallbackRecord.run:1505 android.view.Choreographer$CallbackRecord.run:1513
05-26 16:55:45.233 28916 28916 D VRI[SettingPasswordActivity]: vri.Setup new sync id=0 syncSeqId=0
05-26 16:55:45.244 28916 29174 E perf_hint: Session creation failed, mPreferredRateNanos: -1
05-26 16:55:45.258 28916 28916 D VRI[SettingPasswordActivity]: vri.reportDrawFinished syncSeqId=0 android.view.ViewRootImpl.lambda$createSyncIfNeeded$4$android-view- ViewRootImpl:4081 android.view.ViewRootImpl$$ExternalSyntheticLambda2.run:6 android.os.Handler.handleCallback:942 android.os.Handler.dispatchMessage:99 android.os.Looper.loopOnce:211
05-26 16:55:45.262 28916 28916 D DecorView[]: onWindowFocusChanged hasWindowFocus false
05-26 16:55:45.262 28916 28916 W VRI[SettingPasswordActivity]: Cancelling event (no window focus):KeyEvent { action=ACTION_UP, keyCode=KEYCODE_7, scanCode=0, metaState=0, flags=0x26, repeatCount=0, eventTime=1627071656000000, downTime=1627071656000000, deviceId=-1, source=0x101, displayId=-1 }
05-26 16:55:45.263 28916 28916 W VRI[SettingPasswordActivity]: Cancelling event (no window focus):KeyEvent { action=ACTION_UP, keyCode=KEYCODE_7, scanCode=0, metaState=0, flags=0x26, repeatCount=0, eventTime=1627071656000000, downTime=1627071656000000, deviceId=-1, source=0x101, displayId=-1 }
05-26 16:55:45.263 28916 28916 W VRI[SettingPasswordActivity]: Cancelling event (no window focus):KeyEvent { action=ACTION_UP, keyCode=KEYCODE_7, scanCode=0, metaState=0, flags=0x26, repeatCount=0, eventTime=1627071656000000, downTime=1627071656000000, deviceId=-1, source=0x101, displayId=-1 }
05-26 16:55:45.263 28916 28916 W VRI[SettingPasswordActivity]: Cancelling event (no window focus):KeyEvent { action=ACTION_UP, keyCode=KEYCODE_7, scanCode=0, metaState=0, flags=0x26, repeatCount=0, eventTime=1627071656000000, downTime=1627071656000000, deviceId=-1, source=0x101, displayId=-1 }
05-26 16:55:45.263 28916 28916 W VRI[SettingPasswordActivity]: Cancelling event (no window focus):KeyEvent { action=ACTION_UP, keyCode=KEYCODE_7, scanCode=0, metaState=0, flags=0x26, repeatCount=0, eventTime=1627071656000000, downTime=1627071656000000, deviceId=-1, source=0x101, displayId=-1 }
05-26 16:55:45.263 28916 28916 W VRI[SettingPasswordActivity]: Cancelling event (no window focus):KeyEvent { action=ACTION_UP, keyCode=KEYCODE_7, scanCode=0, metaState=0, flags=0x26, repeatCount=0, eventTime=1627071656000000, downTime=1627071656000000, deviceId=-1, source=0x101, displayId=-1 }
05-26 16:55:45.293 28916 28916 D DecorView[]: onWindowFocusChanged hasWindowFocus true
05-26 16:55:45.295 28916 28916 I HandWritingStubImpl: refreshLastKeyboardType: 1
05-26 16:55:45.295 28916 28916 I HandWritingStubImpl: getCurrentKeyboardType: 1
05-26 16:55:46.085 28916 29174 W RenderInspector: DequeueBuffer time out on com.hello.miheapp.secretspace/com.hello.sandbox.ui.password.SettingPasswordActivity , count=1, avg=16 ms, max=16 ms.
05-26 16:55:47.872 28916 29786 I MATDBManager: sqllite db insert success! insert row id:1
05-26 16:55:47.873 28916 29786 I MATDBManager: sqllite db capacity:1
05-26 16:55:47.911 28916 28972 D SessionLifecycleClient: Sending lifecycle 2 to service
05-26 16:55:47.911 28916 29202 D SessionLifecycleService: Activity backgrounding at 1627074434
05-26 16:55:47.962 28916 28916 D ScrollerOptimizationManager: registerConfigChangedListener
05-26 16:55:47.972 28916 28916 D IS_CTS_MODE: false
05-26 16:55:47.972 28916 28916 D MULTI_WINDOW_ENABLED: false
05-26 16:55:47.973 28916 28916 D DecorView[]: getWindowModeFromSystem windowmode is 1
05-26 16:55:48.007 28916 28960 D SessionLifecycleClient: Sending lifecycle 1 to service
05-26 16:55:48.007 28916 29202 D SessionLifecycleService: Activity foregrounding at 1627074531.
05-26 16:55:48.053 28916 28916 D ScrollerOptimizationManager: registerConfigChangedListener
05-26 16:55:48.065 28916 28916 D ScrollerOptimizationManager: registerConfigChangedListener
05-26 16:55:48.068 28916 28916 D ScrollerOptimizationManager: registerConfigChangedListener
05-26 16:55:48.093 28916 28916 D IS_CTS_MODE: false
05-26 16:55:48.093 28916 28916 D MULTI_WINDOW_ENABLED: false
05-26 16:55:48.104 28916 28916 D ScrollerOptimizationManager: registerConfigChangedListener
05-26 16:55:48.112 28916 28916 D ScrollerOptimizationManager: registerConfigChangedListener
05-26 16:55:48.154 28916 28916 D ScrollerOptimizationManager: registerConfigChangedListener
05-26 16:55:48.203 28916 28916 D ScrollerOptimizationManager: registerConfigChangedListener
05-26 16:55:48.228 28916 28916 D VRI[HomeAct]: vri.reportNextDraw android.view.ViewRootImpl.performTraversals:4013 android.view.ViewRootImpl.doTraversal:2725 android.view.ViewRootImpl$TraversalRunnable.run:9812 android.view.Choreographer$CallbackRecord.run:1505 android.view.Choreographer$CallbackRecord.run:1513
05-26 16:55:48.228 28916 28916 D VRI[HomeAct]: vri.Setup new sync id=0 syncSeqId=0
05-26 16:55:48.251 28916 29174 E perf_hint: Session creation failed, mPreferredRateNanos: -1
05-26 16:55:48.257 28916 28916 D VRI[HomeAct]: vri.reportDrawFinished syncSeqId=0 android.view.ViewRootImpl.lambda$createSyncIfNeeded$4$android-view- ViewRootImpl:4081 android.view.ViewRootImpl$$ExternalSyntheticLambda2.run:6 android.os.Handler.handleCallback:942 android.os.Handler.dispatchMessage:99 android.os.Looper.loopOnce:211
05-26 16:55:48.260 28916 28916 D DecorView[]: onWindowFocusChanged hasWindowFocus false
05-26 16:55:48.276 29014 29031 W PackageParser: Unknown element under <manifest>: queries at /data/user/0/com.hello.miheapp.secretspace/app_tmp/core-1.apk Binary XML file line #196
05-26 16:55:48.313 29014 29031 W PackageParser: Unknown element under <manifest>: queries at /data/user/0/com.hello.miheapp.secretspace/app_tmp/core-1.apk Binary XML file line #196
05-26 16:55:48.319 28916 28916 D VRI[HomeAct]: vri.reportNextDraw android.view.ViewRootImpl.performTraversals:4013 android.view.ViewRootImpl.doTraversal:2725 android.view.ViewRootImpl$TraversalRunnable.run:9812 android.view.Choreographer$CallbackRecord.run:1505 android.view.Choreographer$CallbackRecord.run:1513
05-26 16:55:48.320 28916 28916 D VRI[HomeAct]: vri.Setup new sync id=0 syncSeqId=0
05-26 16:55:48.325 28916 29174 E perf_hint: Session creation failed, mPreferredRateNanos: -1
05-26 16:55:48.328 28916 28916 D VRI[HomeAct]: vri.reportDrawFinished syncSeqId=0 android.view.ViewRootImpl.lambda$createSyncIfNeeded$4$android-view- ViewRootImpl:4081 android.view.ViewRootImpl$$ExternalSyntheticLambda2.run:6 android.os.Handler.handleCallback:942 android.os.Handler.dispatchMessage:99 android.os.Looper.loopOnce:211
05-26 16:55:48.434 28916 28916 D VRI[HomeAct]: vri.reportNextDraw android.view.ViewRootImpl.handleResized:2083 android.view.ViewRootImpl.-$ $Nest$mhandleResized:0 android.view.ViewRootImpl$ViewRootHandler.handleMessageImpl:6167 android.view.ViewRootImpl$ViewRootHandler.handleMessage:6136 android.os.Handler.dispatchMessage:106
05-26 16:55:48.434 28916 28916 D DecorView[]: onWindowFocusChanged hasWindowFocus false
05-26 16:55:48.443 28916 28916 D VRI[HomeAct]: vri.Setup new sync id=1 syncSeqId=0
05-26 16:55:48.509 28916 28916 D VRI[HomeAct]: vri.reportDrawFinished syncSeqId=0 android.view.ViewRootImpl.lambda$createSyncIfNeeded$4$android-view- ViewRootImpl:4081 android.view.ViewRootImpl$$ExternalSyntheticLambda2.run:6 android.os.Handler.handleCallback:942 android.os.Handler.dispatchMessage:99 android.os.Looper.loopOnce:211
05-26 16:55:48.510 28916 28916 D DecorView[]: onWindowFocusChanged hasWindowFocus true
05-26 16:55:48.631 28916 28970 W BpBinder: PerfMonitor binderTransact : time=399ms interface=com.hello.sandbox.core.system.pm.IBPackageManagerService code=18
05-26 16:55:48.657 29014 29031 W PackageParser: Unknown element under <manifest>: queries at /data/user/0/com.hello.miheapp.secretspace/app_tmp/core-2.apk Binary XML file line #32
05-26 16:55:48.667 29014 29031 W PackageParser: Unknown element under <manifest>: queries at /data/user/0/com.hello.miheapp.secretspace/app_tmp/core-2.apk Binary XML file line #32
05-26 16:55:48.857 28916 28916 D DecorView[]: onWindowFocusChanged hasWindowFocus true
05-26 16:55:48.857 28916 28916 I HandWritingStubImpl: refreshLastKeyboardType: 1
05-26 16:55:48.857 28916 28916 I HandWritingStubImpl: getCurrentKeyboardType: 1
05-26 16:55:48.868 29874 29874 I libc : SetHeapTaggingLevel: tag level set to 0
05-26 16:55:48.879 29874 29874 I .secretspace:p0: Using CollectorTypeCC GC.
05-26 16:55:48.882 29874 29874 E .secretspace:p0: Not starting debugger since process cannot load the jdwp agent.
05-26 16:55:48.888 29874 29874 D nativeloader: Load libframework-connectivity- tiramisu-jni.so using APEX ns com_android_tethering for caller /apex/com.android.tethering/javalib/framework-connectivity-t.jar: ok
05-26 16:55:48.892 29874 29874 W System.err: android.system.ErrnoException: open failed: ENOENT (No such file or directory)
05-26 16:55:48.892 29874 29874 W System.err: at libcore.io.Linux.open(Native Method)
05-26 16:55:48.892 29874 29874 W System.err: at libcore.io.ForwardingOs.open(ForwardingOs.java:563)
05-26 16:55:48.892 29874 29874 W System.err: at libcore.io.BlockGuardOs.open(BlockGuardOs.java:274)
05-26 16:55:48.892 29874 29874 W System.err: at libcore.io.ForwardingOs.open(ForwardingOs.java:563)
05-26 16:55:48.892 29874 29874 W System.err: at android.app.ActivityThread$AndroidOs.open(ActivityThread.java:8381)
05-26 16:55:48.892 29874 29874 W System.err: at android.system.Os.open(Os.java:494)
05-26 16:55:48.892 29874 29874 W System.err: at android.os.perfdebug.PerfDebugMonitorImpl.monitorVersionControl(PerfDebugMonitorImp l.java:206)
05-26 16:55:48.892 29874 29874 W System.err: at android.os.perfdebug.PerfDebugMonitorImpl.prepareMonitor(PerfDebugMonitorImpl.java: 187)
05-26 16:55:48.892 29874 29874 W System.err: at android.app.ActivityThread.main(ActivityThread.java:8468)
05-26 16:55:48.892 29874 29874 W System.err: at java.lang.reflect.Method.invoke(Native Method)
05-26 16:55:48.892 29874 29874 W System.err: at com.android.internal.os.RuntimeInit$MethodAndArgsCaller.run(RuntimeInit.java:561)
05-26 16:55:48.892 29874 29874 W System.err: at com.android.internal.os.ZygoteInit.main(ZygoteInit.java:954)
05-26 16:55:48.893 29874 29874 I MessageMonitor: Load libmiui_runtime
05-26 16:55:48.908 29874 29874 D CompatibilityChangeReporter: Compat change id reported: 171979766; UID 11031; state: ENABLED
05-26 16:55:48.918 29874 29874 D ApplicationLoaders: Returning zygote-cached class loader: /system/framework/android.test.base.jar
05-26 16:55:48.924 29874 29874 D nativeloader: Configuring clns-4 for other apk /system/framework/org.apache.http.legacy.jar. target_sdk_version=34, uses_libraries=ALL, library_path=/data/app/~~y54zPcFPhS4BJ7wab6Ut5w==/com.hello.miheapp.secretspace- lxuufuIyEmU7T1oRw05RBA==/lib/arm64:/data/app/~~y54zPcFPhS4BJ7wab6Ut5w==/ com.hello.miheapp.secretspace-lxuufuIyEmU7T1oRw05RBA==/base.apk!/lib/arm64-v8a:/ data/app/~~y54zPcFPhS4BJ7wab6Ut5w==/com.hello.miheapp.secretspace- lxuufuIyEmU7T1oRw05RBA==/split_config.arm64_v8a.apk!/lib/arm64-v8a:/data/app/ ~~y54zPcFPhS4BJ7wab6Ut5w==/com.hello.miheapp.secretspace-lxuufuIyEmU7T1oRw05RBA==/ split_config.bn.apk!/lib/arm64-v8a:/data/app/~~y54zPcFPhS4BJ7wab6Ut5w==/ com.hello.miheapp.secretspace-lxuufuIyEmU7T1oRw05RBA==/split_config.en.apk!/lib/ arm64-v8a:/data/app/~~y54zPcFPhS4BJ7wab6Ut5w==/com.hello.miheapp.secretspace- lxuufuIyEmU7T1oRw05RBA==/split_config.gu.apk!/lib/arm64-v8a:/data/app/ ~~y54zPcFPhS4BJ7wab6Ut5w==/com.hello.miheapp.secretspace-lxuufuIyEmU7T1oRw05RBA==/ split_config.hi.apk!/lib/arm64-v8a:/data/app/~~y54zPcFPhS4BJ7wa
05-26 16:55:48.924 29874 29874 D nativeloader: Extending system_exposed_libraries: libbinauralrenderer_wrapper.qti.so:libhoaeffects.qti.so:libQOC.qti.so:libmisys_jni. xiaomi.so:libxiaomi_modemdumpsdx55_jni.modem.so:libxiaomi_modemdump_jni.modem.so:li bupdateprof.qti.so:libthermalclient.qti.so:libQOC.qti.so:libdiag_system.qti.so:libq ape.qti.so:liblistenjni.qti.so
05-26 16:55:49.021 29874 29874 W ziparchive: Unable to open '/data/app/~~y54zPcFPhS4BJ7wab6Ut5w==/com.hello.miheapp.secretspace- lxuufuIyEmU7T1oRw05RBA==/split_config.arm64_v8a.dm': No such file or directory
05-26 16:55:49.021 29874 29874 W ziparchive: Unable to open '/data/app/~~y54zPcFPhS4BJ7wab6Ut5w==/com.hello.miheapp.secretspace- lxuufuIyEmU7T1oRw05RBA==/split_config.arm64_v8a.dm': No such file or directory
05-26 16:55:49.021 29874 29874 W .secretspace:p0: Entry not found
05-26 16:55:49.022 29874 29874 W ziparchive: Unable to open '/data/app/~~y54zPcFPhS4BJ7wab6Ut5w==/com.hello.miheapp.secretspace- lxuufuIyEmU7T1oRw05RBA==/split_config.bn.dm': No such file or directory
05-26 16:55:49.022 29874 29874 W ziparchive: Unable to open '/data/app/~~y54zPcFPhS4BJ7wab6Ut5w==/com.hello.miheapp.secretspace- lxuufuIyEmU7T1oRw05RBA==/split_config.bn.dm': No such file or directory
05-26 16:55:49.022 29874 29874 W .secretspace:p0: Entry not found
05-26 16:55:49.022 29874 29874 W ziparchive: Unable to open '/data/app/~~y54zPcFPhS4BJ7wab6Ut5w==/com.hello.miheapp.secretspace- lxuufuIyEmU7T1oRw05RBA==/split_config.en.dm': No such file or directory
05-26 16:55:49.022 29874 29874 W ziparchive: Unable to open '/data/app/~~y54zPcFPhS4BJ7wab6Ut5w==/com.hello.miheapp.secretspace- lxuufuIyEmU7T1oRw05RBA==/split_config.en.dm': No such file or directory
05-26 16:55:49.022 29874 29874 W .secretspace:p0: Entry not found
05-26 16:55:49.023 29874 29874 W ziparchive: Unable to open '/data/app/~~y54zPcFPhS4BJ7wab6Ut5w==/com.hello.miheapp.secretspace- lxuufuIyEmU7T1oRw05RBA==/split_config.gu.dm': No such file or directory
05-26 16:55:49.023 29874 29874 W ziparchive: Unable to open '/data/app/~~y54zPcFPhS4BJ7wab6Ut5w==/com.hello.miheapp.secretspace- lxuufuIyEmU7T1oRw05RBA==/split_config.gu.dm': No such file or directory
05-26 16:55:49.023 29874 29874 W .secretspace:p0: Entry not found
05-26 16:55:49.023 29874 29874 W ziparchive: Unable to open '/data/app/~~y54zPcFPhS4BJ7wab6Ut5w==/com.hello.miheapp.secretspace- lxuufuIyEmU7T1oRw05RBA==/split_config.hi.dm': No such file or directory
05-26 16:55:49.023 29874 29874 W ziparchive: Unable to open '/data/app/~~y54zPcFPhS4BJ7wab6Ut5w==/com.hello.miheapp.secretspace- lxuufuIyEmU7T1oRw05RBA==/split_config.hi.dm': No such file or directory
05-26 16:55:49.023 29874 29874 W .secretspace:p0: Entry not found
05-26 16:55:49.024 29874 29874 W ziparchive: Unable to open '/data/app/~~y54zPcFPhS4BJ7wab6Ut5w==/com.hello.miheapp.secretspace- lxuufuIyEmU7T1oRw05RBA==/split_config.kn.dm': No such file or directory
05-26 16:55:49.024 29874 29874 W ziparchive: Unable to open '/data/app/~~y54zPcFPhS4BJ7wab6Ut5w==/com.hello.miheapp.secretspace- lxuufuIyEmU7T1oRw05RBA==/split_config.kn.dm': No such file or directory
05-26 16:55:49.024 29874 29874 W .secretspace:p0: Entry not found
05-26 16:55:49.024 29874 29874 W ziparchive: Unable to open '/data/app/~~y54zPcFPhS4BJ7wab6Ut5w==/com.hello.miheapp.secretspace- lxuufuIyEmU7T1oRw05RBA==/split_config.mr.dm': No such file or directory
05-26 16:55:49.024 29874 29874 W ziparchive: Unable to open '/data/app/~~y54zPcFPhS4BJ7wab6Ut5w==/com.hello.miheapp.secretspace- lxuufuIyEmU7T1oRw05RBA==/split_config.mr.dm': No such file or directory
05-26 16:55:49.024 29874 29874 W .secretspace:p0: Entry not found
05-26 16:55:49.025 29874 29874 W ziparchive: Unable to open '/data/app/~~y54zPcFPhS4BJ7wab6Ut5w==/com.hello.miheapp.secretspace- lxuufuIyEmU7T1oRw05RBA==/split_config.ta.dm': No such file or directory
05-26 16:55:49.025 29874 29874 W ziparchive: Unable to open '/data/app/~~y54zPcFPhS4BJ7wab6Ut5w==/com.hello.miheapp.secretspace- lxuufuIyEmU7T1oRw05RBA==/split_config.ta.dm': No such file or directory
05-26 16:55:49.025 29874 29874 W .secretspace:p0: Entry not found
05-26 16:55:49.025 29874 29874 W ziparchive: Unable to open '/data/app/~~y54zPcFPhS4BJ7wab6Ut5w==/com.hello.miheapp.secretspace- lxuufuIyEmU7T1oRw05RBA==/split_config.te.dm': No such file or directory
05-26 16:55:49.025 29874 29874 W ziparchive: Unable to open '/data/app/~~y54zPcFPhS4BJ7wab6Ut5w==/com.hello.miheapp.secretspace- lxuufuIyEmU7T1oRw05RBA==/split_config.te.dm': No such file or directory
05-26 16:55:49.025 29874 29874 W .secretspace:p0: Entry not found
05-26 16:55:49.026 29874 29874 W ziparchive: Unable to open '/data/app/~~y54zPcFPhS4BJ7wab6Ut5w==/com.hello.miheapp.secretspace- lxuufuIyEmU7T1oRw05RBA==/split_config.xxhdpi.dm': No such file or directory
05-26 16:55:49.026 29874 29874 W ziparchive: Unable to open '/data/app/~~y54zPcFPhS4BJ7wab6Ut5w==/com.hello.miheapp.secretspace- lxuufuIyEmU7T1oRw05RBA==/split_config.xxhdpi.dm': No such file or directory
05-26 16:55:49.026 29874 29874 W .secretspace:p0: Entry not found
05-26 16:55:49.026 29874 29874 D nativeloader: Configuring clns-5 for other apk /data/app/~~y54zPcFPhS4BJ7wab6Ut5w==/com.hello.miheapp.secretspace- lxuufuIyEmU7T1oRw05RBA==/base.apk:/data/app/~~y54zPcFPhS4BJ7wab6Ut5w==/ com.hello.miheapp.secretspace-lxuufuIyEmU7T1oRw05RBA==/ split_config.arm64_v8a.apk:/data/app/~~y54zPcFPhS4BJ7wab6Ut5w==/ com.hello.miheapp.secretspace-lxuufuIyEmU7T1oRw05RBA==/split_config.bn.apk:/data/ app/~~y54zPcFPhS4BJ7wab6Ut5w==/com.hello.miheapp.secretspace- lxuufuIyEmU7T1oRw05RBA==/split_config.en.apk:/data/app/~~y54zPcFPhS4BJ7wab6Ut5w==/ com.hello.miheapp.secretspace-lxuufuIyEmU7T1oRw05RBA==/split_config.gu.apk:/data/ app/~~y54zPcFPhS4BJ7wab6Ut5w==/com.hello.miheapp.secretspace- lxuufuIyEmU7T1oRw05RBA==/split_config.hi.apk:/data/app/~~y54zPcFPhS4BJ7wab6Ut5w==/ com.hello.miheapp.secretspace-lxuufuIyEmU7T1oRw05RBA==/split_config.kn.apk:/data/ app/~~y54zPcFPhS4BJ7wab6Ut5w==/com.hello.miheapp.secretspace- lxuufuIyEmU7T1oRw05RBA==/split_config.mr.apk:/data/app/~~y54zPcFPhS4BJ7wab6Ut5w==/ com.hello.miheapp.secretspace-lxuufuIyEmU7T1oRw05RBA==/split_
05-26 16:55:49.035 29874 29874 D nativeloader: Load libframework-connectivity- jni.so using APEX ns com_android_tethering for caller /apex/com.android.tethering/javalib/framework-connectivity.jar: ok
05-26 16:55:49.036 29874 29874 I Perf : Connecting to perf service.
05-26 16:55:49.041 29874 29874 V GraphicsEnvironment: ANGLE Developer option for 'com.hello.miheapp.secretspace' set to: 'default'
05-26 16:55:49.042 29874 29874 V GraphicsEnvironment: ANGLE GameManagerService for com.hello.miheapp.secretspace: false
05-26 16:55:49.042 29874 29874 V GraphicsEnvironment: App is not on the allowlist for updatable production driver.
05-26 16:55:49.045 29874 29874 I ForceDarkHelperStubImpl: initialize for com.hello.miheapp.secretspace , ForceDarkOrigin
05-26 16:55:49.046 29874 29874 D nativeloader: Load libforcedarkimpl.so using system ns (caller=/system_ext/framework/miui-framework.jar): ok
05-26 16:55:49.046 29874 29874 D .secretspace:p0: JNI_OnLoad success
05-26 16:55:49.046 29874 29874 I MiuiForceDarkConfig: setConfig density:2.750000, mainRule:0, secondaryRule:0, tertiaryRule:0
05-26 16:55:49.048 29874 29874 D NetworkSecurityConfig: Using Network Security Config from resource network_security_config debugBuild: false
05-26 16:55:49.048 29874 29874 D NetworkSecurityConfig: Using Network Security Config from resource network_security_config debugBuild: false
05-26 16:55:49.052 29874 29874 D nativeloader: Load /data/app/~~y54zPcFPhS4BJ7wab6Ut5w==/com.hello.miheapp.secretspace- lxuufuIyEmU7T1oRw05RBA==/split_config.arm64_v8a.apk!/lib/arm64-v8a/librepublic.so using ns clns-5 from class loader (caller=/data/app/~~y54zPcFPhS4BJ7wab6Ut5w==/com.hello.miheapp.secretspace- lxuufuIyEmU7T1oRw05RBA==/base.apk): ok
05-26 16:55:49.289 29874 29874 W Glide : Failed to find GeneratedAppGlideModule. You should include an annotationProcessor compile dependency on com.github.bumptech.glide:compiler in your application and a @GlideModule annotated AppGlideModule implementation or LibraryGlideModules will be silently ignored
05-26 16:55:49.299 29874 29874 D CompatibilityChangeReporter: Compat change id reported: 183155436; UID 11031; state: ENABLED
05-26 16:55:49.302 29874 29874 D SessionsDependencies: Dependency to CRASHLYTICS added.
05-26 16:55:49.304 29874 29874 I FirebaseApp: Device unlocked: initializing all Firebase APIs for app [DEFAULT]
05-26 16:55:49.324 29874 29874 D FirebaseSessions: Initializing Firebase Sessions SDK.
05-26 16:55:49.328 29874 29874 I FirebaseCrashlytics: Initializing Firebase Crashlytics 18.6.2 for com.hello.miheapp.secretspace
05-26 16:55:49.338 29874 29874 D SessionsDependencies: Subscriber CRASHLYTICS registered.
05-26 16:55:49.345 29874 29900 D SessionConfigFetcher: Fetching settings from server.
05-26 16:55:49.348 29874 29894 D ActivityThread: Loading provider com.google.android.gms.chimera: org.microg.gms.chimera.ServiceProvider
05-26 16:55:49.362 29874 29894 D nativeloader: Configuring clns-6 for other apk /system/framework/com.android.location.provider.jar. target_sdk_version=29, uses_libraries=ALL, library_path=/data/user/0/com.hello.miheapp.secretspace/sandbox/data/app/ com.google.android.gms/lib:/data/user/0/com.hello.miheapp.secretspace/sandbox/ data/app/com.google.android.gms/base.apk!/lib/arm64-v8a, permitted_path=/data:/mnt/expand:/data/user/0/com.hello.miheapp.secretspace/ sandbox/data/user/0/com.google.android.gms
05-26 16:55:49.363 29874 29894 D nativeloader: Extending system_exposed_libraries: libbinauralrenderer_wrapper.qti.so:libhoaeffects.qti.so:libQOC.qti.so:libmisys_jni. xiaomi.so:libxiaomi_modemdumpsdx55_jni.modem.so:libxiaomi_modemdump_jni.modem.so:li bupdateprof.qti.so:libthermalclient.qti.so:libQOC.qti.so:libdiag_system.qti.so:libq ape.qti.so:liblistenjni.qti.so
05-26 16:55:49.364 29874 29894 E .secretspace:p0: Attempt to load writable dex file: /data/user/0/com.hello.miheapp.secretspace/sandbox/data/app/com.google.android.gms/ base.apk
05-26 16:55:49.364 29874 29894 W ziparchive: Unable to open '/data/user/0/com.hello.miheapp.secretspace/sandbox/data/app/com.google.android.gms /base.dm': No such file or directory
05-26 16:55:49.367 29874 29874 I FirebaseApp: FirebaseApp initialization successful
05-26 16:55:49.403 29874 29874 D nativeloader: Load /data/app/~~y54zPcFPhS4BJ7wab6Ut5w==/com.hello.miheapp.secretspace- lxuufuIyEmU7T1oRw05RBA==/split_config.arm64_v8a.apk!/lib/arm64-v8a/libsandbox.so using ns clns-5 from class loader (caller=/data/app/~~y54zPcFPhS4BJ7wab6Ut5w==/com.hello.miheapp.secretspace- lxuufuIyEmU7T1oRw05RBA==/base.apk): ok
05-26 16:55:49.404 29874 29874 D NativeCore: NativeCore init.
05-26 16:55:49.404 29874 29874 D NativeCore: found art method entrypoint jni offset: 2
05-26 16:55:49.404 29874 29874 D NativeCore: not found art method match access flags offset , use default: 4
05-26 16:55:49.413 29919 29919 I libc : SetHeapTaggingLevel: tag level set to 0
05-26 16:55:49.426 29919 29919 I secretspace:dex: Using CollectorTypeCC GC.
05-26 16:55:49.429 29919 29919 E secretspace:dex: Not starting debugger since process cannot load the jdwp agent.
05-26 16:55:49.433 29919 29919 D nativeloader: Load libframework-connectivity- tiramisu-jni.so using APEX ns com_android_tethering for caller /apex/com.android.tethering/javalib/framework-connectivity-t.jar: ok
05-26 16:55:49.441 29919 29919 W System.err: android.system.ErrnoException: open failed: ENOENT (No such file or directory)
05-26 16:55:49.441 29919 29919 W System.err: at libcore.io.Linux.open(Native Method)
05-26 16:55:49.441 29919 29919 W System.err: at libcore.io.ForwardingOs.open(ForwardingOs.java:563)
05-26 16:55:49.441 29919 29919 W System.err: at libcore.io.BlockGuardOs.open(BlockGuardOs.java:274)
05-26 16:55:49.442 29919 29919 W System.err: at libcore.io.ForwardingOs.open(ForwardingOs.java:563)
05-26 16:55:49.442 29919 29919 W System.err: at android.app.ActivityThread$AndroidOs.open(ActivityThread.java:8381)
05-26 16:55:49.442 29919 29919 W System.err: at android.system.Os.open(Os.java:494)
05-26 16:55:49.442 29919 29919 W System.err: at android.os.perfdebug.PerfDebugMonitorImpl.monitorVersionControl(PerfDebugMonitorImp l.java:206)
05-26 16:55:49.442 29919 29919 W System.err: at android.os.perfdebug.PerfDebugMonitorImpl.prepareMonitor(PerfDebugMonitorImpl.java: 187)
05-26 16:55:49.442 29919 29919 W System.err: at android.app.ActivityThread.main(ActivityThread.java:8468)
05-26 16:55:49.442 29919 29919 W System.err: at java.lang.reflect.Method.invoke(Native Method)
05-26 16:55:49.442 29919 29919 W System.err: at com.android.internal.os.RuntimeInit$MethodAndArgsCaller.run(RuntimeInit.java:561)
05-26 16:55:49.442 29919 29919 W System.err: at com.android.internal.os.ZygoteInit.main(ZygoteInit.java:954)
05-26 16:55:49.442 29919 29919 I MessageMonitor: Load libmiui_runtime
05-26 16:55:49.447 29874 29894 D nativeloader: Configuring clns-7 for other apk /data/user/0/com.hello.miheapp.secretspace/sandbox/data/app/com.google.android.gms/ base.apk. target_sdk_version=29, uses_libraries=, library_path=/data/user/0/com.hello.miheapp.secretspace/sandbox/data/app/ com.google.android.gms/lib:/data/user/0/com.hello.miheapp.secretspace/sandbox/ data/app/com.google.android.gms/base.apk!/lib/arm64-v8a, permitted_path=/data:/mnt/expand:/data/user/0/com.hello.miheapp.secretspace/ sandbox/data/user/0/com.google.android.gms
05-26 16:55:49.447 29874 29894 D nativeloader: Extending system_exposed_libraries: libbinauralrenderer_wrapper.qti.so:libhoaeffects.qti.so:libQOC.qti.so:libmisys_jni. xiaomi.so:libxiaomi_modemdumpsdx55_jni.modem.so:libxiaomi_modemdump_jni.modem.so:li bupdateprof.qti.so:libthermalclient.qti.so:libQOC.qti.so:libdiag_system.qti.so:libq ape.qti.so:liblistenjni.qti.so
05-26 16:55:49.450 29874 29894 W DynamiteModule: IDynamite loader version = 2, no high precision latency measurement.
05-26 16:55:49.451 29874 29894 I DynamiteModule: Considering local module com.google.android.gms.measurement.dynamite:100 and remote module com.google.android.gms.measurement.dynamite:98
05-26 16:55:49.451 29874 29894 I DynamiteModule: Selected local version of com.google.android.gms.measurement.dynamite
05-26 16:55:49.452 29874 29894 W DynamiteModule: IDynamite loader version = 2, no high precision latency measurement.
05-26 16:55:49.460 29919 29919 D CompatibilityChangeReporter: Compat change id reported: 171979766; UID 11031; state: ENABLED
05-26 16:55:49.469 29919 29919 D ApplicationLoaders: Returning zygote-cached class loader: /system/framework/android.test.base.jar
05-26 16:55:49.472 29919 29919 D nativeloader: Configuring clns-4 for other apk /system/framework/org.apache.http.legacy.jar. target_sdk_version=34, uses_libraries=ALL, library_path=/data/app/~~y54zPcFPhS4BJ7wab6Ut5w==/com.hello.miheapp.secretspace- lxuufuIyEmU7T1oRw05RBA==/lib/arm64:/data/app/~~y54zPcFPhS4BJ7wab6Ut5w==/ com.hello.miheapp.secretspace-lxuufuIyEmU7T1oRw05RBA==/base.apk!/lib/arm64-v8a:/ data/app/~~y54zPcFPhS4BJ7wab6Ut5w==/com.hello.miheapp.secretspace- lxuufuIyEmU7T1oRw05RBA==/split_config.arm64_v8a.apk!/lib/arm64-v8a:/data/app/ ~~y54zPcFPhS4BJ7wab6Ut5w==/com.hello.miheapp.secretspace-lxuufuIyEmU7T1oRw05RBA==/ split_config.bn.apk!/lib/arm64-v8a:/data/app/~~y54zPcFPhS4BJ7wab6Ut5w==/ com.hello.miheapp.secretspace-lxuufuIyEmU7T1oRw05RBA==/split_config.en.apk!/lib/ arm64-v8a:/data/app/~~y54zPcFPhS4BJ7wab6Ut5w==/com.hello.miheapp.secretspace- lxuufuIyEmU7T1oRw05RBA==/split_config.gu.apk!/lib/arm64-v8a:/data/app/ ~~y54zPcFPhS4BJ7wab6Ut5w==/com.hello.miheapp.secretspace-lxuufuIyEmU7T1oRw05RBA==/ split_config.hi.apk!/lib/arm64-v8a:/data/app/~~y54zPcFPhS4BJ7wa
05-26 16:55:49.472 29919 29919 D nativeloader: Extending system_exposed_libraries: libbinauralrenderer_wrapper.qti.so:libhoaeffects.qti.so:libQOC.qti.so:libmisys_jni. xiaomi.so:libxiaomi_modemdumpsdx55_jni.modem.so:libxiaomi_modemdump_jni.modem.so:li bupdateprof.qti.so:libthermalclient.qti.so:libQOC.qti.so:libdiag_system.qti.so:libq ape.qti.so:liblistenjni.qti.so
05-26 16:55:49.489 29874 29931 I FA : App measurement initialized, version: 84002
05-26 16:55:49.489 29874 29931 I FA : To enable debug logging run: adb shell setprop log.tag.FA VERBOSE
05-26 16:55:49.490 29874 29931 I FA : To enable faster debug mode event logging run:
05-26 16:55:49.490 29874 29931 I FA : adb shell setprop debug.firebase.analytics.app com.hello.miheapp.secretspace
05-26 16:55:49.493 29874 29874 E NativeCore: not native method
05-26 16:55:49.493 29874 29874 E NativeCore: check flags error. class:java/io/UnixFileSystem, method:canonicalize0
05-26 16:55:49.493 29874 29874 D NativeCore: register class:java/io/UnixFileSystem, method:getBooleanAttributes0 success!
05-26 16:55:49.493 29874 29874 D NativeCore: register class:java/io/UnixFileSystem, method:getLastModifiedTime0 success!
05-26 16:55:49.493 29874 29874 D NativeCore: register class:java/io/UnixFileSystem, method:setPermission0 success!
05-26 16:55:49.493 29874 29874 D NativeCore: register class:java/io/UnixFileSystem, method:createFileExclusively0 success!
05-26 16:55:49.493 29874 29874 D NativeCore: register class:java/io/UnixFileSystem, method:list0 success!
05-26 16:55:49.493 29874 29874 D NativeCore: register class:java/io/UnixFileSystem, method:createDirectory0 success!
05-26 16:55:49.493 29874 29874 D NativeCore: register class:java/io/UnixFileSystem, method:setLastModifiedTime0 success!
05-26 16:55:49.493 29874 29874 D NativeCore: register class:java/io/UnixFileSystem, method:setReadOnly0 success!
05-26 16:55:49.493 29874 29874 D NativeCore: register class:java/io/UnixFileSystem, method:getSpace0 success!
05-26 16:55:49.493 29874 29874 D NativeCore: register class:java/lang/VMClassLoader, method:findLoadedClass success!
05-26 16:55:49.493 29874 29874 D NativeCore: register class:android/os/Binder, method:getCallingUid success!
05-26 16:55:49.494 29874 29874 D NativeCore: register class:dalvik/system/VMRuntime, method:setHiddenApiExemptions success!
05-26 16:55:49.504 29874 29874 D NetworkSecurityConfig: Using Network Security Config from resource network_security_config debugBuild: false
05-26 16:55:49.505 29874 29874 D NetworkSecurityConfig: Using Network Security Config from resource network_security_config debugBuild: false
05-26 16:55:49.514 29874 29931 D CompatibilityChangeReporter: Compat change id reported: 183155436; UID 11031; state: ENABLED
05-26 16:55:49.529 29874 29931 W FA : Table has extra columns. table, columns: messages, app_version, app_version_int
05-26 16:55:49.530 29874 29874 I MultiDex: VM with version 2.1.0 has multidex support
05-26 16:55:49.531 29874 29874 I MultiDex: Installing application
05-26 16:55:49.531 29874 29874 I MultiDex: VM has multidex support, MultiDex support library is disabled.
05-26 16:55:49.556 29874 29874 D ChimeraServiceProvider: onCreate
05-26 16:55:49.558 29874 29874 D FontsProvider: onCreate
05-26 16:55:49.560 29874 29874 D GmsPhenotypeCfgProvider: unimplemented Method: onCreate
05-26 16:55:49.563 29919 29919 W ziparchive: Unable to open '/data/app/~~y54zPcFPhS4BJ7wab6Ut5w==/com.hello.miheapp.secretspace- lxuufuIyEmU7T1oRw05RBA==/split_config.arm64_v8a.dm': No such file or directory
05-26 16:55:49.563 29919 29919 W ziparchive: Unable to open '/data/app/~~y54zPcFPhS4BJ7wab6Ut5w==/com.hello.miheapp.secretspace- lxuufuIyEmU7T1oRw05RBA==/split_config.arm64_v8a.dm': No such file or directory
05-26 16:55:49.563 29919 29919 W secretspace:dex: Entry not found
05-26 16:55:49.563 29919 29919 W ziparchive: Unable to open '/data/app/~~y54zPcFPhS4BJ7wab6Ut5w==/com.hello.miheapp.secretspace- lxuufuIyEmU7T1oRw05RBA==/split_config.bn.dm': No such file or directory
05-26 16:55:49.563 29919 29919 W ziparchive: Unable to open '/data/app/~~y54zPcFPhS4BJ7wab6Ut5w==/com.hello.miheapp.secretspace- lxuufuIyEmU7T1oRw05RBA==/split_config.bn.dm': No such file or directory
05-26 16:55:49.564 29919 29919 W secretspace:dex: Entry not found
05-26 16:55:49.564 29919 29919 W ziparchive: Unable to open '/data/app/~~y54zPcFPhS4BJ7wab6Ut5w==/com.hello.miheapp.secretspace- lxuufuIyEmU7T1oRw05RBA==/split_config.en.dm': No such file or directory
05-26 16:55:49.564 29919 29919 W ziparchive: Unable to open '/data/app/~~y54zPcFPhS4BJ7wab6Ut5w==/com.hello.miheapp.secretspace- lxuufuIyEmU7T1oRw05RBA==/split_config.en.dm': No such file or directory
05-26 16:55:49.564 29919 29919 W secretspace:dex: Entry not found
05-26 16:55:49.565 29919 29919 W ziparchive: Unable to open '/data/app/~~y54zPcFPhS4BJ7wab6Ut5w==/com.hello.miheapp.secretspace- lxuufuIyEmU7T1oRw05RBA==/split_config.gu.dm': No such file or directory
05-26 16:55:49.565 29919 29919 W ziparchive: Unable to open '/data/app/~~y54zPcFPhS4BJ7wab6Ut5w==/com.hello.miheapp.secretspace- lxuufuIyEmU7T1oRw05RBA==/split_config.gu.dm': No such file or directory
05-26 16:55:49.565 29919 29919 W secretspace:dex: Entry not found
05-26 16:55:49.565 29919 29919 W ziparchive: Unable to open '/data/app/~~y54zPcFPhS4BJ7wab6Ut5w==/com.hello.miheapp.secretspace- lxuufuIyEmU7T1oRw05RBA==/split_config.hi.dm': No such file or directory
05-26 16:55:49.565 29919 29919 W ziparchive: Unable to open '/data/app/~~y54zPcFPhS4BJ7wab6Ut5w==/com.hello.miheapp.secretspace- lxuufuIyEmU7T1oRw05RBA==/split_config.hi.dm': No such file or directory
05-26 16:55:49.565 29919 29919 W secretspace:dex: Entry not found
05-26 16:55:49.566 29919 29919 W ziparchive: Unable to open '/data/app/~~y54zPcFPhS4BJ7wab6Ut5w==/com.hello.miheapp.secretspace- lxuufuIyEmU7T1oRw05RBA==/split_config.kn.dm': No such file or directory
05-26 16:55:49.566 29919 29919 W ziparchive: Unable to open '/data/app/~~y54zPcFPhS4BJ7wab6Ut5w==/com.hello.miheapp.secretspace- lxuufuIyEmU7T1oRw05RBA==/split_config.kn.dm': No such file or directory
05-26 16:55:49.566 29919 29919 W secretspace:dex: Entry not found
05-26 16:55:49.566 29919 29919 W ziparchive: Unable to open '/data/app/~~y54zPcFPhS4BJ7wab6Ut5w==/com.hello.miheapp.secretspace- lxuufuIyEmU7T1oRw05RBA==/split_config.mr.dm': No such file or directory
05-26 16:55:49.566 29919 29919 W ziparchive: Unable to open '/data/app/~~y54zPcFPhS4BJ7wab6Ut5w==/com.hello.miheapp.secretspace- lxuufuIyEmU7T1oRw05RBA==/split_config.mr.dm': No such file or directory
05-26 16:55:49.567 29919 29919 W secretspace:dex: Entry not found
05-26 16:55:49.567 29919 29919 W ziparchive: Unable to open '/data/app/~~y54zPcFPhS4BJ7wab6Ut5w==/com.hello.miheapp.secretspace- lxuufuIyEmU7T1oRw05RBA==/split_config.ta.dm': No such file or directory
05-26 16:55:49.567 29919 29919 W ziparchive: Unable to open '/data/app/~~y54zPcFPhS4BJ7wab6Ut5w==/com.hello.miheapp.secretspace- lxuufuIyEmU7T1oRw05RBA==/split_config.ta.dm': No such file or directory
05-26 16:55:49.567 29919 29919 W secretspace:dex: Entry not found
05-26 16:55:49.567 29919 29919 W ziparchive: Unable to open '/data/app/~~y54zPcFPhS4BJ7wab6Ut5w==/com.hello.miheapp.secretspace- lxuufuIyEmU7T1oRw05RBA==/split_config.te.dm': No such file or directory
05-26 16:55:49.567 29919 29919 W ziparchive: Unable to open '/data/app/~~y54zPcFPhS4BJ7wab6Ut5w==/com.hello.miheapp.secretspace- lxuufuIyEmU7T1oRw05RBA==/split_config.te.dm': No such file or directory
05-26 16:55:49.568 29919 29919 W secretspace:dex: Entry not found
05-26 16:55:49.568 29919 29919 W ziparchive: Unable to open '/data/app/~~y54zPcFPhS4BJ7wab6Ut5w==/com.hello.miheapp.secretspace- lxuufuIyEmU7T1oRw05RBA==/split_config.xxhdpi.dm': No such file or directory
05-26 16:55:49.568 29919 29919 W ziparchive: Unable to open '/data/app/~~y54zPcFPhS4BJ7wab6Ut5w==/com.hello.miheapp.secretspace- lxuufuIyEmU7T1oRw05RBA==/split_config.xxhdpi.dm': No such file or directory
05-26 16:55:49.568 29919 29919 W secretspace:dex: Entry not found
05-26 16:55:49.569 29919 29919 D nativeloader: Configuring clns-5 for other apk /data/app/~~y54zPcFPhS4BJ7wab6Ut5w==/com.hello.miheapp.secretspace- lxuufuIyEmU7T1oRw05RBA==/base.apk:/data/app/~~y54zPcFPhS4BJ7wab6Ut5w==/ com.hello.miheapp.secretspace-lxuufuIyEmU7T1oRw05RBA==/ split_config.arm64_v8a.apk:/data/app/~~y54zPcFPhS4BJ7wab6Ut5w==/ com.hello.miheapp.secretspace-lxuufuIyEmU7T1oRw05RBA==/split_config.bn.apk:/data/ app/~~y54zPcFPhS4BJ7wab6Ut5w==/com.hello.miheapp.secretspace- lxuufuIyEmU7T1oRw05RBA==/split_config.en.apk:/data/app/~~y54zPcFPhS4BJ7wab6Ut5w==/ com.hello.miheapp.secretspace-lxuufuIyEmU7T1oRw05RBA==/split_config.gu.apk:/data/ app/~~y54zPcFPhS4BJ7wab6Ut5w==/com.hello.miheapp.secretspace- lxuufuIyEmU7T1oRw05RBA==/split_config.hi.apk:/data/app/~~y54zPcFPhS4BJ7wab6Ut5w==/ com.hello.miheapp.secretspace-lxuufuIyEmU7T1oRw05RBA==/split_config.kn.apk:/data/ app/~~y54zPcFPhS4BJ7wab6Ut5w==/com.hello.miheapp.secretspace- lxuufuIyEmU7T1oRw05RBA==/split_config.mr.apk:/data/app/~~y54zPcFPhS4BJ7wab6Ut5w==/ com.hello.miheapp.secretspace-lxuufuIyEmU7T1oRw05RBA==/split_
05-26 16:55:49.580 29919 29919 D nativeloader: Load libframework-connectivity- jni.so using APEX ns com_android_tethering for caller /apex/com.android.tethering/javalib/framework-connectivity.jar: ok
05-26 16:55:49.581 29919 29919 I Perf : Connecting to perf service.
05-26 16:55:49.586 29919 29919 V GraphicsEnvironment: ANGLE Developer option for 'com.hello.miheapp.secretspace' set to: 'default'
05-26 16:55:49.587 29919 29919 V GraphicsEnvironment: ANGLE GameManagerService for com.hello.miheapp.secretspace: false
05-26 16:55:49.588 29919 29919 V GraphicsEnvironment: App is not on the allowlist for updatable production driver.
05-26 16:55:49.592 29874 29874 D ActivityThread: Loading provider com.google.android.gms.microg.settings: org.microg.gms.settings.SettingsProvider
05-26 16:55:49.596 29919 29919 I ForceDarkHelperStubImpl: initialize for com.hello.miheapp.secretspace , ForceDarkOrigin
05-26 16:55:49.599 29919 29919 D nativeloader: Load libforcedarkimpl.so using system ns (caller=/system_ext/framework/miui-framework.jar): ok
05-26 16:55:49.599 29919 29919 D secretspace:dex: JNI_OnLoad success
05-26 16:55:49.600 29919 29919 I MiuiForceDarkConfig: setConfig density:2.750000, mainRule:0, secondaryRule:0, tertiaryRule:0
05-26 16:55:49.603 29919 29919 D NetworkSecurityConfig: Using Network Security Config from resource network_security_config debugBuild: false
05-26 16:55:49.604 29919 29919 D NetworkSecurityConfig: Using Network Security Config from resource network_security_config debugBuild: false
05-26 16:55:49.610 29874 29874 D ProfileManager: Using Serial bc2fec2faf0d9da36d78302e319f3435
05-26 16:55:49.614 29919 29919 D nativeloader: Load /data/app/~~y54zPcFPhS4BJ7wab6Ut5w==/com.hello.miheapp.secretspace- lxuufuIyEmU7T1oRw05RBA==/split_config.arm64_v8a.apk!/lib/arm64-v8a/librepublic.so using ns clns-5 from class loader (caller=/data/app/~~y54zPcFPhS4BJ7wab6Ut5w==/com.hello.miheapp.secretspace- lxuufuIyEmU7T1oRw05RBA==/base.apk): ok
05-26 16:55:49.620 29874 29874 D CompatibilityChangeReporter: Compat change id reported: 183155436; UID 10001; state: ENABLED
05-26 16:55:49.625 29014 29014 W BpBinder: PerfMonitor binderTransact : time=314ms interface=com.hello.sandbox.core.IBActivityThread code=9
05-26 16:55:49.634 29874 29874 D MeasurementService: onBind: Intent { act=com.google.android.gms.measurement.START pkg=com.google.android.gms }
05-26 16:55:49.641 29874 29874 D GmsCheckinTrigger: Ignoring Intent { act=android.intent.action.BOOT_COMPLETED }: checkin is disabled
05-26 16:55:49.646 29874 29874 D MeasurementService: bound by: GetServiceRequest{serviceId=MEASUREMENT, gmsVersion=12451000, packageName='com.hello.miheapp.secretspace', extras=Bundle[{}]}
05-26 16:55:49.650 29919 29919 W Glide : Failed to find GeneratedAppGlideModule. You should include an annotationProcessor compile dependency on com.github.bumptech.glide:compiler in your application and a @GlideModule annotated AppGlideModule implementation or LibraryGlideModules will be silently ignored
05-26 16:55:49.658 29874 29931 D SafeParcel: Unknown field id 34 in com.google.android.gms.measurement.internal.AppMetadata, skipping.
05-26 16:55:49.658 29874 29931 D SafeParcel: Unknown field id 35 in com.google.android.gms.measurement.internal.AppMetadata, skipping.
05-26 16:55:49.658 29874 29931 D MeasurementService: sendAppLaunch() for AppMetadata[com.hello.miheapp.secretspace]
05-26 16:55:49.659 29919 29919 D CompatibilityChangeReporter: Compat change id reported: 183155436; UID 11031; state: ENABLED
05-26 16:55:49.661 29919 29919 D SessionsDependencies: Dependency to CRASHLYTICS added.
05-26 16:55:49.662 29919 29919 I FirebaseApp: Device unlocked: initializing all Firebase APIs for app [DEFAULT]
05-26 16:55:49.663 29874 29931 W FA : Table has extra columns. table, columns: messages, app_version, app_version_int
05-26 16:55:49.667 29946 29946 I libc : SetHeapTaggingLevel: tag level set to 0
05-26 16:55:49.675 29919 29919 D FirebaseSessions: Initializing Firebase Sessions SDK.
05-26 16:55:49.676 29919 29919 I FirebaseCrashlytics: Initializing Firebase Crashlytics 18.6.2 for com.hello.miheapp.secretspace
05-26 16:55:49.676 29874 29931 W FA : Table has extra columns. table, columns: messages, app_version, app_version_int
05-26 16:55:49.680 29946 29946 I .secretspace:p1: Using CollectorTypeCC GC.
05-26 16:55:49.680 29874 29931 D SafeParcel: Unknown field id 34 in com.google.android.gms.measurement.internal.AppMetadata, skipping.
05-26 16:55:49.680 29874 29931 D SafeParcel: Unknown field id 35 in com.google.android.gms.measurement.internal.AppMetadata, skipping.
05-26 16:55:49.680 29874 29931 D MeasurementService: getAppInstanceId() for AppMetadata[com.hello.miheapp.secretspace]
05-26 16:55:49.682 29874 29931 D SafeParcel: Unknown field id 34 in com.google.android.gms.measurement.internal.AppMetadata, skipping.
05-26 16:55:49.682 29874 29931 D SafeParcel: Unknown field id 35 in com.google.android.gms.measurement.internal.AppMetadata, skipping.
05-26 16:55:49.683 29874 29931 D MeasurementService: sendDefaultEventParameters(Bundle[EMPTY_PARCEL]) for AppMetadata[com.hello.miheapp.secretspace]
05-26 16:55:49.684 29946 29946 E .secretspace:p1: Not starting debugger since process cannot load the jdwp agent.
05-26 16:55:49.688 29919 29919 D SessionsDependencies: Subscriber CRASHLYTICS registered.
05-26 16:55:49.689 29946 29946 D nativeloader: Load libframework-connectivity- tiramisu-jni.so using APEX ns com_android_tethering for caller /apex/com.android.tethering/javalib/framework-connectivity-t.jar: ok
05-26 16:55:49.693 29946 29946 W System.err: android.system.ErrnoException: open failed: ENOENT (No such file or directory)
05-26 16:55:49.693 29946 29946 W System.err: at libcore.io.Linux.open(Native Method)
05-26 16:55:49.693 29946 29946 W System.err: at libcore.io.ForwardingOs.open(ForwardingOs.java:563)
05-26 16:55:49.693 29946 29946 W System.err: at libcore.io.BlockGuardOs.open(BlockGuardOs.java:274)
05-26 16:55:49.693 29946 29946 W System.err: at libcore.io.ForwardingOs.open(ForwardingOs.java:563)
05-26 16:55:49.693 29946 29946 W System.err: at android.app.ActivityThread$AndroidOs.open(ActivityThread.java:8381)
05-26 16:55:49.693 29946 29946 W System.err: at android.system.Os.open(Os.java:494)
05-26 16:55:49.693 29946 29946 W System.err: at android.os.perfdebug.PerfDebugMonitorImpl.monitorVersionControl(PerfDebugMonitorImp l.java:206)
05-26 16:55:49.693 29946 29946 W System.err: at android.os.perfdebug.PerfDebugMonitorImpl.prepareMonitor(PerfDebugMonitorImpl.java: 187)
05-26 16:55:49.693 29946 29946 W System.err: at android.app.ActivityThread.main(ActivityThread.java:8468)
05-26 16:55:49.693 29946 29946 W System.err: at java.lang.reflect.Method.invoke(Native Method)
05-26 16:55:49.693 29946 29946 W System.err: at com.android.internal.os.RuntimeInit$MethodAndArgsCaller.run(RuntimeInit.java:561)
05-26 16:55:49.693 29946 29946 W System.err: at com.android.internal.os.ZygoteInit.main(ZygoteInit.java:954)
05-26 16:55:49.693 29946 29946 I MessageMonitor: Load libmiui_runtime
05-26 16:55:49.695 29919 29977 D SessionConfigFetcher: Fetching settings from server.
05-26 16:55:49.709 29919 29919 I FirebaseApp: FirebaseApp initialization successful
05-26 16:55:49.716 29919 29967 W secretspace:dex: ClassLoaderContext classpath size mismatch. expected=1, found=0 (DLC[];PCL[base.apk*109608243]{PCL[/system/framework/org.apache.http.legacy.jar*141 4085461]#PCL[/system/framework/ com.android.media.remotedisplay.jar*3886290638]#PCL[/system/framework/ com.android.location.provider.jar*3868789109]#PCL[/system/framework/ org.apache.http.legacy.jar*1414085461]} | DLC[];PCL[])
05-26 16:55:49.722 29946 29946 D CompatibilityChangeReporter: Compat change id reported: 171979766; UID 11031; state: ENABLED
05-26 16:55:49.727 29919 29967 I DynamiteModule: Considering local module com.google.android.gms.measurement.dynamite:100 and remote module com.google.android.gms.measurement.dynamite:147
05-26 16:55:49.727 29919 29967 I DynamiteModule: Selected remote version of com.google.android.gms.measurement.dynamite, version >= 147
05-26 16:55:49.727 29919 29967 V DynamiteModule: Dynamite loader version >= 2, using loadModule2NoCrashUtils
05-26 16:55:49.734 29946 29946 D ApplicationLoaders: Returning zygote-cached class loader: /system/framework/android.test.base.jar
05-26 16:55:49.740 29919 29967 W System : ClassLoader referenced unknown path:
05-26 16:55:49.740 29919 29967 D nativeloader: Configuring clns-6 for other apk . target_sdk_version=36, uses_libraries=, library_path=/data/app/~~3AFzmr68BUutrijmTnazkA==/com.google.android.gms- Tcy3cUvvGWBu6Vl7hWirAw==/lib/arm64:/data/app/~~3AFzmr68BUutrijmTnazkA==/ com.google.android.gms-Tcy3cUvvGWBu6Vl7hWirAw==/base.apk!/lib/arm64-v8a, permitted_path=/data:/mnt/expand:/data/user/0/com.google.android.gms
