05-26 16:58:59.153 32383 32383 W ziparchive: Unable to open '/data/app/~~y54zPcFPhS4BJ7wab6Ut5w==/com.hello.miheapp.secretspace- lxuufuIyEmU7T1oRw05RBA==/split_config.mr.dm': No such file or directory
05-26 16:58:59.153 32383 32383 W ziparchive: Unable to open '/data/app/~~y54zPcFPhS4BJ7wab6Ut5w==/com.hello.miheapp.secretspace- lxuufuIyEmU7T1oRw05RBA==/split_config.mr.dm': No such file or directory
05-26 16:58:59.153 32383 32383 W .secretspace:p2: Entry not found
05-26 16:58:59.154 32383 32383 W ziparchive: Unable to open '/data/app/~~y54zPcFPhS4BJ7wab6Ut5w==/com.hello.miheapp.secretspace- lxuufuIyEmU7T1oRw05RBA==/split_config.ta.dm': No such file or directory
05-26 16:58:59.154 32383 32383 W ziparchive: Unable to open '/data/app/~~y54zPcFPhS4BJ7wab6Ut5w==/com.hello.miheapp.secretspace- lxuufuIyEmU7T1oRw05RBA==/split_config.ta.dm': No such file or directory
05-26 16:58:59.155 32383 32383 W .secretspace:p2: Entry not found
05-26 16:58:59.156 32383 32383 W ziparchive: Unable to open '/data/app/~~y54zPcFPhS4BJ7wab6Ut5w==/com.hello.miheapp.secretspace- lxuufuIyEmU7T1oRw05RBA==/split_config.te.dm': No such file or directory
05-26 16:58:59.156 32383 32383 W ziparchive: Unable to open '/data/app/~~y54zPcFPhS4BJ7wab6Ut5w==/com.hello.miheapp.secretspace- lxuufuIyEmU7T1oRw05RBA==/split_config.te.dm': No such file or directory
05-26 16:58:59.156 32383 32383 W .secretspace:p2: Entry not found
05-26 16:58:59.157 32383 32383 W ziparchive: Unable to open '/data/app/~~y54zPcFPhS4BJ7wab6Ut5w==/com.hello.miheapp.secretspace- lxuufuIyEmU7T1oRw05RBA==/split_config.xxhdpi.dm': No such file or directory
05-26 16:58:59.158 32383 32383 W ziparchive: Unable to open '/data/app/~~y54zPcFPhS4BJ7wab6Ut5w==/com.hello.miheapp.secretspace- lxuufuIyEmU7T1oRw05RBA==/split_config.xxhdpi.dm': No such file or directory
05-26 16:58:59.158 32383 32383 W .secretspace:p2: Entry not found
05-26 16:58:59.161 32383 32383 D nativeloader: Configuring clns-5 for other apk /data/app/~~y54zPcFPhS4BJ7wab6Ut5w==/com.hello.miheapp.secretspace- lxuufuIyEmU7T1oRw05RBA==/base.apk:/data/app/~~y54zPcFPhS4BJ7wab6Ut5w==/ com.hello.miheapp.secretspace-lxuufuIyEmU7T1oRw05RBA==/ split_config.arm64_v8a.apk:/data/app/~~y54zPcFPhS4BJ7wab6Ut5w==/ com.hello.miheapp.secretspace-lxuufuIyEmU7T1oRw05RBA==/split_config.bn.apk:/data/ app/~~y54zPcFPhS4BJ7wab6Ut5w==/com.hello.miheapp.secretspace- lxuufuIyEmU7T1oRw05RBA==/split_config.en.apk:/data/app/~~y54zPcFPhS4BJ7wab6Ut5w==/ com.hello.miheapp.secretspace-lxuufuIyEmU7T1oRw05RBA==/split_config.gu.apk:/data/ app/~~y54zPcFPhS4BJ7wab6Ut5w==/com.hello.miheapp.secretspace- lxuufuIyEmU7T1oRw05RBA==/split_config.hi.apk:/data/app/~~y54zPcFPhS4BJ7wab6Ut5w==/ com.hello.miheapp.secretspace-lxuufuIyEmU7T1oRw05RBA==/split_config.kn.apk:/data/ app/~~y54zPcFPhS4BJ7wab6Ut5w==/com.hello.miheapp.secretspace- lxuufuIyEmU7T1oRw05RBA==/split_config.mr.apk:/data/app/~~y54zPcFPhS4BJ7wab6Ut5w==/ com.hello.miheapp.secretspace-lxuufuIyEmU7T1oRw05RBA==/split_
05-26 16:58:59.176 32383 32383 D nativeloader: Load libframework-connectivity- jni.so using APEX ns com_android_tethering for caller /apex/com.android.tethering/javalib/framework-connectivity.jar: ok
05-26 16:58:59.180 32383 32383 I Perf : Connecting to perf service.
05-26 16:58:59.194 32383 32383 V GraphicsEnvironment: ANGLE Developer option for 'com.hello.miheapp.secretspace' set to: 'default'
05-26 16:58:59.195 32383 32383 V GraphicsEnvironment: ANGLE GameManagerService for com.hello.miheapp.secretspace: false
05-26 16:58:59.196 32383 32383 V GraphicsEnvironment: App is not on the allowlist for updatable production driver.
05-26 16:58:59.205 32383 32383 I ForceDarkHelperStubImpl: initialize for com.hello.miheapp.secretspace , ForceDarkOrigin
05-26 16:58:59.209 32383 32383 D nativeloader: Load libforcedarkimpl.so using system ns (caller=/system_ext/framework/miui-framework.jar): ok
05-26 16:58:59.209 32383 32383 D .secretspace:p2: JNI_OnLoad success
05-26 16:58:59.209 32383 32383 I MiuiForceDarkConfig: setConfig density:2.750000, mainRule:0, secondaryRule:0, tertiaryRule:0
05-26 16:58:59.212 32383 32383 D NetworkSecurityConfig: Using Network Security Config from resource network_security_config debugBuild: false
05-26 16:58:59.213 32383 32383 D NetworkSecurityConfig: Using Network Security Config from resource network_security_config debugBuild: false
05-26 16:58:59.218 32383 32383 D nativeloader: Load /data/app/~~y54zPcFPhS4BJ7wab6Ut5w==/com.hello.miheapp.secretspace- lxuufuIyEmU7T1oRw05RBA==/split_config.arm64_v8a.apk!/lib/arm64-v8a/librepublic.so using ns clns-5 from class loader (caller=/data/app/~~y54zPcFPhS4BJ7wab6Ut5w==/com.hello.miheapp.secretspace- lxuufuIyEmU7T1oRw05RBA==/base.apk): ok
05-26 16:58:59.560 32383 32383 W Glide : Failed to find GeneratedAppGlideModule. You should include an annotationProcessor compile dependency on com.github.bumptech.glide:compiler in your application and a @GlideModule annotated AppGlideModule implementation or LibraryGlideModules will be silently ignored
05-26 16:58:59.571 29014 29027 W cretspace:black: Long monitor contention with owner binder:29014_8 (32142) at android.content.Intent com.hello.sandbox.core.system.am.BActivityManagerService.bindService(android.conten t.Intent, android.os.IBinder, java.lang.String, int) (BActivityManagerService.java:3) waiters=0 in android.content.ComponentName com.hello.sandbox.core.system.am.BActivityManagerService.startService(android.conte nt.Intent, java.lang.String, boolean, int) for 676ms
05-26 16:58:59.572 32145 32240 W BpBinder: PerfMonitor binderTransact : time=955ms interface=com.hello.sandbox.core.system.am.IBActivityManagerService code=8
05-26 16:58:59.578 32383 32383 D CompatibilityChangeReporter: Compat change id reported: 183155436; UID 11031; state: ENABLED
05-26 16:58:59.583 32383 32383 D SessionsDependencies: Dependency to CRASHLYTICS added.
05-26 16:58:59.588 32383 32383 I FirebaseApp: Device unlocked: initializing all Firebase APIs for app [DEFAULT]
05-26 16:58:59.594 32383 32383 I FirebaseCrashlytics: Initializing Firebase Crashlytics 18.6.2 for com.hello.miheapp.secretspace
05-26 16:58:59.662 32383 32383 D SessionsDependencies: Subscriber CRASHLYTICS registered.
05-26 16:58:59.680 32422 32422 I libc : SetHeapTaggingLevel: tag level set to 0
05-26 16:58:59.687 32422 32422 I .secretspace:p3: Using CollectorTypeCC GC.
05-26 16:58:59.695 32422 32422 E .secretspace:p3: Not starting debugger since process cannot load the jdwp agent.
05-26 16:58:59.717 32422 32422 D nativeloader: Load libframework-connectivity- tiramisu-jni.so using APEX ns com_android_tethering for caller /apex/com.android.tethering/javalib/framework-connectivity-t.jar: ok
05-26 16:58:59.726 32422 32422 W System.err: android.system.ErrnoException: open failed: ENOENT (No such file or directory)
05-26 16:58:59.727 32422 32422 W System.err: at libcore.io.Linux.open(Native Method)
05-26 16:58:59.727 32422 32422 W System.err: at libcore.io.ForwardingOs.open(ForwardingOs.java:563)
05-26 16:58:59.727 32422 32422 W System.err: at libcore.io.BlockGuardOs.open(BlockGuardOs.java:274)
05-26 16:58:59.727 32422 32422 W System.err: at libcore.io.ForwardingOs.open(ForwardingOs.java:563)
05-26 16:58:59.727 32422 32422 W System.err: at android.app.ActivityThread$AndroidOs.open(ActivityThread.java:8381)
05-26 16:58:59.727 32422 32422 W System.err: at android.system.Os.open(Os.java:494)
05-26 16:58:59.727 32422 32422 W System.err: at android.os.perfdebug.PerfDebugMonitorImpl.monitorVersionControl(PerfDebugMonitorImp l.java:206)
05-26 16:58:59.727 32422 32422 W System.err: at android.os.perfdebug.PerfDebugMonitorImpl.prepareMonitor(PerfDebugMonitorImpl.java: 187)
05-26 16:58:59.727 32422 32422 W System.err: at android.app.ActivityThread.main(ActivityThread.java:8468)
05-26 16:58:59.727 32422 32422 W System.err: at java.lang.reflect.Method.invoke(Native Method)
05-26 16:58:59.727 32422 32422 W System.err: at com.android.internal.os.RuntimeInit$MethodAndArgsCaller.run(RuntimeInit.java:561)
05-26 16:58:59.727 32422 32422 W System.err: at com.android.internal.os.ZygoteInit.main(ZygoteInit.java:954)
05-26 16:58:59.728 32422 32422 I MessageMonitor: Load libmiui_runtime
05-26 16:58:59.750 31926 31939 D ChimeraServiceProvider: query: content://com.google.android.gms.chimera/api_force_staging/com.google.android.gms.m easurement.dynamite?requestStartTime=2803552236
05-26 16:58:59.754 32422 32422 D CompatibilityChangeReporter: Compat change id reported: 171979766; UID 11031; state: ENABLED
05-26 16:58:59.757 32383 32417 W DynamiteModule: Failed to retrieve remote module version.
05-26 16:58:59.780 32422 32422 D ApplicationLoaders: Returning zygote-cached class loader: /system/framework/android.test.base.jar
05-26 16:58:59.784 32383 32417 D nativeloader: Configuring clns-6 for other apk /system/framework/com.android.location.provider.jar. target_sdk_version=29, uses_libraries=ALL, library_path=/data/user/0/com.hello.miheapp.secretspace/sandbox/data/app/ com.google.android.gms/lib:/data/user/0/com.hello.miheapp.secretspace/sandbox/ data/app/com.google.android.gms/base.apk!/lib/arm64-v8a, permitted_path=/data:/mnt/expand:/data/user/0/com.hello.miheapp.secretspace/ sandbox/data/user/0/com.google.android.gms
05-26 16:58:59.784 32383 32417 D nativeloader: Extending system_exposed_libraries: libbinauralrenderer_wrapper.qti.so:libhoaeffects.qti.so:libQOC.qti.so:libmisys_jni. xiaomi.so:libxiaomi_modemdumpsdx55_jni.modem.so:libxiaomi_modemdump_jni.modem.so:li bupdateprof.qti.so:libthermalclient.qti.so:libQOC.qti.so:libdiag_system.qti.so:libq ape.qti.so:liblistenjni.qti.so
05-26 16:58:59.789 32422 32422 D nativeloader: Configuring clns-4 for other apk /system/framework/org.apache.http.legacy.jar. target_sdk_version=34, uses_libraries=ALL, library_path=/data/app/~~y54zPcFPhS4BJ7wab6Ut5w==/com.hello.miheapp.secretspace- lxuufuIyEmU7T1oRw05RBA==/lib/arm64:/data/app/~~y54zPcFPhS4BJ7wab6Ut5w==/ com.hello.miheapp.secretspace-lxuufuIyEmU7T1oRw05RBA==/base.apk!/lib/arm64-v8a:/ data/app/~~y54zPcFPhS4BJ7wab6Ut5w==/com.hello.miheapp.secretspace- lxuufuIyEmU7T1oRw05RBA==/split_config.arm64_v8a.apk!/lib/arm64-v8a:/data/app/ ~~y54zPcFPhS4BJ7wab6Ut5w==/com.hello.miheapp.secretspace-lxuufuIyEmU7T1oRw05RBA==/ split_config.bn.apk!/lib/arm64-v8a:/data/app/~~y54zPcFPhS4BJ7wab6Ut5w==/ com.hello.miheapp.secretspace-lxuufuIyEmU7T1oRw05RBA==/split_config.en.apk!/lib/ arm64-v8a:/data/app/~~y54zPcFPhS4BJ7wab6Ut5w==/com.hello.miheapp.secretspace- lxuufuIyEmU7T1oRw05RBA==/split_config.gu.apk!/lib/arm64-v8a:/data/app/ ~~y54zPcFPhS4BJ7wab6Ut5w==/com.hello.miheapp.secretspace-lxuufuIyEmU7T1oRw05RBA==/ split_config.hi.apk!/lib/arm64-v8a:/data/app/~~y54zPcFPhS4BJ7wa
05-26 16:58:59.789 32422 32422 D nativeloader: Extending system_exposed_libraries: libbinauralrenderer_wrapper.qti.so:libhoaeffects.qti.so:libQOC.qti.so:libmisys_jni. xiaomi.so:libxiaomi_modemdumpsdx55_jni.modem.so:libxiaomi_modemdump_jni.modem.so:li bupdateprof.qti.so:libthermalclient.qti.so:libQOC.qti.so:libdiag_system.qti.so:libq ape.qti.so:liblistenjni.qti.so
05-26 16:58:59.807 32383 32383 D FirebaseSessions: Initializing Firebase Sessions SDK.
05-26 16:58:59.810 32383 32383 I FirebaseApp: FirebaseApp initialization successful
05-26 16:58:59.832 32383 32446 D SessionConfigFetcher: Fetching settings from server.
05-26 16:58:59.874 32383 32383 W Looper : PerfMonitor longMsg : seq=2 plan=16:58:58.813 late=42ms wall=1018ms h=android.app.ActivityThread$H w=110 procState=-1
05-26 16:58:59.921 32383 32417 I .secretspace:p2: Failed to add image file: Failed to find OatDexFile for DexFile /data/app/~~y54zPcFPhS4BJ7wab6Ut5w==/com.hello.miheapp.secretspace- lxuufuIyEmU7T1oRw05RBA==/base.apk (canonical path /data/app/~~y54zPcFPhS4BJ7wab6Ut5w==/com.hello.miheapp.secretspace- lxuufuIyEmU7T1oRw05RBA==/base.apk) in OatFile /data/user/0/com.hello.miheapp.secretspace/sandbox/data/app/com.google.android.gms/ oat/arm64/base.vdex
05-26 16:58:59.926 32383 32417 D nativeloader: Configuring clns-7 for other apk /data/user/0/com.hello.miheapp.secretspace/sandbox/data/app/com.google.android.gms/ base.apk. target_sdk_version=29, uses_libraries=, library_path=/data/user/0/com.hello.miheapp.secretspace/sandbox/data/app/ com.google.android.gms/lib:/data/user/0/com.hello.miheapp.secretspace/sandbox/ data/app/com.google.android.gms/base.apk!/lib/arm64-v8a, permitted_path=/data:/mnt/expand:/data/user/0/com.hello.miheapp.secretspace/ sandbox/data/user/0/com.google.android.gms
05-26 16:58:59.926 32383 32417 D nativeloader: Extending system_exposed_libraries: libbinauralrenderer_wrapper.qti.so:libhoaeffects.qti.so:libQOC.qti.so:libmisys_jni. xiaomi.so:libxiaomi_modemdumpsdx55_jni.modem.so:libxiaomi_modemdump_jni.modem.so:li bupdateprof.qti.so:libthermalclient.qti.so:libQOC.qti.so:libdiag_system.qti.so:libq ape.qti.so:liblistenjni.qti.so
05-26 16:58:59.931 32383 32417 W DynamiteModule: IDynamite loader version = 2, no high precision latency measurement.
05-26 16:58:59.933 32383 32417 I DynamiteModule: Considering local module com.google.android.gms.measurement.dynamite:100 and remote module com.google.android.gms.measurement.dynamite:98
05-26 16:58:59.933 32383 32417 I DynamiteModule: Selected local version of com.google.android.gms.measurement.dynamite
05-26 16:58:59.936 32383 32417 W DynamiteModule: IDynamite loader version = 2, no high precision latency measurement.
05-26 16:58:59.938 32383 32383 D nativeloader: Load /data/app/~~y54zPcFPhS4BJ7wab6Ut5w==/com.hello.miheapp.secretspace- lxuufuIyEmU7T1oRw05RBA==/split_config.arm64_v8a.apk!/lib/arm64-v8a/libsandbox.so using ns clns-5 from class loader (caller=/data/app/~~y54zPcFPhS4BJ7wab6Ut5w==/com.hello.miheapp.secretspace- lxuufuIyEmU7T1oRw05RBA==/base.apk): ok
05-26 16:58:59.938 32383 32383 D NativeCore: NativeCore init.
05-26 16:58:59.938 32383 32383 D NativeCore: found art method entrypoint jni offset: 2
05-26 16:58:59.939 32383 32383 D NativeCore: not found art method match access flags offset , use default: 4
05-26 16:58:59.996 32422 32422 W ziparchive: Unable to open '/data/app/~~y54zPcFPhS4BJ7wab6Ut5w==/com.hello.miheapp.secretspace- lxuufuIyEmU7T1oRw05RBA==/split_config.arm64_v8a.dm': No such file or directory
05-26 16:58:59.996 32422 32422 W ziparchive: Unable to open '/data/app/~~y54zPcFPhS4BJ7wab6Ut5w==/com.hello.miheapp.secretspace- lxuufuIyEmU7T1oRw05RBA==/split_config.arm64_v8a.dm': No such file or directory
05-26 16:58:59.997 32422 32422 W .secretspace:p3: Entry not found
05-26 16:58:59.998 32422 32422 W ziparchive: Unable to open '/data/app/~~y54zPcFPhS4BJ7wab6Ut5w==/com.hello.miheapp.secretspace- lxuufuIyEmU7T1oRw05RBA==/split_config.bn.dm': No such file or directory
05-26 16:58:59.999 32422 32422 W ziparchive: Unable to open '/data/app/~~y54zPcFPhS4BJ7wab6Ut5w==/com.hello.miheapp.secretspace- lxuufuIyEmU7T1oRw05RBA==/split_config.bn.dm': No such file or directory
05-26 16:58:59.999 32422 32422 W .secretspace:p3: Entry not found
05-26 16:59:00.000 32422 32422 W ziparchive: Unable to open '/data/app/~~y54zPcFPhS4BJ7wab6Ut5w==/com.hello.miheapp.secretspace- lxuufuIyEmU7T1oRw05RBA==/split_config.en.dm': No such file or directory
05-26 16:59:00.000 32422 32422 W ziparchive: Unable to open '/data/app/~~y54zPcFPhS4BJ7wab6Ut5w==/com.hello.miheapp.secretspace- lxuufuIyEmU7T1oRw05RBA==/split_config.en.dm': No such file or directory
05-26 16:59:00.001 32422 32422 W .secretspace:p3: Entry not found
05-26 16:59:00.002 32422 32422 W ziparchive: Unable to open '/data/app/~~y54zPcFPhS4BJ7wab6Ut5w==/com.hello.miheapp.secretspace- lxuufuIyEmU7T1oRw05RBA==/split_config.gu.dm': No such file or directory
05-26 16:59:00.002 32422 32422 W ziparchive: Unable to open '/data/app/~~y54zPcFPhS4BJ7wab6Ut5w==/com.hello.miheapp.secretspace- lxuufuIyEmU7T1oRw05RBA==/split_config.gu.dm': No such file or directory
05-26 16:59:00.003 32422 32422 W .secretspace:p3: Entry not found
05-26 16:59:00.004 32422 32422 W ziparchive: Unable to open '/data/app/~~y54zPcFPhS4BJ7wab6Ut5w==/com.hello.miheapp.secretspace- lxuufuIyEmU7T1oRw05RBA==/split_config.hi.dm': No such file or directory
05-26 16:59:00.004 32422 32422 W ziparchive: Unable to open '/data/app/~~y54zPcFPhS4BJ7wab6Ut5w==/com.hello.miheapp.secretspace- lxuufuIyEmU7T1oRw05RBA==/split_config.hi.dm': No such file or directory
05-26 16:59:00.004 32422 32422 W .secretspace:p3: Entry not found
05-26 16:59:00.005 32422 32422 W ziparchive: Unable to open '/data/app/~~y54zPcFPhS4BJ7wab6Ut5w==/com.hello.miheapp.secretspace- lxuufuIyEmU7T1oRw05RBA==/split_config.kn.dm': No such file or directory
05-26 16:59:00.005 32422 32422 W ziparchive: Unable to open '/data/app/~~y54zPcFPhS4BJ7wab6Ut5w==/com.hello.miheapp.secretspace- lxuufuIyEmU7T1oRw05RBA==/split_config.kn.dm': No such file or directory
05-26 16:59:00.006 32422 32422 W .secretspace:p3: Entry not found
05-26 16:59:00.007 32422 32422 W ziparchive: Unable to open '/data/app/~~y54zPcFPhS4BJ7wab6Ut5w==/com.hello.miheapp.secretspace- lxuufuIyEmU7T1oRw05RBA==/split_config.mr.dm': No such file or directory
05-26 16:59:00.007 32422 32422 W ziparchive: Unable to open '/data/app/~~y54zPcFPhS4BJ7wab6Ut5w==/com.hello.miheapp.secretspace- lxuufuIyEmU7T1oRw05RBA==/split_config.mr.dm': No such file or directory
05-26 16:59:00.007 32422 32422 W .secretspace:p3: Entry not found
05-26 16:59:00.008 32383 32452 I FA : App measurement initialized, version: 84002
05-26 16:59:00.008 32383 32452 I FA : To enable debug logging run: adb shell setprop log.tag.FA VERBOSE
05-26 16:59:00.008 32383 32452 I FA : To enable faster debug mode event logging run:
05-26 16:59:00.008 32383 32452 I FA : adb shell setprop debug.firebase.analytics.app com.hello.miheapp.secretspace
05-26 16:59:00.008 32422 32422 W ziparchive: Unable to open '/data/app/~~y54zPcFPhS4BJ7wab6Ut5w==/com.hello.miheapp.secretspace- lxuufuIyEmU7T1oRw05RBA==/split_config.ta.dm': No such file or directory
05-26 16:59:00.008 32422 32422 W ziparchive: Unable to open '/data/app/~~y54zPcFPhS4BJ7wab6Ut5w==/com.hello.miheapp.secretspace- lxuufuIyEmU7T1oRw05RBA==/split_config.ta.dm': No such file or directory
05-26 16:59:00.009 32422 32422 W .secretspace:p3: Entry not found
05-26 16:59:00.010 32422 32422 W ziparchive: Unable to open '/data/app/~~y54zPcFPhS4BJ7wab6Ut5w==/com.hello.miheapp.secretspace- lxuufuIyEmU7T1oRw05RBA==/split_config.te.dm': No such file or directory
05-26 16:59:00.010 32422 32422 W ziparchive: Unable to open '/data/app/~~y54zPcFPhS4BJ7wab6Ut5w==/com.hello.miheapp.secretspace- lxuufuIyEmU7T1oRw05RBA==/split_config.te.dm': No such file or directory
05-26 16:59:00.011 32422 32422 W .secretspace:p3: Entry not found
05-26 16:59:00.012 32422 32422 W ziparchive: Unable to open '/data/app/~~y54zPcFPhS4BJ7wab6Ut5w==/com.hello.miheapp.secretspace- lxuufuIyEmU7T1oRw05RBA==/split_config.xxhdpi.dm': No such file or directory
05-26 16:59:00.012 32422 32422 W ziparchive: Unable to open '/data/app/~~y54zPcFPhS4BJ7wab6Ut5w==/com.hello.miheapp.secretspace- lxuufuIyEmU7T1oRw05RBA==/split_config.xxhdpi.dm': No such file or directory
05-26 16:59:00.013 32422 32422 W .secretspace:p3: Entry not found
05-26 16:59:00.015 32422 32422 D nativeloader: Configuring clns-5 for other apk /data/app/~~y54zPcFPhS4BJ7wab6Ut5w==/com.hello.miheapp.secretspace- lxuufuIyEmU7T1oRw05RBA==/base.apk:/data/app/~~y54zPcFPhS4BJ7wab6Ut5w==/ com.hello.miheapp.secretspace-lxuufuIyEmU7T1oRw05RBA==/ split_config.arm64_v8a.apk:/data/app/~~y54zPcFPhS4BJ7wab6Ut5w==/ com.hello.miheapp.secretspace-lxuufuIyEmU7T1oRw05RBA==/split_config.bn.apk:/data/ app/~~y54zPcFPhS4BJ7wab6Ut5w==/com.hello.miheapp.secretspace- lxuufuIyEmU7T1oRw05RBA==/split_config.en.apk:/data/app/~~y54zPcFPhS4BJ7wab6Ut5w==/ com.hello.miheapp.secretspace-lxuufuIyEmU7T1oRw05RBA==/split_config.gu.apk:/data/ app/~~y54zPcFPhS4BJ7wab6Ut5w==/com.hello.miheapp.secretspace- lxuufuIyEmU7T1oRw05RBA==/split_config.hi.apk:/data/app/~~y54zPcFPhS4BJ7wab6Ut5w==/ com.hello.miheapp.secretspace-lxuufuIyEmU7T1oRw05RBA==/split_config.kn.apk:/data/ app/~~y54zPcFPhS4BJ7wab6Ut5w==/com.hello.miheapp.secretspace- lxuufuIyEmU7T1oRw05RBA==/split_config.mr.apk:/data/app/~~y54zPcFPhS4BJ7wab6Ut5w==/ com.hello.miheapp.secretspace-lxuufuIyEmU7T1oRw05RBA==/split_
05-26 16:59:00.026 32383 32383 E NativeCore: not native method
05-26 16:59:00.026 32383 32383 E NativeCore: check flags error. class:java/io/UnixFileSystem, method:canonicalize0
05-26 16:59:00.027 32383 32383 D NativeCore: register class:java/io/UnixFileSystem, method:getBooleanAttributes0 success!
05-26 16:59:00.027 32383 32383 D NativeCore: register class:java/io/UnixFileSystem, method:getLastModifiedTime0 success!
05-26 16:59:00.027 32383 32383 D NativeCore: register class:java/io/UnixFileSystem, method:setPermission0 success!
05-26 16:59:00.027 32383 32383 D NativeCore: register class:java/io/UnixFileSystem, method:createFileExclusively0 success!
05-26 16:59:00.027 32383 32383 D NativeCore: register class:java/io/UnixFileSystem, method:list0 success!
05-26 16:59:00.027 32383 32383 D NativeCore: register class:java/io/UnixFileSystem, method:createDirectory0 success!
05-26 16:59:00.027 32383 32383 D NativeCore: register class:java/io/UnixFileSystem, method:setLastModifiedTime0 success!
05-26 16:59:00.027 32383 32383 D NativeCore: register class:java/io/UnixFileSystem, method:setReadOnly0 success!
05-26 16:59:00.027 32383 32383 D NativeCore: register class:java/io/UnixFileSystem, method:getSpace0 success!
05-26 16:59:00.027 32383 32383 D NativeCore: register class:java/lang/VMClassLoader, method:findLoadedClass success!
05-26 16:59:00.027 32383 32383 D NativeCore: register class:android/os/Binder, method:getCallingUid success!
05-26 16:59:00.027 32383 32383 D NativeCore: register class:dalvik/system/VMRuntime, method:setHiddenApiExemptions success!
05-26 16:59:00.040 32422 32422 D nativeloader: Load libframework-connectivity- jni.so using APEX ns com_android_tethering for caller /apex/com.android.tethering/javalib/framework-connectivity.jar: ok
05-26 16:59:00.044 32422 32422 I Perf : Connecting to perf service.
05-26 16:59:00.044 32383 32452 D CompatibilityChangeReporter: Compat change id reported: 183155436; UID 11031; state: ENABLED
05-26 16:59:00.050 32383 32383 W ziparchive: Unable to open '/data/user/0/com.hello.miheapp.secretspace/sandbox/data/app/com.android.vending/ base.dm': No such file or directory
05-26 16:59:00.054 32422 32422 V GraphicsEnvironment: ANGLE Developer option for 'com.hello.miheapp.secretspace' set to: 'default'
05-26 16:59:00.055 32422 32422 V GraphicsEnvironment: ANGLE GameManagerService for com.hello.miheapp.secretspace: false
05-26 16:59:00.056 32422 32422 V GraphicsEnvironment: App is not on the allowlist for updatable production driver.
05-26 16:59:00.067 32383 32452 W FA : Table has extra columns. table, columns: messages, app_version, app_version_int
05-26 16:59:00.068 32422 32422 I ForceDarkHelperStubImpl: initialize for com.hello.miheapp.secretspace , ForceDarkOrigin
05-26 16:59:00.071 32422 32422 D nativeloader: Load libforcedarkimpl.so using system ns (caller=/system_ext/framework/miui-framework.jar): ok
05-26 16:59:00.071 32422 32422 D .secretspace:p3: JNI_OnLoad success
05-26 16:59:00.071 32422 32422 I MiuiForceDarkConfig: setConfig density:2.750000, mainRule:0, secondaryRule:0, tertiaryRule:0
05-26 16:59:00.075 32422 32422 D NetworkSecurityConfig: Using Network Security Config from resource network_security_config debugBuild: false
05-26 16:59:00.076 32422 32422 D NetworkSecurityConfig: Using Network Security Config from resource network_security_config debugBuild: false
05-26 16:59:00.088 32422 32422 D nativeloader: Load /data/app/~~y54zPcFPhS4BJ7wab6Ut5w==/com.hello.miheapp.secretspace- lxuufuIyEmU7T1oRw05RBA==/split_config.arm64_v8a.apk!/lib/arm64-v8a/librepublic.so using ns clns-5 from class loader (caller=/data/app/~~y54zPcFPhS4BJ7wab6Ut5w==/com.hello.miheapp.secretspace- lxuufuIyEmU7T1oRw05RBA==/base.apk): ok
05-26 16:59:00.149 32383 32383 D nativeloader: Configuring clns-8 for other apk /data/user/0/com.hello.miheapp.secretspace/sandbox/data/app/com.android.vending/ base.apk. target_sdk_version=29, uses_libraries=, library_path=/data/user/0/com.hello.miheapp.secretspace/sandbox/data/app/ com.android.vending/lib:/data/user/0/com.hello.miheapp.secretspace/sandbox/data/ app/com.android.vending/base.apk!/lib/arm64-v8a, permitted_path=/data:/mnt/expand:/data/user/0/com.hello.miheapp.secretspace/ sandbox/data/user/0/com.android.vending
05-26 16:59:00.149 32383 32383 D nativeloader: Extending system_exposed_libraries: libbinauralrenderer_wrapper.qti.so:libhoaeffects.qti.so:libQOC.qti.so:libmisys_jni. xiaomi.so:libxiaomi_modemdumpsdx55_jni.modem.so:libxiaomi_modemdump_jni.modem.so:li bupdateprof.qti.so:libthermalclient.qti.so:libQOC.qti.so:libdiag_system.qti.so:libq ape.qti.so:liblistenjni.qti.so
05-26 16:59:00.157 32383 32383 D NetworkSecurityConfig: No Network Security Config specified, using platform default
05-26 16:59:00.157 32383 32383 D NetworkSecurityConfig: No Network Security Config specified, using platform default
05-26 16:59:00.248 32383 32383 D CompatibilityChangeReporter: Compat change id reported: 183155436; UID 10002; state: ENABLED
05-26 16:59:00.313 32145 32308 W IgMetaConfig: Could not obtain MC: not_user_session session=X.0Ce@b49cfcf
05-26 16:59:00.313 32145 32308 W IgMetaConfig: java.lang.RuntimeException: Could not obtain MC, call-site will receive default values
05-26 16:59:00.313 32145 32308 W IgMetaConfig: at X.4kk.A06(:4)
05-26 16:59:00.313 32145 32308 W IgMetaConfig: at X.4kk.A05(:43)
05-26 16:59:00.313 32145 32308 W IgMetaConfig: at X.4kk.A03(:2)
05-26 16:59:00.313 32145 32308 W IgMetaConfig: at X.1fr.A00(:8)
05-26 16:59:00.313 32145 32308 W IgMetaConfig: at X.1fr.A03(:8)
05-26 16:59:00.313 32145 32308 W IgMetaConfig: at X.7zp.run(:7)
05-26 16:59:00.313 32145 32308 W IgMetaConfig: at X.1es.run(:25)
05-26 16:59:00.313 32145 32308 W IgMetaConfig: at android.os.Handler.handleCallback(Handler.java:942)
05-26 16:59:00.313 32145 32308 W IgMetaConfig: at android.os.Handler.dispatchMessage(Handler.java:99)
05-26 16:59:00.313 32145 32308 W IgMetaConfig: at android.os.Looper.loopOnce(Looper.java:211)
05-26 16:59:00.313 32145 32308 W IgMetaConfig: at android.os.Looper.loop(Looper.java:300)
05-26 16:59:00.313 32145 32308 W IgMetaConfig: at android.os.HandlerThread.run(HandlerThread.java:67)
05-26 16:59:00.346 32383 32421 I FirebaseCrashlytics: No version control information found
05-26 16:59:00.414 32383 32414 D SessionConfigFetcher: Fetched settings: {"settings_version":3,"cache_duration":161800,"features": {"collect_logged_exceptions":true,"collect_reports":true,"collect_analytics":false, "prompt_enabled":false,"push_enabled":false,"firebase_crashlytics_enabled":false,"c ollect_anrs":true,"collect_metric_kit":false,"collect_build_ids":true},"app": {"status":"activated","update_required":false,"report_upload_variant":2,"native_rep ort_upload_variant":2},"fabric": {"org_id":"65f00c8a567bf1f0daf09834","bundle_id":"com.hello.miheapp.secretspace"}," on_demand_upload_rate_per_minute":10,"on_demand_backoff_base":1.2,"on_demand_backof f_step_duration_seconds":60,"app_quality": {"sessions_enabled":true,"sampling_rate":1,"session_timeout_seconds":1800},"on_dema nd_thread_recording_suspension_enabled":true}
05-26 16:59:00.442 32422 32422 W Glide : Failed to find GeneratedAppGlideModule. You should include an annotationProcessor compile dependency on com.github.bumptech.glide:compiler in your application and a @GlideModule annotated AppGlideModule implementation or LibraryGlideModules will be silently ignored
05-26 16:59:00.455 29014 32142 W cretspace:black: Long monitor contention with owner binder:29014_2 (29027) at android.content.ComponentName com.hello.sandbox.core.system.am.BActivityManagerService.startService(android.conte nt.Intent, java.lang.String, boolean, int)(BActivityManagerService.java:3) waiters=0 in android.content.Intent com.hello.sandbox.core.system.am.BActivityManagerService.bindService(android.conten t.Intent, android.os.IBinder, java.lang.String, int) for 323ms
05-26 16:59:00.456 32145 32145 W BpBinder: PerfMonitor binderTransact : time=1561ms interface=com.hello.sandbox.core.system.am.IBActivityManagerService code=6
05-26 16:59:00.460 32145 32145 I Choreographer: Skipped 102 frames! The application may be doing too much work on its main thread.
05-26 16:59:00.468 32145 32145 W Looper : PerfMonitor doFrame : time=8ms vsyncFrame=0 latency=1706ms procState=-1
05-26 16:59:00.469 32145 32145 W IgMetaConfig: Could not obtain MC: not_user_session session=X.0Ce@b49cfcf
05-26 16:59:00.469 32145 32145 W IgMetaConfig: java.lang.RuntimeException: Could not obtain MC, call-site will receive default values
05-26 16:59:00.469 32145 32145 W IgMetaConfig: at X.4kk.A06(:4)
05-26 16:59:00.469 32145 32145 W IgMetaConfig: at X.4kk.A05(:43)
05-26 16:59:00.469 32145 32145 W IgMetaConfig: at X.4kk.A03(:2)
05-26 16:59:00.469 32145 32145 W IgMetaConfig: at com.instagram.push.FbnsInitBroadcastReceiver.onReceive(:25)
05-26 16:59:00.469 32145 32145 W IgMetaConfig: at android.app.LoadedApk$ReceiverDispatcher$Args.lambda$getRunnable$0$android-app- LoadedApk$ReceiverDispatcher$Args(LoadedApk.java:1819)
05-26 16:59:00.469 32145 32145 W IgMetaConfig: at android.app.LoadedApk$ReceiverDispatcher$Args$$ExternalSyntheticLambda0.run(Unknown Source:2)
05-26 16:59:00.469 32145 32145 W IgMetaConfig: at android.os.Handler.handleCallback(Handler.java:942)
05-26 16:59:00.469 32145 32145 W IgMetaConfig: at android.os.Handler.dispatchMessage(Handler.java:99)
05-26 16:59:00.469 32145 32145 W IgMetaConfig: at android.os.Looper.loopOnce(Looper.java:211)
05-26 16:59:00.469 32145 32145 W IgMetaConfig: at android.os.Looper.loop(Looper.java:300)
05-26 16:59:00.469 32145 32145 W IgMetaConfig: at android.app.ActivityThread.main(ActivityThread.java:8503)
05-26 16:59:00.469 32145 32145 W IgMetaConfig: at java.lang.reflect.Method.invoke(Native Method)
05-26 16:59:00.469 32145 32145 W IgMetaConfig: at com.android.internal.os.RuntimeInit$MethodAndArgsCaller.run(RuntimeInit.java:561)
05-26 16:59:00.469 32145 32145 W IgMetaConfig: at com.android.internal.os.ZygoteInit.main(ZygoteInit.java:954)
05-26 16:59:00.492 32422 32422 D CompatibilityChangeReporter: Compat change id reported: 183155436; UID 11031; state: ENABLED
05-26 16:59:00.497 32145 32145 W IgMetaConfig: Could not obtain MC: not_user_session session=X.0Ce@b49cfcf
05-26 16:59:00.497 32145 32145 W IgMetaConfig: java.lang.RuntimeException: Could not obtain MC, call-site will receive default values
05-26 16:59:00.497 32145 32145 W IgMetaConfig: at X.4kk.A06(:4)
05-26 16:59:00.497 32145 32145 W IgMetaConfig: at X.4kk.A05(:43)
05-26 16:59:00.497 32145 32145 W IgMetaConfig: at X.4kk.A03(:2)
05-26 16:59:00.497 32145 32145 W IgMetaConfig: at X.6XA.A00(:40)
05-26 16:59:00.497 32145 32145 W IgMetaConfig: at X.6XA.DxQ(:221)
05-26 16:59:00.497 32145 32145 W IgMetaConfig: at com.instagram.push.FbnsInitBroadcastReceiver.onReceive(:294)
05-26 16:59:00.497 32145 32145 W IgMetaConfig: at android.app.LoadedApk$ReceiverDispatcher$Args.lambda$getRunnable$0$android-app- LoadedApk$ReceiverDispatcher$Args(LoadedApk.java:1819)
05-26 16:59:00.497 32145 32145 W IgMetaConfig: at android.app.LoadedApk$ReceiverDispatcher$Args$$ExternalSyntheticLambda0.run(Unknown Source:2)
05-26 16:59:00.497 32145 32145 W IgMetaConfig: at android.os.Handler.handleCallback(Handler.java:942)
05-26 16:59:00.497 32145 32145 W IgMetaConfig: at android.os.Handler.dispatchMessage(Handler.java:99)
05-26 16:59:00.497 32145 32145 W IgMetaConfig: at android.os.Looper.loopOnce(Looper.java:211)
05-26 16:59:00.497 32145 32145 W IgMetaConfig: at android.os.Looper.loop(Looper.java:300)
05-26 16:59:00.497 32145 32145 W IgMetaConfig: at android.app.ActivityThread.main(ActivityThread.java:8503)
05-26 16:59:00.497 32145 32145 W IgMetaConfig: at java.lang.reflect.Method.invoke(Native Method)
05-26 16:59:00.497 32145 32145 W IgMetaConfig: at com.android.internal.os.RuntimeInit$MethodAndArgsCaller.run(RuntimeInit.java:561)
05-26 16:59:00.497 32145 32145 W IgMetaConfig: at com.android.internal.os.ZygoteInit.main(ZygoteInit.java:954)
05-26 16:59:00.503 32422 32422 D SessionsDependencies: Dependency to CRASHLYTICS added.
05-26 16:59:00.511 32422 32422 I FirebaseApp: Device unlocked: initializing all Firebase APIs for app [DEFAULT]
05-26 16:59:00.515 32422 32422 I FirebaseCrashlytics: Initializing Firebase Crashlytics 18.6.2 for com.hello.miheapp.secretspace
05-26 16:59:00.536 32145 32157 I OpenGLRenderer: Davey! duration=1767ms; Flags=0, FrameTimelineVsyncId=336323306, IntendedVsync=1627265278490317, Vsync=1627266982763539, InputEventId=0, HandleInputStart=1627266984720852, AnimationStart=1627266984723508, PerformTraversalsStart=1627266985893144, DrawStart=1627266986133717, FrameDeadline=1627265295156983, FrameInterval=1627266984388925, FrameStartTime=16708561, SyncQueued=1627266986496633, SyncStart=1627266986869133, IssueDrawCommandsStart=1627266987060123, SwapBuffers=1627267037465539, FrameCompleted=1627267046507675, DequeueBufferDuration=52448, QueueBufferDuration=1544166, GpuCompleted=1627267046507675, SwapBuffersCompleted=1627267040088091, DisplayPresentTime=0, CommandSubmissionCompleted=1627267037465539,
05-26 16:59:00.549 32422 32422 D SessionsDependencies: Subscriber CRASHLYTICS registered.
05-26 16:59:00.552 32383 32452 W BpBinder: PerfMonitor binderTransact : time=421ms interface=com.hello.sandbox.core.system.am.IBActivityManagerService code=8
05-26 16:59:00.597 32383 32445 D LifecycleServiceBinder: Binding service to application.
05-26 16:59:00.604 31926 31939 D MeasurementService: bound by: GetServiceRequest{serviceId=MEASUREMENT, gmsVersion=12451000, packageName='com.hello.miheapp.secretspace', extras=Bundle[{}]}
05-26 16:59:00.657 31926 31939 D ChimeraServiceProvider: query: content://com.google.android.gms.chimera/api_force_staging/com.google.android.gms.m easurement.dynamite?requestStartTime=2803553176
05-26 16:59:00.665 32422 32475 W DynamiteModule: Failed to retrieve remote module version.
05-26 16:59:00.667 31926 31971 D SafeParcel: Unknown field id 34 in com.google.android.gms.measurement.internal.AppMetadata, skipping.
05-26 16:59:00.667 31926 31971 D SafeParcel: Unknown field id 35 in com.google.android.gms.measurement.internal.AppMetadata, skipping.
05-26 16:59:00.667 31926 31971 D MeasurementService: sendAppLaunch() for AppMetadata[com.hello.miheapp.secretspace]
05-26 16:59:00.669 32422 32422 D FirebaseSessions: Initializing Firebase Sessions SDK.
05-26 16:59:00.672 32422 32422 I FirebaseApp: FirebaseApp initialization successful
05-26 16:59:00.678 32383 32452 W FA : Table has extra columns. table, columns: messages, app_version, app_version_int
05-26 16:59:00.678 32145 32145 W SoLoader: Loading minscompiler-jni on the main thread
05-26 16:59:00.684 32422 32475 D nativeloader: Configuring clns-6 for other apk /system/framework/com.android.location.provider.jar. target_sdk_version=29, uses_libraries=ALL, library_path=/data/user/0/com.hello.miheapp.secretspace/sandbox/data/app/ com.google.android.gms/lib:/data/user/0/com.hello.miheapp.secretspace/sandbox/ data/app/com.google.android.gms/base.apk!/lib/arm64-v8a, permitted_path=/data:/mnt/expand:/data/user/0/com.hello.miheapp.secretspace/ sandbox/data/user/0/com.google.android.gms
05-26 16:59:00.684 32422 32475 D nativeloader: Extending system_exposed_libraries: libbinauralrenderer_wrapper.qti.so:libhoaeffects.qti.so:libQOC.qti.so:libmisys_jni. xiaomi.so:libxiaomi_modemdumpsdx55_jni.modem.so:libxiaomi_modemdump_jni.modem.so:li bupdateprof.qti.so:libthermalclient.qti.so:libQOC.qti.so:libdiag_system.qti.so:libq ape.qti.so:liblistenjni.qti.so
05-26 16:59:00.695 32383 32452 W FA : Table has extra columns. table, columns: messages, app_version, app_version_int
05-26 16:59:00.701 32422 32499 D SessionConfigFetcher: Fetching settings from server.
05-26 16:59:00.722 31926 31971 D SafeParcel: Unknown field id 34 in com.google.android.gms.measurement.internal.AppMetadata, skipping.
05-26 16:59:00.722 31926 31971 D SafeParcel: Unknown field id 35 in com.google.android.gms.measurement.internal.AppMetadata, skipping.
05-26 16:59:00.722 31926 31971 D MeasurementService: getAppInstanceId() for AppMetadata[com.hello.miheapp.secretspace]
05-26 16:59:00.742 31926 31971 D SafeParcel: Unknown field id 34 in com.google.android.gms.measurement.internal.AppMetadata, skipping.
05-26 16:59:00.742 31926 31971 D SafeParcel: Unknown field id 35 in com.google.android.gms.measurement.internal.AppMetadata, skipping.
05-26 16:59:00.742 31926 31971 D MeasurementService: sendDefaultEventParameters(Bundle[EMPTY_PARCEL]) for AppMetadata[com.hello.miheapp.secretspace]
05-26 16:59:00.759 32145 32145 W MDCLLight: Failed to load class from parent: libraries.access.src.main.base.common.FXAccessLibraryDeviceRequest
05-26 16:59:00.759 32145 32145 W MDCLLight: java.lang.ClassNotFoundException: libraries.access.src.main.base.common.FXAccessLibraryDeviceRequest
05-26 16:59:00.759 32145 32145 W MDCLLight: at java.lang.Class.classForName(Native Method)
05-26 16:59:00.759 32145 32145 W MDCLLight: at java.lang.BootClassLoader.findClass(ClassLoader.java:2693)
05-26 16:59:00.759 32145 32145 W MDCLLight: at java.lang.BootClassLoader.loadClass(ClassLoader.java:2753)
05-26 16:59:00.759 32145 32145 W MDCLLight: at java.lang.ClassLoader.loadClass(ClassLoader.java:573)
05-26 16:59:00.759 32145 32145 W MDCLLight: at com.facebook.common.dextricks.MultiDexClassLoaderLight.loadFromParent(:4)
05-26 16:59:00.759 32145 32145 W MDCLLight: at com.facebook.common.dextricks.MultiDexClassLoaderLight.loadClass(:6)
05-26 16:59:00.759 32145 32145 W MDCLLight: at java.lang.ClassLoader.loadClass(ClassLoader.java:625)
05-26 16:59:00.759 32145 32145 W MDCLLight: at java.lang.ClassLoader.loadClass(ClassLoader.java:573)
05-26 16:59:00.759 32145 32145 W MDCLLight: at com.meta.foa.cds.CdsOpenScreenCallerDismissCallback.<clinit>(:1)
05-26 16:59:00.759 32145 32145 W MDCLLight: at X.1Z0.A04(:402)
05-26 16:59:00.759 32145 32145 W MDCLLight: at X.B0H.A00(:111)
05-26 16:59:00.759 32145 32145 W MDCLLight: at X.8aR.A0e(:799)
05-26 16:59:00.759 32145 32145 W MDCLLight: at X.8aR.A0X(:1333)
05-26 16:59:00.759 32145 32145 W MDCLLight: at X.2Kt.AoW(:37)
05-26 16:59:00.759 32145 32145 W MDCLLight: at X.2LG.AoW(:631)
05-26 16:59:00.759 32145 32145 W MDCLLight: at X.2LE.A03(:28)
05-26 16:59:00.759 32145 32145 W MDCLLight: at X.2FH.A0B(:414)
05-26 16:59:00.759 32145 32145 W MDCLLight: at X.2Eu.A00(:240)
05-26 16:59:00.759 32145 32145 W MDCLLight: at X.2Et.A01(:106)
05-26 16:59:00.759 32145 32145 W MDCLLight: at X.8t7.A01(:63)
05-26 16:59:00.759 32145 32145 W MDCLLight: at X.AnX.A00(:14)
05-26 16:59:00.759 32145 32145 W MDCLLight: at X.6ZU.A05(:591)
05-26 16:59:00.759 32145 32145 W MDCLLight: at X.1MN.A00(:18)
05-26 16:59:00.759 32145 32145 W MDCLLight: at X.86f.run(:10)
05-26 16:59:00.759 32145 32145 W MDCLLight: at java.util.concurrent.Executors$RunnableAdapter.call(Executors.java:487)
05-26 16:59:00.759 32145 32145 W MDCLLight: at java.util.concurrent.FutureTask.run(FutureTask.java:264)
05-26 16:59:00.759 32145 32145 W MDCLLight: at X.2Oc.run(:2)
05-26 16:59:00.759 32145 32145 W MDCLLight: at android.os.Handler.handleCallback(Handler.java:942)
05-26 16:59:00.759 32145 32145 W MDCLLight: at android.os.Handler.dispatchMessage(Handler.java:99)
05-26 16:59:00.759 32145 32145 W MDCLLight: at android.os.Looper.loopOnce(Looper.java:211)
05-26 16:59:00.759 32145 32145 W MDCLLight: at android.os.Looper.loop(Looper.java:300)
05-26 16:59:00.759 32145 32145 W MDCLLight: at android.app.ActivityThread.main(ActivityThread.java:8503)
05-26 16:59:00.759 32145 32145 W MDCLLight: at java.lang.reflect.Method.invoke(Native Method)
05-26 16:59:00.759 32145 32145 W MDCLLight: at com.android.internal.os.RuntimeInit$MethodAndArgsCaller.run(RuntimeInit.java:561)
05-26 16:59:00.759 32145 32145 W MDCLLight: at com.android.internal.os.ZygoteInit.main(ZygoteInit.java:954)
05-26 16:59:00.759 32145 32145 W MDCLLight: Caused by: java.lang.NoClassDefFoundError: Class not found using the boot class loader; no stack trace available
05-26 16:59:00.760 32145 32145 W MDCLLight: Failed to load class from parent: libraries.access.src.main.base.common.FXAccessLibraryDeviceRequestItem
05-26 16:59:00.760 32145 32145 W MDCLLight: java.lang.ClassNotFoundException: libraries.access.src.main.base.common.FXAccessLibraryDeviceRequestItem
05-26 16:59:00.760 32145 32145 W MDCLLight: at java.lang.Class.classForName(Native Method)
05-26 16:59:00.760 32145 32145 W MDCLLight: at java.lang.BootClassLoader.findClass(ClassLoader.java:2693)
05-26 16:59:00.760 32145 32145 W MDCLLight: at java.lang.BootClassLoader.loadClass(ClassLoader.java:2753)
05-26 16:59:00.760 32145 32145 W MDCLLight: at java.lang.ClassLoader.loadClass(ClassLoader.java:573)
05-26 16:59:00.760 32145 32145 W MDCLLight: at com.facebook.common.dextricks.MultiDexClassLoaderLight.loadFromParent(:4)
05-26 16:59:00.760 32145 32145 W MDCLLight: at com.facebook.common.dextricks.MultiDexClassLoaderLight.loadClass(:6)
05-26 16:59:00.760 32145 32145 W MDCLLight: at java.lang.ClassLoader.loadClass(ClassLoader.java:625)
05-26 16:59:00.760 32145 32145 W MDCLLight: at java.lang.ClassLoader.loadClass(ClassLoader.java:573)
05-26 16:59:00.760 32145 32145 W MDCLLight: at com.meta.foa.cds.CdsOpenScreenCallerDismissCallback.<clinit>(:1)
05-26 16:59:00.760 32145 32145 W MDCLLight: at X.1Z0.A04(:402)
05-26 16:59:00.760 32145 32145 W MDCLLight: at X.B0H.A00(:111)
05-26 16:59:00.760 32145 32145 W MDCLLight: at X.8aR.A0e(:799)
05-26 16:59:00.760 32145 32145 W MDCLLight: at X.8aR.A0X(:1333)
05-26 16:59:00.760 32145 32145 W MDCLLight: at X.2Kt.AoW(:37)
05-26 16:59:00.760 32145 32145 W MDCLLight: at X.2LG.AoW(:631)
05-26 16:59:00.760 32145 32145 W MDCLLight: at X.2LE.A03(:28)
05-26 16:59:00.760 32145 32145 W MDCLLight: at X.2FH.A0B(:414)
05-26 16:59:00.760 32145 32145 W MDCLLight: at X.2Eu.A00(:240)
05-26 16:59:00.760 32145 32145 W MDCLLight: at X.2Et.A01(:106)
05-26 16:59:00.760 32145 32145 W MDCLLight: at X.8t7.A01(:63)
05-26 16:59:00.760 32145 32145 W MDCLLight: at X.AnX.A00(:14)
05-26 16:59:00.760 32145 32145 W MDCLLight: at X.6ZU.A05(:591)
05-26 16:59:00.760 32145 32145 W MDCLLight: at X.1MN.A00(:18)
05-26 16:59:00.760 32145 32145 W MDCLLight: at X.86f.run(:10)
05-26 16:59:00.760 32145 32145 W MDCLLight: at java.util.concurrent.Executors$RunnableAdapter.call(Executors.java:487)
05-26 16:59:00.760 32145 32145 W MDCLLight: at java.util.concurrent.FutureTask.run(FutureTask.java:264)
05-26 16:59:00.760 32145 32145 W MDCLLight: at X.2Oc.run(:2)
05-26 16:59:00.760 32145 32145 W MDCLLight: at android.os.Handler.handleCallback(Handler.java:942)
05-26 16:59:00.760 32145 32145 W MDCLLight: at android.os.Handler.dispatchMessage(Handler.java:99)
05-26 16:59:00.760 32145 32145 W MDCLLight: at android.os.Looper.loopOnce(Looper.java:211)
05-26 16:59:00.760 32145 32145 W MDCLLight: at android.os.Looper.loop(Looper.java:300)
05-26 16:59:00.760 32145 32145 W MDCLLight: at android.app.ActivityThread.main(ActivityThread.java:8503)
05-26 16:59:00.760 32145 32145 W MDCLLight: at java.lang.reflect.Method.invoke(Native Method)
05-26 16:59:00.760 32145 32145 W MDCLLight: at com.android.internal.os.RuntimeInit$MethodAndArgsCaller.run(RuntimeInit.java:561)
05-26 16:59:00.760 32145 32145 W MDCLLight: at com.android.internal.os.ZygoteInit.main(ZygoteInit.java:954)
05-26 16:59:00.760 32145 32145 W MDCLLight: Caused by: java.lang.NoClassDefFoundError: Class not found using the boot class loader; no stack trace available
05-26 16:59:00.761 32145 32145 W MDCLLight: Failed to load class from parent: libraries.access.src.main.base.common.FXDeviceItem
05-26 16:59:00.761 32145 32145 W MDCLLight: java.lang.ClassNotFoundException: libraries.access.src.main.base.common.FXDeviceItem
05-26 16:59:00.761 32145 32145 W MDCLLight: at java.lang.Class.classForName(Native Method)
05-26 16:59:00.761 32145 32145 W MDCLLight: at java.lang.BootClassLoader.findClass(ClassLoader.java:2693)
05-26 16:59:00.761 32145 32145 W MDCLLight: at java.lang.BootClassLoader.loadClass(ClassLoader.java:2753)
05-26 16:59:00.761 32145 32145 W MDCLLight: at java.lang.ClassLoader.loadClass(ClassLoader.java:573)
05-26 16:59:00.761 32145 32145 W MDCLLight: at com.facebook.common.dextricks.MultiDexClassLoaderLight.loadFromParent(:4)
05-26 16:59:00.761 32145 32145 W MDCLLight: at com.facebook.common.dextricks.MultiDexClassLoaderLight.loadClass(:6)
05-26 16:59:00.761 32145 32145 W MDCLLight: at java.lang.ClassLoader.loadClass(ClassLoader.java:625)
05-26 16:59:00.761 32145 32145 W MDCLLight: at java.lang.ClassLoader.loadClass(ClassLoader.java:573)
05-26 16:59:00.761 32145 32145 W MDCLLight: at com.meta.foa.cds.CdsOpenScreenCallerDismissCallback.<clinit>(:1)
05-26 16:59:00.761 32145 32145 W MDCLLight: at X.1Z0.A04(:402)
05-26 16:59:00.761 32145 32145 W MDCLLight: at X.B0H.A00(:111)
05-26 16:59:00.761 32145 32145 W MDCLLight: at X.8aR.A0e(:799)
05-26 16:59:00.761 32145 32145 W MDCLLight: at X.8aR.A0X(:1333)
05-26 16:59:00.761 32145 32145 W MDCLLight: at X.2Kt.AoW(:37)
05-26 16:59:00.761 32145 32145 W MDCLLight: at X.2LG.AoW(:631)
05-26 16:59:00.761 32145 32145 W MDCLLight: at X.2LE.A03(:28)
05-26 16:59:00.761 32145 32145 W MDCLLight: at X.2FH.A0B(:414)
05-26 16:59:00.761 32145 32145 W MDCLLight: at X.2Eu.A00(:240)
05-26 16:59:00.761 32145 32145 W MDCLLight: at X.2Et.A01(:106)
05-26 16:59:00.761 32145 32145 W MDCLLight: at X.8t7.A01(:63)
05-26 16:59:00.761 32145 32145 W MDCLLight: at X.AnX.A00(:14)
05-26 16:59:00.761 32145 32145 W MDCLLight: at X.6ZU.A05(:591)
05-26 16:59:00.761 32145 32145 W MDCLLight: at X.1MN.A00(:18)
05-26 16:59:00.761 32145 32145 W MDCLLight: at X.86f.run(:10)
05-26 16:59:00.761 32145 32145 W MDCLLight: at java.util.concurrent.Executors$RunnableAdapter.call(Executors.java:487)
05-26 16:59:00.761 32145 32145 W MDCLLight: at java.util.concurrent.FutureTask.run(FutureTask.java:264)
05-26 16:59:00.761 32145 32145 W MDCLLight: at X.2Oc.run(:2)
05-26 16:59:00.761 32145 32145 W MDCLLight: at android.os.Handler.handleCallback(Handler.java:942)
05-26 16:59:00.761 32145 32145 W MDCLLight: at android.os.Handler.dispatchMessage(Handler.java:99)
05-26 16:59:00.761 32145 32145 W MDCLLight: at android.os.Looper.loopOnce(Looper.java:211)
05-26 16:59:00.761 32145 32145 W MDCLLight: at android.os.Looper.loop(Looper.java:300)
05-26 16:59:00.761 32145 32145 W MDCLLight: at android.app.ActivityThread.main(ActivityThread.java:8503)
05-26 16:59:00.761 32145 32145 W MDCLLight: at java.lang.reflect.Method.invoke(Native Method)
05-26 16:59:00.761 32145 32145 W MDCLLight: at com.android.internal.os.RuntimeInit$MethodAndArgsCaller.run(RuntimeInit.java:561)
05-26 16:59:00.761 32145 32145 W MDCLLight: at com.android.internal.os.ZygoteInit.main(ZygoteInit.java:954)
05-26 16:59:00.761 32145 32145 W MDCLLight: Caused by: java.lang.NoClassDefFoundError: Class not found using the boot class loader; no stack trace available
05-26 16:59:00.763 32145 32145 W MDCLLight: Failed to load class from parent: libraries.fxcache.model.switcher.FxCalAccountWithSwitcherInfo
05-26 16:59:00.763 32145 32145 W MDCLLight: java.lang.ClassNotFoundException: libraries.fxcache.model.switcher.FxCalAccountWithSwitcherInfo
05-26 16:59:00.763 32145 32145 W MDCLLight: at java.lang.Class.classForName(Native Method)
05-26 16:59:00.763 32145 32145 W MDCLLight: at java.lang.BootClassLoader.findClass(ClassLoader.java:2693)
05-26 16:59:00.763 32145 32145 W MDCLLight: at java.lang.BootClassLoader.loadClass(ClassLoader.java:2753)
05-26 16:59:00.763 32145 32145 W MDCLLight: at java.lang.ClassLoader.loadClass(ClassLoader.java:573)
05-26 16:59:00.763 32145 32145 W MDCLLight: at com.facebook.common.dextricks.MultiDexClassLoaderLight.loadFromParent(:4)
05-26 16:59:00.763 32145 32145 W MDCLLight: at com.facebook.common.dextricks.MultiDexClassLoaderLight.loadClass(:6)
05-26 16:59:00.763 32145 32145 W MDCLLight: at java.lang.ClassLoader.loadClass(ClassLoader.java:625)
05-26 16:59:00.763 32145 32145 W MDCLLight: at java.lang.ClassLoader.loadClass(ClassLoader.java:573)
05-26 16:59:00.763 32145 32145 W MDCLLight: at com.meta.foa.cds.CdsOpenScreenCallerDismissCallback.<clinit>(:1)
05-26 16:59:00.763 32145 32145 W MDCLLight: at X.1Z0.A04(:402)
05-26 16:59:00.763 32145 32145 W MDCLLight: at X.B0H.A00(:111)
05-26 16:59:00.763 32145 32145 W MDCLLight: at X.8aR.A0e(:799)
05-26 16:59:00.763 32145 32145 W MDCLLight: at X.8aR.A0X(:1333)
05-26 16:59:00.763 32145 32145 W MDCLLight: at X.2Kt.AoW(:37)
05-26 16:59:00.763 32145 32145 W MDCLLight: at X.2LG.AoW(:631)
05-26 16:59:00.763 32145 32145 W MDCLLight: at X.2LE.A03(:28)
05-26 16:59:00.763 32145 32145 W MDCLLight: at X.2FH.A0B(:414)
05-26 16:59:00.763 32145 32145 W MDCLLight: at X.2Eu.A00(:240)
05-26 16:59:00.763 32145 32145 W MDCLLight: at X.2Et.A01(:106)
05-26 16:59:00.763 32145 32145 W MDCLLight: at X.8t7.A01(:63)
05-26 16:59:00.763 32145 32145 W MDCLLight: at X.AnX.A00(:14)
05-26 16:59:00.763 32145 32145 W MDCLLight: at X.6ZU.A05(:591)
05-26 16:59:00.763 32145 32145 W MDCLLight: at X.1MN.A00(:18)
05-26 16:59:00.763 32145 32145 W MDCLLight: at X.86f.run(:10)
05-26 16:59:00.763 32145 32145 W MDCLLight: at java.util.concurrent.Executors$RunnableAdapter.call(Executors.java:487)
05-26 16:59:00.763 32145 32145 W MDCLLight: at java.util.concurrent.FutureTask.run(FutureTask.java:264)
05-26 16:59:00.763 32145 32145 W MDCLLight: at X.2Oc.run(:2)
05-26 16:59:00.763 32145 32145 W MDCLLight: at android.os.Handler.handleCallback(Handler.java:942)
05-26 16:59:00.763 32145 32145 W MDCLLight: at android.os.Handler.dispatchMessage(Handler.java:99)
05-26 16:59:00.763 32145 32145 W MDCLLight: at android.os.Looper.loopOnce(Looper.java:211)
05-26 16:59:00.763 32145 32145 W MDCLLight: at android.os.Looper.loop(Looper.java:300)
05-26 16:59:00.763 32145 32145 W MDCLLight: at android.app.ActivityThread.main(ActivityThread.java:8503)
05-26 16:59:00.763 32145 32145 W MDCLLight: at java.lang.reflect.Method.invoke(Native Method)
