05-26 16:55:52.590 28916 28969 D IconCustomizer: Generate customized icon for com.truecaller.png, false
05-26 16:55:52.592 28916 28969 W Bitmap : Called getDensity() on a recycle()'d bitmap! This is undefined behavior!
05-26 16:55:52.653 28916 28923 W app.secretspace: Cleared Reference was only reachable from finalizer (only reported once)
05-26 16:55:52.673 28916 28969 D IconCustomizer: Content Ratio = -1.0
05-26 16:55:52.675 28916 28969 D IconCustomizer: Generate customized icon for com.phonepe.app.png, false
05-26 16:55:52.683 28916 28969 W Bitmap : Called getDensity() on a recycle()'d bitmap! This is undefined behavior!
05-26 16:55:52.742 28916 28969 D IconCustomizer: Content Ratio = -1.0
05-26 16:55:52.744 28916 28969 D IconCustomizer: Generate customized icon for in.jfs.jiofinance.png, false
05-26 16:55:52.745 28916 28969 W Bitmap : Called getDensity() on a recycle()'d bitmap! This is undefined behavior!
05-26 16:55:52.789 28916 28969 D IconCustomizer: Content Ratio = -1.0
05-26 16:55:52.793 28916 28969 D IconCustomizer: Generate customized icon for in.amazon.mShop.android.shopping.png, false
05-26 16:55:52.794 28916 28969 W Bitmap : Called getDensity() on a recycle()'d bitmap! This is undefined behavior!
05-26 16:55:52.814 28916 28969 D IconCustomizer: Content Ratio = 0.2857143
05-26 16:55:52.815 28916 28969 D IconCustomizer: Generate customized icon for com.google.ar.core.png, false
05-26 16:55:52.816 28916 28969 W Bitmap : Called getDensity() on a recycle()'d bitmap! This is undefined behavior!
05-26 16:55:52.847 28916 28969 I IconCustomizer: find better bitmap : 132, for com.preff.kb.xm
05-26 16:55:52.851 28916 29786 I MATDBManager: sqllite db insert success! insert row id:7
05-26 16:55:52.851 28916 28969 I IconCustomizer: find better bitmap : 156, for com.preff.kb.xm
05-26 16:55:52.852 28916 29786 I MATDBManager: sqllite db capacity:1
05-26 16:55:52.853 28916 28969 I IconCustomizer: find better bitmap : 180, for com.preff.kb.xm
05-26 16:55:52.854 28916 28969 D IconCustomizer: Content Ratio = 0.95
05-26 16:55:52.854 28916 28969 D IconCustomizer: Generate customized icon for com.preff.kb.xm.png, false
05-26 16:55:52.855 28916 28969 W Bitmap : Called getDensity() on a recycle()'d bitmap! This is undefined behavior!
05-26 16:55:52.868 28916 28916 I Au.io : check on thread main
05-26 16:55:52.927 28916 28923 I app.secretspace: Background concurrent copying GC freed 4309KB AllocSpace bytes, 47(7292KB) LOS objects, 49% free, 14MB/28MB, paused 212us,361us total 114.958ms
05-26 16:55:52.952 28916 28969 D IconCustomizer: Content Ratio = -1.0
05-26 16:55:52.955 28916 28969 D IconCustomizer: Generate customized icon for in.startv.hotstar.png, false
05-26 16:55:52.963 28916 28969 W Bitmap : Called getDensity() on a recycle()'d bitmap! This is undefined behavior!
05-26 16:55:53.054 28916 28969 I IconCustomizer: find better bitmap : 132, for com.zeptoconsumerapp
05-26 16:55:53.056 28916 28969 I IconCustomizer: find better bitmap : 156, for com.zeptoconsumerapp
05-26 16:55:53.058 28916 28969 I IconCustomizer: find better bitmap : 180, for com.zeptoconsumerapp
05-26 16:55:53.059 28916 28969 D IconCustomizer: Content Ratio = 0.95
05-26 16:55:53.059 28916 28969 D IconCustomizer: Generate customized icon for com.zeptoconsumerapp.png, false
05-26 16:55:53.060 28916 28969 W Bitmap : Called getDensity() on a recycle()'d bitmap! This is undefined behavior!
05-26 16:55:53.107 28916 28969 D IconCustomizer: Content Ratio = -1.0
05-26 16:55:53.110 28916 28969 D IconCustomizer: Generate customized icon for org.torproject.android.png, false
05-26 16:55:53.111 28916 28969 W Bitmap : Called getDensity() on a recycle()'d bitmap! This is undefined behavior!
05-26 16:55:53.132 28916 28969 D IconCustomizer: Content Ratio = -1.0
05-26 16:55:53.134 28916 28969 D IconCustomizer: Generate customized icon for com.adobe.scan.android.png, false
05-26 16:55:53.135 28916 28969 W Bitmap : Called getDensity() on a recycle()'d bitmap! This is undefined behavior!
05-26 16:55:53.148 28916 28969 D IconCustomizer: Content Ratio = -1.0
05-26 16:55:53.150 28916 28969 D IconCustomizer: Generate customized icon for com.google.android.apps.docs.png, false
05-26 16:55:53.151 28916 28969 W Bitmap : Called getDensity() on a recycle()'d bitmap! This is undefined behavior!
05-26 16:55:53.185 28916 28969 I IconCustomizer: find better bitmap : 132, for com.google.android.contactkeys
05-26 16:55:53.185 28916 28969 I IconCustomizer: find better bitmap : 144, for com.google.android.contactkeys
05-26 16:55:53.186 28916 28969 I IconCustomizer: find better bitmap : 144, for com.google.android.contactkeys
05-26 16:55:53.186 28916 28969 D IconCustomizer: Content Ratio = 1.0
05-26 16:55:53.187 28916 28969 D IconCustomizer: Content Ratio = 1.0
05-26 16:55:53.187 28916 28969 D IconCustomizer: BitmapDensity=352,dm.densityDpi=440
05-26 16:55:53.187 28916 28969 D IconCustomizer: Generate customized icon for com.google.android.contactkeys.png, false
05-26 16:55:53.188 28916 28969 W Bitmap : Called getDensity() on a recycle()'d bitmap! This is undefined behavior!
05-26 16:55:53.214 28916 28969 D IconCustomizer: Content Ratio = -1.0
05-26 16:55:53.217 28916 28969 D IconCustomizer: Generate customized icon for org.torproject.torbrowser.png, false
05-26 16:55:53.218 28916 28969 W Bitmap : Called getDensity() on a recycle()'d bitmap! This is undefined behavior!
05-26 16:55:53.240 28916 28969 D IconCustomizer: Content Ratio = -1.0
05-26 16:55:53.241 28916 28969 D IconCustomizer: Generate customized icon for org.videolan.vlc.png, false
05-26 16:55:53.242 28916 28969 W Bitmap : Called getDensity() on a recycle()'d bitmap! This is undefined behavior!
05-26 16:55:53.269 28916 28969 D IconCustomizer: Content Ratio = -1.0
05-26 16:55:53.270 28916 28969 D IconCustomizer: Generate customized icon for com.spotify.music.png, false
05-26 16:55:53.271 28916 28969 W Bitmap : Called getDensity() on a recycle()'d bitmap! This is undefined behavior!
05-26 16:55:53.378 28916 28969 D IconCustomizer: Content Ratio = -1.0
05-26 16:55:53.381 28916 28969 D IconCustomizer: Generate customized icon for com.ubercab.png, false
05-26 16:55:53.382 28916 28969 W Bitmap : Called getDensity() on a recycle()'d bitmap! This is undefined behavior!
05-26 16:55:53.403 28916 28969 D IconCustomizer: Content Ratio = -1.0
05-26 16:55:53.404 28916 28969 D IconCustomizer: Generate customized icon for com.microsoft.office.officehubrow.png, false
05-26 16:55:53.405 28916 28969 W Bitmap : Called getDensity() on a recycle()'d bitmap! This is undefined behavior!
05-26 16:55:53.483 28916 28969 D IconCustomizer: Content Ratio = -1.0
05-26 16:55:53.486 28916 28969 D IconCustomizer: Generate customized icon for com.google.android.safetycore.png, false
05-26 16:55:53.487 28916 28969 W Bitmap : Called getDensity() on a recycle()'d bitmap! This is undefined behavior!
05-26 16:55:53.531 28916 28969 D IconCustomizer: Content Ratio = -1.0
05-26 16:55:53.532 28916 28969 D IconCustomizer: Generate customized icon for com.digilocker.android.png, false
05-26 16:55:53.533 28916 28969 W Bitmap : Called getDensity() on a recycle()'d bitmap! This is undefined behavior!
05-26 16:55:53.585 28916 28969 D IconCustomizer: Content Ratio = -1.0
05-26 16:55:53.586 28916 28969 D IconCustomizer: Generate customized icon for in.swiggy.android.png, false
05-26 16:55:53.587 28916 28969 W Bitmap : Called getDensity() on a recycle()'d bitmap! This is undefined behavior!
05-26 16:55:53.612 28916 28969 D IconCustomizer: Content Ratio = -1.0
05-26 16:55:53.614 28916 28969 D IconCustomizer: Generate customized icon for com.azure.authenticator.png, false
05-26 16:55:53.615 28916 28969 W Bitmap : Called getDensity() on a recycle()'d bitmap! This is undefined behavior!
05-26 16:55:53.623 28916 28969 I IconCustomizer: find better bitmap : 132, for com.hello.miheapp.secretspace
05-26 16:55:53.624 28916 28969 I IconCustomizer: find better bitmap : 156, for com.hello.miheapp.secretspace
05-26 16:55:53.626 28916 28969 I IconCustomizer: find better bitmap : 180, for com.hello.miheapp.secretspace
05-26 16:55:53.627 28916 28969 D IconCustomizer: Content Ratio = 0.95
05-26 16:55:53.630 28916 28969 D IconCustomizer: Generate customized icon for com.hello.miheapp.secretspace.png, false
05-26 16:55:53.631 28916 28969 W Bitmap : Called getDensity() on a recycle()'d bitmap! This is undefined behavior!
05-26 16:55:53.633 28916 28968 W app.secretspace: Long monitor contention with owner DefaultDispatcher-worker-2 (28969) at void top.niunaijun.blackboxa.data.AppsRepository.b(boolean)(AppsRepository.kt:4) waiters=0 in java.lang.Object top.niunaijun.blackboxa.view.list.ListViewModel$getInstallAppList$1.invokeSuspend(j ava.lang.Object) for 1.184s
05-26 16:55:54.055 28916 28916 D DecorView[]: onWindowFocusChanged hasWindowFocus true
05-26 16:55:54.055 28916 28916 I HandWritingStubImpl: refreshLastKeyboardType: 1
05-26 16:55:54.055 28916 28916 I HandWritingStubImpl: getCurrentKeyboardType: 1
05-26 16:55:54.071 28916 29786 I MATDBManager: sqllite db insert success! insert row id:8
05-26 16:55:54.072 28916 29786 I MATDBManager: sqllite db capacity:2
05-26 16:55:54.073 28916 29786 I MATDBManager: sqllite db insert success! insert row id:9
05-26 16:55:54.073 28916 29786 I MATDBManager: sqllite db capacity:3
05-26 16:55:54.074 28916 29786 I MATDBManager: sqllite db insert success! insert row id:10
05-26 16:55:54.075 28916 29786 I MATDBManager: sqllite db capacity:4
05-26 16:55:54.076 28916 29786 I MATDBManager: sqllite db insert success! insert row id:11
05-26 16:55:54.077 28916 29786 I MATDBManager: sqllite db capacity:5
05-26 16:55:54.454 28916 29786 I MATDBManager: sqllite db insert success! insert row id:12
05-26 16:55:54.455 28916 29786 I MATDBManager: sqllite db capacity:1
05-26 16:55:54.458 28916 29786 I MATDBManager: sqllite db insert success! insert row id:13
05-26 16:55:54.459 28916 29786 I MATDBManager: sqllite db capacity:2
05-26 16:55:54.462 28916 29786 I MATDBManager: sqllite db insert success! insert row id:14
05-26 16:55:54.463 28916 29786 I MATDBManager: sqllite db capacity:3
05-26 16:55:54.466 28916 29786 I MATDBManager: sqllite db insert success! insert row id:15
05-26 16:55:54.467 28916 29786 I MATDBManager: sqllite db capacity:4
05-26 16:55:54.469 28916 29786 I MATDBManager: sqllite db insert success! insert row id:16
05-26 16:55:54.470 28916 29786 I MATDBManager: sqllite db capacity:5
05-26 16:55:54.850 28916 29786 I MATDBManager: sqllite db insert success! insert row id:17
05-26 16:55:54.851 28916 29786 I MATDBManager: sqllite db capacity:1
05-26 16:55:54.854 28916 29786 I MATDBManager: sqllite db insert success! insert row id:18
05-26 16:55:54.855 28916 29786 I MATDBManager: sqllite db capacity:2
05-26 16:55:54.857 28916 29786 I MATDBManager: sqllite db insert success! insert row id:19
05-26 16:55:54.858 28916 29786 I MATDBManager: sqllite db capacity:3
05-26 16:55:54.860 28916 29786 I MATDBManager: sqllite db insert success! insert row id:20
05-26 16:55:54.861 28916 29786 I MATDBManager: sqllite db capacity:4
05-26 16:55:54.863 28916 29786 I MATDBManager: sqllite db insert success! insert row id:21
05-26 16:55:54.864 28916 29786 I MATDBManager: sqllite db capacity:5
05-26 16:55:55.104 28916 28966 I TRuntime.CctTransportBackend: Making request to: https://firebaselogging-pa.googleapis.com/v1/firelog/legacy/batchlog
05-26 16:55:55.245 28916 29786 I MATDBManager: sqllite db insert success! insert row id:22
05-26 16:55:55.246 28916 29786 I MATDBManager: sqllite db capacity:1
05-26 16:55:55.247 28916 29786 I MATDBManager: sqllite db insert success! insert row id:23
05-26 16:55:55.248 28916 29786 I MATDBManager: sqllite db capacity:2
05-26 16:55:55.249 28916 29786 I MATDBManager: sqllite db insert success! insert row id:24
05-26 16:55:55.250 28916 29786 I MATDBManager: sqllite db capacity:3
05-26 16:55:55.251 28916 29786 I MATDBManager: sqllite db insert success! insert row id:25
05-26 16:55:55.251 28916 29786 I MATDBManager: sqllite db capacity:4
05-26 16:55:55.252 28916 29786 I MATDBManager: sqllite db insert success! insert row id:26
05-26 16:55:55.253 28916 29786 I MATDBManager: sqllite db capacity:5
05-26 16:55:55.601 28916 29786 I MATDBManager: sqllite db insert success! insert row id:27
05-26 16:55:55.602 28916 29786 I MATDBManager: sqllite db capacity:1
05-26 16:55:55.604 28916 29786 I MATDBManager: sqllite db insert success! insert row id:28
05-26 16:55:55.605 28916 29786 I MATDBManager: sqllite db capacity:2
05-26 16:55:55.607 28916 29786 I MATDBManager: sqllite db insert success! insert row id:29
05-26 16:55:55.607 28916 29786 I MATDBManager: sqllite db capacity:3
05-26 16:55:55.609 28916 29786 I MATDBManager: sqllite db insert success! insert row id:30
05-26 16:55:55.610 28916 29786 I MATDBManager: sqllite db capacity:4
05-26 16:55:55.612 28916 29786 I MATDBManager: sqllite db insert success! insert row id:31
05-26 16:55:55.613 28916 29786 I MATDBManager: sqllite db capacity:5
05-26 16:55:55.998 28916 29786 I MATDBManager: sqllite db insert success! insert row id:32
05-26 16:55:56.003 28916 29786 I MATDBManager: sqllite db capacity:1
05-26 16:55:56.207 29874 29880 W System : A resource failed to call ContentProviderClient.close.
05-26 16:55:56.207 29874 29880 W System : A resource failed to call ContentProviderClient.close.
05-26 16:55:56.669 28916 28916 D SplineOverScroller: mFlingDuration: 2534,mFlingDistance: 5388.37158203125,mVelocity: 11635
05-26 16:55:57.030 28916 29174 W RenderInspector: DequeueBuffer time out on com.hello.miheapp.secretspace/com.hello.sandbox.ui.search.SearchListActivity, count=1, avg=18 ms, max=18 ms.
05-26 16:55:57.448 28916 29174 W RenderInspector: DequeueBuffer time out on com.hello.miheapp.secretspace/com.hello.sandbox.ui.search.SearchListActivity, count=1, avg=22 ms, max=22 ms.
05-26 16:55:57.765 28916 29786 I MATDBManager: sqllite db insert success! insert row id:33
05-26 16:55:57.766 28916 29786 I MATDBManager: sqllite db capacity:2
05-26 16:55:57.915 28916 29174 W RenderInspector: DequeueBuffer time out on com.hello.miheapp.secretspace/com.hello.sandbox.ui.search.SearchListActivity, count=3, avg=12 ms, max=18 ms.
05-26 16:55:58.981 28916 28966 I TRuntime.CctTransportBackend: Status Code: 200
05-26 16:56:01.551 28916 29786 I MATDBManager: sqllite db insert success! insert row id:34
05-26 16:56:01.551 28916 29786 I MATDBManager: sqllite db capacity:3
05-26 16:56:02.154 28916 28916 D SplineOverScroller: mFlingDuration: 1569,mFlingDistance: 656.279052734375,mVelocity: -1461
05-26 16:56:03.107 28916 28916 D SplineOverScroller: mFlingDuration: 2398,mFlingDistance: 4013.953369140625,mVelocity: -8680
05-26 16:56:03.823 28916 28916 D SplineOverScroller: mFlingDuration: 2547,mFlingDistance: 5535.8134765625,mVelocity: -11952
05-26 16:56:06.055 28916 28971 D SessionLifecycleClient: Sending lifecycle 2 to service
05-26 16:56:06.056 28916 29202 D SessionLifecycleService: Activity backgrounding at 1627092579
05-26 16:56:06.077 28916 28916 D CompatibilityChangeReporter: Compat change id reported: 78294732; UID 11031; state: ENABLED
05-26 16:56:06.084 28916 28955 D SessionLifecycleClient: Sending lifecycle 1 to service
05-26 16:56:06.084 28916 29202 D SessionLifecycleService: Activity foregrounding at 1627092608.
05-26 16:56:06.087 28916 29786 I MATDBManager: sqllite db insert success! insert row id:35
05-26 16:56:06.088 28916 29786 I MATDBManager: sqllite db capacity:4
05-26 16:56:06.089 28916 29786 I MATDBManager: sqllite db insert success! insert row id:36
05-26 16:56:06.089 28916 29786 I MATDBManager: sqllite db capacity:5
05-26 16:56:06.115 28916 28916 D VRI[HomeAct]: vri.reportNextDraw android.view.ViewRootImpl.performTraversals:4013 android.view.ViewRootImpl.doTraversal:2725 android.view.ViewRootImpl$TraversalRunnable.run:9812 android.view.Choreographer$CallbackRecord.run:1505 android.view.Choreographer$CallbackRecord.run:1513
05-26 16:56:06.115 28916 28916 D VRI[HomeAct]: vri.Setup new sync id=1 syncSeqId=0
05-26 16:56:06.127 28916 28916 D VRI[HomeAct]: vri.reportDrawFinished syncSeqId=0 android.view.ViewRootImpl.lambda$createSyncIfNeeded$4$android-view- ViewRootImpl:4081 android.view.ViewRootImpl$$ExternalSyntheticLambda2.run:6 android.os.Handler.handleCallback:942 android.os.Handler.dispatchMessage:99 android.os.Looper.loopOnce:211
05-26 16:56:06.136 28916 28916 D DecorView[]: onWindowFocusChanged hasWindowFocus false
05-26 16:56:06.161 28916 28916 D DecorView[]: onWindowFocusChanged hasWindowFocus true
05-26 16:56:06.161 28916 28916 I HandWritingStubImpl: refreshLastKeyboardType: 1
05-26 16:56:06.162 28916 28916 I HandWritingStubImpl: getCurrentKeyboardType: 1
05-26 16:56:08.733 28916 28955 D SessionLifecycleClient: Sending lifecycle 2 to service
05-26 16:56:08.734 28916 29202 D SessionLifecycleService: Activity backgrounding at 1627095257
05-26 16:56:08.735 28916 29786 I MATDBManager: sqllite db insert success! insert row id:37
05-26 16:56:08.736 28916 29786 I MATDBManager: sqllite db capacity:1
05-26 16:56:08.785 28916 28916 D IS_CTS_MODE: false
05-26 16:56:08.785 28916 28916 D MULTI_WINDOW_ENABLED: false
05-26 16:56:08.786 28916 28916 D DecorView[]: getWindowModeFromSystem windowmode is 1
05-26 16:56:08.791 28916 28971 D SessionLifecycleClient: Sending lifecycle 1 to service
05-26 16:56:08.792 28916 29202 D SessionLifecycleService: Activity foregrounding at 1627095315.
05-26 16:56:08.831 28916 28916 D VRI[SettingPasswordActivity]: vri.reportNextDraw android.view.ViewRootImpl.performTraversals:4013 android.view.ViewRootImpl.doTraversal:2725 android.view.ViewRootImpl$TraversalRunnable.run:9812 android.view.Choreographer$CallbackRecord.run:1505 android.view.Choreographer$CallbackRecord.run:1513
05-26 16:56:08.831 28916 28916 D VRI[SettingPasswordActivity]: vri.Setup new sync id=0 syncSeqId=0
05-26 16:56:08.837 28916 29174 E perf_hint: Session creation failed, mPreferredRateNanos: -1
05-26 16:56:08.841 28916 28916 D VRI[SettingPasswordActivity]: vri.reportDrawFinished syncSeqId=0 android.view.ViewRootImpl.lambda$createSyncIfNeeded$4$android-view- ViewRootImpl:4081 android.view.ViewRootImpl$$ExternalSyntheticLambda2.run:6 android.os.Handler.handleCallback:942 android.os.Handler.dispatchMessage:99 android.os.Looper.loopOnce:211
05-26 16:56:08.842 28916 28916 D DecorView[]: onWindowFocusChanged hasWindowFocus false
05-26 16:56:08.883 28916 28916 D DecorView[]: onWindowFocusChanged hasWindowFocus true
05-26 16:56:08.883 28916 28916 I HandWritingStubImpl: refreshLastKeyboardType: 1
05-26 16:56:08.883 28916 28916 I HandWritingStubImpl: getCurrentKeyboardType: 1
05-26 16:56:12.484 28916 28960 D SessionLifecycleClient: Sending lifecycle 2 to service
05-26 16:56:12.485 28916 29202 D SessionLifecycleService: Activity backgrounding at 1627099009
05-26 16:56:12.536 28916 28972 D SessionLifecycleClient: Sending lifecycle 1 to service
05-26 16:56:12.537 28916 29202 D SessionLifecycleService: Activity foregrounding at 1627099060.
05-26 16:56:12.538 28916 29786 I MATDBManager: sqllite db insert success! insert row id:38
05-26 16:56:12.540 28916 29786 I MATDBManager: sqllite db capacity:2
05-26 16:56:12.541 28916 29786 I MATDBManager: sqllite db insert success! insert row id:39
05-26 16:56:12.541 28916 29786 I MATDBManager: sqllite db capacity:3
05-26 16:56:12.563 28916 28916 D VRI[HomeAct]: vri.reportNextDraw android.view.ViewRootImpl.performTraversals:4013 android.view.ViewRootImpl.doTraversal:2725 android.view.ViewRootImpl$TraversalRunnable.run:9812 android.view.Choreographer$CallbackRecord.run:1505 android.view.Choreographer$CallbackRecord.run:1513
05-26 16:56:12.563 28916 28916 D VRI[HomeAct]: vri.Setup new sync id=2 syncSeqId=0
05-26 16:56:12.569 28916 28916 D VRI[HomeAct]: vri.reportDrawFinished syncSeqId=0 android.view.ViewRootImpl.lambda$createSyncIfNeeded$4$android-view- ViewRootImpl:4081 android.view.ViewRootImpl$$ExternalSyntheticLambda2.run:6 android.os.Handler.handleCallback:942 android.os.Handler.dispatchMessage:99 android.os.Looper.loopOnce:211
05-26 16:56:12.570 28916 28916 D DecorView[]: onWindowFocusChanged hasWindowFocus false
05-26 16:56:12.608 28916 28916 D DecorView[]: onWindowFocusChanged hasWindowFocus true
05-26 16:56:12.608 28916 28916 I HandWritingStubImpl: refreshLastKeyboardType: 1
05-26 16:56:12.609 28916 28916 I HandWritingStubImpl: getCurrentKeyboardType: 1
05-26 16:56:14.158 28916 28916 D DecorView[]: onWindowFocusChanged hasWindowFocus false
05-26 16:56:14.158 28916 28955 D SessionLifecycleClient: Sending lifecycle 2 to service
05-26 16:56:14.158 28916 29202 D SessionLifecycleService: Activity backgrounding at 1627100682
05-26 16:56:14.164 28916 29786 I MATDBManager: sqllite db insert success! insert row id:40
05-26 16:56:14.164 28916 29786 I MATDBManager: sqllite db capacity:4
05-26 16:56:16.196 28916 29008 I FA : Application backgrounded at: timestamp_millis: 1748258774194
05-26 16:56:39.886 28916 29786 I MATDBManager: sqllite db insert success! insert row id:41
05-26 16:56:39.897 28916 28955 D SessionLifecycleClient: Sending lifecycle 1 to service
05-26 16:56:39.897 28916 29786 I MATDBManager: sqllite db capacity:5
05-26 16:56:39.898 28916 29202 D SessionLifecycleService: Activity foregrounding at 1627126421.
05-26 16:56:39.935 28916 28916 D VRI[HomeAct]: vri.reportNextDraw android.view.ViewRootImpl.performTraversals:4013 android.view.ViewRootImpl.doTraversal:2725 android.view.ViewRootImpl$TraversalRunnable.run:9812 android.view.Choreographer$CallbackRecord.run:1505 android.view.Choreographer$CallbackRecord.run:1513
05-26 16:56:39.936 28916 28916 D VRI[HomeAct]: vri.Setup new sync id=3 syncSeqId=0
05-26 16:56:39.981 28916 28916 D VRI[HomeAct]: vri.reportDrawFinished syncSeqId=0 android.view.ViewRootImpl.lambda$createSyncIfNeeded$4$android-view- ViewRootImpl:4081 android.view.ViewRootImpl$$ExternalSyntheticLambda2.run:6 android.os.Handler.handleCallback:942 android.os.Handler.dispatchMessage:99 android.os.Looper.loopOnce:211
05-26 16:56:39.987 28916 28971 D SessionLifecycleClient: Sending lifecycle 2 to service
05-26 16:56:39.987 28916 29202 D SessionLifecycleService: Activity backgrounding at 1627126511
05-26 16:56:40.061 28916 28916 D IS_CTS_MODE: false
05-26 16:56:40.061 28916 28916 D MULTI_WINDOW_ENABLED: false
05-26 16:56:40.062 28916 28916 D DecorView[]: getWindowModeFromSystem windowmode is 1
05-26 16:56:40.071 28916 28916 D ScrollerOptimizationManager: registerConfigChangedListener
05-26 16:56:40.144 28916 28955 D SessionLifecycleClient: Sending lifecycle 1 to service
05-26 16:56:40.144 28916 29202 D SessionLifecycleService: Activity foregrounding at 1627126668.
05-26 16:56:40.189 28916 28916 D VRI[AppLockActivity]: vri.reportNextDraw android.view.ViewRootImpl.performTraversals:4013 android.view.ViewRootImpl.doTraversal:2725 android.view.ViewRootImpl$TraversalRunnable.run:9812 android.view.Choreographer$CallbackRecord.run:1505 android.view.Choreographer$CallbackRecord.run:1513
05-26 16:56:40.190 28916 28916 D VRI[AppLockActivity]: vri.Setup new sync id=0 syncSeqId=0
05-26 16:56:40.202 28916 29174 E perf_hint: Session creation failed, mPreferredRateNanos: -1
05-26 16:56:40.204 28916 28916 D VRI[AppLockActivity]: vri.reportDrawFinished syncSeqId=0 android.view.ViewRootImpl.lambda$createSyncIfNeeded$4$android-view- ViewRootImpl:4081 android.view.ViewRootImpl$$ExternalSyntheticLambda2.run:6 android.os.Handler.handleCallback:942 android.os.Handler.dispatchMessage:99 android.os.Looper.loopOnce:211
05-26 16:56:40.321 28916 28916 D DecorView[]: onWindowFocusChanged hasWindowFocus true
05-26 16:56:40.322 28916 28916 I HandWritingStubImpl: refreshLastKeyboardType: 1
05-26 16:56:40.322 28916 28916 I HandWritingStubImpl: getCurrentKeyboardType: 1
05-26 16:56:40.388 28916 28916 D VRI[PopupWindow:1f5f047]: vri.reportNextDraw android.view.ViewRootImpl.performTraversals:4013 android.view.ViewRootImpl.doTraversal:2725 android.view.ViewRootImpl$TraversalRunnable.run:9812 android.view.Choreographer$CallbackRecord.run:1505 android.view.Choreographer$CallbackRecord.run:1513
05-26 16:56:40.388 28916 28916 D VRI[PopupWindow:1f5f047]: vri.Setup new sync id=0 syncSeqId=0
05-26 16:56:40.393 28916 29174 E perf_hint: Session creation failed, mPreferredRateNanos: -1
05-26 16:56:40.394 28916 28916 D VRI[PopupWindow:1f5f047]: vri.reportDrawFinished syncSeqId=0 android.view.ViewRootImpl.lambda$createSyncIfNeeded$4$android-view- ViewRootImpl:4081 android.view.ViewRootImpl$$ExternalSyntheticLambda2.run:6 android.os.Handler.handleCallback:942 android.os.Handler.dispatchMessage:99 android.os.Looper.loopOnce:211
05-26 16:56:40.405 28916 28916 D VRI[PopupWindow:1f5f047]: vri.reportNextDraw android.view.ViewRootImpl.handleResized:2083 android.view.ViewRootImpl.-$ $Nest$mhandleResized:0 android.view.ViewRootImpl$ViewRootHandler.handleMessageImpl:6167 android.view.ViewRootImpl$ViewRootHandler.handleMessage:6136 android.os.Handler.dispatchMessage:106
05-26 16:56:40.411 28916 28916 D VRI[PopupWindow:1f5f047]: vri.Setup new sync id=1 syncSeqId=0
05-26 16:56:40.416 28916 28916 D VRI[PopupWindow:1f5f047]: vri.reportDrawFinished syncSeqId=0 android.view.ViewRootImpl.lambda$createSyncIfNeeded$4$android-view- ViewRootImpl:4081 android.view.ViewRootImpl$$ExternalSyntheticLambda2.run:6 android.os.Handler.handleCallback:942 android.os.Handler.dispatchMessage:99 android.os.Looper.loopOnce:211
05-26 16:56:40.521 28916 29786 I MATDBManager: sqllite db insert success! insert row id:42
05-26 16:56:40.522 28916 29786 I MATDBManager: sqllite db capacity:1
05-26 16:56:40.526 28916 29786 I MATDBManager: sqllite db insert success! insert row id:43
05-26 16:56:40.527 28916 29786 I MATDBManager: sqllite db capacity:2
05-26 16:56:41.317 28916 28916 I HandWritingStubImpl: refreshLastKeyboardType: 1
05-26 16:56:41.318 28916 28916 I HandWritingStubImpl: getCurrentKeyboardType: 1
05-26 16:56:41.523 28916 28916 D MIUIInput: [KeyEvent] ViewRootImpl windowName 'com.hello.miheapp.secretspace/com.hello.sandbox.ui.lock.AppLockActivity', KeyEvent { action=ACTION_DOWN, keyCode=KEYCODE_BACK, scanCode=0, metaState=0, flags=0x48, repeatCount=0, eventTime=1627128009000000, downTime=1627128009000000, deviceId=-1, source=0x101, displayId=0 }, phoneEventTime=16:56:41.486
05-26 16:56:41.527 28916 28916 D MIUIInput: [KeyEvent] ViewRootImpl windowName 'com.hello.miheapp.secretspace/com.hello.sandbox.ui.lock.AppLockActivity', KeyEvent { action=ACTION_UP, keyCode=KEYCODE_BACK, scanCode=0, metaState=0, flags=0x48, repeatCount=0, eventTime=1627128039000000, downTime=1627128009000000, deviceId=-1, source=0x101, displayId=0 }, phoneEventTime=16:56:41.515
05-26 16:56:41.566 28916 28972 D SessionLifecycleClient: Sending lifecycle 2 to service
05-26 16:56:41.567 28916 29202 D SessionLifecycleService: Activity backgrounding at 1627128090
05-26 16:56:41.592 28916 28916 D DecorView[]: onWindowFocusChanged hasWindowFocus false
05-26 16:56:42.432 28916 28916 E WindowManager: android.view.WindowLeaked: Activity com.hello.sandbox.ui.lock.AppLockActivity has leaked window android.widget.PopupWindow$PopupDecorView{8efda3b V.E...... R......D 0,0-1080,253} that was originally added here
05-26 16:56:42.432 28916 28916 E WindowManager: at android.view.ViewRootImpl.<init>(ViewRootImpl.java:1076)
05-26 16:56:42.432 28916 28916 E WindowManager: at android.view.ViewRootImpl.<init>(ViewRootImpl.java:1060)
05-26 16:56:42.432 28916 28916 E WindowManager: at android.view.WindowManagerGlobal.addView(WindowManagerGlobal.java:411)
05-26 16:56:42.432 28916 28916 E WindowManager: at android.view.WindowManagerGlobal.addView(WindowManagerGlobal.java:314)
05-26 16:56:42.432 28916 28916 E WindowManager: at android.view.WindowManagerImpl.addView(WindowManagerImpl.java:156)
05-26 16:56:42.432 28916 28916 E WindowManager: at android.widget.PopupWindow.invokePopup(PopupWindow.java:1583)
05-26 16:56:42.432 28916 28916 E WindowManager: at android.widget.PopupWindow.showAtLocation(PopupWindow.java:1349)
05-26 16:56:42.432 28916 28916 E WindowManager: at android.widget.PopupWindow.showAtLocation(PopupWindow.java:1315)
05-26 16:56:42.432 28916 28916 E WindowManager: at sh.i.k(SimplePushBubble.java:18)
05-26 16:56:42.432 28916 28916 E WindowManager: at sh.d.a(PushBubbleManager.java:24)
05-26 16:56:42.432 28916 28916 E WindowManager: at com.hello.sandbox.ui.lock.AppLockActivity.checkAndShowSecretTip(AppLockActivity.kt: 13)
05-26 16:56:42.432 28916 28916 E WindowManager: at com.hello.sandbox.ui.lock.AppLockActivity.onWindowFocusChanged(AppLockActivity.kt:3 )
05-26 16:56:42.432 28916 28916 E WindowManager: at i.i.onWindowFocusChanged(Unknown Source:2)
05-26 16:56:42.432 28916 28916 E WindowManager: at com.android.internal.policy.DecorView.onWindowFocusChanged(DecorView.java:1976)
05-26 16:56:42.432 28916 28916 E WindowManager: at android.view.View.dispatchWindowFocusChanged(View.java:15449)
05-26 16:56:42.432 28916 28916 E WindowManager: at android.view.ViewGroup.dispatchWindowFocusChanged(ViewGroup.java:1518)
05-26 16:56:42.432 28916 28916 E WindowManager: at android.view.ViewRootImpl.handleWindowFocusChanged(ViewRootImpl.java:4222)
05-26 16:56:42.432 28916 28916 E WindowManager: at android.view.ViewRootImpl.-$$Nest$mhandleWindowFocusChanged(Unknown Source:0)
05-26 16:56:42.432 28916 28916 E WindowManager: at android.view.ViewRootImpl$ViewRootHandler.handleMessageImpl(ViewRootImpl.java:6236)
05-26 16:56:42.432 28916 28916 E WindowManager: at android.view.ViewRootImpl$ViewRootHandler.handleMessage(ViewRootImpl.java:6136)
05-26 16:56:42.432 28916 28916 E WindowManager: at android.os.Handler.dispatchMessage(Handler.java:106)
05-26 16:56:42.432 28916 28916 E WindowManager: at android.os.Looper.loopOnce(Looper.java:211)
05-26 16:56:42.432 28916 28916 E WindowManager: at android.os.Looper.loop(Looper.java:300)
05-26 16:56:42.432 28916 28916 E WindowManager: at android.app.ActivityThread.main(ActivityThread.java:8503)
05-26 16:56:42.432 28916 28916 E WindowManager: at java.lang.reflect.Method.invoke(Native Method)
05-26 16:56:42.432 28916 28916 E WindowManager: at com.android.internal.os.RuntimeInit$MethodAndArgsCaller.run(RuntimeInit.java:561)
05-26 16:56:42.432 28916 28916 E WindowManager: at com.android.internal.os.ZygoteInit.main(ZygoteInit.java:954)
05-26 16:56:43.658 28916 29008 I FA : Application backgrounded at: timestamp_millis: 1748258801657
05-26 16:56:43.763 28916 28972 D SessionLifecycleClient: Sending lifecycle 1 to service
05-26 16:56:43.763 28916 29202 D SessionLifecycleService: Activity foregrounding at 1627130287.
05-26 16:56:43.773 28916 29786 I MATDBManager: sqllite db insert success! insert row id:44
05-26 16:56:43.773 28916 29786 I MATDBManager: sqllite db capacity:3
05-26 16:56:43.778 28916 29786 I MATDBManager: sqllite db insert success! insert row id:45
05-26 16:56:43.785 28916 29786 I MATDBManager: sqllite db capacity:4
05-26 16:56:43.808 28916 28916 D VRI[HomeAct]: vri.reportNextDraw android.view.ViewRootImpl.performTraversals:4013 android.view.ViewRootImpl.doTraversal:2725 android.view.ViewRootImpl$TraversalRunnable.run:9812 android.view.Choreographer$CallbackRecord.run:1505 android.view.Choreographer$CallbackRecord.run:1513
05-26 16:56:43.808 28916 28916 D VRI[HomeAct]: vri.Setup new sync id=4 syncSeqId=0
05-26 16:56:43.826 28916 28916 D VRI[HomeAct]: vri.reportDrawFinished syncSeqId=0 android.view.ViewRootImpl.lambda$createSyncIfNeeded$4$android-view- ViewRootImpl:4081 android.view.ViewRootImpl$$ExternalSyntheticLambda2.run:6 android.os.Handler.handleCallback:942 android.os.Handler.dispatchMessage:99 android.os.Looper.loopOnce:211
05-26 16:56:43.841 28916 28972 D SessionLifecycleClient: Sending lifecycle 2 to service
05-26 16:56:43.842 28916 29202 D SessionLifecycleService: Activity backgrounding at 1627130365
05-26 16:56:43.844 28916 29786 I MATDBManager: sqllite db insert success! insert row id:46
05-26 16:56:43.847 28916 29786 I MATDBManager: sqllite db capacity:5
05-26 16:56:43.902 28916 28916 D IS_CTS_MODE: false
05-26 16:56:43.902 28916 28916 D MULTI_WINDOW_ENABLED: false
05-26 16:56:43.905 28916 28916 D DecorView[]: getWindowModeFromSystem windowmode is 1
05-26 16:56:43.912 28916 28916 D ScrollerOptimizationManager: registerConfigChangedListener
05-26 16:56:43.984 28916 28960 D SessionLifecycleClient: Sending lifecycle 1 to service
05-26 16:56:43.984 28916 29202 D SessionLifecycleService: Activity foregrounding at 1627130507.
05-26 16:56:44.041 28916 28916 D VRI[AppLockActivity]: vri.reportNextDraw android.view.ViewRootImpl.performTraversals:4013 android.view.ViewRootImpl.doTraversal:2725 android.view.ViewRootImpl$TraversalRunnable.run:9812 android.view.Choreographer$CallbackRecord.run:1505 android.view.Choreographer$CallbackRecord.run:1513
05-26 16:56:44.041 28916 28916 D VRI[AppLockActivity]: vri.Setup new sync id=0 syncSeqId=0
05-26 16:56:44.055 28916 29174 E perf_hint: Session creation failed, mPreferredRateNanos: -1
05-26 16:56:44.069 28916 28916 D VRI[AppLockActivity]: vri.reportDrawFinished syncSeqId=0 android.view.ViewRootImpl.lambda$createSyncIfNeeded$4$android-view- ViewRootImpl:4081 android.view.ViewRootImpl$$ExternalSyntheticLambda2.run:6 android.os.Handler.handleCallback:942 android.os.Handler.dispatchMessage:99 android.os.Looper.loopOnce:211
05-26 16:56:44.172 28916 28916 D DecorView[]: onWindowFocusChanged hasWindowFocus true
05-26 16:56:44.173 28916 28916 I HandWritingStubImpl: refreshLastKeyboardType: 1
05-26 16:56:44.173 28916 28916 I HandWritingStubImpl: getCurrentKeyboardType: 1
05-26 16:56:44.218 28916 28916 D VRI[PopupWindow:a80c136]: vri.reportNextDraw android.view.ViewRootImpl.performTraversals:4013 android.view.ViewRootImpl.doTraversal:2725 android.view.ViewRootImpl$TraversalRunnable.run:9812 android.view.Choreographer$CallbackRecord.run:1505 android.view.Choreographer$CallbackRecord.run:1513
05-26 16:56:44.218 28916 28916 D VRI[PopupWindow:a80c136]: vri.Setup new sync id=0 syncSeqId=0
05-26 16:56:44.224 28916 29174 E perf_hint: Session creation failed, mPreferredRateNanos: -1
05-26 16:56:44.224 28916 28916 D VRI[PopupWindow:a80c136]: vri.reportDrawFinished syncSeqId=0 android.view.ViewRootImpl.lambda$createSyncIfNeeded$4$android-view- ViewRootImpl:4081 android.view.ViewRootImpl$$ExternalSyntheticLambda2.run:6 android.os.Handler.handleCallback:942 android.os.Handler.dispatchMessage:99 android.os.Looper.loopOnce:211
05-26 16:56:44.237 28916 28916 D VRI[PopupWindow:a80c136]: vri.reportNextDraw android.view.ViewRootImpl.handleResized:2083 android.view.ViewRootImpl.-$ $Nest$mhandleResized:0 android.view.ViewRootImpl$ViewRootHandler.handleMessageImpl:6167 android.view.ViewRootImpl$ViewRootHandler.handleMessage:6136 android.os.Handler.dispatchMessage:106
05-26 16:56:44.239 28916 28916 D VRI[PopupWindow:a80c136]: vri.Setup new sync id=1 syncSeqId=0
05-26 16:56:44.243 28916 28916 D VRI[PopupWindow:a80c136]: vri.reportDrawFinished syncSeqId=0 android.view.ViewRootImpl.lambda$createSyncIfNeeded$4$android-view- ViewRootImpl:4081 android.view.ViewRootImpl$$ExternalSyntheticLambda2.run:6 android.os.Handler.handleCallback:942 android.os.Handler.dispatchMessage:99 android.os.Looper.loopOnce:211
05-26 16:56:45.141 28916 28916 I HandWritingStubImpl: refreshLastKeyboardType: 1
05-26 16:56:45.142 28916 28916 I HandWritingStubImpl: getCurrentKeyboardType: 1
05-26 16:56:49.763 28916 28916 I HandWritingStubImpl: refreshLastKeyboardType: 1
05-26 16:56:49.763 28916 28916 I HandWritingStubImpl: getCurrentKeyboardType: 1
05-26 16:56:50.995 28916 28916 I Au.io : check on thread main
05-26 16:56:55.552 28916 28916 D Editor : Double tap detection is fail
05-26 16:56:55.616 28916 28916 I HandWritingStubImpl: refreshLastKeyboardType: 1
05-26 16:56:55.617 28916 28916 I HandWritingStubImpl: getCurrentKeyboardType: 1
05-26 16:57:00.165 28916 28916 I HandWritingStubImpl: refreshLastKeyboardType: 1
05-26 16:57:00.165 28916 28916 I HandWritingStubImpl: getCurrentKeyboardType: 1
05-26 16:57:00.611 28916 28916 I HandWritingStubImpl: refreshLastKeyboardType: 1
05-26 16:57:00.612 28916 28916 I HandWritingStubImpl: getCurrentKeyboardType: 1
05-26 16:57:01.721 28916 28916 I HandWritingStubImpl: refreshLastKeyboardType: 1
05-26 16:57:01.721 28916 28916 I HandWritingStubImpl: getCurrentKeyboardType: 1
05-26 16:57:02.779 28916 28955 D SessionLifecycleClient: Sending lifecycle 2 to service
05-26 16:57:02.781 28916 29202 D SessionLifecycleService: Activity backgrounding at 1627149303
05-26 16:57:02.808 28916 28960 D SessionLifecycleClient: Sending lifecycle 1 to service
05-26 16:57:02.809 28916 29202 D SessionLifecycleService: Activity foregrounding at 1627149332.
05-26 16:57:02.813 28916 28916 D DecorView[]: onWindowFocusChanged hasWindowFocus false
05-26 16:57:02.823 28916 29786 I MATDBManager: sqllite db insert success! insert row id:47
05-26 16:57:02.823 28916 29786 I MATDBManager: sqllite db capacity:1
05-26 16:57:02.835 28916 28916 D VRI[HomeAct]: vri.reportNextDraw android.view.ViewRootImpl.performTraversals:4013 android.view.ViewRootImpl.doTraversal:2725 android.view.ViewRootImpl$TraversalRunnable.run:9812 android.view.Choreographer$CallbackRecord.run:1505 android.view.Choreographer$CallbackRecord.run:1513
05-26 16:57:02.835 28916 28916 D VRI[HomeAct]: vri.Setup new sync id=5 syncSeqId=0
05-26 16:57:02.844 28916 28916 D VRI[HomeAct]: vri.reportDrawFinished syncSeqId=0 android.view.ViewRootImpl.lambda$createSyncIfNeeded$4$android-view- ViewRootImpl:4081 android.view.ViewRootImpl$$ExternalSyntheticLambda2.run:6 android.os.Handler.handleCallback:942 android.os.Handler.dispatchMessage:99 android.os.Looper.loopOnce:211
05-26 16:57:02.880 28916 28916 D DecorView[]: onWindowFocusChanged hasWindowFocus true
05-26 16:57:02.881 28916 28916 I HandWritingStubImpl: refreshLastKeyboardType: 1
05-26 16:57:02.881 28916 28916 I HandWritingStubImpl: getCurrentKeyboardType: 1
05-26 16:57:03.201 28916 29786 I MATDBManager: sqllite db insert success! insert row id:48
05-26 16:57:03.201 28916 29786 I MATDBManager: sqllite db capacity:1
05-26 16:57:03.413 28916 28916 E WindowManager: android.view.WindowLeaked: Activity com.hello.sandbox.ui.lock.AppLockActivity has leaked window android.widget.PopupWindow$PopupDecorView{bf28023 V.E...... R......D 0,0-1080,253} that was originally added here
05-26 16:57:03.413 28916 28916 E WindowManager: at android.view.ViewRootImpl.<init>(ViewRootImpl.java:1076)
05-26 16:57:03.413 28916 28916 E WindowManager: at android.view.ViewRootImpl.<init>(ViewRootImpl.java:1060)
05-26 16:57:03.413 28916 28916 E WindowManager: at android.view.WindowManagerGlobal.addView(WindowManagerGlobal.java:411)
05-26 16:57:03.413 28916 28916 E WindowManager: at android.view.WindowManagerGlobal.addView(WindowManagerGlobal.java:314)
05-26 16:57:03.413 28916 28916 E WindowManager: at android.view.WindowManagerImpl.addView(WindowManagerImpl.java:156)
05-26 16:57:03.413 28916 28916 E WindowManager: at android.widget.PopupWindow.invokePopup(PopupWindow.java:1583)
05-26 16:57:03.413 28916 28916 E WindowManager: at android.widget.PopupWindow.showAtLocation(PopupWindow.java:1349)
05-26 16:57:03.413 28916 28916 E WindowManager: at android.widget.PopupWindow.showAtLocation(PopupWindow.java:1315)
05-26 16:57:03.413 28916 28916 E WindowManager: at sh.i.k(SimplePushBubble.java:18)
05-26 16:57:03.413 28916 28916 E WindowManager: at sh.d.a(PushBubbleManager.java:14)
05-26 16:57:03.413 28916 28916 E WindowManager: at com.hello.sandbox.ui.lock.AppLockActivity.checkAndShowSecretTip(AppLockActivity.kt: 13)
05-26 16:57:03.413 28916 28916 E WindowManager: at com.hello.sandbox.ui.lock.AppLockActivity.onWindowFocusChanged(AppLockActivity.kt:3 )
05-26 16:57:03.413 28916 28916 E WindowManager: at i.i.onWindowFocusChanged(Unknown Source:2)
05-26 16:57:03.413 28916 28916 E WindowManager: at com.android.internal.policy.DecorView.onWindowFocusChanged(DecorView.java:1976)
05-26 16:57:03.413 28916 28916 E WindowManager: at android.view.View.dispatchWindowFocusChanged(View.java:15449)
05-26 16:57:03.413 28916 28916 E WindowManager: at android.view.ViewGroup.dispatchWindowFocusChanged(ViewGroup.java:1518)
05-26 16:57:03.413 28916 28916 E WindowManager: at android.view.ViewRootImpl.handleWindowFocusChanged(ViewRootImpl.java:4222)
05-26 16:57:03.413 28916 28916 E WindowManager: at android.view.ViewRootImpl.-$$Nest$mhandleWindowFocusChanged(Unknown Source:0)
05-26 16:57:03.413 28916 28916 E WindowManager: at android.view.ViewRootImpl$ViewRootHandler.handleMessageImpl(ViewRootImpl.java:6236)
05-26 16:57:03.413 28916 28916 E WindowManager: at android.view.ViewRootImpl$ViewRootHandler.handleMessage(ViewRootImpl.java:6136)
05-26 16:57:03.413 28916 28916 E WindowManager: at android.os.Handler.dispatchMessage(Handler.java:106)
05-26 16:57:03.413 28916 28916 E WindowManager: at android.os.Looper.loopOnce(Looper.java:211)
05-26 16:57:03.413 28916 28916 E WindowManager: at android.os.Looper.loop(Looper.java:300)
05-26 16:57:03.413 28916 28916 E WindowManager: at android.app.ActivityThread.main(ActivityThread.java:8503)
05-26 16:57:03.413 28916 28916 E WindowManager: at java.lang.reflect.Method.invoke(Native Method)
05-26 16:57:03.413 28916 28916 E WindowManager: at com.android.internal.os.RuntimeInit$MethodAndArgsCaller.run(RuntimeInit.java:561)
05-26 16:57:03.413 28916 28916 E WindowManager: at com.android.internal.os.ZygoteInit.main(ZygoteInit.java:954)
05-26 16:57:05.400 28916 29786 I MATDBManager: sqllite db insert success! insert row id:49
05-26 16:57:05.401 28916 29786 I MATDBManager: sqllite db capacity:2
05-26 16:57:09.246 28916 28916 D DecorView[]: onWindowFocusChanged hasWindowFocus false
05-26 16:57:23.648 28916 28916 D DecorView[]: onWindowFocusChanged hasWindowFocus true
05-26 16:57:23.648 28916 28916 I HandWritingStubImpl: refreshLastKeyboardType: 1
05-26 16:57:23.648 28916 28916 I HandWritingStubImpl: getCurrentKeyboardType: 1
05-26 16:57:25.996 28916 28955 D SessionLifecycleClient: Sending lifecycle 2 to service
05-26 16:57:25.997 28916 29786 I MATDBManager: sqllite db insert success! insert row id:50
05-26 16:57:25.997 28916 29786 I MATDBManager: sqllite db capacity:3
05-26 16:57:25.999 28916 29202 D SessionLifecycleService: Activity backgrounding at 1627172520
05-26 16:57:26.002 28916 28916 D DecorView[]: onWindowFocusChanged hasWindowFocus false
05-26 16:57:28.105 28916 29008 I FA : Application backgrounded at: timestamp_millis: 1748258846103
05-26 16:57:31.807 28916 28923 W app.secretspace: Suspending all threads took: 10.433ms
05-26 16:57:34.266 28916 28955 D SessionLifecycleClient: Sending lifecycle 1 to service
05-26 16:57:34.268 28916 29202 D SessionLifecycleService: Activity foregrounding at 1627180790.
05-26 16:57:34.277 28916 29786 I MATDBManager: sqllite db insert success! insert row id:51
05-26 16:57:34.278 28916 29786 I MATDBManager: sqllite db capacity:1
05-26 16:57:34.281 28916 29786 I MATDBManager: sqllite db insert success! insert row id:52
05-26 16:57:34.281 28916 29786 I MATDBManager: sqllite db capacity:2
05-26 16:57:34.317 28916 28916 D VRI[HomeAct]: vri.reportNextDraw android.view.ViewRootImpl.performTraversals:4013 android.view.ViewRootImpl.doTraversal:2725 android.view.ViewRootImpl$TraversalRunnable.run:9812 android.view.Choreographer$CallbackRecord.run:1505 android.view.Choreographer$CallbackRecord.run:1513
05-26 16:57:34.317 28916 28916 D VRI[HomeAct]: vri.Setup new sync id=6 syncSeqId=0
05-26 16:57:34.372 28916 28916 D VRI[HomeAct]: vri.reportDrawFinished syncSeqId=0 android.view.ViewRootImpl.lambda$createSyncIfNeeded$4$android-view- ViewRootImpl:4081 android.view.ViewRootImpl$$ExternalSyntheticLambda2.run:6 android.os.Handler.handleCallback:942 android.os.Handler.dispatchMessage:99 android.os.Looper.loopOnce:211
05-26 16:57:34.382 28916 28960 D SessionLifecycleClient: Sending lifecycle 2 to service
05-26 16:57:34.383 28916 29202 D SessionLifecycleService: Activity backgrounding at 1627180906
05-26 16:57:34.393 28916 29786 I MATDBManager: sqllite db insert success! insert row id:53
05-26 16:57:34.394 28916 29786 I MATDBManager: sqllite db capacity:3
05-26 16:57:34.449 28916 28916 D IS_CTS_MODE: false
05-26 16:57:34.449 28916 28916 D MULTI_WINDOW_ENABLED: false
05-26 16:57:34.450 28916 28916 D DecorView[]: getWindowModeFromSystem windowmode is 1
05-26 16:57:34.459 28916 28916 D ScrollerOptimizationManager: registerConfigChangedListener
05-26 16:57:34.520 28916 28971 D SessionLifecycleClient: Sending lifecycle 1 to service
05-26 16:57:34.521 28916 29202 D SessionLifecycleService: Activity foregrounding at 1627181044.
05-26 16:57:34.570 28916 28916 D VRI[AppLockActivity]: vri.reportNextDraw android.view.ViewRootImpl.performTraversals:4013 android.view.ViewRootImpl.doTraversal:2725 android.view.ViewRootImpl$TraversalRunnable.run:9812 android.view.Choreographer$CallbackRecord.run:1505 android.view.Choreographer$CallbackRecord.run:1513
05-26 16:57:34.571 28916 28916 D VRI[AppLockActivity]: vri.Setup new sync id=0 syncSeqId=0
05-26 16:57:34.585 28916 29174 E perf_hint: Session creation failed, mPreferredRateNanos: -1
05-26 16:57:34.586 28916 28916 D VRI[AppLockActivity]: vri.reportDrawFinished syncSeqId=0 android.view.ViewRootImpl.lambda$createSyncIfNeeded$4$android-view- ViewRootImpl:4081 android.view.ViewRootImpl$$ExternalSyntheticLambda2.run:6 android.os.Handler.handleCallback:942 android.os.Handler.dispatchMessage:99 android.os.Looper.loopOnce:211
05-26 16:57:34.701 28916 28916 D DecorView[]: onWindowFocusChanged hasWindowFocus true
05-26 16:57:34.702 28916 28916 I HandWritingStubImpl: refreshLastKeyboardType: 1
05-26 16:57:34.702 28916 28916 I HandWritingStubImpl: getCurrentKeyboardType: 1
05-26 16:57:34.748 28916 28916 D VRI[PopupWindow:52c33b0]: vri.reportNextDraw android.view.ViewRootImpl.performTraversals:4013 android.view.ViewRootImpl.doTraversal:2725 android.view.ViewRootImpl$TraversalRunnable.run:9812 android.view.Choreographer$CallbackRecord.run:1505 android.view.Choreographer$CallbackRecord.run:1513
05-26 16:57:34.748 28916 28916 D VRI[PopupWindow:52c33b0]: vri.Setup new sync id=0 syncSeqId=0
05-26 16:57:34.751 28916 29174 E perf_hint: Session creation failed, mPreferredRateNanos: -1
05-26 16:57:34.751 28916 28916 D VRI[PopupWindow:52c33b0]: vri.reportDrawFinished syncSeqId=0 android.view.ViewRootImpl.lambda$createSyncIfNeeded$4$android-view- ViewRootImpl:4081 android.view.ViewRootImpl$$ExternalSyntheticLambda2.run:6 android.os.Handler.handleCallback:942 android.os.Handler.dispatchMessage:99 android.os.Looper.loopOnce:211
05-26 16:57:34.769 28916 28916 D VRI[PopupWindow:52c33b0]: vri.reportNextDraw android.view.ViewRootImpl.handleResized:2083 android.view.ViewRootImpl.-$ $Nest$mhandleResized:0 android.view.ViewRootImpl$ViewRootHandler.handleMessageImpl:6167 android.view.ViewRootImpl$ViewRootHandler.handleMessage:6136 android.os.Handler.dispatchMessage:106
05-26 16:57:34.776 28916 28916 D VRI[PopupWindow:52c33b0]: vri.Setup new sync id=1 syncSeqId=0
05-26 16:57:34.781 28916 28916 D VRI[PopupWindow:52c33b0]: vri.reportDrawFinished syncSeqId=0 android.view.ViewRootImpl.lambda$createSyncIfNeeded$4$android-view- ViewRootImpl:4081 android.view.ViewRootImpl$$ExternalSyntheticLambda2.run:6 android.os.Handler.handleCallback:942 android.os.Handler.dispatchMessage:99 android.os.Looper.loopOnce:211
05-26 16:57:35.682 28916 28916 I HandWritingStubImpl: refreshLastKeyboardType: 1
05-26 16:57:35.682 28916 28916 I HandWritingStubImpl: getCurrentKeyboardType: 1
05-26 16:57:35.796 28916 29174 W RenderInspector: DequeueBuffer time out on com.hello.miheapp.secretspace/com.hello.sandbox.ui.lock.AppLockActivity, count=1, avg=16 ms, max=16 ms.
05-26 16:57:36.756 28916 28916 I HandWritingStubImpl: refreshLastKeyboardType: 1
05-26 16:57:36.757 28916 28916 I HandWritingStubImpl: getCurrentKeyboardType: 1
05-26 16:57:37.052 28916 28955 D SessionLifecycleClient: Sending lifecycle 2 to service
05-26 16:57:37.055 28916 29202 D SessionLifecycleService: Activity backgrounding at 1627183578
05-26 16:57:37.088 28916 28971 D SessionLifecycleClient: Sending lifecycle 1 to service
05-26 16:57:37.088 28916 29202 D SessionLifecycleService: Activity foregrounding at 1627183612.
05-26 16:57:37.090 28916 29786 I MATDBManager: sqllite db insert success! insert row id:54
05-26 16:57:37.091 28916 29786 I MATDBManager: sqllite db capacity:4
05-26 16:57:37.094 28916 29786 I MATDBManager: sqllite db insert success! insert row id:55
05-26 16:57:37.094 28916 29786 I MATDBManager: sqllite db capacity:5
05-26 16:57:37.095 28916 28916 D DecorView[]: onWindowFocusChanged hasWindowFocus false
05-26 16:57:37.117 28916 28916 D VRI[HomeAct]: vri.reportNextDraw android.view.ViewRootImpl.performTraversals:4013 android.view.ViewRootImpl.doTraversal:2725 android.view.ViewRootImpl$TraversalRunnable.run:9812 android.view.Choreographer$CallbackRecord.run:1505 android.view.Choreographer$CallbackRecord.run:1513
05-26 16:57:37.117 28916 28916 D VRI[HomeAct]: vri.Setup new sync id=7 syncSeqId=0
05-26 16:57:37.129 28916 28916 D VRI[HomeAct]: vri.reportDrawFinished syncSeqId=0 android.view.ViewRootImpl.lambda$createSyncIfNeeded$4$android-view- ViewRootImpl:4081 android.view.ViewRootImpl$$ExternalSyntheticLambda2.run:6 android.os.Handler.handleCallback:942 android.os.Handler.dispatchMessage:99 android.os.Looper.loopOnce:211
05-26 16:57:37.130 28916 28916 D VRI[HomeAct]: vri.reportNextDraw android.view.ViewRootImpl.handleResized:2083 android.view.ViewRootImpl.-$ $Nest$mhandleResized:0 android.view.ViewRootImpl$ViewRootHandler.handleMessageImpl:6167 android.view.ViewRootImpl$ViewRootHandler.handleMessage:6136 android.os.Handler.dispatchMessage:106
05-26 16:57:37.135 28916 28916 D VRI[HomeAct]: vri.Setup new sync id=8 syncSeqId=0
05-26 16:57:37.141 28916 28916 D VRI[HomeAct]: vri.reportDrawFinished syncSeqId=0 android.view.ViewRootImpl.lambda$createSyncIfNeeded$4$android-view- ViewRootImpl:4081 android.view.ViewRootImpl$$ExternalSyntheticLambda2.run:6 android.os.Handler.handleCallback:942 android.os.Handler.dispatchMessage:99 android.os.Looper.loopOnce:211
