05-26 16:55:49.742 29946 29946 D nativeloader: Configuring clns-4 for other apk /system/framework/org.apache.http.legacy.jar. target_sdk_version=34, uses_libraries=ALL, library_path=/data/app/~~y54zPcFPhS4BJ7wab6Ut5w==/com.hello.miheapp.secretspace- lxuufuIyEmU7T1oRw05RBA==/lib/arm64:/data/app/~~y54zPcFPhS4BJ7wab6Ut5w==/ com.hello.miheapp.secretspace-lxuufuIyEmU7T1oRw05RBA==/base.apk!/lib/arm64-v8a:/ data/app/~~y54zPcFPhS4BJ7wab6Ut5w==/com.hello.miheapp.secretspace- lxuufuIyEmU7T1oRw05RBA==/split_config.arm64_v8a.apk!/lib/arm64-v8a:/data/app/ ~~y54zPcFPhS4BJ7wab6Ut5w==/com.hello.miheapp.secretspace-lxuufuIyEmU7T1oRw05RBA==/ split_config.bn.apk!/lib/arm64-v8a:/data/app/~~y54zPcFPhS4BJ7wab6Ut5w==/ com.hello.miheapp.secretspace-lxuufuIyEmU7T1oRw05RBA==/split_config.en.apk!/lib/ arm64-v8a:/data/app/~~y54zPcFPhS4BJ7wab6Ut5w==/com.hello.miheapp.secretspace- lxuufuIyEmU7T1oRw05RBA==/split_config.gu.apk!/lib/arm64-v8a:/data/app/ ~~y54zPcFPhS4BJ7wab6Ut5w==/com.hello.miheapp.secretspace-lxuufuIyEmU7T1oRw05RBA==/ split_config.hi.apk!/lib/arm64-v8a:/data/app/~~y54zPcFPhS4BJ7wa
05-26 16:55:49.742 29946 29946 D nativeloader: Extending system_exposed_libraries: libbinauralrenderer_wrapper.qti.so:libhoaeffects.qti.so:libQOC.qti.so:libmisys_jni. xiaomi.so:libxiaomi_modemdumpsdx55_jni.modem.so:libxiaomi_modemdump_jni.modem.so:li bupdateprof.qti.so:libthermalclient.qti.so:libQOC.qti.so:libdiag_system.qti.so:libq ape.qti.so:liblistenjni.qti.so
05-26 16:55:49.748 29919 29967 W secretspace:dex: ClassLoaderContext classpath element checksum mismatch. expected=109608243, found=3842124188 (DLC[];PCL[base.apk*109608243]{PCL[/system/framework/org.apache.http.legacy.jar*141 4085461]#PCL[/system/framework/ com.android.media.remotedisplay.jar*3886290638]#PCL[/system/framework/ com.android.location.provider.jar*3868789109]#PCL[/system/framework/ org.apache.http.legacy.jar*1414085461]} | DLC[];PCL[/data/app/~~y54zPcFPhS4BJ7wab6Ut5w==/com.hello.miheapp.secretspace- lxuufuIyEmU7T1oRw05RBA==/base.apk*3842124188]{PCL[/system/framework/ android.test.base.jar*446567138]#PCL[/system/framework/ org.apache.http.legacy.jar*1414085461]})
05-26 16:55:49.798 29874 29897 I FirebaseCrashlytics: No version control information found
05-26 16:55:49.814 29874 29903 D SessionConfigFetcher: Fetched settings: {"settings_version":3,"cache_duration":159971,"features": {"collect_logged_exceptions":true,"collect_reports":true,"collect_analytics":false, "prompt_enabled":false,"push_enabled":false,"firebase_crashlytics_enabled":false,"c ollect_anrs":true,"collect_metric_kit":false,"collect_build_ids":true},"app": {"status":"activated","update_required":false,"report_upload_variant":2,"native_rep ort_upload_variant":2},"fabric": {"org_id":"65f00c8a567bf1f0daf09834","bundle_id":"com.hello.miheapp.secretspace"}," on_demand_upload_rate_per_minute":10,"on_demand_backoff_base":1.2,"on_demand_backof f_step_duration_seconds":60,"app_quality": {"sessions_enabled":true,"sampling_rate":1,"session_timeout_seconds":1800},"on_dema nd_thread_recording_suspension_enabled":true}
05-26 16:55:49.835 29919 29994 E secretspace:dex: No package ID 6d found for ID 0x6d0b000f.
05-26 16:55:49.838 29919 29994 I FA : App measurement initialized, version: 125000
05-26 16:55:49.838 29919 29994 I FA : To enable debug logging run: adb shell setprop log.tag.FA VERBOSE
05-26 16:55:49.838 29919 29994 I FA : To enable faster debug mode event logging run:
05-26 16:55:49.838 29919 29994 I FA : adb shell setprop debug.firebase.analytics.app com.hello.miheapp.secretspace
05-26 16:55:49.843 29946 29946 W ziparchive: Unable to open '/data/app/~~y54zPcFPhS4BJ7wab6Ut5w==/com.hello.miheapp.secretspace- lxuufuIyEmU7T1oRw05RBA==/split_config.arm64_v8a.dm': No such file or directory
05-26 16:55:49.843 29946 29946 W ziparchive: Unable to open '/data/app/~~y54zPcFPhS4BJ7wab6Ut5w==/com.hello.miheapp.secretspace- lxuufuIyEmU7T1oRw05RBA==/split_config.arm64_v8a.dm': No such file or directory
05-26 16:55:49.843 29946 29946 W .secretspace:p1: Entry not found
05-26 16:55:49.844 29946 29946 W ziparchive: Unable to open '/data/app/~~y54zPcFPhS4BJ7wab6Ut5w==/com.hello.miheapp.secretspace- lxuufuIyEmU7T1oRw05RBA==/split_config.bn.dm': No such file or directory
05-26 16:55:49.844 29946 29946 W ziparchive: Unable to open '/data/app/~~y54zPcFPhS4BJ7wab6Ut5w==/com.hello.miheapp.secretspace- lxuufuIyEmU7T1oRw05RBA==/split_config.bn.dm': No such file or directory
05-26 16:55:49.844 29946 29946 W .secretspace:p1: Entry not found
05-26 16:55:49.844 29946 29946 W ziparchive: Unable to open '/data/app/~~y54zPcFPhS4BJ7wab6Ut5w==/com.hello.miheapp.secretspace- lxuufuIyEmU7T1oRw05RBA==/split_config.en.dm': No such file or directory
05-26 16:55:49.844 29946 29946 W ziparchive: Unable to open '/data/app/~~y54zPcFPhS4BJ7wab6Ut5w==/com.hello.miheapp.secretspace- lxuufuIyEmU7T1oRw05RBA==/split_config.en.dm': No such file or directory
05-26 16:55:49.845 29946 29946 W .secretspace:p1: Entry not found
05-26 16:55:49.845 29946 29946 W ziparchive: Unable to open '/data/app/~~y54zPcFPhS4BJ7wab6Ut5w==/com.hello.miheapp.secretspace- lxuufuIyEmU7T1oRw05RBA==/split_config.gu.dm': No such file or directory
05-26 16:55:49.845 29946 29946 W ziparchive: Unable to open '/data/app/~~y54zPcFPhS4BJ7wab6Ut5w==/com.hello.miheapp.secretspace- lxuufuIyEmU7T1oRw05RBA==/split_config.gu.dm': No such file or directory
05-26 16:55:49.845 29946 29946 W .secretspace:p1: Entry not found
05-26 16:55:49.845 29946 29946 W ziparchive: Unable to open '/data/app/~~y54zPcFPhS4BJ7wab6Ut5w==/com.hello.miheapp.secretspace- lxuufuIyEmU7T1oRw05RBA==/split_config.hi.dm': No such file or directory
05-26 16:55:49.845 29946 29946 W ziparchive: Unable to open '/data/app/~~y54zPcFPhS4BJ7wab6Ut5w==/com.hello.miheapp.secretspace- lxuufuIyEmU7T1oRw05RBA==/split_config.hi.dm': No such file or directory
05-26 16:55:49.846 29946 29946 W .secretspace:p1: Entry not found
05-26 16:55:49.846 29946 29946 W ziparchive: Unable to open '/data/app/~~y54zPcFPhS4BJ7wab6Ut5w==/com.hello.miheapp.secretspace- lxuufuIyEmU7T1oRw05RBA==/split_config.kn.dm': No such file or directory
05-26 16:55:49.846 29946 29946 W ziparchive: Unable to open '/data/app/~~y54zPcFPhS4BJ7wab6Ut5w==/com.hello.miheapp.secretspace- lxuufuIyEmU7T1oRw05RBA==/split_config.kn.dm': No such file or directory
05-26 16:55:49.846 29946 29946 W .secretspace:p1: Entry not found
05-26 16:55:49.846 29946 29946 W ziparchive: Unable to open '/data/app/~~y54zPcFPhS4BJ7wab6Ut5w==/com.hello.miheapp.secretspace- lxuufuIyEmU7T1oRw05RBA==/split_config.mr.dm': No such file or directory
05-26 16:55:49.846 29946 29946 W ziparchive: Unable to open '/data/app/~~y54zPcFPhS4BJ7wab6Ut5w==/com.hello.miheapp.secretspace- lxuufuIyEmU7T1oRw05RBA==/split_config.mr.dm': No such file or directory
05-26 16:55:49.847 29946 29946 W .secretspace:p1: Entry not found
05-26 16:55:49.847 29946 29946 W ziparchive: Unable to open '/data/app/~~y54zPcFPhS4BJ7wab6Ut5w==/com.hello.miheapp.secretspace- lxuufuIyEmU7T1oRw05RBA==/split_config.ta.dm': No such file or directory
05-26 16:55:49.847 29946 29946 W ziparchive: Unable to open '/data/app/~~y54zPcFPhS4BJ7wab6Ut5w==/com.hello.miheapp.secretspace- lxuufuIyEmU7T1oRw05RBA==/split_config.ta.dm': No such file or directory
05-26 16:55:49.847 29946 29946 W .secretspace:p1: Entry not found
05-26 16:55:49.847 29946 29946 W ziparchive: Unable to open '/data/app/~~y54zPcFPhS4BJ7wab6Ut5w==/com.hello.miheapp.secretspace- lxuufuIyEmU7T1oRw05RBA==/split_config.te.dm': No such file or directory
05-26 16:55:49.847 29946 29946 W ziparchive: Unable to open '/data/app/~~y54zPcFPhS4BJ7wab6Ut5w==/com.hello.miheapp.secretspace- lxuufuIyEmU7T1oRw05RBA==/split_config.te.dm': No such file or directory
05-26 16:55:49.848 29946 29946 W .secretspace:p1: Entry not found
05-26 16:55:49.848 29946 29946 W ziparchive: Unable to open '/data/app/~~y54zPcFPhS4BJ7wab6Ut5w==/com.hello.miheapp.secretspace- lxuufuIyEmU7T1oRw05RBA==/split_config.xxhdpi.dm': No such file or directory
05-26 16:55:49.848 29946 29946 W ziparchive: Unable to open '/data/app/~~y54zPcFPhS4BJ7wab6Ut5w==/com.hello.miheapp.secretspace- lxuufuIyEmU7T1oRw05RBA==/split_config.xxhdpi.dm': No such file or directory
05-26 16:55:49.848 29946 29946 W .secretspace:p1: Entry not found
05-26 16:55:49.849 29946 29946 D nativeloader: Configuring clns-5 for other apk /data/app/~~y54zPcFPhS4BJ7wab6Ut5w==/com.hello.miheapp.secretspace- lxuufuIyEmU7T1oRw05RBA==/base.apk:/data/app/~~y54zPcFPhS4BJ7wab6Ut5w==/ com.hello.miheapp.secretspace-lxuufuIyEmU7T1oRw05RBA==/ split_config.arm64_v8a.apk:/data/app/~~y54zPcFPhS4BJ7wab6Ut5w==/ com.hello.miheapp.secretspace-lxuufuIyEmU7T1oRw05RBA==/split_config.bn.apk:/data/ app/~~y54zPcFPhS4BJ7wab6Ut5w==/com.hello.miheapp.secretspace- lxuufuIyEmU7T1oRw05RBA==/split_config.en.apk:/data/app/~~y54zPcFPhS4BJ7wab6Ut5w==/ com.hello.miheapp.secretspace-lxuufuIyEmU7T1oRw05RBA==/split_config.gu.apk:/data/ app/~~y54zPcFPhS4BJ7wab6Ut5w==/com.hello.miheapp.secretspace- lxuufuIyEmU7T1oRw05RBA==/split_config.hi.apk:/data/app/~~y54zPcFPhS4BJ7wab6Ut5w==/ com.hello.miheapp.secretspace-lxuufuIyEmU7T1oRw05RBA==/split_config.kn.apk:/data/ app/~~y54zPcFPhS4BJ7wab6Ut5w==/com.hello.miheapp.secretspace- lxuufuIyEmU7T1oRw05RBA==/split_config.mr.apk:/data/app/~~y54zPcFPhS4BJ7wab6Ut5w==/ com.hello.miheapp.secretspace-lxuufuIyEmU7T1oRw05RBA==/split_
05-26 16:55:49.858 29946 29946 D nativeloader: Load libframework-connectivity- jni.so using APEX ns com_android_tethering for caller /apex/com.android.tethering/javalib/framework-connectivity.jar: ok
05-26 16:55:49.859 29946 29946 I Perf : Connecting to perf service.
05-26 16:55:49.863 29874 29896 D LifecycleServiceBinder: Binding service to application.
05-26 16:55:49.867 29946 29946 V GraphicsEnvironment: ANGLE Developer option for 'com.hello.miheapp.secretspace' set to: 'default'
05-26 16:55:49.868 29946 29946 V GraphicsEnvironment: ANGLE GameManagerService for com.hello.miheapp.secretspace: false
05-26 16:55:49.869 29946 29946 V GraphicsEnvironment: App is not on the allowlist for updatable production driver.
05-26 16:55:49.878 29946 29946 I ForceDarkHelperStubImpl: initialize for com.hello.miheapp.secretspace , ForceDarkOrigin
05-26 16:55:49.879 29946 29946 D nativeloader: Load libforcedarkimpl.so using system ns (caller=/system_ext/framework/miui-framework.jar): ok
05-26 16:55:49.880 29946 29946 D .secretspace:p1: JNI_OnLoad success
05-26 16:55:49.880 29946 29946 I MiuiForceDarkConfig: setConfig density:2.750000, mainRule:0, secondaryRule:0, tertiaryRule:0
05-26 16:55:49.883 29946 29946 D NetworkSecurityConfig: Using Network Security Config from resource network_security_config debugBuild: false
05-26 16:55:49.884 29946 29946 D NetworkSecurityConfig: Using Network Security Config from resource network_security_config debugBuild: false
05-26 16:55:49.888 29946 29946 D nativeloader: Load /data/app/~~y54zPcFPhS4BJ7wab6Ut5w==/com.hello.miheapp.secretspace- lxuufuIyEmU7T1oRw05RBA==/split_config.arm64_v8a.apk!/lib/arm64-v8a/librepublic.so using ns clns-5 from class loader (caller=/data/app/~~y54zPcFPhS4BJ7wab6Ut5w==/com.hello.miheapp.secretspace- lxuufuIyEmU7T1oRw05RBA==/base.apk): ok
05-26 16:55:50.053 29946 29946 W Glide : Failed to find GeneratedAppGlideModule. You should include an annotationProcessor compile dependency on com.github.bumptech.glide:compiler in your application and a @GlideModule annotated AppGlideModule implementation or LibraryGlideModules will be silently ignored
05-26 16:55:50.064 29946 29946 D CompatibilityChangeReporter: Compat change id reported: 183155436; UID 11031; state: ENABLED
05-26 16:55:50.067 29946 29946 D SessionsDependencies: Dependency to CRASHLYTICS added.
05-26 16:55:50.068 29946 29946 I FirebaseApp: Device unlocked: initializing all Firebase APIs for app [DEFAULT]
05-26 16:55:50.097 29946 29946 D FirebaseSessions: Initializing Firebase Sessions SDK.
05-26 16:55:50.102 29946 29946 I FirebaseCrashlytics: Initializing Firebase Crashlytics 18.6.2 for com.hello.miheapp.secretspace
05-26 16:55:50.110 29946 29946 D SessionsDependencies: Subscriber CRASHLYTICS registered.
05-26 16:55:50.119 29946 30018 D SessionConfigFetcher: Fetching settings from server.
05-26 16:55:50.134 29946 29946 I FirebaseApp: FirebaseApp initialization successful
05-26 16:55:50.158 29874 29884 D ChimeraServiceProvider: query: content://com.google.android.gms.chimera/api_force_staging/com.google.android.gms.m easurement.dynamite?requestStartTime=2803362684
05-26 16:55:50.160 29946 30012 W DynamiteModule: Failed to retrieve remote module version.
05-26 16:55:50.179 29946 29946 D nativeloader: Load /data/app/~~y54zPcFPhS4BJ7wab6Ut5w==/com.hello.miheapp.secretspace- lxuufuIyEmU7T1oRw05RBA==/split_config.arm64_v8a.apk!/lib/arm64-v8a/libsandbox.so using ns clns-5 from class loader (caller=/data/app/~~y54zPcFPhS4BJ7wab6Ut5w==/com.hello.miheapp.secretspace- lxuufuIyEmU7T1oRw05RBA==/base.apk): ok
05-26 16:55:50.180 29946 29946 D NativeCore: NativeCore init.
05-26 16:55:50.180 29946 29946 D NativeCore: found art method entrypoint jni offset: 2
05-26 16:55:50.180 29946 29946 D NativeCore: not found art method match access flags offset , use default: 4
05-26 16:55:50.181 29946 30012 D nativeloader: Configuring clns-6 for other apk /system/framework/com.android.location.provider.jar. target_sdk_version=29, uses_libraries=ALL, library_path=/data/user/0/com.hello.miheapp.secretspace/sandbox/data/app/ com.google.android.gms/lib:/data/user/0/com.hello.miheapp.secretspace/sandbox/ data/app/com.google.android.gms/base.apk!/lib/arm64-v8a, permitted_path=/data:/mnt/expand:/data/user/0/com.hello.miheapp.secretspace/ sandbox/data/user/0/com.google.android.gms
05-26 16:55:50.181 29946 30012 D nativeloader: Extending system_exposed_libraries: libbinauralrenderer_wrapper.qti.so:libhoaeffects.qti.so:libQOC.qti.so:libmisys_jni. xiaomi.so:libxiaomi_modemdumpsdx55_jni.modem.so:libxiaomi_modemdump_jni.modem.so:li bupdateprof.qti.so:libthermalclient.qti.so:libQOC.qti.so:libdiag_system.qti.so:libq ape.qti.so:liblistenjni.qti.so
05-26 16:55:50.184 29946 30012 W ziparchive: Unable to open '/data/user/0/com.hello.miheapp.secretspace/sandbox/data/app/com.google.android.gms /base.dm': No such file or directory
05-26 16:55:50.192 29919 29973 I FirebaseCrashlytics: No version control information found
05-26 16:55:50.209 29946 29946 E NativeCore: not native method
05-26 16:55:50.209 29946 29946 E NativeCore: check flags error. class:java/io/UnixFileSystem, method:canonicalize0
05-26 16:55:50.209 29946 29946 D NativeCore: register class:java/io/UnixFileSystem, method:getBooleanAttributes0 success!
05-26 16:55:50.209 29946 29946 D NativeCore: register class:java/io/UnixFileSystem, method:getLastModifiedTime0 success!
05-26 16:55:50.209 29946 29946 D NativeCore: register class:java/io/UnixFileSystem, method:setPermission0 success!
05-26 16:55:50.209 29946 29946 D NativeCore: register class:java/io/UnixFileSystem, method:createFileExclusively0 success!
05-26 16:55:50.209 29946 29946 D NativeCore: register class:java/io/UnixFileSystem, method:list0 success!
05-26 16:55:50.209 29946 29946 D NativeCore: register class:java/io/UnixFileSystem, method:createDirectory0 success!
05-26 16:55:50.209 29946 29946 D NativeCore: register class:java/io/UnixFileSystem, method:setLastModifiedTime0 success!
05-26 16:55:50.209 29946 29946 D NativeCore: register class:java/io/UnixFileSystem, method:setReadOnly0 success!
05-26 16:55:50.210 29946 29946 D NativeCore: register class:java/io/UnixFileSystem, method:getSpace0 success!
05-26 16:55:50.210 29946 29946 D NativeCore: register class:java/lang/VMClassLoader, method:findLoadedClass success!
05-26 16:55:50.210 29946 29946 D NativeCore: register class:android/os/Binder, method:getCallingUid success!
05-26 16:55:50.210 29946 29946 D NativeCore: register class:dalvik/system/VMRuntime, method:setHiddenApiExemptions success!
05-26 16:55:50.281 29946 30012 D nativeloader: Configuring clns-7 for other apk /data/user/0/com.hello.miheapp.secretspace/sandbox/data/app/com.google.android.gms/ base.apk. target_sdk_version=29, uses_libraries=, library_path=/data/user/0/com.hello.miheapp.secretspace/sandbox/data/app/ com.google.android.gms/lib:/data/user/0/com.hello.miheapp.secretspace/sandbox/ data/app/com.google.android.gms/base.apk!/lib/arm64-v8a, permitted_path=/data:/mnt/expand:/data/user/0/com.hello.miheapp.secretspace/ sandbox/data/user/0/com.google.android.gms
05-26 16:55:50.281 29946 30012 D nativeloader: Extending system_exposed_libraries: libbinauralrenderer_wrapper.qti.so:libhoaeffects.qti.so:libQOC.qti.so:libmisys_jni. xiaomi.so:libxiaomi_modemdumpsdx55_jni.modem.so:libxiaomi_modemdump_jni.modem.so:li bupdateprof.qti.so:libthermalclient.qti.so:libQOC.qti.so:libdiag_system.qti.so:libq ape.qti.so:liblistenjni.qti.so
05-26 16:55:50.284 29946 30012 W DynamiteModule: IDynamite loader version = 2, no high precision latency measurement.
05-26 16:55:50.285 29946 30012 I DynamiteModule: Considering local module com.google.android.gms.measurement.dynamite:100 and remote module com.google.android.gms.measurement.dynamite:98
05-26 16:55:50.285 29946 30012 I DynamiteModule: Selected local version of com.google.android.gms.measurement.dynamite
05-26 16:55:50.286 29946 30012 W DynamiteModule: IDynamite loader version = 2, no high precision latency measurement.
05-26 16:55:50.292 29946 29946 D NetworkSecurityConfig: Using Network Security Config from resource network_security_config debugBuild: false
05-26 16:55:50.292 29946 29946 D NetworkSecurityConfig: Using Network Security Config from resource network_security_config debugBuild: false
05-26 16:55:50.316 29946 29946 I MultiDex: VM with version 2.1.0 has multidex support
05-26 16:55:50.316 29946 29946 I MultiDex: Installing application
05-26 16:55:50.316 29946 29946 I MultiDex: VM has multidex support, MultiDex support library is disabled.
05-26 16:55:50.324 29946 29946 D CompatibilityChangeReporter: Compat change id reported: 183155436; UID 10001; state: ENABLED
05-26 16:55:50.327 29014 29014 W BpBinder: PerfMonitor binderTransact : time=264ms interface=com.hello.sandbox.core.IBActivityThread code=9
05-26 16:55:50.335 29874 29874 D WM-RescheduleReceiver: Received intent Intent { act=android.intent.action.BOOT_COMPLETED }
05-26 16:55:50.337 29874 29874 E WM-RescheduleReceiver: Cannot reschedule jobs. WorkManager needs to be initialized via a ContentProvider#onCreate() or an Application#onCreate().
05-26 16:55:50.337 29874 29874 E WM-RescheduleReceiver: java.lang.IllegalStateException: WorkManager is not initialized properly. You have explicitly disabled WorkManagerInitializer in your manifest, have not manually called WorkManager#initialize at this point, and your Application does not implement Configuration.Provider.
05-26 16:55:50.337 29874 29874 E WM-RescheduleReceiver: at i1.j.j(SourceFile:1)
05-26 16:55:50.337 29874 29874 E WM-RescheduleReceiver: at androidx.work.impl.background.systemalarm.RescheduleReceiver.onReceive(Unknown Source:29)
05-26 16:55:50.337 29874 29874 E WM-RescheduleReceiver: at com.hello.sandbox.app.BActivityThread.lambda$scheduleReceiver$4(BActivityThread.jav a:9)
05-26 16:55:50.337 29874 29874 E WM-RescheduleReceiver: at com.hello.sandbox.app.BActivityThread.N1(Unknown Source:0)
05-26 16:55:50.337 29874 29874 E WM-RescheduleReceiver: at com.appsflyer.internal.o.run(Unknown Source:14)
05-26 16:55:50.337 29874 29874 E WM-RescheduleReceiver: at android.os.Handler.handleCallback(Handler.java:942)
05-26 16:55:50.337 29874 29874 E WM-RescheduleReceiver: at android.os.Handler.dispatchMessage(Handler.java:99)
05-26 16:55:50.337 29874 29874 E WM-RescheduleReceiver: at android.os.Looper.loopOnce(Looper.java:211)
05-26 16:55:50.337 29874 29874 E WM-RescheduleReceiver: at android.os.Looper.loop(Looper.java:300)
05-26 16:55:50.337 29874 29874 E WM-RescheduleReceiver: at android.app.ActivityThread.main(ActivityThread.java:8503)
05-26 16:55:50.337 29874 29874 E WM-RescheduleReceiver: at java.lang.reflect.Method.invoke(Native Method)
05-26 16:55:50.337 29874 29874 E WM-RescheduleReceiver: at com.android.internal.os.RuntimeInit$MethodAndArgsCaller.run(RuntimeInit.java:561)
05-26 16:55:50.337 29874 29874 E WM-RescheduleReceiver: at com.android.internal.os.ZygoteInit.main(ZygoteInit.java:954)
05-26 16:55:50.337 29014 29014 W Looper : PerfMonitor longMsg : seq=23 plan=16:55:48.777 late=0ms wall=1557ms h=android.app.ActivityThread$H c=android.app.LoadedApk$ReceiverDispatcher$Args$$ExternalSyntheticLambda0 procState=-1
05-26 16:55:50.341 29946 30040 I FA : App measurement initialized, version: 84002
05-26 16:55:50.342 29946 30040 I FA : To enable debug logging run: adb shell setprop log.tag.FA VERBOSE
05-26 16:55:50.342 29946 30040 I FA : To enable faster debug mode event logging run:
05-26 16:55:50.342 29946 30040 I FA : adb shell setprop debug.firebase.analytics.app com.hello.miheapp.secretspace
05-26 16:55:50.368 29874 29874 D GmsCheckinTrigger: Ignoring Intent { act=android.intent.action.BOOT_COMPLETED }: checkin is disabled
05-26 16:55:50.375 29874 29874 D WM-RescheduleReceiver: Received intent Intent { act=android.intent.action.BOOT_COMPLETED }
05-26 16:55:50.375 29919 29952 D SessionConfigFetcher: Fetched settings: {"settings_version":3,"cache_duration":183643,"features": {"collect_logged_exceptions":true,"collect_reports":true,"collect_analytics":false, "prompt_enabled":false,"push_enabled":false,"firebase_crashlytics_enabled":false,"c ollect_anrs":true,"collect_metric_kit":false,"collect_build_ids":true},"app": {"status":"activated","update_required":false,"report_upload_variant":2,"native_rep ort_upload_variant":2},"fabric": {"org_id":"65f00c8a567bf1f0daf09834","bundle_id":"com.hello.miheapp.secretspace"}," on_demand_upload_rate_per_minute":10,"on_demand_backoff_base":1.2,"on_demand_backof f_step_duration_seconds":60,"app_quality": {"sessions_enabled":true,"sampling_rate":1,"session_timeout_seconds":1800},"on_dema nd_thread_recording_suspension_enabled":true}
05-26 16:55:50.375 29874 29874 E WM-RescheduleReceiver: Cannot reschedule jobs. WorkManager needs to be initialized via a ContentProvider#onCreate() or an Application#onCreate().
05-26 16:55:50.375 29874 29874 E WM-RescheduleReceiver: java.lang.IllegalStateException: WorkManager is not initialized properly. You have explicitly disabled WorkManagerInitializer in your manifest, have not manually called WorkManager#initialize at this point, and your Application does not implement Configuration.Provider.
05-26 16:55:50.375 29874 29874 E WM-RescheduleReceiver: at i1.j.j(SourceFile:1)
05-26 16:55:50.375 29874 29874 E WM-RescheduleReceiver: at androidx.work.impl.background.systemalarm.RescheduleReceiver.onReceive(Unknown Source:29)
05-26 16:55:50.375 29874 29874 E WM-RescheduleReceiver: at com.hello.sandbox.app.BActivityThread.lambda$scheduleReceiver$4(BActivityThread.jav a:9)
05-26 16:55:50.375 29874 29874 E WM-RescheduleReceiver: at com.hello.sandbox.app.BActivityThread.N1(Unknown Source:0)
05-26 16:55:50.375 29874 29874 E WM-RescheduleReceiver: at com.appsflyer.internal.o.run(Unknown Source:14)
05-26 16:55:50.375 29874 29874 E WM-RescheduleReceiver: at android.os.Handler.handleCallback(Handler.java:942)
05-26 16:55:50.375 29874 29874 E WM-RescheduleReceiver: at android.os.Handler.dispatchMessage(Handler.java:99)
05-26 16:55:50.375 29874 29874 E WM-RescheduleReceiver: at android.os.Looper.loopOnce(Looper.java:211)
05-26 16:55:50.375 29874 29874 E WM-RescheduleReceiver: at android.os.Looper.loop(Looper.java:300)
05-26 16:55:50.375 29874 29874 E WM-RescheduleReceiver: at android.app.ActivityThread.main(ActivityThread.java:8503)
05-26 16:55:50.375 29874 29874 E WM-RescheduleReceiver: at java.lang.reflect.Method.invoke(Native Method)
05-26 16:55:50.375 29874 29874 E WM-RescheduleReceiver: at com.android.internal.os.RuntimeInit$MethodAndArgsCaller.run(RuntimeInit.java:561)
05-26 16:55:50.375 29874 29874 E WM-RescheduleReceiver: at com.android.internal.os.ZygoteInit.main(ZygoteInit.java:954)
05-26 16:55:50.401 29946 30040 W FA : Table has extra columns. table, columns: messages, app_version, app_version_int
05-26 16:55:50.408 28916 29786 I MATDBManager: sqllite db insert success! insert row id:2
05-26 16:55:50.409 28916 29786 I MATDBManager: sqllite db capacity:1
05-26 16:55:50.413 29874 29874 D GmsCheckinTrigger: Ignoring Intent { act=android.intent.action.BOOT_COMPLETED }: checkin is disabled
05-26 16:55:50.413 29946 29946 D GmsGcmTrigger: Ignoring Intent { act=android.intent.action.BOOT_COMPLETED }: gcm is disabled
05-26 16:55:50.414 28916 29786 I MATDBManager: sqllite db insert success! insert row id:3
05-26 16:55:50.415 28916 29786 I MATDBManager: sqllite db capacity:2
05-26 16:55:50.417 28916 29786 I MATDBManager: sqllite db insert success! insert row id:4
05-26 16:55:50.417 28916 29786 I MATDBManager: sqllite db capacity:3
05-26 16:55:50.419 29874 29874 D WM-RescheduleReceiver: Received intent Intent { act=android.intent.action.BOOT_COMPLETED }
05-26 16:55:50.419 29946 29946 D ExposureNotification: ServiceTrigger: Intent { act=android.intent.action.BOOT_COMPLETED }
05-26 16:55:50.419 29874 29874 E WM-RescheduleReceiver: Cannot reschedule jobs. WorkManager needs to be initialized via a ContentProvider#onCreate() or an Application#onCreate().
05-26 16:55:50.419 29874 29874 E WM-RescheduleReceiver: java.lang.IllegalStateException: WorkManager is not initialized properly. You have explicitly disabled WorkManagerInitializer in your manifest, have not manually called WorkManager#initialize at this point, and your Application does not implement Configuration.Provider.
05-26 16:55:50.419 29874 29874 E WM-RescheduleReceiver: at i1.j.j(SourceFile:1)
05-26 16:55:50.419 29874 29874 E WM-RescheduleReceiver: at androidx.work.impl.background.systemalarm.RescheduleReceiver.onReceive(Unknown Source:29)
05-26 16:55:50.419 29874 29874 E WM-RescheduleReceiver: at com.hello.sandbox.app.BActivityThread.lambda$scheduleReceiver$4(BActivityThread.jav a:9)
05-26 16:55:50.419 29874 29874 E WM-RescheduleReceiver: at com.hello.sandbox.app.BActivityThread.N1(Unknown Source:0)
05-26 16:55:50.419 29874 29874 E WM-RescheduleReceiver: at com.appsflyer.internal.o.run(Unknown Source:14)
05-26 16:55:50.419 29874 29874 E WM-RescheduleReceiver: at android.os.Handler.handleCallback(Handler.java:942)
05-26 16:55:50.419 29874 29874 E WM-RescheduleReceiver: at android.os.Handler.dispatchMessage(Handler.java:99)
05-26 16:55:50.419 29874 29874 E WM-RescheduleReceiver: at android.os.Looper.loopOnce(Looper.java:211)
05-26 16:55:50.419 29874 29874 E WM-RescheduleReceiver: at android.os.Looper.loop(Looper.java:300)
05-26 16:55:50.419 29874 29874 E WM-RescheduleReceiver: at android.app.ActivityThread.main(ActivityThread.java:8503)
05-26 16:55:50.419 29874 29874 E WM-RescheduleReceiver: at java.lang.reflect.Method.invoke(Native Method)
05-26 16:55:50.419 29874 29874 E WM-RescheduleReceiver: at com.android.internal.os.RuntimeInit$MethodAndArgsCaller.run(RuntimeInit.java:561)
05-26 16:55:50.419 29874 29874 E WM-RescheduleReceiver: at com.android.internal.os.ZygoteInit.main(ZygoteInit.java:954)
05-26 16:55:50.442 29874 29874 D GmsCheckinTrigger: Ignoring Intent { act=android.intent.action.BOOT_COMPLETED }: checkin is disabled
05-26 16:55:50.445 29919 29957 D LifecycleServiceBinder: Binding service to application.
05-26 16:55:50.448 29874 29874 D WM-RescheduleReceiver: Received intent Intent { act=android.intent.action.BOOT_COMPLETED }
05-26 16:55:50.449 29874 29874 E WM-RescheduleReceiver: Cannot reschedule jobs. WorkManager needs to be initialized via a ContentProvider#onCreate() or an Application#onCreate().
05-26 16:55:50.449 29874 29874 E WM-RescheduleReceiver: java.lang.IllegalStateException: WorkManager is not initialized properly. You have explicitly disabled WorkManagerInitializer in your manifest, have not manually called WorkManager#initialize at this point, and your Application does not implement Configuration.Provider.
05-26 16:55:50.449 29874 29874 E WM-RescheduleReceiver: at i1.j.j(SourceFile:1)
05-26 16:55:50.449 29874 29874 E WM-RescheduleReceiver: at androidx.work.impl.background.systemalarm.RescheduleReceiver.onReceive(Unknown Source:29)
05-26 16:55:50.449 29874 29874 E WM-RescheduleReceiver: at com.hello.sandbox.app.BActivityThread.lambda$scheduleReceiver$4(BActivityThread.jav a:9)
05-26 16:55:50.449 29874 29874 E WM-RescheduleReceiver: at com.hello.sandbox.app.BActivityThread.N1(Unknown Source:0)
05-26 16:55:50.449 29874 29874 E WM-RescheduleReceiver: at com.appsflyer.internal.o.run(Unknown Source:14)
05-26 16:55:50.449 29874 29874 E WM-RescheduleReceiver: at android.os.Handler.handleCallback(Handler.java:942)
05-26 16:55:50.449 29874 29874 E WM-RescheduleReceiver: at android.os.Handler.dispatchMessage(Handler.java:99)
05-26 16:55:50.449 29874 29874 E WM-RescheduleReceiver: at android.os.Looper.loopOnce(Looper.java:211)
05-26 16:55:50.449 29874 29874 E WM-RescheduleReceiver: at android.os.Looper.loop(Looper.java:300)
05-26 16:55:50.449 29874 29874 E WM-RescheduleReceiver: at android.app.ActivityThread.main(ActivityThread.java:8503)
05-26 16:55:50.449 29874 29874 E WM-RescheduleReceiver: at java.lang.reflect.Method.invoke(Native Method)
05-26 16:55:50.449 29874 29874 E WM-RescheduleReceiver: at com.android.internal.os.RuntimeInit$MethodAndArgsCaller.run(RuntimeInit.java:561)
05-26 16:55:50.449 29874 29874 E WM-RescheduleReceiver: at com.android.internal.os.ZygoteInit.main(ZygoteInit.java:954)
05-26 16:55:50.456 28916 28916 D SessionLifecycleService: Service bound to new client on process 29919
05-26 16:55:50.458 28916 29202 D SessionLifecycleService: Client android.os.Messenger@d4b8f08 bound at 1627076981. Clients: 2
05-26 16:55:50.458 29919 29919 D SessionLifecycleClient: Session update received: b7291510bfed489c856eff29c1a636e2
05-26 16:55:50.460 29919 29976 D SessionLifecycleClient: Notified CRASHLYTICS of new session b7291510bfed489c856eff29c1a636e2
05-26 16:55:50.462 29919 29919 D SessionLifecycleClient: Connected to SessionLifecycleService. Queue size 0
05-26 16:55:50.484 29946 29946 D ExposureNotification: Trigger class org.microg.gms.nearby.exposurenotification.CleanupService
05-26 16:55:50.545 29946 29946 D GmsGcmTrigger: Ignoring Intent { act=android.intent.action.BOOT_COMPLETED }: gcm is disabled
05-26 16:55:50.547 29946 29946 D ExposureNotification: ServiceTrigger: Intent { act=android.intent.action.BOOT_COMPLETED }
05-26 16:55:50.603 29946 29946 D ExposureNotification: Trigger class org.microg.gms.nearby.exposurenotification.CleanupService
05-26 16:55:50.624 29946 30020 D SessionConfigFetcher: Fetched settings: {"settings_version":3,"cache_duration":178968,"features": {"collect_logged_exceptions":true,"collect_reports":true,"collect_analytics":false, "prompt_enabled":false,"push_enabled":false,"firebase_crashlytics_enabled":false,"c ollect_anrs":true,"collect_metric_kit":false,"collect_build_ids":true},"app": {"status":"activated","update_required":false,"report_upload_variant":2,"native_rep ort_upload_variant":2},"fabric": {"org_id":"65f00c8a567bf1f0daf09834","bundle_id":"com.hello.miheapp.secretspace"}," on_demand_upload_rate_per_minute":10,"on_demand_backoff_base":1.2,"on_demand_backof f_step_duration_seconds":60,"app_quality": {"sessions_enabled":true,"sampling_rate":1,"session_timeout_seconds":1800},"on_dema nd_thread_recording_suspension_enabled":true}
05-26 16:55:50.650 29946 29946 D GmsGcmTrigger: Ignoring Intent { act=android.intent.action.BOOT_COMPLETED }: gcm is disabled
05-26 16:55:50.652 29946 29946 D ExposureNotification: ServiceTrigger: Intent { act=android.intent.action.BOOT_COMPLETED }
05-26 16:55:50.674 29946 30016 D LifecycleServiceBinder: Binding service to application.
05-26 16:55:50.703 29946 29946 D ExposureNotification: Trigger class org.microg.gms.nearby.exposurenotification.CleanupService
05-26 16:55:50.745 29946 29946 D GmsGcmTrigger: Ignoring Intent { act=android.intent.action.BOOT_COMPLETED }: gcm is disabled
05-26 16:55:50.747 29946 29946 D ExposureNotification: ServiceTrigger: Intent { act=android.intent.action.BOOT_COMPLETED }
05-26 16:55:50.789 28916 30050 I MATDBManager: 服务端下发配置缓存成功! 插入行 id:1
05-26 16:55:50.794 29946 29946 D ExposureNotification: Trigger class org.microg.gms.nearby.exposurenotification.CleanupService
05-26 16:55:50.813 29946 30015 I FirebaseCrashlytics: No version control information found
05-26 16:55:50.833 29946 29946 D ExposureNotification: CleanupService.start: Intent { cmp=com.google.android.gms/org.microg.gms.nearby.exposurenotification.CleanupServic e }
05-26 16:55:50.897 29946 29946 D ExposureNotification: CleanupService.start: Intent { cmp=com.google.android.gms/org.microg.gms.nearby.exposurenotification.CleanupServic e }
05-26 16:55:50.912 29946 29946 D ExposureNotification: CleanupService.start: Intent { cmp=com.google.android.gms/org.microg.gms.nearby.exposurenotification.CleanupServic e }
05-26 16:55:50.926 29946 30059 D ExposureNotification: Upgrading database from 0 to 12
05-26 16:55:50.926 29946 30059 D ExposureNotification: Creating tables for version >= 1
05-26 16:55:50.928 29946 29946 D ExposureNotification: CleanupService.start: Intent { cmp=com.google.android.gms/org.microg.gms.nearby.exposurenotification.CleanupServic e }
05-26 16:55:50.932 29946 30059 D ExposureNotification: Creating tables for version >= 3
05-26 16:55:50.933 29946 30059 D ExposureNotification: Creating tables for version >= 5
05-26 16:55:50.942 29946 30059 D ExposureNotification: Creating tables for version >= 9
05-26 16:55:50.943 29946 30059 D ExposureNotification: Finished database upgrade
05-26 16:55:50.945 29874 29884 D MeasurementService: bound by: GetServiceRequest{serviceId=MEASUREMENT, gmsVersion=12451000, packageName='com.hello.miheapp.secretspace', extras=Bundle[{}]}
05-26 16:55:50.945 29946 30059 D ExposureNotification: Deleted on daily cleanup: 0 adv
05-26 16:55:50.946 29946 30059 D ExposureNotification: Deleted on daily cleanup: 0 applogs
05-26 16:55:50.948 29946 30062 D ExposureNotification: Deleted on daily cleanup: 0 adv
05-26 16:55:50.948 29946 30059 D ExposureNotification: Deleted on daily cleanup: 0 tokens
05-26 16:55:50.948 29946 30060 D ExposureNotification: Deleted on daily cleanup: 0 adv
05-26 16:55:50.949 29946 30063 D ExposureNotification: Deleted on daily cleanup: 0 adv
05-26 16:55:50.949 29946 30062 D ExposureNotification: Deleted on daily cleanup: 0 applogs
05-26 16:55:50.949 29946 30059 D ExposureNotification: Deleted on daily cleanup: 0 teks
05-26 16:55:50.949 29946 30060 D ExposureNotification: Deleted on daily cleanup: 0 applogs
05-26 16:55:50.951 29946 30062 D ExposureNotification: Deleted on daily cleanup: 0 tokens
05-26 16:55:50.951 29946 30063 D ExposureNotification: Deleted on daily cleanup: 0 applogs
05-26 16:55:50.951 29946 30059 D ExposureNotification: Deleted on daily cleanup: 0 tcss
05-26 16:55:50.951 29946 30060 D ExposureNotification: Deleted on daily cleanup: 0 tokens
05-26 16:55:50.952 29874 29884 D SafeParcel: Unknown field id 34 in com.google.android.gms.measurement.internal.AppMetadata, skipping.
05-26 16:55:50.952 29946 30062 D ExposureNotification: Deleted on daily cleanup: 0 teks
05-26 16:55:50.952 29874 29884 D SafeParcel: Unknown field id 35 in com.google.android.gms.measurement.internal.AppMetadata, skipping.
05-26 16:55:50.952 29946 30063 D ExposureNotification: Deleted on daily cleanup: 0 tokens
05-26 16:55:50.952 29874 29884 D MeasurementService: sendAppLaunch() for AppMetadata[com.hello.miheapp.secretspace]
05-26 16:55:50.952 29946 30059 D ExposureNotification: Deleted on daily cleanup: 0 tcfs
05-26 16:55:50.953 29946 30060 D ExposureNotification: Deleted on daily cleanup: 0 teks
05-26 16:55:50.953 29946 30062 D ExposureNotification: Deleted on daily cleanup: 0 tcss
05-26 16:55:50.953 29946 30063 D ExposureNotification: Deleted on daily cleanup: 0 teks
05-26 16:55:50.953 29946 30059 D ExposureNotification: Deleted on daily cleanup: 0 perms
05-26 16:55:50.953 29946 30060 D ExposureNotification: Deleted on daily cleanup: 0 tcss
05-26 16:55:50.954 29946 30062 D ExposureNotification: Deleted on daily cleanup: 0 tcfs
05-26 16:55:50.954 29946 30063 D ExposureNotification: Deleted on daily cleanup: 0 tcss
05-26 16:55:50.957 29946 30040 W FA : Table has extra columns. table, columns: messages, app_version, app_version_int
05-26 16:55:50.965 29946 30059 D ExposureNotification: Done vacuuming
05-26 16:55:50.967 29946 30060 D ExposureNotification: Deleted on daily cleanup: 0 tcfs
05-26 16:55:50.967 29946 30062 D ExposureNotification: Deleted on daily cleanup: 0 perms
05-26 16:55:50.967 29946 30063 D ExposureNotification: Deleted on daily cleanup: 0 tcfs
05-26 16:55:50.967 29946 30060 D ExposureNotification: Deleted on daily cleanup: 0 perms
05-26 16:55:50.968 29946 30040 W FA : Table has extra columns. table, columns: messages, app_version, app_version_int
05-26 16:55:50.972 29874 29883 D SafeParcel: Unknown field id 34 in com.google.android.gms.measurement.internal.AppMetadata, skipping.
05-26 16:55:50.973 29874 29883 D SafeParcel: Unknown field id 35 in com.google.android.gms.measurement.internal.AppMetadata, skipping.
05-26 16:55:50.973 29874 29883 D MeasurementService: getAppInstanceId() for AppMetadata[com.hello.miheapp.secretspace]
05-26 16:55:50.975 29946 29946 D CompatibilityChangeReporter: Compat change id reported: 160794467; UID 10001; state: DISABLED
05-26 16:55:50.976 29874 29883 D SafeParcel: Unknown field id 34 in com.google.android.gms.measurement.internal.AppMetadata, skipping.
05-26 16:55:50.977 29874 29883 D SafeParcel: Unknown field id 35 in com.google.android.gms.measurement.internal.AppMetadata, skipping.
05-26 16:55:50.977 29874 29883 D MeasurementService: sendDefaultEventParameters(Bundle[EMPTY_PARCEL]) for AppMetadata[com.hello.miheapp.secretspace]
05-26 16:55:50.977 29946 30062 D ExposureNotification: Done vacuuming
05-26 16:55:50.979 29946 30063 D ExposureNotification: Deleted on daily cleanup: 0 perms
05-26 16:55:51.000 29946 30060 D ExposureNotification: Done vacuuming
05-26 16:55:51.015 29946 30063 D ExposureNotification: Done vacuuming
05-26 16:55:52.233 28916 29786 I MATDBManager: sqllite db insert success! insert row id:5
05-26 16:55:52.233 28916 29786 I MATDBManager: sqllite db capacity:4
05-26 16:55:52.239 28916 28955 D SessionLifecycleClient: Sending lifecycle 2 to service
05-26 16:55:52.240 28916 29202 D SessionLifecycleService: Activity backgrounding at 1627078763
05-26 16:55:52.244 28916 29786 I MATDBManager: sqllite db insert success! insert row id:6
05-26 16:55:52.250 28916 29786 I MATDBManager: sqllite db capacity:5
05-26 16:55:52.296 28916 28916 D ScrollerOptimizationManager: registerConfigChangedListener
05-26 16:55:52.297 28916 28916 D ScrollerOptimizationManager: registerConfigChangedListener
05-26 16:55:52.301 28916 28916 D IS_CTS_MODE: false
05-26 16:55:52.301 28916 28916 D MULTI_WINDOW_ENABLED: false
05-26 16:55:52.302 28916 28916 D DecorView[]: getWindowModeFromSystem windowmode is 1
05-26 16:55:52.314 28916 28916 D IS_CTS_MODE: false
05-26 16:55:52.314 28916 28916 D MULTI_WINDOW_ENABLED: false
05-26 16:55:52.318 28916 28916 D ScrollerOptimizationManager: registerConfigChangedListener
05-26 16:55:52.320 28916 28916 D ScrollerOptimizationManager: registerConfigChangedListener
05-26 16:55:52.352 28916 28972 D SessionLifecycleClient: Sending lifecycle 1 to service
05-26 16:55:52.352 28916 29202 D SessionLifecycleService: Activity foregrounding at 1627078876.
05-26 16:55:52.386 28916 28916 D VRI[SearchListActivity]: vri.reportNextDraw android.view.ViewRootImpl.performTraversals:4013 android.view.ViewRootImpl.doTraversal:2725 android.view.ViewRootImpl$TraversalRunnable.run:9812 android.view.Choreographer$CallbackRecord.run:1505 android.view.Choreographer$CallbackRecord.run:1513
05-26 16:55:52.386 28916 28916 D VRI[SearchListActivity]: vri.Setup new sync id=0 syncSeqId=0
05-26 16:55:52.389 28916 29174 E perf_hint: Session creation failed, mPreferredRateNanos: -1
05-26 16:55:52.412 28916 28916 D VRI[SearchListActivity]: vri.reportNextDraw android.view.ViewRootImpl.performTraversals:4013 android.view.ViewRootImpl.doTraversal:2725 android.view.ViewRootImpl$TraversalRunnable.run:9812 android.view.Choreographer$CallbackRecord.run:1505 android.view.Choreographer$CallbackRecord.run:1513
05-26 16:55:52.412 28916 28916 D VRI[SearchListActivity]: vri.Setup new sync id=0 syncSeqId=0
05-26 16:55:52.423 28916 29174 E perf_hint: Session creation failed, mPreferredRateNanos: -1
05-26 16:55:52.426 28916 28916 D VRI[SearchListActivity]: vri.reportDrawFinished syncSeqId=0 android.view.ViewRootImpl.lambda$createSyncIfNeeded$4$android-view- ViewRootImpl:4081 android.view.ViewRootImpl$$ExternalSyntheticLambda2.run:6 android.os.Handler.handleCallback:942 android.os.Handler.dispatchMessage:99 android.os.Looper.loopOnce:211
05-26 16:55:52.427 28916 28916 D VRI[SearchListActivity]: vri.reportDrawFinished syncSeqId=0 android.view.ViewRootImpl.lambda$createSyncIfNeeded$4$android-view- ViewRootImpl:4081 android.view.ViewRootImpl$$ExternalSyntheticLambda2.run:6 android.os.Handler.handleCallback:942 android.os.Handler.dispatchMessage:99 android.os.Looper.loopOnce:211
05-26 16:55:52.431 28916 28916 W System.err: android.content.pm.PackageManager$NameNotFoundException: com.android.permission.GET_INSTALLED_APPS
05-26 16:55:52.431 28916 28916 W System.err: at android.app.ApplicationPackageManager.getPermissionInfo(ApplicationPackageManager.j ava:445)
05-26 16:55:52.431 28916 28916 W System.err: at dc.d.c(GetInstalledAppsPermissionCompat.java:1)
05-26 16:55:52.431 28916 28916 W System.err: at dc.d.a(GetInstalledAppsPermissionCompat.java:1)
05-26 16:55:52.431 28916 28916 W System.err: at dc.m.b(PermissionDelegateImplV19.java:4)
05-26 16:55:52.431 28916 28916 W System.err: at dc.n.b(PermissionDelegateImplV21.java:3)
05-26 16:55:52.431 28916 28916 W System.err: at dc.o.b(PermissionDelegateImplV23.java:44)
05-26 16:55:52.431 28916 28916 W System.err: at dc.p.b(PermissionDelegateImplV26.java:7)
05-26 16:55:52.431 28916 28916 W System.err: at dc.q.b(PermissionDelegateImplV28.java:3)
05-26 16:55:52.431 28916 28916 W System.err: at dc.r.b(PermissionDelegateImplV29.java:9)
05-26 16:55:52.431 28916 28916 W System.err: at dc.s.b(PermissionDelegateImplV30.java:3)
05-26 16:55:52.431 28916 28916 W System.err: at dc.t.b(PermissionDelegateImplV31.java:6)
05-26 16:55:52.431 28916 28916 W System.err: at dc.u.b(PermissionDelegateImplV33.java:15)
05-26 16:55:52.431 28916 28916 W System.err: at dc.i.b(Unknown Source:2)
05-26 16:55:52.431 28916 28916 W System.err: at dc.i.c(PermissionApi.java:3)
05-26 16:55:52.431 28916 28916 W System.err: at dc.d0.c(XXPermissions.java:219)
05-26 16:55:52.431 28916 28916 W System.err: at com.hello.sandbox.ui.search.SearchListActivity.requestGetInstalledAppsPermissions(S earchListActivity.kt:4)
05-26 16:55:52.431 28916 28916 W System.err: at com.hello.sandbox.ui.search.SearchListActivity.access$requestGetInstalledAppsPermis sions(Unknown Source:0)
05-26 16:55:52.431 28916 28916 W System.err: at com.hello.sandbox.ui.search.SearchListActivity$initViewModel$3.invoke(SearchListAct ivity.kt:16)
05-26 16:55:52.431 28916 28916 W System.err: at com.hello.sandbox.ui.search.SearchListActivity$initViewModel$3.invoke(SearchListAct ivity.kt:1)
05-26 16:55:52.431 28916 28916 W System.err: at com.hello.sandbox.ui.search.SearchListActivity.initViewModel$lambda$17(Unknown Source:5)
05-26 16:55:52.431 28916 28916 W System.err: at com.hello.sandbox.ui.search.SearchListActivity.g(Unknown Source:0)
05-26 16:55:52.431 28916 28916 W System.err: at com.hello.sandbox.profile.owner.ui.frag.f.a(Unknown Source:20)
05-26 16:55:52.431 28916 28916 W System.err: at androidx.lifecycle.LiveData.b(LiveData.java:6)
05-26 16:55:52.431 28916 28916 W System.err: at androidx.lifecycle.LiveData.c(LiveData.java:8)
05-26 16:55:52.431 28916 28916 W System.err: at androidx.lifecycle.p.j(MutableLiveData.java:4)
05-26 16:55:52.431 28916 28916 W System.err: at androidx.lifecycle.LiveData$a.run(LiveData.java:5)
05-26 16:55:52.431 28916 28916 W System.err: at android.os.Handler.handleCallback(Handler.java:942)
05-26 16:55:52.431 28916 28916 W System.err: at android.os.Handler.dispatchMessage(Handler.java:99)
05-26 16:55:52.431 28916 28916 W System.err: at android.os.Looper.loopOnce(Looper.java:211)
05-26 16:55:52.431 28916 28916 W System.err: at android.os.Looper.loop(Looper.java:300)
05-26 16:55:52.431 28916 28916 W System.err: at android.app.ActivityThread.main(ActivityThread.java:8503)
05-26 16:55:52.431 28916 28916 W System.err: at java.lang.reflect.Method.invoke(Native Method)
05-26 16:55:52.431 28916 28916 W System.err: at com.android.internal.os.RuntimeInit$MethodAndArgsCaller.run(RuntimeInit.java:561)
05-26 16:55:52.431 28916 28916 W System.err: at com.android.internal.os.ZygoteInit.main(ZygoteInit.java:954)
05-26 16:55:52.432 28916 28916 W System.err: android.provider.Settings$SettingNotFoundException: oem_installed_apps_runtime_permission_enable
05-26 16:55:52.432 28916 28916 W System.err: at android.provider.Settings.parseIntSetting(Settings.java:3533)
05-26 16:55:52.432 28916 28916 W System.err: at android.provider.Settings.-$ $Nest$smparseIntSetting(Unknown Source:0)
05-26 16:55:52.432 28916 28916 W System.err: at android.provider.Settings$Secure.getIntForUser(Settings.java:6437)
05-26 16:55:52.432 28916 28916 W System.err: at android.provider.Settings$Secure.getInt(Settings.java:6430)
05-26 16:55:52.432 28916 28916 W System.err: at dc.d.c(GetInstalledAppsPermissionCompat.java:6)
05-26 16:55:52.432 28916 28916 W System.err: at dc.d.a(GetInstalledAppsPermissionCompat.java:1)
05-26 16:55:52.432 28916 28916 W System.err: at dc.m.b(PermissionDelegateImplV19.java:4)
05-26 16:55:52.432 28916 28916 W System.err: at dc.n.b(PermissionDelegateImplV21.java:3)
05-26 16:55:52.432 28916 28916 W System.err: at dc.o.b(PermissionDelegateImplV23.java:44)
05-26 16:55:52.432 28916 28916 W System.err: at dc.p.b(PermissionDelegateImplV26.java:7)
05-26 16:55:52.433 28916 28916 W System.err: at dc.q.b(PermissionDelegateImplV28.java:3)
05-26 16:55:52.433 28916 28916 W System.err: at dc.r.b(PermissionDelegateImplV29.java:9)
05-26 16:55:52.433 28916 28916 W System.err: at dc.s.b(PermissionDelegateImplV30.java:3)
05-26 16:55:52.433 28916 28916 W System.err: at dc.t.b(PermissionDelegateImplV31.java:6)
05-26 16:55:52.433 28916 28916 W System.err: at dc.u.b(PermissionDelegateImplV33.java:15)
05-26 16:55:52.433 28916 28916 W System.err: at dc.i.b(Unknown Source:2)
05-26 16:55:52.433 28916 28916 W System.err: at dc.i.c(PermissionApi.java:3)
05-26 16:55:52.433 28916 28916 W System.err: at dc.d0.c(XXPermissions.java:219)
05-26 16:55:52.433 28916 28916 W System.err: at com.hello.sandbox.ui.search.SearchListActivity.requestGetInstalledAppsPermissions(S earchListActivity.kt:4)
05-26 16:55:52.433 28916 28916 W System.err: at com.hello.sandbox.ui.search.SearchListActivity.access$requestGetInstalledAppsPermis sions(Unknown Source:0)
05-26 16:55:52.433 28916 28916 W System.err: at com.hello.sandbox.ui.search.SearchListActivity$initViewModel$3.invoke(SearchListAct ivity.kt:16)
05-26 16:55:52.433 28916 28916 W System.err: at com.hello.sandbox.ui.search.SearchListActivity$initViewModel$3.invoke(SearchListAct ivity.kt:1)
05-26 16:55:52.433 28916 28916 W System.err: at com.hello.sandbox.ui.search.SearchListActivity.initViewModel$lambda$17(Unknown Source:5)
05-26 16:55:52.433 28916 28916 W System.err: at com.hello.sandbox.ui.search.SearchListActivity.g(Unknown Source:0)
05-26 16:55:52.433 28916 28916 W System.err: at com.hello.sandbox.profile.owner.ui.frag.f.a(Unknown Source:20)
05-26 16:55:52.433 28916 28916 W System.err: at androidx.lifecycle.LiveData.b(LiveData.java:6)
05-26 16:55:52.433 28916 28916 W System.err: at androidx.lifecycle.LiveData.c(LiveData.java:8)
05-26 16:55:52.433 28916 28916 W System.err: at androidx.lifecycle.p.j(MutableLiveData.java:4)
05-26 16:55:52.433 28916 28916 W System.err: at androidx.lifecycle.LiveData$a.run(LiveData.java:5)
05-26 16:55:52.433 28916 28916 W System.err: at android.os.Handler.handleCallback(Handler.java:942)
05-26 16:55:52.433 28916 28916 W System.err: at android.os.Handler.dispatchMessage(Handler.java:99)
05-26 16:55:52.433 28916 28916 W System.err: at android.os.Looper.loopOnce(Looper.java:211)
05-26 16:55:52.433 28916 28916 W System.err: at android.os.Looper.loop(Looper.java:300)
05-26 16:55:52.433 28916 28916 W System.err: at android.app.ActivityThread.main(ActivityThread.java:8503)
05-26 16:55:52.433 28916 28916 W System.err: at java.lang.reflect.Method.invoke(Native Method)
05-26 16:55:52.433 28916 28916 W System.err: at com.android.internal.os.RuntimeInit$MethodAndArgsCaller.run(RuntimeInit.java:561)
05-26 16:55:52.433 28916 28916 W System.err: at com.android.internal.os.ZygoteInit.main(ZygoteInit.java:954)
05-26 16:55:52.450 28916 28916 D DecorView[]: onWindowFocusChanged hasWindowFocus false
05-26 16:55:52.501 28916 28969 W IconCustomizer: getCustomizedIconW 184
05-26 16:55:52.501 28916 28969 I IconCustomizer: load icon config path null, valid rect RectF(3.57141, 3.57129, 96.4286, 96.4284), isFullMask false
05-26 16:55:52.517 28916 28916 D DecorView[]: onWindowFocusChanged hasWindowFocus true
05-26 16:55:52.530 28916 28969 I IconCustomizer: find better bitmap : 132, for com.oup.elt.oald10_gp
05-26 16:55:52.535 28916 28969 I IconCustomizer: find better bitmap : 156, for com.oup.elt.oald10_gp
05-26 16:55:52.538 28916 28969 I IconCustomizer: find better bitmap : 180, for com.oup.elt.oald10_gp
05-26 16:55:52.551 28916 28969 D IconCustomizer: Content Ratio = 0.95
05-26 16:55:52.552 28916 28969 D IconCustomizer: Generate customized icon for com.oup.elt.oald10_gp.png, false
05-26 16:55:52.560 28916 28969 W Bitmap : Called getDensity() on a recycle()'d bitmap! This is undefined behavior!
05-26 16:55:52.588 28916 28969 D IconCustomizer: Content Ratio = -1.0
