The document contains log entries from an application, detailing the initialization of various modules, including Firebase and Google Ads. It highlights issues such as checksum mismatches and missing package IDs, as well as warnings about configuration settings for app event logging. Additionally, there are references to system compatibility changes and native library configurations.
We take content rights seriously. If you suspect this is your content, claim it here.
Available Formats
Download as TXT, PDF, TXT or read online on Scribd
0 ratings0% found this document useful (0 votes)
3 views
Com.hello.miheapp.secretspace Logcat
The document contains log entries from an application, detailing the initialization of various modules, including Firebase and Google Ads. It highlights issues such as checksum mismatches and missing package IDs, as well as warnings about configuration settings for app event logging. Additionally, there are references to system compatibility changes and native library configurations.
We take content rights seriously. If you suspect this is your content, claim it here.
Available Formats
Download as TXT, PDF, TXT or read online on Scribd
You are on page 1/ 930
--------- beginning of main
05-26 16:55:21.297 28916 28951 I DynamiteModule: Considering local module
com.google.android.gms.measurement.dynamite:100 and remote module com.google.android.gms.measurement.dynamite:147
05-26 16:55:21.297 28916 28951 I DynamiteModule: Selected remote version of com.google.android.gms.measurement.dynamite, version >= 147
05-26 16:55:21.297 28916 28951 V DynamiteModule: Dynamite loader version >= 2, using loadModule2NoCrashUtils
05-26 16:55:21.322 28916 28951 W System : ClassLoader referenced unknown path:
05-26 16:55:21.322 28916 28951 D nativeloader: Configuring clns-6 for other apk . target_sdk_version=36, uses_libraries=, library_path=/data/app/~~3AFzmr68BUutrijmTnazkA==/com.google.android.gms- Tcy3cUvvGWBu6Vl7hWirAw==/lib/arm64:/data/app/~~3AFzmr68BUutrijmTnazkA==/ com.google.android.gms-Tcy3cUvvGWBu6Vl7hWirAw==/base.apk!/lib/arm64-v8a, permitted_path=/data:/mnt/expand:/data/user/0/com.google.android.gms
05-26 16:55:21.338 28916 28916 D FirebaseSessions: Initializing Firebase Sessions SDK.
05-26 16:55:21.340 28916 28916 I FirebaseInitProvider: FirebaseApp initialization successful
05-26 16:55:21.346 28916 28951 W app.secretspace: ClassLoaderContext classpath element checksum mismatch. expected=109608243, found=3842124188 (DLC[];PCL[base.apk*109608243]{PCL[/system/framework/org.apache.http.legacy.jar*141 4085461]#PCL[/system/framework/ com.android.media.remotedisplay.jar*3886290638]#PCL[/system/framework/ com.android.location.provider.jar*3868789109]#PCL[/system/framework/ org.apache.http.legacy.jar*1414085461]} | DLC[];PCL[/data/app/~~y54zPcFPhS4BJ7wab6Ut5w==/com.hello.miheapp.secretspace- lxuufuIyEmU7T1oRw05RBA==/base.apk*3842124188]{PCL[/system/framework/ android.test.base.jar*446567138]#PCL[/system/framework/ org.apache.http.legacy.jar*1414085461]})
05-26 16:55:21.346 28916 28955 D SessionConfigFetcher: Fetching settings from server.
05-26 16:55:21.348 28916 28916 D WM-WrkMgrInitializer: Initializing WorkManager with default configuration.
05-26 16:55:21.363 28916 28916 D WM-PackageManagerHelper: androidx.work.impl.background.systemjob.SystemJobService enabled
05-26 16:55:21.363 28916 28916 D WM-Schedulers: Created SystemJobScheduler and enabled SystemJobService
05-26 16:55:21.367 28916 28974 D nativeloader: Configuring clns-7 for other apk /system/framework/com.android.media.remotedisplay.jar. target_sdk_version=36, uses_libraries=ALL, library_path=/data/app/~~3AFzmr68BUutrijmTnazkA==/com.google.android.gms- Tcy3cUvvGWBu6Vl7hWirAw==/lib/arm64:/data/app/~~3AFzmr68BUutrijmTnazkA==/ com.google.android.gms-Tcy3cUvvGWBu6Vl7hWirAw==/base.apk!/lib/arm64-v8a, permitted_path=/data:/mnt/expand:/data/user/0/com.google.android.gms
05-26 16:55:21.367 28916 28974 D nativeloader: Extending system_exposed_libraries: libbinauralrenderer_wrapper.qti.so:libhoaeffects.qti.so:libQOC.qti.so:libmisys_jni. xiaomi.so:libxiaomi_modemdumpsdx55_jni.modem.so:libxiaomi_modemdump_jni.modem.so:li bupdateprof.qti.so:libthermalclient.qti.so:libQOC.qti.so:libdiag_system.qti.so:libq ape.qti.so:liblistenjni.qti.so
05-26 16:55:21.375 28916 28974 D nativeloader: Configuring clns-8 for other apk /system/framework/com.android.location.provider.jar. target_sdk_version=36, uses_libraries=ALL, library_path=/data/app/~~3AFzmr68BUutrijmTnazkA==/com.google.android.gms- Tcy3cUvvGWBu6Vl7hWirAw==/lib/arm64:/data/app/~~3AFzmr68BUutrijmTnazkA==/ com.google.android.gms-Tcy3cUvvGWBu6Vl7hWirAw==/base.apk!/lib/arm64-v8a, permitted_path=/data:/mnt/expand:/data/user/0/com.google.android.gms
05-26 16:55:21.375 28916 28974 D nativeloader: Extending system_exposed_libraries: libbinauralrenderer_wrapper.qti.so:libhoaeffects.qti.so:libQOC.qti.so:libmisys_jni. xiaomi.so:libxiaomi_modemdumpsdx55_jni.modem.so:libxiaomi_modemdump_jni.modem.so:li bupdateprof.qti.so:libthermalclient.qti.so:libQOC.qti.so:libdiag_system.qti.so:libq ape.qti.so:liblistenjni.qti.so
05-26 16:55:21.379 28916 28916 W i4.z : Please set a value for AutoLogAppEventsEnabled. Set the flag to TRUE if you want to collect app install, app launch and in-app purchase events automatically. To request user consent before collecting data, set the flag value to FALSE, then change to TRUE once user consent is received. Learn more: https://developers.facebook.com/docs/app-events/getting- started-app-events-android#disable-auto-events.
05-26 16:55:21.380 28916 28916 W i4.z : You haven't set a value for AdvertiserIDCollectionEnabled. Set the flag to TRUE if you want to collect Advertiser ID for better advertising and analytics results. To request user consent before collecting data, set the flag value to FALSE, then change to TRUE once user consent is received. Learn more: https://developers.facebook.com/docs/app-events/getting-started-app-events- android#disable-auto-events.
05-26 16:55:21.387 28916 28974 D nativeloader: Configuring clns-9 for other apk /data/app/~~3AFzmr68BUutrijmTnazkA==/com.google.android.gms- Tcy3cUvvGWBu6Vl7hWirAw==/base.apk. target_sdk_version=36, uses_libraries=, library_path=/data/app/~~3AFzmr68BUutrijmTnazkA==/com.google.android.gms- Tcy3cUvvGWBu6Vl7hWirAw==/lib/arm64:/data/app/~~3AFzmr68BUutrijmTnazkA==/ com.google.android.gms-Tcy3cUvvGWBu6Vl7hWirAw==/base.apk!/lib/arm64-v8a, permitted_path=/data:/mnt/expand:/data/user/0/com.google.android.gms
05-26 16:55:21.389 28916 28951 I app.secretspace: Waiting for a blocking GC ClassLinker
05-26 16:55:21.429 28916 28974 I DynamiteModule: Considering local module com.google.android.gms.ads.dynamite:0 and remote module com.google.android.gms.ads.dynamite:250505301
05-26 16:55:21.429 28916 28974 I DynamiteModule: Selected remote version of com.google.android.gms.ads.dynamite, version >= 250505301
05-26 16:55:21.429 28916 28974 V DynamiteModule: Dynamite loader version >= 2, using loadModule2NoCrashUtils
05-26 16:55:21.431 28916 28916 W Glide : Failed to find GeneratedAppGlideModule. You should include an annotationProcessor compile dependency on com.github.bumptech.glide:compiler in your application and a @GlideModule annotated AppGlideModule implementation or LibraryGlideModules will be silently ignored
05-26 16:55:21.433 28916 28980 D CompatibilityChangeReporter: Compat change id reported: 160794467; UID 11031; state: ENABLED
05-26 16:55:21.438 28916 28974 W app.secretspace: ClassLoaderContext classpath element checksum mismatch. expected=109608243, found=3842124188 (DLC[];PCL[base.apk*109608243]{PCL[/system/framework/org.apache.http.legacy.jar*141 4085461]#PCL[/system/framework/ com.android.media.remotedisplay.jar*3886290638]#PCL[/system/framework/ com.android.location.provider.jar*3868789109]#PCL[/system/framework/ org.apache.http.legacy.jar*1414085461]} | DLC[];PCL[/data/app/~~y54zPcFPhS4BJ7wab6Ut5w==/com.hello.miheapp.secretspace- lxuufuIyEmU7T1oRw05RBA==/base.apk*3842124188]{PCL[/system/framework/ android.test.base.jar*446567138]#PCL[/system/framework/ org.apache.http.legacy.jar*1414085461]})
05-26 16:55:21.499 29014 29014 I libc : SetHeapTaggingLevel: tag level set to 0
05-26 16:55:21.508 28916 29008 E app.secretspace: No package ID 6d found for ID 0x6d0b000f.
05-26 16:55:21.512 28916 29008 I FA : App measurement initialized, version: 125000
05-26 16:55:21.512 28916 29008 I FA : To enable debug logging run: adb shell setprop log.tag.FA VERBOSE
05-26 16:55:21.512 28916 29008 I FA : To enable faster debug mode event logging run:
05-26 16:55:21.512 28916 29008 I FA : adb shell setprop debug.firebase.analytics.app com.hello.miheapp.secretspace
05-26 16:55:21.520 29014 29014 I cretspace:black: Using CollectorTypeCC GC.
05-26 16:55:21.525 29014 29014 E cretspace:black: Not starting debugger since process cannot load the jdwp agent.
05-26 16:55:21.529 29014 29014 D nativeloader: Load libframework-connectivity- tiramisu-jni.so using APEX ns com_android_tethering for caller /apex/com.android.tethering/javalib/framework-connectivity-t.jar: ok
05-26 16:55:21.538 29014 29014 W System.err: android.system.ErrnoException: open failed: ENOENT (No such file or directory)
05-26 16:55:21.539 29014 29014 W System.err: at libcore.io.Linux.open(Native Method)
05-26 16:55:21.539 29014 29014 W System.err: at libcore.io.ForwardingOs.open(ForwardingOs.java:563)
05-26 16:55:21.539 29014 29014 W System.err: at libcore.io.BlockGuardOs.open(BlockGuardOs.java:274)
05-26 16:55:21.539 29014 29014 W System.err: at libcore.io.ForwardingOs.open(ForwardingOs.java:563)
05-26 16:55:21.539 29014 29014 W System.err: at android.app.ActivityThread$AndroidOs.open(ActivityThread.java:8381)
05-26 16:55:21.539 29014 29014 W System.err: at android.system.Os.open(Os.java:494)
05-26 16:55:21.539 29014 29014 W System.err: at android.os.perfdebug.PerfDebugMonitorImpl.monitorVersionControl(PerfDebugMonitorImp l.java:206)
05-26 16:55:21.539 29014 29014 W System.err: at android.os.perfdebug.PerfDebugMonitorImpl.prepareMonitor(PerfDebugMonitorImpl.java: 187)
05-26 16:55:21.539 29014 29014 W System.err: at android.app.ActivityThread.main(ActivityThread.java:8468)
05-26 16:55:21.539 29014 29014 W System.err: at java.lang.reflect.Method.invoke(Native Method)
05-26 16:55:21.539 29014 29014 W System.err: at com.android.internal.os.RuntimeInit$MethodAndArgsCaller.run(RuntimeInit.java:561)
05-26 16:55:21.539 29014 29014 W System.err: at com.android.internal.os.ZygoteInit.main(ZygoteInit.java:954)
05-26 16:55:21.540 29014 29014 I MessageMonitor: Load libmiui_runtime
05-26 16:55:21.561 29014 29014 D CompatibilityChangeReporter: Compat change id reported: 171979766; UID 11031; state: ENABLED
05-26 16:55:21.585 29014 29014 D ApplicationLoaders: Returning zygote-cached class loader: /system/framework/android.test.base.jar
05-26 16:55:21.593 29014 29014 D nativeloader: Configuring clns-4 for other apk /system/framework/org.apache.http.legacy.jar. target_sdk_version=34, uses_libraries=ALL, library_path=/data/app/~~y54zPcFPhS4BJ7wab6Ut5w==/com.hello.miheapp.secretspace- lxuufuIyEmU7T1oRw05RBA==/lib/arm64:/data/app/~~y54zPcFPhS4BJ7wab6Ut5w==/ com.hello.miheapp.secretspace-lxuufuIyEmU7T1oRw05RBA==/base.apk!/lib/arm64-v8a:/ data/app/~~y54zPcFPhS4BJ7wab6Ut5w==/com.hello.miheapp.secretspace- lxuufuIyEmU7T1oRw05RBA==/split_config.arm64_v8a.apk!/lib/arm64-v8a:/data/app/ ~~y54zPcFPhS4BJ7wab6Ut5w==/com.hello.miheapp.secretspace-lxuufuIyEmU7T1oRw05RBA==/ split_config.bn.apk!/lib/arm64-v8a:/data/app/~~y54zPcFPhS4BJ7wab6Ut5w==/ com.hello.miheapp.secretspace-lxuufuIyEmU7T1oRw05RBA==/split_config.en.apk!/lib/ arm64-v8a:/data/app/~~y54zPcFPhS4BJ7wab6Ut5w==/com.hello.miheapp.secretspace- lxuufuIyEmU7T1oRw05RBA==/split_config.gu.apk!/lib/arm64-v8a:/data/app/ ~~y54zPcFPhS4BJ7wab6Ut5w==/com.hello.miheapp.secretspace-lxuufuIyEmU7T1oRw05RBA==/ split_config.hi.apk!/lib/arm64-v8a:/data/app/~~y54zPcFPhS4BJ7wa
05-26 16:55:21.593 29014 29014 D nativeloader: Extending system_exposed_libraries: libbinauralrenderer_wrapper.qti.so:libhoaeffects.qti.so:libQOC.qti.so:libmisys_jni. xiaomi.so:libxiaomi_modemdumpsdx55_jni.modem.so:libxiaomi_modemdump_jni.modem.so:li bupdateprof.qti.so:libthermalclient.qti.so:libQOC.qti.so:libdiag_system.qti.so:libq ape.qti.so:liblistenjni.qti.so
05-26 16:55:21.605 28916 29008 I FA : Tag Manager is not found and thus will not be used
05-26 16:55:21.708 29014 29014 W ziparchive: Unable to open '/data/app/~~y54zPcFPhS4BJ7wab6Ut5w==/com.hello.miheapp.secretspace- lxuufuIyEmU7T1oRw05RBA==/split_config.arm64_v8a.dm': No such file or directory
05-26 16:55:21.708 29014 29014 W ziparchive: Unable to open '/data/app/~~y54zPcFPhS4BJ7wab6Ut5w==/com.hello.miheapp.secretspace- lxuufuIyEmU7T1oRw05RBA==/split_config.arm64_v8a.dm': No such file or directory
05-26 16:55:21.708 29014 29014 W cretspace:black: Entry not found
05-26 16:55:21.709 29014 29014 W ziparchive: Unable to open '/data/app/~~y54zPcFPhS4BJ7wab6Ut5w==/com.hello.miheapp.secretspace- lxuufuIyEmU7T1oRw05RBA==/split_config.bn.dm': No such file or directory
05-26 16:55:21.709 29014 29014 W ziparchive: Unable to open '/data/app/~~y54zPcFPhS4BJ7wab6Ut5w==/com.hello.miheapp.secretspace- lxuufuIyEmU7T1oRw05RBA==/split_config.bn.dm': No such file or directory
05-26 16:55:21.709 29014 29014 W cretspace:black: Entry not found
05-26 16:55:21.709 29014 29014 W ziparchive: Unable to open '/data/app/~~y54zPcFPhS4BJ7wab6Ut5w==/com.hello.miheapp.secretspace- lxuufuIyEmU7T1oRw05RBA==/split_config.en.dm': No such file or directory
05-26 16:55:21.709 29014 29014 W ziparchive: Unable to open '/data/app/~~y54zPcFPhS4BJ7wab6Ut5w==/com.hello.miheapp.secretspace- lxuufuIyEmU7T1oRw05RBA==/split_config.en.dm': No such file or directory
05-26 16:55:21.710 29014 29014 W cretspace:black: Entry not found
05-26 16:55:21.710 29014 29014 W ziparchive: Unable to open '/data/app/~~y54zPcFPhS4BJ7wab6Ut5w==/com.hello.miheapp.secretspace- lxuufuIyEmU7T1oRw05RBA==/split_config.gu.dm': No such file or directory
05-26 16:55:21.710 29014 29014 W ziparchive: Unable to open '/data/app/~~y54zPcFPhS4BJ7wab6Ut5w==/com.hello.miheapp.secretspace- lxuufuIyEmU7T1oRw05RBA==/split_config.gu.dm': No such file or directory
05-26 16:55:21.710 29014 29014 W cretspace:black: Entry not found
05-26 16:55:21.710 29014 29014 W ziparchive: Unable to open '/data/app/~~y54zPcFPhS4BJ7wab6Ut5w==/com.hello.miheapp.secretspace- lxuufuIyEmU7T1oRw05RBA==/split_config.hi.dm': No such file or directory
05-26 16:55:21.710 29014 29014 W ziparchive: Unable to open '/data/app/~~y54zPcFPhS4BJ7wab6Ut5w==/com.hello.miheapp.secretspace- lxuufuIyEmU7T1oRw05RBA==/split_config.hi.dm': No such file or directory
05-26 16:55:21.710 29014 29014 W cretspace:black: Entry not found
05-26 16:55:21.711 29014 29014 W ziparchive: Unable to open '/data/app/~~y54zPcFPhS4BJ7wab6Ut5w==/com.hello.miheapp.secretspace- lxuufuIyEmU7T1oRw05RBA==/split_config.kn.dm': No such file or directory
05-26 16:55:21.711 29014 29014 W ziparchive: Unable to open '/data/app/~~y54zPcFPhS4BJ7wab6Ut5w==/com.hello.miheapp.secretspace- lxuufuIyEmU7T1oRw05RBA==/split_config.kn.dm': No such file or directory
05-26 16:55:21.711 29014 29014 W cretspace:black: Entry not found
05-26 16:55:21.711 29014 29014 W ziparchive: Unable to open '/data/app/~~y54zPcFPhS4BJ7wab6Ut5w==/com.hello.miheapp.secretspace- lxuufuIyEmU7T1oRw05RBA==/split_config.mr.dm': No such file or directory
05-26 16:55:21.711 29014 29014 W ziparchive: Unable to open '/data/app/~~y54zPcFPhS4BJ7wab6Ut5w==/com.hello.miheapp.secretspace- lxuufuIyEmU7T1oRw05RBA==/split_config.mr.dm': No such file or directory
05-26 16:55:21.711 29014 29014 W cretspace:black: Entry not found
05-26 16:55:21.712 29014 29014 W ziparchive: Unable to open '/data/app/~~y54zPcFPhS4BJ7wab6Ut5w==/com.hello.miheapp.secretspace- lxuufuIyEmU7T1oRw05RBA==/split_config.ta.dm': No such file or directory
05-26 16:55:21.712 29014 29014 W ziparchive: Unable to open '/data/app/~~y54zPcFPhS4BJ7wab6Ut5w==/com.hello.miheapp.secretspace- lxuufuIyEmU7T1oRw05RBA==/split_config.ta.dm': No such file or directory
05-26 16:55:21.712 29014 29014 W cretspace:black: Entry not found
05-26 16:55:21.712 29014 29014 W ziparchive: Unable to open '/data/app/~~y54zPcFPhS4BJ7wab6Ut5w==/com.hello.miheapp.secretspace- lxuufuIyEmU7T1oRw05RBA==/split_config.te.dm': No such file or directory
05-26 16:55:21.712 29014 29014 W ziparchive: Unable to open '/data/app/~~y54zPcFPhS4BJ7wab6Ut5w==/com.hello.miheapp.secretspace- lxuufuIyEmU7T1oRw05RBA==/split_config.te.dm': No such file or directory
05-26 16:55:21.712 29014 29014 W cretspace:black: Entry not found
05-26 16:55:21.712 29014 29014 W ziparchive: Unable to open '/data/app/~~y54zPcFPhS4BJ7wab6Ut5w==/com.hello.miheapp.secretspace- lxuufuIyEmU7T1oRw05RBA==/split_config.xxhdpi.dm': No such file or directory
05-26 16:55:21.713 29014 29014 W ziparchive: Unable to open '/data/app/~~y54zPcFPhS4BJ7wab6Ut5w==/com.hello.miheapp.secretspace- lxuufuIyEmU7T1oRw05RBA==/split_config.xxhdpi.dm': No such file or directory
05-26 16:55:21.713 29014 29014 W cretspace:black: Entry not found
05-26 16:55:21.713 29014 29014 D nativeloader: Configuring clns-5 for other apk /data/app/~~y54zPcFPhS4BJ7wab6Ut5w==/com.hello.miheapp.secretspace- lxuufuIyEmU7T1oRw05RBA==/base.apk:/data/app/~~y54zPcFPhS4BJ7wab6Ut5w==/ com.hello.miheapp.secretspace-lxuufuIyEmU7T1oRw05RBA==/ split_config.arm64_v8a.apk:/data/app/~~y54zPcFPhS4BJ7wab6Ut5w==/ com.hello.miheapp.secretspace-lxuufuIyEmU7T1oRw05RBA==/split_config.bn.apk:/data/ app/~~y54zPcFPhS4BJ7wab6Ut5w==/com.hello.miheapp.secretspace- lxuufuIyEmU7T1oRw05RBA==/split_config.en.apk:/data/app/~~y54zPcFPhS4BJ7wab6Ut5w==/ com.hello.miheapp.secretspace-lxuufuIyEmU7T1oRw05RBA==/split_config.gu.apk:/data/ app/~~y54zPcFPhS4BJ7wab6Ut5w==/com.hello.miheapp.secretspace- lxuufuIyEmU7T1oRw05RBA==/split_config.hi.apk:/data/app/~~y54zPcFPhS4BJ7wab6Ut5w==/ com.hello.miheapp.secretspace-lxuufuIyEmU7T1oRw05RBA==/split_config.kn.apk:/data/ app/~~y54zPcFPhS4BJ7wab6Ut5w==/com.hello.miheapp.secretspace- lxuufuIyEmU7T1oRw05RBA==/split_config.mr.apk:/data/app/~~y54zPcFPhS4BJ7wab6Ut5w==/ com.hello.miheapp.secretspace-lxuufuIyEmU7T1oRw05RBA==/split_
05-26 16:55:21.723 29014 29014 D nativeloader: Load libframework-connectivity- jni.so using APEX ns com_android_tethering for caller /apex/com.android.tethering/javalib/framework-connectivity.jar: ok
05-26 16:55:21.724 29014 29014 I Perf : Connecting to perf service.
05-26 16:55:21.729 29014 29014 V GraphicsEnvironment: ANGLE Developer option for 'com.hello.miheapp.secretspace' set to: 'default'
05-26 16:55:21.729 29014 29014 V GraphicsEnvironment: ANGLE GameManagerService for com.hello.miheapp.secretspace: false
05-26 16:55:21.729 29014 29014 V GraphicsEnvironment: App is not on the allowlist for updatable production driver.
05-26 16:55:21.733 29014 29014 I ForceDarkHelperStubImpl: initialize for com.hello.miheapp.secretspace , ForceDarkOrigin
05-26 16:55:21.734 29014 29014 D nativeloader: Load libforcedarkimpl.so using system ns (caller=/system_ext/framework/miui-framework.jar): ok
05-26 16:55:21.735 29014 29014 D cretspace:black: JNI_OnLoad success
05-26 16:55:21.735 29014 29014 I MiuiForceDarkConfig: setConfig density:2.750000, mainRule:0, secondaryRule:0, tertiaryRule:0
05-26 16:55:21.737 29014 29014 D NetworkSecurityConfig: Using Network Security Config from resource network_security_config debugBuild: false
05-26 16:55:21.738 29014 29014 D NetworkSecurityConfig: Using Network Security Config from resource network_security_config debugBuild: false
05-26 16:55:21.745 29014 29014 D nativeloader: Load /data/app/~~y54zPcFPhS4BJ7wab6Ut5w==/com.hello.miheapp.secretspace- lxuufuIyEmU7T1oRw05RBA==/split_config.arm64_v8a.apk!/lib/arm64-v8a/librepublic.so using ns clns-5 from class loader (caller=/data/app/~~y54zPcFPhS4BJ7wab6Ut5w==/com.hello.miheapp.secretspace- lxuufuIyEmU7T1oRw05RBA==/base.apk): ok
05-26 16:55:21.901 28916 28953 I FirebaseCrashlytics: No version control information found
05-26 16:55:21.910 28916 28949 D SessionConfigFetcher: Fetched settings: {"settings_version":3,"cache_duration":187542,"features": {"collect_logged_exceptions":true,"collect_reports":true,"collect_analytics":false, "prompt_enabled":false,"push_enabled":false,"firebase_crashlytics_enabled":false,"c ollect_anrs":true,"collect_metric_kit":false,"collect_build_ids":true},"app": {"status":"activated","update_required":false,"report_upload_variant":2,"native_rep ort_upload_variant":2},"fabric": {"org_id":"65f00c8a567bf1f0daf09834","bundle_id":"com.hello.miheapp.secretspace"}," on_demand_upload_rate_per_minute":10,"on_demand_backoff_base":1.2,"on_demand_backof f_step_duration_seconds":60,"app_quality": {"sessions_enabled":true,"sampling_rate":1,"session_timeout_seconds":1800},"on_dema nd_thread_recording_suspension_enabled":true}
05-26 16:55:21.959 28916 28955 D LifecycleServiceBinder: Binding service to application. --------- beginning of system
05-26 16:55:22.043 29014 29038 D ActivityThread: Loading provider com.hello.miheapp.secretspace.blackbox.SystemCallProvider: com.hello.sandbox.core.system.SystemCallProvider
05-26 16:55:22.058 29014 29014 W Glide : Failed to find GeneratedAppGlideModule. You should include an annotationProcessor compile dependency on com.github.bumptech.glide:compiler in your application and a @GlideModule annotated AppGlideModule implementation or LibraryGlideModules will be silently ignored
05-26 16:55:22.085 28916 28916 I DynamiteModule: Considering local module com.google.android.gms.ads.dynamite:0 and remote module com.google.android.gms.ads.dynamite:250505301
05-26 16:55:22.085 28916 28916 I DynamiteModule: Selected remote version of com.google.android.gms.ads.dynamite, version >= 250505301
05-26 16:55:22.087 28916 28916 D DynamitePackage: Instantiated singleton DynamitePackage.
05-26 16:55:22.087 28916 28916 D DynamitePackage: Instantiating com.google.android.gms.ads.ChimeraMobileAdsSettingManagerCreatorImpl
05-26 16:55:22.101 29014 29014 D CompatibilityChangeReporter: Compat change id reported: 183155436; UID 11031; state: ENABLED
05-26 16:55:22.111 29014 29014 D SessionsDependencies: Dependency to CRASHLYTICS added.
05-26 16:55:22.115 29014 29014 I FirebaseApp: Device unlocked: initializing all Firebase APIs for app [DEFAULT]
05-26 16:55:22.124 29014 29014 I FirebaseCrashlytics: Initializing Firebase Crashlytics 18.6.2 for com.hello.miheapp.secretspace
05-26 16:55:22.158 29014 29014 D SessionsDependencies: Subscriber CRASHLYTICS registered.
05-26 16:55:22.166 28916 28916 I WebViewFactory: Loading com.google.android.webview version 136.0.7103.125 (code 710312533)
05-26 16:55:22.171 28916 28916 W ziparchive: Unable to open '/data/app/~~B- knHYFSKp2oDgQVIRMVGA==/com.google.android.trichromelibrary_710312533- 9nMrrA99YSqRYI_vBS1xTQ==/base.dm': No such file or directory
05-26 16:55:22.171 28916 28916 W ziparchive: Unable to open '/data/app/~~B- knHYFSKp2oDgQVIRMVGA==/com.google.android.trichromelibrary_710312533- 9nMrrA99YSqRYI_vBS1xTQ==/base.dm': No such file or directory
05-26 16:55:22.171 28916 28916 W app.secretspace: Entry not found
05-26 16:55:22.173 28916 28916 D nativeloader: Configuring clns-10 for other apk /data/app/~~B-knHYFSKp2oDgQVIRMVGA==/com.google.android.trichromelibrary_710312533- 9nMrrA99YSqRYI_vBS1xTQ==/base.apk. target_sdk_version=35, uses_libraries=ALL, library_path=/data/app/~~z0fhiyndFUvOepJpDSYdCw==/com.google.android.webview- 0KPIjYkdrAhCkrztEVDkyg==/lib/arm64:/data/app/~~z0fhiyndFUvOepJpDSYdCw==/ com.google.android.webview-0KPIjYkdrAhCkrztEVDkyg==/base.apk!/lib/arm64-v8a:/data/ app/~~B-knHYFSKp2oDgQVIRMVGA==/com.google.android.trichromelibrary_710312533- 9nMrrA99YSqRYI_vBS1xTQ==/base.apk!/lib/arm64-v8a, permitted_path=/data:/mnt/expand
05-26 16:55:22.173 28916 28916 D nativeloader: Extending system_exposed_libraries: libbinauralrenderer_wrapper.qti.so:libhoaeffects.qti.so:libQOC.qti.so:libmisys_jni. xiaomi.so:libxiaomi_modemdumpsdx55_jni.modem.so:libxiaomi_modemdump_jni.modem.so:li bupdateprof.qti.so:libthermalclient.qti.so:libQOC.qti.so:libdiag_system.qti.so:libq ape.qti.so:liblistenjni.qti.so
05-26 16:55:22.178 28916 28916 D nativeloader: Configuring clns-11 for other apk /data/app/~~z0fhiyndFUvOepJpDSYdCw==/com.google.android.webview- 0KPIjYkdrAhCkrztEVDkyg==/base.apk. target_sdk_version=35, uses_libraries=, library_path=/data/app/~~z0fhiyndFUvOepJpDSYdCw==/com.google.android.webview- 0KPIjYkdrAhCkrztEVDkyg==/lib/arm64:/data/app/~~z0fhiyndFUvOepJpDSYdCw==/ com.google.android.webview-0KPIjYkdrAhCkrztEVDkyg==/base.apk!/lib/arm64-v8a:/data/ app/~~B-knHYFSKp2oDgQVIRMVGA==/com.google.android.trichromelibrary_710312533- 9nMrrA99YSqRYI_vBS1xTQ==/base.apk!/lib/arm64-v8a, permitted_path=/data:/mnt/expand
05-26 16:55:22.195 29014 29078 W cretspace:black: ClassLoaderContext classpath size mismatch. expected=1, found=0 (DLC[];PCL[base.apk*109608243]{PCL[/system/framework/org.apache.http.legacy.jar*141 4085461]#PCL[/system/framework/ com.android.media.remotedisplay.jar*3886290638]#PCL[/system/framework/ com.android.location.provider.jar*3868789109]#PCL[/system/framework/ org.apache.http.legacy.jar*1414085461]} | DLC[];PCL[])
05-26 16:55:22.197 28916 28916 I cr_WVCFactoryProvider: version=136.0.7103.125 (710312533) minSdkVersion=29 isBundle=true multiprocess=true packageId=2
05-26 16:55:22.205 29014 29078 I DynamiteModule: Considering local module com.google.android.gms.measurement.dynamite:100 and remote module com.google.android.gms.measurement.dynamite:147
05-26 16:55:22.205 29014 29078 I DynamiteModule: Selected remote version of com.google.android.gms.measurement.dynamite, version >= 147
05-26 16:55:22.205 29014 29078 V DynamiteModule: Dynamite loader version >= 2, using loadModule2NoCrashUtils
05-26 16:55:22.207 28916 28916 D nativeloader: Load /data/app/~~B- knHYFSKp2oDgQVIRMVGA==/com.google.android.trichromelibrary_710312533- 9nMrrA99YSqRYI_vBS1xTQ==/base.apk!/lib/arm64-v8a/libmonochrome_64.so using ns clns- 11 from class loader (caller=/data/app/~~z0fhiyndFUvOepJpDSYdCw==/com.google.android.webview- 0KPIjYkdrAhCkrztEVDkyg==/base.apk): ok
05-26 16:55:22.209 28916 28916 D nativeloader: Load /system/lib64/libwebviewchromium_plat_support.so using ns clns-11 from class loader (caller=/data/app/~~z0fhiyndFUvOepJpDSYdCw==/com.google.android.webview- 0KPIjYkdrAhCkrztEVDkyg==/base.apk): ok
05-26 16:55:22.213 28916 29090 I chromium: [0526/165522.212195:INFO:android_webview/browser/variations/variations_seed_loader. cc:67] Failed to open file for reading.: No such file or directory (2)
05-26 16:55:22.213 28916 29090 I chromium: [0526/165522.213663:INFO:android_webview/browser/variations/variations_seed_loader. cc:67] Failed to open file for reading.: No such file or directory (2)
05-26 16:55:22.232 28916 28916 I cr_LibraryLoader: Successfully loaded native library
05-26 16:55:22.233 28916 28916 I cr_CachingUmaRecorder: Flushed 7 samples from 7 histograms, 0 samples were dropped.
05-26 16:55:22.237 28916 28916 I cr_CombinedPProvider: #registerProvider() provider:WV.J8@d302496 isPolicyCacheEnabled:false policyProvidersSize:0
05-26 16:55:22.244 28916 28916 I cr_PolicyProvider: #setManagerAndSource() 0
05-26 16:55:22.264 29014 29078 W System : ClassLoader referenced unknown path:
05-26 16:55:22.266 29014 29078 D nativeloader: Configuring clns-6 for other apk . target_sdk_version=36, uses_libraries=, library_path=/data/app/~~3AFzmr68BUutrijmTnazkA==/com.google.android.gms- Tcy3cUvvGWBu6Vl7hWirAw==/lib/arm64:/data/app/~~3AFzmr68BUutrijmTnazkA==/ com.google.android.gms-Tcy3cUvvGWBu6Vl7hWirAw==/base.apk!/lib/arm64-v8a, permitted_path=/data:/mnt/expand:/data/user/0/com.google.android.gms
05-26 16:55:22.279 28916 28916 I cr_CombinedPProvider: #linkNativeInternal() 1
05-26 16:55:22.280 28916 28916 I cr_AppResProvider: #getApplicationRestrictionsFromUserManager() Bundle[EMPTY_PARCEL]
05-26 16:55:22.280 28916 28916 I cr_PolicyProvider: #notifySettingsAvailable() 0
05-26 16:55:22.280 28916 28916 I cr_CombinedPProvider: #onSettingsAvailable() 0
05-26 16:55:22.280 28916 28916 I cr_CombinedPProvider: #flushPolicies()
05-26 16:55:22.287 29014 29078 W cretspace:black: ClassLoaderContext classpath element checksum mismatch. expected=109608243, found=3842124188 (DLC[];PCL[base.apk*109608243]{PCL[/system/framework/org.apache.http.legacy.jar*141 4085461]#PCL[/system/framework/ com.android.media.remotedisplay.jar*3886290638]#PCL[/system/framework/ com.android.location.provider.jar*3868789109]#PCL[/system/framework/ org.apache.http.legacy.jar*1414085461]} | DLC[];PCL[/data/app/~~y54zPcFPhS4BJ7wab6Ut5w==/com.hello.miheapp.secretspace- lxuufuIyEmU7T1oRw05RBA==/base.apk*3842124188]{PCL[/system/framework/ android.test.base.jar*446567138]#PCL[/system/framework/ org.apache.http.legacy.jar*1414085461]})
05-26 16:55:22.296 29014 29014 D FirebaseSessions: Initializing Firebase Sessions SDK.
05-26 16:55:22.299 29014 29014 I FirebaseApp: FirebaseApp initialization successful
05-26 16:55:22.303 29014 29113 D SessionConfigFetcher: Fetching settings from server.
05-26 16:55:22.369 28916 28916 D CompatibilityChangeReporter: Compat change id reported: 214741472; UID 11031; state: ENABLED
05-26 16:55:22.375 28916 28916 D CompatibilityChangeReporter: Compat change id reported: 171228096; UID 11031; state: ENABLED
05-26 16:55:22.494 29014 29144 E cretspace:black: No package ID 6d found for ID 0x6d0b000f.
05-26 16:55:22.497 29014 29144 I FA : App measurement initialized, version: 125000
05-26 16:55:22.497 29014 29144 I FA : To enable debug logging run: adb shell setprop log.tag.FA VERBOSE
05-26 16:55:22.497 29014 29144 I FA : To enable faster debug mode event logging run:
05-26 16:55:22.497 29014 29144 I FA : adb shell setprop debug.firebase.analytics.app com.hello.miheapp.secretspace
05-26 16:55:22.518 29014 29160 E adservices: getService(): failed to bind to android.adservices.MEASUREMENT_SERVICE on user 0
05-26 16:55:22.518 29014 29160 E adservices: Failed to bind to measurement service: java.lang.IllegalStateException: Unable to find the service
05-26 16:55:22.565 28916 28916 W Looper : PerfMonitor longMsg : seq=2 plan=16:55:20.992 late=13ms wall=1559ms h=android.app.ActivityThread$H w=110 procState=-1
05-26 16:55:22.577 28916 29173 I CameraManagerGlobal: Connecting to camera service
05-26 16:55:22.583 28916 29173 D CameraExtStub: init android.hardware.camera2.impl.CameraExtImplXiaoMi
05-26 16:55:22.584 28916 29173 D CameraInjector: waitForResult:
05-26 16:55:22.585 28916 29179 D CameraInjector: updateCloudCameraControllerInfoAsync: E
05-26 16:55:22.624 28916 28916 W app.secretspace: type=1400 audit(0.0:3624598): avc: denied { read } for name="u:object_r:vendor_displayfeature_prop:s0" dev="tmpfs" ino=2714 scontext=u:r:untrusted_app:s0:c7,c260,c512,c768 tcontext=u:object_r:vendor_displayfeature_prop:s0 tclass=file permissive=0 app=com.hello.miheapp.secretspace
05-26 16:55:22.625 28916 28916 W libc : Access denied finding property "ro.vendor.df.effect.conflict"
05-26 16:55:22.630 28916 29179 D CameraInjector: updateCloudCameraControllerInfoAsync: X
05-26 16:55:22.630 28916 29173 W libc : Access denied finding property "vendor.camera.aux.packagelist"
05-26 16:55:22.630 28916 29173 W libc : Access denied finding property "vendor.camera.aux.packagelistext"
05-26 16:55:22.630 28916 29173 W CameraManagerGlobal: [soar.cts] ignore the status update of camera: 2
05-26 16:55:22.630 28916 29173 D CameraInjector: updateCloudCameraControllerInfoAsync: has aleardy start update task.
05-26 16:55:22.630 28916 29173 D CameraInjector: waitForResult:
05-26 16:55:22.631 28916 29173 W libc : Access denied finding property "vendor.camera.aux.packagelist"
05-26 16:55:22.631 28916 29173 W libc : Access denied finding property "vendor.camera.aux.packagelistext"
05-26 16:55:22.631 28916 29173 W CameraManagerGlobal: [soar.cts] ignore the status update of camera: 3
05-26 16:55:22.631 28916 29173 D CameraInjector: updateCloudCameraControllerInfoAsync: has aleardy start update task.
05-26 16:55:22.631 28916 29173 D CameraInjector: waitForResult:
05-26 16:55:22.631 28916 29173 W libc : Access denied finding property "vendor.camera.aux.packagelist"
05-26 16:55:22.631 28916 29173 W libc : Access denied finding property "vendor.camera.aux.packagelistext"
05-26 16:55:22.631 28916 29173 W CameraManagerGlobal: [soar.cts] ignore the status update of camera: 4
05-26 16:55:22.632 28916 29173 D CameraInjector: updateCloudCameraControllerInfoAsync: has aleardy start update task.
05-26 16:55:22.632 28916 29173 D CameraInjector: waitForResult:
05-26 16:55:22.632 28916 28916 D IS_CTS_MODE: false
05-26 16:55:22.632 28916 28916 D MULTI_WINDOW_ENABLED: false
05-26 16:55:22.632 28916 29173 W libc : Access denied finding property "vendor.camera.aux.packagelist"
05-26 16:55:22.632 28916 29173 W libc : Access denied finding property "vendor.camera.aux.packagelistext"
05-26 16:55:22.632 28916 29173 W CameraManagerGlobal: [soar.cts] ignore the status update of camera: 5
05-26 16:55:22.632 28916 29173 D CameraInjector: updateCloudCameraControllerInfoAsync: has aleardy start update task.
05-26 16:55:22.632 28916 29173 D CameraInjector: waitForResult:
05-26 16:55:22.632 28916 29173 W libc : Access denied finding property "vendor.camera.aux.packagelist"
05-26 16:55:22.633 28916 29173 W libc : Access denied finding property "vendor.camera.aux.packagelistext"
05-26 16:55:22.633 28916 29173 W CameraManagerGlobal: [soar.cts] ignore the status update of camera: 6
05-26 16:55:22.634 28916 28928 D CameraInjector: updateCloudCameraControllerInfoAsync: has aleardy start update task.
05-26 16:55:22.634 28916 28916 D DecorView[]: getWindowModeFromSystem windowmode is 1
05-26 16:55:22.634 28916 28928 D CameraInjector: waitForResult:
05-26 16:55:22.634 28916 28928 W libc : Access denied finding property "vendor.camera.aux.packagelist"
05-26 16:55:22.634 28916 28928 W libc : Access denied finding property "vendor.camera.aux.packagelistext"
05-26 16:55:22.635 28916 28928 W CameraManagerGlobal: ignore the torch status update of camera: 2
05-26 16:55:22.635 28916 28928 D CameraInjector: updateCloudCameraControllerInfoAsync: has aleardy start update task.
05-26 16:55:22.635 28916 28928 D CameraInjector: waitForResult:
05-26 16:55:22.635 28916 28928 W libc : Access denied finding property "vendor.camera.aux.packagelist"
05-26 16:55:22.635 28916 28928 W libc : Access denied finding property "vendor.camera.aux.packagelistext"
05-26 16:55:22.635 28916 28928 W CameraManagerGlobal: ignore the torch status update of camera: 3
05-26 16:55:22.635 28916 28928 D CameraInjector: updateCloudCameraControllerInfoAsync: has aleardy start update task.
05-26 16:55:22.636 28916 28928 D CameraInjector: waitForResult:
05-26 16:55:22.636 28916 28928 W libc : Access denied finding property "vendor.camera.aux.packagelist"
05-26 16:55:22.636 28916 28928 W libc : Access denied finding property "vendor.camera.aux.packagelistext"
05-26 16:55:22.636 28916 28928 W CameraManagerGlobal: ignore the torch status update of camera: 4
05-26 16:55:22.636 28916 28932 D CameraInjector: updateCloudCameraControllerInfoAsync: has aleardy start update task.
05-26 16:55:22.636 28916 28932 D CameraInjector: waitForResult:
05-26 16:55:22.637 28916 28932 W libc : Access denied finding property "vendor.camera.aux.packagelist"
05-26 16:55:22.637 28916 28932 W libc : Access denied finding property "vendor.camera.aux.packagelistext"
05-26 16:55:22.637 28916 28932 W CameraManagerGlobal: ignore the torch status update of camera: 5
05-26 16:55:22.645 28916 28960 D SessionLifecycleClient: Queued message 1. Queue size 1
05-26 16:55:22.690 29014 29144 W GmsClient: unable to connect to service: com.google.android.gms.measurement.START on com.google.android.gms
05-26 16:55:22.722 28916 28916 W Looper : PerfMonitor looperActivity : package=com.hello.miheapp.secretspace/com.hello.sandbox.ui.splash.SplashAct time=155ms latency=1564ms procState=-1 historyMsgCount=2 (msgIndex=2 wall=1559ms seq=2 late=13ms h=android.app.ActivityThread$H w=110)
05-26 16:55:22.722 28916 28916 W Looper : PerfMonitor looperActivity : package=com.hello.miheapp.secretspace/com.hello.sandbox.ui.splash.SplashAct time=0ms latency=1719ms procState=-1 historyMsgCount=3 (msgIndex=2 wall=1559ms seq=2 late=13ms h=android.app.ActivityThread$H w=110)
05-26 16:55:22.736 28916 28916 D SessionLifecycleService: Service bound to new client on process 28916
05-26 16:55:22.754 28916 29202 D SessionLifecycleService: App has not yet foregrounded. Using previously stored session: null
05-26 16:55:22.754 28916 29202 D SessionLifecycleService: Client android.os.Messenger@1fac0d bound at 1627049259. Clients: 1
05-26 16:55:22.754 29014 29071 D SessionConfigFetcher: Fetched settings: {"settings_version":3,"cache_duration":158012,"features": {"collect_logged_exceptions":true,"collect_reports":true,"collect_analytics":false, "prompt_enabled":false,"push_enabled":false,"firebase_crashlytics_enabled":false,"c ollect_anrs":true,"collect_metric_kit":false,"collect_build_ids":true},"app": {"status":"activated","update_required":false,"report_upload_variant":2,"native_rep ort_upload_variant":2},"fabric": {"org_id":"65f00c8a567bf1f0daf09834","bundle_id":"com.hello.miheapp.secretspace"}," on_demand_upload_rate_per_minute":10,"on_demand_backoff_base":1.2,"on_demand_backof f_step_duration_seconds":60,"app_quality": {"sessions_enabled":true,"sampling_rate":1,"session_timeout_seconds":1800},"on_dema nd_thread_recording_suspension_enabled":true}
05-26 16:55:22.782 29014 29144 W GmsClient: unable to connect to service: com.google.android.gms.measurement.START on com.google.android.gms
05-26 16:55:22.784 28916 29118 W cr_media: BLUETOOTH_CONNECT permission is missing.
05-26 16:55:22.792 28916 29118 W cr_media: getBluetoothAdapter() requires BLUETOOTH permission
05-26 16:55:22.792 28916 29118 W cr_media: registerBluetoothIntentsIfNeeded: Requires BLUETOOTH permission
05-26 16:55:22.803 29014 29081 I FirebaseCrashlytics: No version control information found
05-26 16:55:22.810 28916 28916 D FramePredict: FramePredict init: false
05-26 16:55:22.851 28916 29215 D vulkan : searching for layers in '/data/app/~~y54zPcFPhS4BJ7wab6Ut5w==/com.hello.miheapp.secretspace- lxuufuIyEmU7T1oRw05RBA==/lib/arm64'
05-26 16:55:22.858 28916 29215 D vulkan : searching for layers in '/data/app/~~y54zPcFPhS4BJ7wab6Ut5w==/com.hello.miheapp.secretspace- lxuufuIyEmU7T1oRw05RBA==/base.apk!/lib/arm64-v8a'
05-26 16:55:22.868 28916 29215 D vulkan : searching for layers in '/data/app/~~y54zPcFPhS4BJ7wab6Ut5w==/com.hello.miheapp.secretspace- lxuufuIyEmU7T1oRw05RBA==/split_config.arm64_v8a.apk!/lib/arm64-v8a'
05-26 16:55:22.869 28916 29215 D vulkan : searching for layers in '/data/app/~~y54zPcFPhS4BJ7wab6Ut5w==/com.hello.miheapp.secretspace- lxuufuIyEmU7T1oRw05RBA==/split_config.bn.apk!/lib/arm64-v8a'
05-26 16:55:22.871 28916 29215 D vulkan : searching for layers in '/data/app/~~y54zPcFPhS4BJ7wab6Ut5w==/com.hello.miheapp.secretspace- lxuufuIyEmU7T1oRw05RBA==/split_config.en.apk!/lib/arm64-v8a'
05-26 16:55:22.872 28916 29215 D vulkan : searching for layers in '/data/app/~~y54zPcFPhS4BJ7wab6Ut5w==/com.hello.miheapp.secretspace- lxuufuIyEmU7T1oRw05RBA==/split_config.gu.apk!/lib/arm64-v8a'
05-26 16:55:22.873 28916 29215 D vulkan : searching for layers in '/data/app/~~y54zPcFPhS4BJ7wab6Ut5w==/com.hello.miheapp.secretspace- lxuufuIyEmU7T1oRw05RBA==/split_config.hi.apk!/lib/arm64-v8a'
05-26 16:55:22.873 28916 29215 D vulkan : searching for layers in '/data/app/~~y54zPcFPhS4BJ7wab6Ut5w==/com.hello.miheapp.secretspace- lxuufuIyEmU7T1oRw05RBA==/split_config.kn.apk!/lib/arm64-v8a'
05-26 16:55:22.873 28916 29215 D vulkan : searching for layers in '/data/app/~~y54zPcFPhS4BJ7wab6Ut5w==/com.hello.miheapp.secretspace- lxuufuIyEmU7T1oRw05RBA==/split_config.mr.apk!/lib/arm64-v8a'
05-26 16:55:22.873 28916 29215 D vulkan : searching for layers in '/data/app/~~y54zPcFPhS4BJ7wab6Ut5w==/com.hello.miheapp.secretspace- lxuufuIyEmU7T1oRw05RBA==/split_config.ta.apk!/lib/arm64-v8a'
05-26 16:55:22.874 28916 29215 D vulkan : searching for layers in '/data/app/~~y54zPcFPhS4BJ7wab6Ut5w==/com.hello.miheapp.secretspace- lxuufuIyEmU7T1oRw05RBA==/split_config.te.apk!/lib/arm64-v8a'
05-26 16:55:22.874 28916 29215 D vulkan : searching for layers in '/data/app/~~y54zPcFPhS4BJ7wab6Ut5w==/com.hello.miheapp.secretspace- lxuufuIyEmU7T1oRw05RBA==/split_config.xxhdpi.apk!/lib/arm64-v8a'
05-26 16:55:22.881 28916 29174 I AdrenoGLES-0: QUALCOMM build : 3e33337ce3, I07ee46fc66
05-26 16:55:22.881 28916 29174 I AdrenoGLES-0: Build Date : 10/08/21
05-26 16:55:22.881 28916 29174 I AdrenoGLES-0: OpenGL ES Shader Compiler Version: EV031.35.01.10
05-26 16:55:22.881 28916 29174 I AdrenoGLES-0: Local Branch :
05-26 16:55:22.881 28916 29174 I AdrenoGLES-0: Remote Branch :
05-26 16:55:22.881 28916 29174 I AdrenoGLES-0: Remote Branch :
05-26 16:55:22.881 28916 29174 I AdrenoGLES-0: Reconstruct Branch :
05-26 16:55:22.882 28916 29174 I AdrenoGLES-0: Build Config : S P 10.0.7 AArch64
05-26 16:55:22.882 28916 29174 I AdrenoGLES-0: Driver Path : /vendor/lib64/egl/libGLESv2_adreno.so
05-26 16:55:22.894 28916 28916 D VRI[SplashAct]: vri.reportNextDraw android.view.ViewRootImpl.performTraversals:4013 android.view.ViewRootImpl.doTraversal:2725 android.view.ViewRootImpl$TraversalRunnable.run:9812 android.view.Choreographer$CallbackRecord.run:1505 android.view.Choreographer$CallbackRecord.run:1513
05-26 16:55:22.895 28916 28916 D VRI[SplashAct]: vri.Setup new sync id=0 syncSeqId=0
05-26 16:55:22.897 28916 29174 I AdrenoGLES-0: PFP: 0x016ee201, ME: 0x00000000
05-26 16:55:22.919 28916 29215 I AdrenoVK-0: ===== BEGIN DUMP OF OVERRIDDEN SETTINGS =====
05-26 16:55:22.919 28916 29215 I AdrenoVK-0: ===== END DUMP OF OVERRIDDEN SETTINGS =====
05-26 16:55:22.920 28916 29215 I AdrenoVK-0: QUALCOMM build : 3e33337ce3, I07ee46fc66
05-26 16:55:22.920 28916 29215 I AdrenoVK-0: Build Date : 10/08/21
05-26 16:55:22.920 28916 29215 I AdrenoVK-0: Shader Compiler Version : EV031.35.01.10
05-26 16:55:22.920 28916 29215 I AdrenoVK-0: Local Branch :
05-26 16:55:22.920 28916 29215 I AdrenoVK-0: Remote Branch :
05-26 16:55:22.920 28916 29215 I AdrenoVK-0: Remote Branch :
05-26 16:55:22.920 28916 29215 I AdrenoVK-0: Reconstruct Branch :
05-26 16:55:22.920 28916 29215 I AdrenoVK-0: Build Config : S P 10.0.7 AArch64
05-26 16:55:22.920 28916 29215 I AdrenoVK-0: Driver Path : /vendor/lib64/hw/vulkan.adreno.so
05-26 16:55:22.930 28916 29215 W libc : Access denied finding property "vendor.migl.debug"
05-26 16:55:22.939 28916 29174 W libc : Access denied finding property "vendor.migl.debug"
05-26 16:55:22.946 29014 29114 D LifecycleServiceBinder: Binding service to application.
05-26 16:55:22.973 28916 29174 E libEGL : pre_cache appList: com.sina.weibo,com.ss.android.article.news,com.taobao.taobao,com.smile.gifmaker,com .ss.android.ugc.aweme,com.tencent.mm,tv.danmaku.bili,,
05-26 16:55:22.993 29014 29144 W GmsClient: unable to connect to service: com.google.android.gms.measurement.START on com.google.android.gms
05-26 16:55:23.018 29014 29144 E FA : Discarding data. Failed to send app launch
05-26 16:55:23.018 29014 29144 E FA : Failed to get app instance id
05-26 16:55:23.019 29014 29144 E FA : Failed to send default event parameters to service
05-26 16:55:23.039 28916 29174 D app.secretspace: MiuiProcessManagerServiceStub setSchedFifo
05-26 16:55:23.039 28916 29174 I MiuiProcessManagerImpl: setSchedFifo pid:28916, mode:3
05-26 16:55:23.047 28916 29174 E libboost: fail to open node: No such file or directory
05-26 16:55:23.089 28916 29174 E libEGL : pre_cache appList: com.sina.weibo,com.ss.android.article.news,com.taobao.taobao,com.smile.gifmaker,com .ss.android.ugc.aweme,com.tencent.mm,tv.danmaku.bili,,
05-26 16:55:23.157 28916 29174 E perf_hint: Session creation failed, mPreferredRateNanos: -1
05-26 16:55:23.159 28916 28916 W Looper : PerfMonitor doFrame : time=349ms vsyncFrame=0 latency=107ms procState=-1 historyMsgCount=42
05-26 16:55:23.198 28916 28916 D VRI[SplashAct]: vri.reportDrawFinished syncSeqId=0 android.view.ViewRootImpl.lambda$createSyncIfNeeded$4$android-view- ViewRootImpl:4081 android.view.ViewRootImpl$$ExternalSyntheticLambda2.run:6 android.os.Handler.handleCallback:942 android.os.Handler.dispatchMessage:99 android.os.Looper.loopOnce:211
05-26 16:55:23.207 28916 28916 D SessionLifecycleClient: Connected to SessionLifecycleService. Queue size 1
05-26 16:55:23.209 28916 28972 D SessionLifecycleClient: Sending lifecycle 1 to service
05-26 16:55:23.209 28916 29202 D SessionLifecycleService: Activity foregrounding at 1627049733.
05-26 16:55:23.209 28916 29202 D SessionLifecycleService: Cold start detected.
05-26 16:55:23.211 28916 29202 D SessionLifecycleService: Generated new session b7291510bfed489c856eff29c1a636e2
05-26 16:55:23.211 28916 29202 D SessionLifecycleService: Broadcasting new session: SessionDetails(sessionId=b7291510bfed489c856eff29c1a636e2, firstSessionId=b7291510bfed489c856eff29c1a636e2, sessionIndex=0, sessionStartTimestampUs=1748258723211000)
05-26 16:55:23.220 28916 28916 W Looper : PerfMonitor doFrame : time=1ms vsyncFrame=0 latency=400ms procState=-1 historyMsgCount=14
05-26 16:55:23.223 28916 28960 D SessionFirelogPublisher: Data Collection is enabled for at least one Subscriber
05-26 16:55:23.244 28916 28916 D SessionLifecycleClient: Session update received: b7291510bfed489c856eff29c1a636e2
05-26 16:55:23.245 28916 28916 D DecorView[]: onWindowFocusChanged hasWindowFocus true
05-26 16:55:23.247 28916 28916 I HandWritingStubImpl: refreshLastKeyboardType: 1
05-26 16:55:23.247 28916 28916 I HandWritingStubImpl: getCurrentKeyboardType: 1
05-26 16:55:23.248 28916 29133 W VideoCapabilities: Unsupported mime image/vnd.android.heic
05-26 16:55:23.248 28916 29133 W VideoCapabilities: Unsupported mime image/vnd.android.heic
05-26 16:55:23.266 28916 28960 D EventGDTLogger: Session Event: {"eventType":1,"sessionData": {"sessionId":"b7291510bfed489c856eff29c1a636e2","firstSessionId":"b7291510bfed489c8 56eff29c1a636e2","sessionIndex":0,"eventTimestampUs":1748258723211000,"dataCollecti onStatus": {"performance":1,"crashlytics":2,"sessionSamplingRate":1.0},"firebaseInstallationId ":"dZs_1hsvQ7-NY2mOD_0_eL"},"applicationInfo": {"appId":"1:716442668392:android:91ab0e5825942d3ba61add","deviceModel":"2201116SI", "sessionSdkVersion":"1.2.1","osVersion":"13","logEnvironment":3,"androidAppInfo": {"packageName":"com.hello.miheapp.secretspace","versionName":"1.1.51","appBuildVers ion":"1151","deviceManufacturer":"Xiaomi","currentProcessDetails": {"processName":"com.hello.miheapp.secretspace","pid":28916,"importance":100,"defaul tProcess":true},"appProcessDetails": [{"processName":"com.hello.miheapp.secretspace","pid":28916,"importance":100,"defau ltProcess":true}, {"processName":"com.hello.miheapp.secretspace:black","pid":29014,"importance":100," defaultProcess":false}]}}}
05-26 16:55:23.267 28916 28960 D SessionFirelogPublisher: Successfully logged Session Start event: b7291510bfed489c856eff29c1a636e2
05-26 16:55:23.269 28916 28971 D SessionLifecycleClient: Notified CRASHLYTICS of new session b7291510bfed489c856eff29c1a636e2
05-26 16:55:23.276 28916 28966 D CompatibilityChangeReporter: Compat change id reported: 194532703; UID 11031; state: ENABLED
05-26 16:55:23.282 28916 28916 I HandWritingStubImpl: getCurrentKeyboardType: 1
05-26 16:55:23.612 28916 28950 W System : Ignoring header If-None-Match because its value was null.
05-26 16:55:23.669 28916 28955 D SessionLifecycleClient: Sending lifecycle 2 to service
05-26 16:55:23.669 28916 29202 D SessionLifecycleService: Activity backgrounding at 1627050193
05-26 16:55:23.714 28916 28916 D IS_CTS_MODE: false
05-26 16:55:23.715 28916 28916 D MULTI_WINDOW_ENABLED: false
05-26 16:55:23.716 28916 28916 D DecorView[]: getWindowModeFromSystem windowmode is 1
05-26 16:55:23.751 28916 28916 D IS_CTS_MODE: false
05-26 16:55:23.751 28916 28916 D MULTI_WINDOW_ENABLED: false
05-26 16:55:23.776 28916 28916 D DecorView[]: updateDecorCaptionStatus windowMode is 1
05-26 16:55:23.800 28916 28916 D CompatibilityChangeReporter: Compat change id reported: 210923482; UID 11031; state: ENABLED
05-26 16:55:23.830 28916 28971 D SessionLifecycleClient: Sending lifecycle 1 to service
05-26 16:55:23.830 28916 29202 D SessionLifecycleService: Activity foregrounding at 1627050354.
05-26 16:55:23.894 28916 28916 D VRI[LoginAct]: vri.reportNextDraw android.view.ViewRootImpl.performTraversals:4013 android.view.ViewRootImpl.doTraversal:2725 android.view.ViewRootImpl$TraversalRunnable.run:9812 android.view.Choreographer$CallbackRecord.run:1505 android.view.Choreographer$CallbackRecord.run:1513
05-26 16:55:23.894 28916 28916 D VRI[LoginAct]: vri.Setup new sync id=0 syncSeqId=0
05-26 16:55:23.901 28916 29174 E perf_hint: Session creation failed, mPreferredRateNanos: -1
05-26 16:55:23.915 28916 28916 D VRI[LoginAct]: vri.reportNextDraw android.view.ViewRootImpl.performTraversals:4013 android.view.ViewRootImpl.doTraversal:2725 android.view.ViewRootImpl$TraversalRunnable.run:9812 android.view.Choreographer$CallbackRecord.run:1505 android.view.Choreographer$CallbackRecord.run:1513
05-26 16:55:23.915 28916 28916 D VRI[LoginAct]: vri.Setup new sync id=0 syncSeqId=0
05-26 16:55:23.927 28916 29174 E perf_hint: Session creation failed, mPreferredRateNanos: -1
05-26 16:55:23.929 28916 28916 I Ads : JS: The jsLoaded GMSG has been sent (https://googleads.g.doubleclick.net/mads/static/mad/sdk/native/production/sdk- core-v40-impl.html:923)
05-26 16:55:23.929 28916 28916 D VRI[LoginAct]: vri.reportDrawFinished syncSeqId=0 android.view.ViewRootImpl.lambda$createSyncIfNeeded$4$android-view- ViewRootImpl:4081 android.view.ViewRootImpl$$ExternalSyntheticLambda2.run:6 android.os.Handler.handleCallback:942 android.os.Handler.dispatchMessage:99 android.os.Looper.loopOnce:211
