05-26 16:58:15.463 28916 28923 W app.secretspace: Suspending all threads took: 5.156ms
05-26 16:58:18.673 28916 28971 D SessionLifecycleClient: Sending lifecycle 1 to service
05-26 16:58:18.673 28916 29202 D SessionLifecycleService: Activity foregrounding at 1627225197.
05-26 16:58:18.689 28916 29786 I MATDBManager: sqllite db insert success! insert row id:103
05-26 16:58:18.690 28916 29786 I MATDBManager: sqllite db capacity:4
05-26 16:58:18.701 28916 29786 I MATDBManager: sqllite db insert success! insert row id:104
05-26 16:58:18.703 28916 29786 I MATDBManager: sqllite db capacity:5
05-26 16:58:18.749 28916 28916 D VRI[HomeAct]: vri.reportNextDraw android.view.ViewRootImpl.performTraversals:4013 android.view.ViewRootImpl.doTraversal:2725 android.view.ViewRootImpl$TraversalRunnable.run:9812 android.view.Choreographer$CallbackRecord.run:1505 android.view.Choreographer$CallbackRecord.run:1513
05-26 16:58:18.749 28916 28916 D VRI[HomeAct]: vri.Setup new sync id=12 syncSeqId=0
05-26 16:58:18.796 28916 28916 D VRI[HomeAct]: vri.reportDrawFinished syncSeqId=0 android.view.ViewRootImpl.lambda$createSyncIfNeeded$4$android-view- ViewRootImpl:4081 android.view.ViewRootImpl$$ExternalSyntheticLambda2.run:6 android.os.Handler.handleCallback:942 android.os.Handler.dispatchMessage:99 android.os.Looper.loopOnce:211
05-26 16:58:18.813 28916 28960 D SessionLifecycleClient: Sending lifecycle 2 to service
05-26 16:58:18.813 28916 29202 D SessionLifecycleService: Activity backgrounding at 1627225337
05-26 16:58:18.887 28916 28916 D IS_CTS_MODE: false
05-26 16:58:18.887 28916 28916 D MULTI_WINDOW_ENABLED: false
05-26 16:58:18.889 28916 28916 D DecorView[]: getWindowModeFromSystem windowmode is 1
05-26 16:58:18.899 28916 28916 D ScrollerOptimizationManager: registerConfigChangedListener
05-26 16:58:18.972 28916 28955 D SessionLifecycleClient: Sending lifecycle 1 to service
05-26 16:58:18.973 28916 29202 D SessionLifecycleService: Activity foregrounding at 1627225496.
05-26 16:58:19.034 28916 28922 W app.secretspace: Missing inline cache for void m7.sn.ab(java.lang.String, java.lang.String, long, android.os.Bundle, boolean, boolean, boolean)
05-26 16:58:19.040 28916 28916 D VRI[AppLockActivity]: vri.reportNextDraw android.view.ViewRootImpl.performTraversals:4013 android.view.ViewRootImpl.doTraversal:2725 android.view.ViewRootImpl$TraversalRunnable.run:9812 android.view.Choreographer$CallbackRecord.run:1505 android.view.Choreographer$CallbackRecord.run:1513
05-26 16:58:19.040 28916 28916 D VRI[AppLockActivity]: vri.Setup new sync id=0 syncSeqId=0
05-26 16:58:19.055 28916 29174 E perf_hint: Session creation failed, mPreferredRateNanos: -1
05-26 16:58:19.069 28916 28916 D VRI[AppLockActivity]: vri.reportDrawFinished syncSeqId=0 android.view.ViewRootImpl.lambda$createSyncIfNeeded$4$android-view- ViewRootImpl:4081 android.view.ViewRootImpl$$ExternalSyntheticLambda2.run:6 android.os.Handler.handleCallback:942 android.os.Handler.dispatchMessage:99 android.os.Looper.loopOnce:211
05-26 16:58:19.135 28916 29786 I MATDBManager: sqllite db insert success! insert row id:105
05-26 16:58:19.136 28916 29786 I MATDBManager: sqllite db capacity:1
05-26 16:58:19.205 28916 28916 D DecorView[]: onWindowFocusChanged hasWindowFocus true
05-26 16:58:19.206 28916 28916 I HandWritingStubImpl: refreshLastKeyboardType: 1
05-26 16:58:19.206 28916 28916 I HandWritingStubImpl: getCurrentKeyboardType: 1
05-26 16:58:19.242 28916 28916 D VRI[PopupWindow:133874]: vri.reportNextDraw android.view.ViewRootImpl.performTraversals:4013 android.view.ViewRootImpl.doTraversal:2725 android.view.ViewRootImpl$TraversalRunnable.run:9812 android.view.Choreographer$CallbackRecord.run:1505 android.view.Choreographer$CallbackRecord.run:1513
05-26 16:58:19.243 28916 28916 D VRI[PopupWindow:133874]: vri.Setup new sync id=0 syncSeqId=0
05-26 16:58:19.250 28916 29174 E perf_hint: Session creation failed, mPreferredRateNanos: -1
05-26 16:58:19.251 28916 28916 D VRI[PopupWindow:133874]: vri.reportDrawFinished syncSeqId=0 android.view.ViewRootImpl.lambda$createSyncIfNeeded$4$android-view- ViewRootImpl:4081 android.view.ViewRootImpl$$ExternalSyntheticLambda2.run:6 android.os.Handler.handleCallback:942 android.os.Handler.dispatchMessage:99 android.os.Looper.loopOnce:211
05-26 16:58:19.257 28916 29174 W RenderInspector: DequeueBuffer time out on com.hello.miheapp.secretspace/com.hello.sandbox.ui.lock.AppLockActivity, count=1, avg=17 ms, max=17 ms.
05-26 16:58:19.259 28916 28916 D VRI[PopupWindow:133874]: vri.reportNextDraw android.view.ViewRootImpl.handleResized:2083 android.view.ViewRootImpl.-$ $Nest$mhandleResized:0 android.view.ViewRootImpl$ViewRootHandler.handleMessageImpl:6167 android.view.ViewRootImpl$ViewRootHandler.handleMessage:6136 android.os.Handler.dispatchMessage:106
05-26 16:58:19.266 28916 28916 D VRI[PopupWindow:133874]: vri.Setup new sync id=1 syncSeqId=0
05-26 16:58:19.274 28916 28916 D VRI[PopupWindow:133874]: vri.reportDrawFinished syncSeqId=0 android.view.ViewRootImpl.lambda$createSyncIfNeeded$4$android-view- ViewRootImpl:4081 android.view.ViewRootImpl$$ExternalSyntheticLambda2.run:6 android.os.Handler.handleCallback:942 android.os.Handler.dispatchMessage:99 android.os.Looper.loopOnce:211
05-26 16:58:20.135 28916 28916 I HandWritingStubImpl: refreshLastKeyboardType: 1
05-26 16:58:20.136 28916 28916 I HandWritingStubImpl: getCurrentKeyboardType: 1
05-26 16:58:20.777 28916 28916 I HandWritingStubImpl: refreshLastKeyboardType: 1
05-26 16:58:20.777 28916 28916 I HandWritingStubImpl: getCurrentKeyboardType: 1
05-26 16:58:21.494 28916 28971 D SessionLifecycleClient: Sending lifecycle 2 to service
05-26 16:58:21.494 28916 29202 D SessionLifecycleService: Activity backgrounding at 1627228018
05-26 16:58:21.536 28916 28972 D SessionLifecycleClient: Sending lifecycle 1 to service
05-26 16:58:21.536 28916 29202 D SessionLifecycleService: Activity foregrounding at 1627228060.
05-26 16:58:21.541 28916 29786 I MATDBManager: sqllite db insert success! insert row id:106
05-26 16:58:21.542 28916 29786 I MATDBManager: sqllite db capacity:2
05-26 16:58:21.545 28916 29786 I MATDBManager: sqllite db insert success! insert row id:107
05-26 16:58:21.546 28916 29786 I MATDBManager: sqllite db capacity:3
05-26 16:58:21.570 28916 28916 D VRI[HomeAct]: vri.reportNextDraw android.view.ViewRootImpl.performTraversals:4013 android.view.ViewRootImpl.doTraversal:2725 android.view.ViewRootImpl$TraversalRunnable.run:9812 android.view.Choreographer$CallbackRecord.run:1505 android.view.Choreographer$CallbackRecord.run:1513
05-26 16:58:21.571 28916 28916 D VRI[HomeAct]: vri.Setup new sync id=13 syncSeqId=0
05-26 16:58:21.585 28916 28916 D VRI[HomeAct]: vri.reportDrawFinished syncSeqId=0 android.view.ViewRootImpl.lambda$createSyncIfNeeded$4$android-view- ViewRootImpl:4081 android.view.ViewRootImpl$$ExternalSyntheticLambda2.run:6 android.os.Handler.handleCallback:942 android.os.Handler.dispatchMessage:99 android.os.Looper.loopOnce:211
05-26 16:58:21.586 28916 28916 D DecorView[]: onWindowFocusChanged hasWindowFocus false
05-26 16:58:21.641 28916 28916 D DecorView[]: onWindowFocusChanged hasWindowFocus true
05-26 16:58:21.641 28916 28916 I HandWritingStubImpl: refreshLastKeyboardType: 1
05-26 16:58:21.641 28916 28916 I HandWritingStubImpl: getCurrentKeyboardType: 1
05-26 16:58:22.194 28916 28916 E WindowManager: android.view.WindowLeaked: Activity com.hello.sandbox.ui.lock.AppLockActivity has leaked window android.widget.PopupWindow$PopupDecorView{79db3a6 V.E...... R......D 0,0-1080,253} that was originally added here
05-26 16:58:22.194 28916 28916 E WindowManager: at android.view.ViewRootImpl.<init>(ViewRootImpl.java:1076)
05-26 16:58:22.194 28916 28916 E WindowManager: at android.view.ViewRootImpl.<init>(ViewRootImpl.java:1060)
05-26 16:58:22.194 28916 28916 E WindowManager: at android.view.WindowManagerGlobal.addView(WindowManagerGlobal.java:411)
05-26 16:58:22.194 28916 28916 E WindowManager: at android.view.WindowManagerGlobal.addView(WindowManagerGlobal.java:314)
05-26 16:58:22.194 28916 28916 E WindowManager: at android.view.WindowManagerImpl.addView(WindowManagerImpl.java:156)
05-26 16:58:22.194 28916 28916 E WindowManager: at android.widget.PopupWindow.invokePopup(PopupWindow.java:1583)
05-26 16:58:22.194 28916 28916 E WindowManager: at android.widget.PopupWindow.showAtLocation(PopupWindow.java:1349)
05-26 16:58:22.194 28916 28916 E WindowManager: at android.widget.PopupWindow.showAtLocation(PopupWindow.java:1315)
05-26 16:58:22.194 28916 28916 E WindowManager: at sh.i.k(SimplePushBubble.java:18)
05-26 16:58:22.194 28916 28916 E WindowManager: at sh.d.a(PushBubbleManager.java:14)
05-26 16:58:22.194 28916 28916 E WindowManager: at com.hello.sandbox.ui.lock.AppLockActivity.checkAndShowSecretTip(AppLockActivity.kt: 13)
05-26 16:58:22.194 28916 28916 E WindowManager: at com.hello.sandbox.ui.lock.AppLockActivity.onWindowFocusChanged(AppLockActivity.kt:3 )
05-26 16:58:22.194 28916 28916 E WindowManager: at i.i.onWindowFocusChanged(Unknown Source:2)
05-26 16:58:22.194 28916 28916 E WindowManager: at com.android.internal.policy.DecorView.onWindowFocusChanged(DecorView.java:1976)
05-26 16:58:22.194 28916 28916 E WindowManager: at android.view.View.dispatchWindowFocusChanged(View.java:15449)
05-26 16:58:22.194 28916 28916 E WindowManager: at android.view.ViewGroup.dispatchWindowFocusChanged(ViewGroup.java:1518)
05-26 16:58:22.194 28916 28916 E WindowManager: at android.view.ViewRootImpl.handleWindowFocusChanged(ViewRootImpl.java:4222)
05-26 16:58:22.194 28916 28916 E WindowManager: at android.view.ViewRootImpl.-$$Nest$mhandleWindowFocusChanged(Unknown Source:0)
05-26 16:58:22.194 28916 28916 E WindowManager: at android.view.ViewRootImpl$ViewRootHandler.handleMessageImpl(ViewRootImpl.java:6236)
05-26 16:58:22.194 28916 28916 E WindowManager: at android.view.ViewRootImpl$ViewRootHandler.handleMessage(ViewRootImpl.java:6136)
05-26 16:58:22.194 28916 28916 E WindowManager: at android.os.Handler.dispatchMessage(Handler.java:106)
05-26 16:58:22.194 28916 28916 E WindowManager: at android.os.Looper.loopOnce(Looper.java:211)
05-26 16:58:22.194 28916 28916 E WindowManager: at android.os.Looper.loop(Looper.java:300)
05-26 16:58:22.194 28916 28916 E WindowManager: at android.app.ActivityThread.main(ActivityThread.java:8503)
05-26 16:58:22.194 28916 28916 E WindowManager: at java.lang.reflect.Method.invoke(Native Method)
05-26 16:58:22.194 28916 28916 E WindowManager: at com.android.internal.os.RuntimeInit$MethodAndArgsCaller.run(RuntimeInit.java:561)
05-26 16:58:22.194 28916 28916 E WindowManager: at com.android.internal.os.ZygoteInit.main(ZygoteInit.java:954)
05-26 16:58:22.441 28916 28916 D IS_CTS_MODE: false
05-26 16:58:22.441 28916 28916 D MULTI_WINDOW_ENABLED: false
05-26 16:58:22.448 28916 28916 D DecorView[]: updateDecorCaptionStatus windowMode is 1
05-26 16:58:22.490 28916 29786 I MATDBManager: sqllite db insert success! insert row id:108
05-26 16:58:22.490 28916 29786 I MATDBManager: sqllite db capacity:4
05-26 16:58:22.515 28916 28916 D VRI[HomeAct]: vri.reportNextDraw android.view.ViewRootImpl.performTraversals:4013 android.view.ViewRootImpl.doTraversal:2725 android.view.ViewRootImpl$TraversalRunnable.run:9812 android.view.Choreographer$CallbackRecord.run:1505 android.view.Choreographer$CallbackRecord.run:1513
05-26 16:58:22.515 28916 28916 D VRI[HomeAct]: vri.Setup new sync id=0 syncSeqId=0
05-26 16:58:22.523 28916 29174 E perf_hint: Session creation failed, mPreferredRateNanos: -1
05-26 16:58:22.528 28916 28916 D VRI[HomeAct]: vri.reportDrawFinished syncSeqId=0 android.view.ViewRootImpl.lambda$createSyncIfNeeded$4$android-view- ViewRootImpl:4081 android.view.ViewRootImpl$$ExternalSyntheticLambda2.run:6 android.os.Handler.handleCallback:942 android.os.Handler.dispatchMessage:99 android.os.Looper.loopOnce:211
05-26 16:58:22.557 28916 28916 D DecorView[]: onWindowFocusChanged hasWindowFocus false
05-26 16:58:22.563 28916 28916 D DecorView[]: onWindowFocusChanged hasWindowFocus true
05-26 16:58:22.563 28916 28916 I HandWritingStubImpl: refreshLastKeyboardType: 1
05-26 16:58:22.563 28916 28916 I HandWritingStubImpl: getCurrentKeyboardType: 1
05-26 16:58:26.006 28916 29786 I MATDBManager: sqllite db insert success! insert row id:109
05-26 16:58:26.006 28916 29786 I MATDBManager: sqllite db capacity:5
05-26 16:58:26.012 28916 28972 D SessionLifecycleClient: Sending lifecycle 2 to service
05-26 16:58:26.012 28916 29202 D SessionLifecycleService: Activity backgrounding at 1627232535
05-26 16:58:26.070 28916 28916 D ScrollerOptimizationManager: registerConfigChangedListener
05-26 16:58:26.086 28916 28916 D IS_CTS_MODE: false
05-26 16:58:26.086 28916 28916 D MULTI_WINDOW_ENABLED: false
05-26 16:58:26.088 28916 28916 D DecorView[]: getWindowModeFromSystem windowmode is 1
05-26 16:58:26.097 28916 28971 D SessionLifecycleClient: Sending lifecycle 1 to service
05-26 16:58:26.097 28916 29202 D SessionLifecycleService: Activity foregrounding at 1627232620.
05-26 16:58:26.164 28916 28916 D VRI[AppRequestPermissionAct]: vri.reportNextDraw android.view.ViewRootImpl.performTraversals:4013 android.view.ViewRootImpl.doTraversal:2725 android.view.ViewRootImpl$TraversalRunnable.run:9812 android.view.Choreographer$CallbackRecord.run:1505 android.view.Choreographer$CallbackRecord.run:1513
05-26 16:58:26.164 28916 28916 D VRI[AppRequestPermissionAct]: vri.Setup new sync id=0 syncSeqId=0
05-26 16:58:26.211 28916 29174 E perf_hint: Session creation failed, mPreferredRateNanos: -1
05-26 16:58:26.218 28916 28916 D VRI[AppRequestPermissionAct]: vri.reportDrawFinished syncSeqId=0 android.view.ViewRootImpl.lambda$createSyncIfNeeded$4$android-view- ViewRootImpl:4081 android.view.ViewRootImpl$$ExternalSyntheticLambda2.run:6 android.os.Handler.handleCallback:942 android.os.Handler.dispatchMessage:99 android.os.Looper.loopOnce:211
05-26 16:58:26.219 28916 28916 D DecorView[]: onWindowFocusChanged hasWindowFocus false
05-26 16:58:26.269 28916 28916 D DecorView[]: onWindowFocusChanged hasWindowFocus true
05-26 16:58:26.269 28916 28916 I HandWritingStubImpl: refreshLastKeyboardType: 1
05-26 16:58:26.269 28916 28916 I HandWritingStubImpl: getCurrentKeyboardType: 1
05-26 16:58:26.468 28916 29786 I MATDBManager: sqllite db insert success! insert row id:110
05-26 16:58:26.469 28916 29786 I MATDBManager: sqllite db capacity:1
05-26 16:58:26.469 28916 29786 I MATDBManager: sqllite db insert success! insert row id:111
05-26 16:58:26.470 28916 29786 I MATDBManager: sqllite db capacity:2
05-26 16:58:28.421 28916 28960 D SessionLifecycleClient: Sending lifecycle 2 to service
05-26 16:58:28.422 28916 29202 D SessionLifecycleService: Activity backgrounding at 1627234945
05-26 16:58:28.468 28916 28916 D DecorView[]: onWindowFocusChanged hasWindowFocus false
05-26 16:58:30.452 28916 29008 I FA : Application backgrounded at: timestamp_millis: 1748258908450
05-26 16:58:31.644 29919 31230 W secretspace:dex: Verification of X.7ze X.7vy.parseFromJson(X.4gk) took 22.554s (large method) (873.94 bytecodes/s) (1973208B approximate peak alloc)
05-26 16:58:34.210 28916 28916 D DecorView[]: onWindowFocusChanged hasWindowFocus false
05-26 16:58:34.225 28916 28916 D IS_CTS_MODE: false
05-26 16:58:34.225 28916 28916 D MULTI_WINDOW_ENABLED: false
05-26 16:58:34.236 28916 28916 D ScrollerOptimizationManager: registerConfigChangedListener
05-26 16:58:34.240 28916 28916 D ScrollerOptimizationManager: registerConfigChangedListener
05-26 16:58:34.292 28916 28916 W PackageParser: Unknown element under <manifest>: supports-gl-texture at /data/user/0/com.hello.miheapp.secretspace/sandbox/data/app/com.instagram.android/ base.apk Binary XML file line #131
05-26 16:58:34.301 28916 28916 W PackageParser: Unknown element under <application>: property at /data/user/0/com.hello.miheapp.secretspace/sandbox/data/app/com.instagram.android/ base.apk Binary XML file line #906
05-26 16:58:34.312 28916 28916 W PackageParser: Unknown element under <application>: enable-feature at /data/user/0/com.hello.miheapp.secretspace/sandbox/data/app/com.instagram.android/ base.apk Binary XML file line #1341
05-26 16:58:34.329 28916 28916 W PackageParser: No actions in intent filter at /data/user/0/com.hello.miheapp.secretspace/sandbox/data/app/com.instagram.android/ base.apk Binary XML file line #2058
05-26 16:58:34.329 28916 28916 W PackageParser: No actions in intent filter at /data/user/0/com.hello.miheapp.secretspace/sandbox/data/app/com.instagram.android/ base.apk Binary XML file line #2063
05-26 16:58:34.330 28916 28916 W PackageParser: No actions in intent filter at /data/user/0/com.hello.miheapp.secretspace/sandbox/data/app/com.instagram.android/ base.apk Binary XML file line #2068
05-26 16:58:34.338 28916 28916 W PackageParser: Unknown element under <manifest>: queries at /data/user/0/com.hello.miheapp.secretspace/sandbox/data/app/com.instagram.android/ base.apk Binary XML file line #2346
05-26 16:58:34.342 28916 28916 W Activity: PerfMonitor: Slow Operation: Activity com.hello.miheapp.secretspace/com.hello.sandbox.ui.home.HomeAct onActivityResult took 126ms
05-26 16:58:34.344 28916 28955 D SessionLifecycleClient: Sending lifecycle 1 to service
05-26 16:58:34.344 28916 29202 D SessionLifecycleService: Activity foregrounding at 1627240868.
05-26 16:58:34.352 28916 29786 I MATDBManager: sqllite db insert success! insert row id:112
05-26 16:58:34.353 28916 29786 I MATDBManager: sqllite db capacity:3
05-26 16:58:34.356 28916 29786 I MATDBManager: sqllite db insert success! insert row id:113
05-26 16:58:34.362 28916 29786 I MATDBManager: sqllite db capacity:4
05-26 16:58:34.368 28916 29786 I MATDBManager: sqllite db insert success! insert row id:114
05-26 16:58:34.369 28916 29786 I MATDBManager: sqllite db capacity:5
05-26 16:58:34.374 28916 28916 D VRI[HomeAct]: vri.reportNextDraw android.view.ViewRootImpl.performTraversals:4013 android.view.ViewRootImpl.doTraversal:2725 android.view.ViewRootImpl$TraversalRunnable.run:9812 android.view.Choreographer$CallbackRecord.run:1505 android.view.Choreographer$CallbackRecord.run:1513
05-26 16:58:34.374 28916 28916 D VRI[HomeAct]: vri.Setup new sync id=14 syncSeqId=0
05-26 16:58:34.419 28916 28916 D VRI[HomeAct]: vri.reportNextDraw android.view.ViewRootImpl.performTraversals:4013 android.view.ViewRootImpl.doTraversal:2725 android.view.ViewRootImpl$TraversalRunnable.run:9812 android.view.Choreographer$CallbackRecord.run:1505 android.view.Choreographer$CallbackRecord.run:1513
05-26 16:58:34.419 28916 28916 D VRI[HomeAct]: vri.Setup new sync id=0 syncSeqId=0
05-26 16:58:34.425 28916 29174 E perf_hint: Session creation failed, mPreferredRateNanos: -1
05-26 16:58:34.426 28916 28916 D VRI[HomeAct]: vri.reportDrawFinished syncSeqId=0 android.view.ViewRootImpl.lambda$createSyncIfNeeded$4$android-view- ViewRootImpl:4081 android.view.ViewRootImpl$$ExternalSyntheticLambda2.run:6 android.os.Handler.handleCallback:942 android.os.Handler.dispatchMessage:99 android.os.Looper.loopOnce:211
05-26 16:58:34.426 28916 28916 D VRI[HomeAct]: vri.reportDrawFinished syncSeqId=0 android.view.ViewRootImpl.lambda$createSyncIfNeeded$4$android-view- ViewRootImpl:4081 android.view.ViewRootImpl$$ExternalSyntheticLambda2.run:6 android.os.Handler.handleCallback:942 android.os.Handler.dispatchMessage:99 android.os.Looper.loopOnce:211
05-26 16:58:34.533 28916 28916 D DecorView[]: onWindowFocusChanged hasWindowFocus true
05-26 16:58:34.534 28916 28916 I HandWritingStubImpl: refreshLastKeyboardType: 1
05-26 16:58:34.534 28916 28916 I HandWritingStubImpl: getCurrentKeyboardType: 1
05-26 16:58:34.601 28916 28971 D SessionLifecycleClient: Sending lifecycle 2 to service
05-26 16:58:34.601 28916 29202 D SessionLifecycleService: Activity backgrounding at 1627241125
05-26 16:58:34.677 28916 28916 D IS_CTS_MODE: false
05-26 16:58:34.678 28916 28916 D MULTI_WINDOW_ENABLED: false
05-26 16:58:34.679 28916 28916 D DecorView[]: getWindowModeFromSystem windowmode is 1
05-26 16:58:34.704 28916 28960 D SessionLifecycleClient: Sending lifecycle 1 to service
05-26 16:58:34.705 28916 29202 D SessionLifecycleService: Activity foregrounding at 1627241229.
05-26 16:58:34.724 29919 29932 D WM-WM-RemoteWorker List: Interrupting work with id (dc1f3551-6a92-4186-bf62-1a4a79dca3c4)
05-26 16:58:34.730 29919 31887 D WM-WM-RemoteWorker List: Worker (dc1f3551-6a92- 4186-bf62-1a4a79dca3c4) was cancelled
05-26 16:58:34.734 28916 29786 I MATDBManager: sqllite db insert success! insert row id:115
05-26 16:58:34.734 28916 29786 I MATDBManager: sqllite db capacity:1
05-26 16:58:34.759 31890 31890 I libc : SetHeapTaggingLevel: tag level set to 0
05-26 16:58:34.767 31890 31890 I .secretspace:p0: Using CollectorTypeCC GC.
05-26 16:58:34.774 31890 31890 E .secretspace:p0: Not starting debugger since process cannot load the jdwp agent.
05-26 16:58:34.787 31890 31890 D nativeloader: Load libframework-connectivity- tiramisu-jni.so using APEX ns com_android_tethering for caller /apex/com.android.tethering/javalib/framework-connectivity-t.jar: ok
05-26 16:58:34.794 31890 31890 W System.err: android.system.ErrnoException: open failed: ENOENT (No such file or directory)
05-26 16:58:34.794 31890 31890 W System.err: at libcore.io.Linux.open(Native Method)
05-26 16:58:34.794 31890 31890 W System.err: at libcore.io.ForwardingOs.open(ForwardingOs.java:563)
05-26 16:58:34.794 31890 31890 W System.err: at libcore.io.BlockGuardOs.open(BlockGuardOs.java:274)
05-26 16:58:34.794 31890 31890 W System.err: at libcore.io.ForwardingOs.open(ForwardingOs.java:563)
05-26 16:58:34.794 31890 31890 W System.err: at android.app.ActivityThread$AndroidOs.open(ActivityThread.java:8381)
05-26 16:58:34.794 31890 31890 W System.err: at android.system.Os.open(Os.java:494)
05-26 16:58:34.795 31890 31890 W System.err: at android.os.perfdebug.PerfDebugMonitorImpl.monitorVersionControl(PerfDebugMonitorImp l.java:206)
05-26 16:58:34.795 31890 31890 W System.err: at android.os.perfdebug.PerfDebugMonitorImpl.prepareMonitor(PerfDebugMonitorImpl.java: 187)
05-26 16:58:34.795 31890 31890 W System.err: at android.app.ActivityThread.main(ActivityThread.java:8468)
05-26 16:58:34.795 31890 31890 W System.err: at java.lang.reflect.Method.invoke(Native Method)
05-26 16:58:34.795 31890 31890 W System.err: at com.android.internal.os.RuntimeInit$MethodAndArgsCaller.run(RuntimeInit.java:561)
05-26 16:58:34.795 31890 31890 W System.err: at com.android.internal.os.ZygoteInit.main(ZygoteInit.java:954)
05-26 16:58:34.795 31890 31890 I MessageMonitor: Load libmiui_runtime
05-26 16:58:34.796 28916 28916 D VRI[ADLauncherActivity]: vri.reportNextDraw android.view.ViewRootImpl.performTraversals:4013 android.view.ViewRootImpl.doTraversal:2725 android.view.ViewRootImpl$TraversalRunnable.run:9812 android.view.Choreographer$CallbackRecord.run:1505 android.view.Choreographer$CallbackRecord.run:1513
05-26 16:58:34.796 28916 28916 D VRI[ADLauncherActivity]: vri.Setup new sync id=0 syncSeqId=0
05-26 16:58:34.803 28916 31215 I WM-WorkerWrapper: Work [ id=dc1f3551-6a92-4186- bf62-1a4a79dca3c4, tags={ com.tantan.dex.library.Dex2OatWorker, com.instagram.android } ] was cancelled
05-26 16:58:34.803 28916 31215 I WM-WorkerWrapper: java.util.concurrent.CancellationException: Task was cancelled.
05-26 16:58:34.803 28916 31215 I WM-WorkerWrapper: at androidx.work.impl.utils.futures.AbstractFuture.e(AbstractFuture.java:6)
05-26 16:58:34.803 28916 31215 I WM-WorkerWrapper: at androidx.work.impl.utils.futures.AbstractFuture.get(AbstractFuture.java:83)
05-26 16:58:34.803 28916 31215 I WM-WorkerWrapper: at h2.w0.run(WorkerWrapper.java:1)
05-26 16:58:34.803 28916 31215 I WM-WorkerWrapper: at q2.t$a.run(SerialExecutorImpl.java:1)
05-26 16:58:34.803 28916 31215 I WM-WorkerWrapper: at java.util.concurrent.ThreadPoolExecutor.runWorker(ThreadPoolExecutor.java:1145)
05-26 16:58:34.803 28916 31215 I WM-WorkerWrapper: at java.util.concurrent.ThreadPoolExecutor$Worker.run(ThreadPoolExecutor.java:644)
05-26 16:58:34.803 28916 31215 I WM-WorkerWrapper: at java.lang.Thread.run(Thread.java:1012)
05-26 16:58:34.818 31890 31890 D CompatibilityChangeReporter: Compat change id reported: 171979766; UID 11031; state: ENABLED
05-26 16:58:34.829 28916 29174 E perf_hint: Session creation failed, mPreferredRateNanos: -1
05-26 16:58:34.830 28916 28916 D VRI[ADLauncherActivity]: vri.reportDrawFinished syncSeqId=0 android.view.ViewRootImpl.lambda$createSyncIfNeeded$4$android-view- ViewRootImpl:4081 android.view.ViewRootImpl$$ExternalSyntheticLambda2.run:6 android.os.Handler.handleCallback:942 android.os.Handler.dispatchMessage:99 android.os.Looper.loopOnce:211
05-26 16:58:34.837 28916 28916 D DecorView[]: onWindowFocusChanged hasWindowFocus false
05-26 16:58:34.845 28916 28916 D VRI[ADLauncherActivity]: vri.reportNextDraw android.view.ViewRootImpl.handleResized:2083 android.view.ViewRootImpl.-$ $Nest$mhandleResized:0 android.view.ViewRootImpl$ViewRootHandler.handleMessageImpl:6167 android.view.ViewRootImpl$ViewRootHandler.handleMessage:6136 android.os.Handler.dispatchMessage:106
05-26 16:58:34.854 31890 31890 D ApplicationLoaders: Returning zygote-cached class loader: /system/framework/android.test.base.jar
05-26 16:58:34.859 31890 31890 D nativeloader: Configuring clns-4 for other apk /system/framework/org.apache.http.legacy.jar. target_sdk_version=34, uses_libraries=ALL, library_path=/data/app/~~y54zPcFPhS4BJ7wab6Ut5w==/com.hello.miheapp.secretspace- lxuufuIyEmU7T1oRw05RBA==/lib/arm64:/data/app/~~y54zPcFPhS4BJ7wab6Ut5w==/ com.hello.miheapp.secretspace-lxuufuIyEmU7T1oRw05RBA==/base.apk!/lib/arm64-v8a:/ data/app/~~y54zPcFPhS4BJ7wab6Ut5w==/com.hello.miheapp.secretspace- lxuufuIyEmU7T1oRw05RBA==/split_config.arm64_v8a.apk!/lib/arm64-v8a:/data/app/ ~~y54zPcFPhS4BJ7wab6Ut5w==/com.hello.miheapp.secretspace-lxuufuIyEmU7T1oRw05RBA==/ split_config.bn.apk!/lib/arm64-v8a:/data/app/~~y54zPcFPhS4BJ7wab6Ut5w==/ com.hello.miheapp.secretspace-lxuufuIyEmU7T1oRw05RBA==/split_config.en.apk!/lib/ arm64-v8a:/data/app/~~y54zPcFPhS4BJ7wab6Ut5w==/com.hello.miheapp.secretspace- lxuufuIyEmU7T1oRw05RBA==/split_config.gu.apk!/lib/arm64-v8a:/data/app/ ~~y54zPcFPhS4BJ7wab6Ut5w==/com.hello.miheapp.secretspace-lxuufuIyEmU7T1oRw05RBA==/ split_config.hi.apk!/lib/arm64-v8a:/data/app/~~y54zPcFPhS4BJ7wa
05-26 16:58:34.859 31890 31890 D nativeloader: Extending system_exposed_libraries: libbinauralrenderer_wrapper.qti.so:libhoaeffects.qti.so:libQOC.qti.so:libmisys_jni. xiaomi.so:libxiaomi_modemdumpsdx55_jni.modem.so:libxiaomi_modemdump_jni.modem.so:li bupdateprof.qti.so:libthermalclient.qti.so:libQOC.qti.so:libdiag_system.qti.so:libq ape.qti.so:liblistenjni.qti.so
05-26 16:58:34.890 28916 28916 D VRI[ADLauncherActivity]: vri.Setup new sync id=1 syncSeqId=0
05-26 16:58:34.906 28916 28916 D VRI[ADLauncherActivity]: vri.reportDrawFinished syncSeqId=0 android.view.ViewRootImpl.lambda$createSyncIfNeeded$4$android-view- ViewRootImpl:4081 android.view.ViewRootImpl$$ExternalSyntheticLambda2.run:6 android.os.Handler.handleCallback:942 android.os.Handler.dispatchMessage:99 android.os.Looper.loopOnce:211
05-26 16:58:34.908 28916 28916 D DecorView[]: onWindowFocusChanged hasWindowFocus true
05-26 16:58:34.909 28916 28916 I HandWritingStubImpl: refreshLastKeyboardType: 1
05-26 16:58:34.909 28916 28916 I HandWritingStubImpl: getCurrentKeyboardType: 1
05-26 16:58:34.911 29919 29932 D WM-WM-RemoteWorker List: Executing work request (eab2db31-dadd-4445-b0f1-2e18676c9217, com.tantan.dex.library.Dex2OatWorker)
05-26 16:58:34.930 29919 29954 E secretspace:dex: Attempt to load writable dex file: /data/user/0/com.hello.miheapp.secretspace/sandbox/data/app/com.instagram.android/ base.apk
05-26 16:58:34.931 29919 29954 W ziparchive: Unable to open '/data/user/0/com.hello.miheapp.secretspace/sandbox/data/app/com.instagram.android/ base.dm': No such file or directory
05-26 16:58:34.992 31890 31890 W ziparchive: Unable to open '/data/app/~~y54zPcFPhS4BJ7wab6Ut5w==/com.hello.miheapp.secretspace- lxuufuIyEmU7T1oRw05RBA==/split_config.arm64_v8a.dm': No such file or directory
05-26 16:58:34.992 31890 31890 W ziparchive: Unable to open '/data/app/~~y54zPcFPhS4BJ7wab6Ut5w==/com.hello.miheapp.secretspace- lxuufuIyEmU7T1oRw05RBA==/split_config.arm64_v8a.dm': No such file or directory
05-26 16:58:34.992 31890 31890 W .secretspace:p0: Entry not found
05-26 16:58:34.993 31890 31890 W ziparchive: Unable to open '/data/app/~~y54zPcFPhS4BJ7wab6Ut5w==/com.hello.miheapp.secretspace- lxuufuIyEmU7T1oRw05RBA==/split_config.bn.dm': No such file or directory
05-26 16:58:34.993 31890 31890 W ziparchive: Unable to open '/data/app/~~y54zPcFPhS4BJ7wab6Ut5w==/com.hello.miheapp.secretspace- lxuufuIyEmU7T1oRw05RBA==/split_config.bn.dm': No such file or directory
05-26 16:58:34.993 31890 31890 W .secretspace:p0: Entry not found
05-26 16:58:34.994 31890 31890 W ziparchive: Unable to open '/data/app/~~y54zPcFPhS4BJ7wab6Ut5w==/com.hello.miheapp.secretspace- lxuufuIyEmU7T1oRw05RBA==/split_config.en.dm': No such file or directory
05-26 16:58:34.994 31890 31890 W ziparchive: Unable to open '/data/app/~~y54zPcFPhS4BJ7wab6Ut5w==/com.hello.miheapp.secretspace- lxuufuIyEmU7T1oRw05RBA==/split_config.en.dm': No such file or directory
05-26 16:58:34.994 31890 31890 W .secretspace:p0: Entry not found
05-26 16:58:34.994 31890 31890 W ziparchive: Unable to open '/data/app/~~y54zPcFPhS4BJ7wab6Ut5w==/com.hello.miheapp.secretspace- lxuufuIyEmU7T1oRw05RBA==/split_config.gu.dm': No such file or directory
05-26 16:58:34.994 31890 31890 W ziparchive: Unable to open '/data/app/~~y54zPcFPhS4BJ7wab6Ut5w==/com.hello.miheapp.secretspace- lxuufuIyEmU7T1oRw05RBA==/split_config.gu.dm': No such file or directory
05-26 16:58:34.994 31890 31890 W .secretspace:p0: Entry not found
05-26 16:58:34.995 31890 31890 W ziparchive: Unable to open '/data/app/~~y54zPcFPhS4BJ7wab6Ut5w==/com.hello.miheapp.secretspace- lxuufuIyEmU7T1oRw05RBA==/split_config.hi.dm': No such file or directory
05-26 16:58:34.995 31890 31890 W ziparchive: Unable to open '/data/app/~~y54zPcFPhS4BJ7wab6Ut5w==/com.hello.miheapp.secretspace- lxuufuIyEmU7T1oRw05RBA==/split_config.hi.dm': No such file or directory
05-26 16:58:34.995 31890 31890 W .secretspace:p0: Entry not found
05-26 16:58:34.995 31890 31890 W ziparchive: Unable to open '/data/app/~~y54zPcFPhS4BJ7wab6Ut5w==/com.hello.miheapp.secretspace- lxuufuIyEmU7T1oRw05RBA==/split_config.kn.dm': No such file or directory
05-26 16:58:34.995 31890 31890 W ziparchive: Unable to open '/data/app/~~y54zPcFPhS4BJ7wab6Ut5w==/com.hello.miheapp.secretspace- lxuufuIyEmU7T1oRw05RBA==/split_config.kn.dm': No such file or directory
05-26 16:58:34.995 31890 31890 W .secretspace:p0: Entry not found
05-26 16:58:34.996 31890 31890 W ziparchive: Unable to open '/data/app/~~y54zPcFPhS4BJ7wab6Ut5w==/com.hello.miheapp.secretspace- lxuufuIyEmU7T1oRw05RBA==/split_config.mr.dm': No such file or directory
05-26 16:58:34.996 31890 31890 W ziparchive: Unable to open '/data/app/~~y54zPcFPhS4BJ7wab6Ut5w==/com.hello.miheapp.secretspace- lxuufuIyEmU7T1oRw05RBA==/split_config.mr.dm': No such file or directory
05-26 16:58:34.996 31890 31890 W .secretspace:p0: Entry not found
05-26 16:58:35.005 31890 31890 W ziparchive: Unable to open '/data/app/~~y54zPcFPhS4BJ7wab6Ut5w==/com.hello.miheapp.secretspace- lxuufuIyEmU7T1oRw05RBA==/split_config.ta.dm': No such file or directory
05-26 16:58:35.005 31890 31890 W ziparchive: Unable to open '/data/app/~~y54zPcFPhS4BJ7wab6Ut5w==/com.hello.miheapp.secretspace- lxuufuIyEmU7T1oRw05RBA==/split_config.ta.dm': No such file or directory
05-26 16:58:35.005 31890 31890 W .secretspace:p0: Entry not found
05-26 16:58:35.006 31890 31890 W ziparchive: Unable to open '/data/app/~~y54zPcFPhS4BJ7wab6Ut5w==/com.hello.miheapp.secretspace- lxuufuIyEmU7T1oRw05RBA==/split_config.te.dm': No such file or directory
05-26 16:58:35.006 31890 31890 W ziparchive: Unable to open '/data/app/~~y54zPcFPhS4BJ7wab6Ut5w==/com.hello.miheapp.secretspace- lxuufuIyEmU7T1oRw05RBA==/split_config.te.dm': No such file or directory
05-26 16:58:35.006 31890 31890 W .secretspace:p0: Entry not found
05-26 16:58:35.007 31890 31890 W ziparchive: Unable to open '/data/app/~~y54zPcFPhS4BJ7wab6Ut5w==/com.hello.miheapp.secretspace- lxuufuIyEmU7T1oRw05RBA==/split_config.xxhdpi.dm': No such file or directory
05-26 16:58:35.007 31890 31890 W ziparchive: Unable to open '/data/app/~~y54zPcFPhS4BJ7wab6Ut5w==/com.hello.miheapp.secretspace- lxuufuIyEmU7T1oRw05RBA==/split_config.xxhdpi.dm': No such file or directory
05-26 16:58:35.007 31890 31890 W .secretspace:p0: Entry not found
05-26 16:58:35.009 31890 31890 D nativeloader: Configuring clns-5 for other apk /data/app/~~y54zPcFPhS4BJ7wab6Ut5w==/com.hello.miheapp.secretspace- lxuufuIyEmU7T1oRw05RBA==/base.apk:/data/app/~~y54zPcFPhS4BJ7wab6Ut5w==/ com.hello.miheapp.secretspace-lxuufuIyEmU7T1oRw05RBA==/ split_config.arm64_v8a.apk:/data/app/~~y54zPcFPhS4BJ7wab6Ut5w==/ com.hello.miheapp.secretspace-lxuufuIyEmU7T1oRw05RBA==/split_config.bn.apk:/data/ app/~~y54zPcFPhS4BJ7wab6Ut5w==/com.hello.miheapp.secretspace- lxuufuIyEmU7T1oRw05RBA==/split_config.en.apk:/data/app/~~y54zPcFPhS4BJ7wab6Ut5w==/ com.hello.miheapp.secretspace-lxuufuIyEmU7T1oRw05RBA==/split_config.gu.apk:/data/ app/~~y54zPcFPhS4BJ7wab6Ut5w==/com.hello.miheapp.secretspace- lxuufuIyEmU7T1oRw05RBA==/split_config.hi.apk:/data/app/~~y54zPcFPhS4BJ7wab6Ut5w==/ com.hello.miheapp.secretspace-lxuufuIyEmU7T1oRw05RBA==/split_config.kn.apk:/data/ app/~~y54zPcFPhS4BJ7wab6Ut5w==/com.hello.miheapp.secretspace- lxuufuIyEmU7T1oRw05RBA==/split_config.mr.apk:/data/app/~~y54zPcFPhS4BJ7wab6Ut5w==/ com.hello.miheapp.secretspace-lxuufuIyEmU7T1oRw05RBA==/split_
05-26 16:58:35.023 31890 31890 D nativeloader: Load libframework-connectivity- jni.so using APEX ns com_android_tethering for caller /apex/com.android.tethering/javalib/framework-connectivity.jar: ok
05-26 16:58:35.025 31890 31890 I Perf : Connecting to perf service.
05-26 16:58:35.037 31890 31890 V GraphicsEnvironment: ANGLE Developer option for 'com.hello.miheapp.secretspace' set to: 'default'
05-26 16:58:35.038 31890 31890 V GraphicsEnvironment: ANGLE GameManagerService for com.hello.miheapp.secretspace: false
05-26 16:58:35.039 31890 31890 V GraphicsEnvironment: App is not on the allowlist for updatable production driver.
05-26 16:58:35.047 31890 31890 I ForceDarkHelperStubImpl: initialize for com.hello.miheapp.secretspace , ForceDarkOrigin
05-26 16:58:35.050 31890 31890 D nativeloader: Load libforcedarkimpl.so using system ns (caller=/system_ext/framework/miui-framework.jar): ok
05-26 16:58:35.050 31890 31890 D .secretspace:p0: JNI_OnLoad success
05-26 16:58:35.050 31890 31890 I MiuiForceDarkConfig: setConfig density:2.750000, mainRule:0, secondaryRule:0, tertiaryRule:0
05-26 16:58:35.055 31890 31890 D NetworkSecurityConfig: Using Network Security Config from resource network_security_config debugBuild: false
05-26 16:58:35.057 31890 31890 D NetworkSecurityConfig: Using Network Security Config from resource network_security_config debugBuild: false
05-26 16:58:35.062 31890 31890 D nativeloader: Load /data/app/~~y54zPcFPhS4BJ7wab6Ut5w==/com.hello.miheapp.secretspace- lxuufuIyEmU7T1oRw05RBA==/split_config.arm64_v8a.apk!/lib/arm64-v8a/librepublic.so using ns clns-5 from class loader (caller=/data/app/~~y54zPcFPhS4BJ7wab6Ut5w==/com.hello.miheapp.secretspace- lxuufuIyEmU7T1oRw05RBA==/base.apk): ok
05-26 16:58:35.358 31890 31890 W Glide : Failed to find GeneratedAppGlideModule. You should include an annotationProcessor compile dependency on com.github.bumptech.glide:compiler in your application and a @GlideModule annotated AppGlideModule implementation or LibraryGlideModules will be silently ignored
05-26 16:58:35.395 31890 31890 D CompatibilityChangeReporter: Compat change id reported: 183155436; UID 11031; state: ENABLED
05-26 16:58:35.397 31890 31890 D SessionsDependencies: Dependency to CRASHLYTICS added.
05-26 16:58:35.399 31890 31890 I FirebaseApp: Device unlocked: initializing all Firebase APIs for app [DEFAULT]
05-26 16:58:35.400 31890 31890 I FirebaseCrashlytics: Initializing Firebase Crashlytics 18.6.2 for com.hello.miheapp.secretspace
05-26 16:58:35.428 31890 31890 D SessionsDependencies: Subscriber CRASHLYTICS registered.
05-26 16:58:35.505 31890 31917 I FirebaseCrashlytics: No version control information found
05-26 16:58:35.506 31890 31890 D FirebaseSessions: Initializing Firebase Sessions SDK.
05-26 16:58:35.508 31890 31890 I FirebaseApp: FirebaseApp initialization successful
05-26 16:58:35.509 31890 31927 D LifecycleServiceBinder: Binding service to application.
05-26 16:58:35.514 31926 31926 I libc : SetHeapTaggingLevel: tag level set to 0
05-26 16:58:35.525 31926 31926 I .secretspace:p1: Using CollectorTypeCC GC.
05-26 16:58:35.530 31926 31926 E .secretspace:p1: Not starting debugger since process cannot load the jdwp agent.
05-26 16:58:35.535 31926 31926 D nativeloader: Load libframework-connectivity- tiramisu-jni.so using APEX ns com_android_tethering for caller /apex/com.android.tethering/javalib/framework-connectivity-t.jar: ok
05-26 16:58:35.541 31926 31926 W System.err: android.system.ErrnoException: open failed: ENOENT (No such file or directory)
05-26 16:58:35.541 31926 31926 W System.err: at libcore.io.Linux.open(Native Method)
05-26 16:58:35.541 31926 31926 W System.err: at libcore.io.ForwardingOs.open(ForwardingOs.java:563)
05-26 16:58:35.541 31926 31926 W System.err: at libcore.io.BlockGuardOs.open(BlockGuardOs.java:274)
05-26 16:58:35.541 31926 31926 W System.err: at libcore.io.ForwardingOs.open(ForwardingOs.java:563)
05-26 16:58:35.541 31926 31926 W System.err: at android.app.ActivityThread$AndroidOs.open(ActivityThread.java:8381)
05-26 16:58:35.541 31926 31926 W System.err: at android.system.Os.open(Os.java:494)
05-26 16:58:35.541 31926 31926 W System.err: at android.os.perfdebug.PerfDebugMonitorImpl.monitorVersionControl(PerfDebugMonitorImp l.java:206)
05-26 16:58:35.541 31926 31926 W System.err: at android.os.perfdebug.PerfDebugMonitorImpl.prepareMonitor(PerfDebugMonitorImpl.java: 187)
05-26 16:58:35.541 31926 31926 W System.err: at android.app.ActivityThread.main(ActivityThread.java:8468)
05-26 16:58:35.541 31926 31926 W System.err: at java.lang.reflect.Method.invoke(Native Method)
05-26 16:58:35.541 31926 31926 W System.err: at com.android.internal.os.RuntimeInit$MethodAndArgsCaller.run(RuntimeInit.java:561)
05-26 16:58:35.541 31926 31926 W System.err: at com.android.internal.os.ZygoteInit.main(ZygoteInit.java:954)
05-26 16:58:35.542 31926 31926 I MessageMonitor: Load libmiui_runtime
05-26 16:58:35.571 31926 31926 D CompatibilityChangeReporter: Compat change id reported: 171979766; UID 11031; state: ENABLED
05-26 16:58:35.592 31926 31926 D ApplicationLoaders: Returning zygote-cached class loader: /system/framework/android.test.base.jar
05-26 16:58:35.598 31926 31926 D nativeloader: Configuring clns-4 for other apk /system/framework/org.apache.http.legacy.jar. target_sdk_version=34, uses_libraries=ALL, library_path=/data/app/~~y54zPcFPhS4BJ7wab6Ut5w==/com.hello.miheapp.secretspace- lxuufuIyEmU7T1oRw05RBA==/lib/arm64:/data/app/~~y54zPcFPhS4BJ7wab6Ut5w==/ com.hello.miheapp.secretspace-lxuufuIyEmU7T1oRw05RBA==/base.apk!/lib/arm64-v8a:/ data/app/~~y54zPcFPhS4BJ7wab6Ut5w==/com.hello.miheapp.secretspace- lxuufuIyEmU7T1oRw05RBA==/split_config.arm64_v8a.apk!/lib/arm64-v8a:/data/app/ ~~y54zPcFPhS4BJ7wab6Ut5w==/com.hello.miheapp.secretspace-lxuufuIyEmU7T1oRw05RBA==/ split_config.bn.apk!/lib/arm64-v8a:/data/app/~~y54zPcFPhS4BJ7wab6Ut5w==/ com.hello.miheapp.secretspace-lxuufuIyEmU7T1oRw05RBA==/split_config.en.apk!/lib/ arm64-v8a:/data/app/~~y54zPcFPhS4BJ7wab6Ut5w==/com.hello.miheapp.secretspace- lxuufuIyEmU7T1oRw05RBA==/split_config.gu.apk!/lib/arm64-v8a:/data/app/ ~~y54zPcFPhS4BJ7wab6Ut5w==/com.hello.miheapp.secretspace-lxuufuIyEmU7T1oRw05RBA==/ split_config.hi.apk!/lib/arm64-v8a:/data/app/~~y54zPcFPhS4BJ7wa
05-26 16:58:35.598 31926 31926 D nativeloader: Extending system_exposed_libraries: libbinauralrenderer_wrapper.qti.so:libhoaeffects.qti.so:libQOC.qti.so:libmisys_jni. xiaomi.so:libxiaomi_modemdumpsdx55_jni.modem.so:libxiaomi_modemdump_jni.modem.so:li bupdateprof.qti.so:libthermalclient.qti.so:libQOC.qti.so:libdiag_system.qti.so:libq ape.qti.so:liblistenjni.qti.so
05-26 16:58:35.612 31890 31890 D nativeloader: Load /data/app/~~y54zPcFPhS4BJ7wab6Ut5w==/com.hello.miheapp.secretspace- lxuufuIyEmU7T1oRw05RBA==/split_config.arm64_v8a.apk!/lib/arm64-v8a/libsandbox.so using ns clns-5 from class loader (caller=/data/app/~~y54zPcFPhS4BJ7wab6Ut5w==/com.hello.miheapp.secretspace- lxuufuIyEmU7T1oRw05RBA==/base.apk): ok
05-26 16:58:35.613 31890 31890 D NativeCore: NativeCore init.
05-26 16:58:35.613 31890 31890 D NativeCore: found art method entrypoint jni offset: 2
05-26 16:58:35.613 31890 31890 D NativeCore: not found art method match access flags offset , use default: 4
05-26 16:58:35.690 31890 31890 E NativeCore: not native method
05-26 16:58:35.690 31890 31890 E NativeCore: check flags error. class:java/io/UnixFileSystem, method:canonicalize0
05-26 16:58:35.690 31890 31890 D NativeCore: register class:java/io/UnixFileSystem, method:getBooleanAttributes0 success!
05-26 16:58:35.690 31890 31890 D NativeCore: register class:java/io/UnixFileSystem, method:getLastModifiedTime0 success!
05-26 16:58:35.690 31890 31890 D NativeCore: register class:java/io/UnixFileSystem, method:setPermission0 success!
05-26 16:58:35.690 31890 31890 D NativeCore: register class:java/io/UnixFileSystem, method:createFileExclusively0 success!
05-26 16:58:35.690 31890 31890 D NativeCore: register class:java/io/UnixFileSystem, method:list0 success!
05-26 16:58:35.690 31890 31890 D NativeCore: register class:java/io/UnixFileSystem, method:createDirectory0 success!
05-26 16:58:35.690 31890 31890 D NativeCore: register class:java/io/UnixFileSystem, method:setLastModifiedTime0 success!
05-26 16:58:35.690 31890 31890 D NativeCore: register class:java/io/UnixFileSystem, method:setReadOnly0 success!
05-26 16:58:35.690 31890 31890 D NativeCore: register class:java/io/UnixFileSystem, method:getSpace0 success!
05-26 16:58:35.690 31890 31890 D NativeCore: register class:java/lang/VMClassLoader, method:findLoadedClass success!
05-26 16:58:35.690 31890 31890 D NativeCore: register class:android/os/Binder, method:getCallingUid success!
05-26 16:58:35.690 31890 31890 D NativeCore: register class:dalvik/system/VMRuntime, method:setHiddenApiExemptions success!
05-26 16:58:35.700 31890 31890 W ziparchive: Unable to open '/data/user/0/com.hello.miheapp.secretspace/sandbox/data/app/com.instagram.android/ base.dm': No such file or directory
05-26 16:58:35.794 31926 31926 W ziparchive: Unable to open '/data/app/~~y54zPcFPhS4BJ7wab6Ut5w==/com.hello.miheapp.secretspace- lxuufuIyEmU7T1oRw05RBA==/split_config.arm64_v8a.dm': No such file or directory
05-26 16:58:35.794 31926 31926 W ziparchive: Unable to open '/data/app/~~y54zPcFPhS4BJ7wab6Ut5w==/com.hello.miheapp.secretspace- lxuufuIyEmU7T1oRw05RBA==/split_config.arm64_v8a.dm': No such file or directory
05-26 16:58:35.795 31926 31926 W .secretspace:p1: Entry not found
05-26 16:58:35.796 31926 31926 W ziparchive: Unable to open '/data/app/~~y54zPcFPhS4BJ7wab6Ut5w==/com.hello.miheapp.secretspace- lxuufuIyEmU7T1oRw05RBA==/split_config.bn.dm': No such file or directory
05-26 16:58:35.796 31926 31926 W ziparchive: Unable to open '/data/app/~~y54zPcFPhS4BJ7wab6Ut5w==/com.hello.miheapp.secretspace- lxuufuIyEmU7T1oRw05RBA==/split_config.bn.dm': No such file or directory
05-26 16:58:35.797 31926 31926 W .secretspace:p1: Entry not found
05-26 16:58:35.798 31926 31926 W ziparchive: Unable to open '/data/app/~~y54zPcFPhS4BJ7wab6Ut5w==/com.hello.miheapp.secretspace- lxuufuIyEmU7T1oRw05RBA==/split_config.en.dm': No such file or directory
05-26 16:58:35.798 31926 31926 W ziparchive: Unable to open '/data/app/~~y54zPcFPhS4BJ7wab6Ut5w==/com.hello.miheapp.secretspace- lxuufuIyEmU7T1oRw05RBA==/split_config.en.dm': No such file or directory
05-26 16:58:35.799 31926 31926 W .secretspace:p1: Entry not found
05-26 16:58:35.800 31926 31926 W ziparchive: Unable to open '/data/app/~~y54zPcFPhS4BJ7wab6Ut5w==/com.hello.miheapp.secretspace- lxuufuIyEmU7T1oRw05RBA==/split_config.gu.dm': No such file or directory
05-26 16:58:35.800 31926 31926 W ziparchive: Unable to open '/data/app/~~y54zPcFPhS4BJ7wab6Ut5w==/com.hello.miheapp.secretspace- lxuufuIyEmU7T1oRw05RBA==/split_config.gu.dm': No such file or directory
05-26 16:58:35.801 31926 31926 W .secretspace:p1: Entry not found
05-26 16:58:35.801 31926 31926 W ziparchive: Unable to open '/data/app/~~y54zPcFPhS4BJ7wab6Ut5w==/com.hello.miheapp.secretspace- lxuufuIyEmU7T1oRw05RBA==/split_config.hi.dm': No such file or directory
05-26 16:58:35.801 31926 31926 W ziparchive: Unable to open '/data/app/~~y54zPcFPhS4BJ7wab6Ut5w==/com.hello.miheapp.secretspace- lxuufuIyEmU7T1oRw05RBA==/split_config.hi.dm': No such file or directory
05-26 16:58:35.802 31926 31926 W .secretspace:p1: Entry not found
05-26 16:58:35.803 31926 31926 W ziparchive: Unable to open '/data/app/~~y54zPcFPhS4BJ7wab6Ut5w==/com.hello.miheapp.secretspace- lxuufuIyEmU7T1oRw05RBA==/split_config.kn.dm': No such file or directory
05-26 16:58:35.803 31926 31926 W ziparchive: Unable to open '/data/app/~~y54zPcFPhS4BJ7wab6Ut5w==/com.hello.miheapp.secretspace- lxuufuIyEmU7T1oRw05RBA==/split_config.kn.dm': No such file or directory
05-26 16:58:35.803 31926 31926 W .secretspace:p1: Entry not found
05-26 16:58:35.805 31926 31926 W ziparchive: Unable to open '/data/app/~~y54zPcFPhS4BJ7wab6Ut5w==/com.hello.miheapp.secretspace- lxuufuIyEmU7T1oRw05RBA==/split_config.mr.dm': No such file or directory
05-26 16:58:35.805 31926 31926 W ziparchive: Unable to open '/data/app/~~y54zPcFPhS4BJ7wab6Ut5w==/com.hello.miheapp.secretspace- lxuufuIyEmU7T1oRw05RBA==/split_config.mr.dm': No such file or directory
05-26 16:58:35.806 31926 31926 W .secretspace:p1: Entry not found
05-26 16:58:35.807 31926 31926 W ziparchive: Unable to open '/data/app/~~y54zPcFPhS4BJ7wab6Ut5w==/com.hello.miheapp.secretspace- lxuufuIyEmU7T1oRw05RBA==/split_config.ta.dm': No such file or directory
05-26 16:58:35.807 31926 31926 W ziparchive: Unable to open '/data/app/~~y54zPcFPhS4BJ7wab6Ut5w==/com.hello.miheapp.secretspace- lxuufuIyEmU7T1oRw05RBA==/split_config.ta.dm': No such file or directory
05-26 16:58:35.807 31926 31926 W .secretspace:p1: Entry not found
05-26 16:58:35.808 31926 31926 W ziparchive: Unable to open '/data/app/~~y54zPcFPhS4BJ7wab6Ut5w==/com.hello.miheapp.secretspace- lxuufuIyEmU7T1oRw05RBA==/split_config.te.dm': No such file or directory
05-26 16:58:35.808 31926 31926 W ziparchive: Unable to open '/data/app/~~y54zPcFPhS4BJ7wab6Ut5w==/com.hello.miheapp.secretspace- lxuufuIyEmU7T1oRw05RBA==/split_config.te.dm': No such file or directory
05-26 16:58:35.809 31926 31926 W .secretspace:p1: Entry not found
05-26 16:58:35.809 31926 31926 W ziparchive: Unable to open '/data/app/~~y54zPcFPhS4BJ7wab6Ut5w==/com.hello.miheapp.secretspace- lxuufuIyEmU7T1oRw05RBA==/split_config.xxhdpi.dm': No such file or directory
05-26 16:58:35.809 31926 31926 W ziparchive: Unable to open '/data/app/~~y54zPcFPhS4BJ7wab6Ut5w==/com.hello.miheapp.secretspace- lxuufuIyEmU7T1oRw05RBA==/split_config.xxhdpi.dm': No such file or directory
05-26 16:58:35.810 31926 31926 W .secretspace:p1: Entry not found
05-26 16:58:35.813 31926 31926 D nativeloader: Configuring clns-5 for other apk /data/app/~~y54zPcFPhS4BJ7wab6Ut5w==/com.hello.miheapp.secretspace- lxuufuIyEmU7T1oRw05RBA==/base.apk:/data/app/~~y54zPcFPhS4BJ7wab6Ut5w==/ com.hello.miheapp.secretspace-lxuufuIyEmU7T1oRw05RBA==/ split_config.arm64_v8a.apk:/data/app/~~y54zPcFPhS4BJ7wab6Ut5w==/ com.hello.miheapp.secretspace-lxuufuIyEmU7T1oRw05RBA==/split_config.bn.apk:/data/ app/~~y54zPcFPhS4BJ7wab6Ut5w==/com.hello.miheapp.secretspace- lxuufuIyEmU7T1oRw05RBA==/split_config.en.apk:/data/app/~~y54zPcFPhS4BJ7wab6Ut5w==/ com.hello.miheapp.secretspace-lxuufuIyEmU7T1oRw05RBA==/split_config.gu.apk:/data/ app/~~y54zPcFPhS4BJ7wab6Ut5w==/com.hello.miheapp.secretspace- lxuufuIyEmU7T1oRw05RBA==/split_config.hi.apk:/data/app/~~y54zPcFPhS4BJ7wab6Ut5w==/ com.hello.miheapp.secretspace-lxuufuIyEmU7T1oRw05RBA==/split_config.kn.apk:/data/ app/~~y54zPcFPhS4BJ7wab6Ut5w==/com.hello.miheapp.secretspace- lxuufuIyEmU7T1oRw05RBA==/split_config.mr.apk:/data/app/~~y54zPcFPhS4BJ7wab6Ut5w==/ com.hello.miheapp.secretspace-lxuufuIyEmU7T1oRw05RBA==/split_
05-26 16:58:35.838 31926 31926 D nativeloader: Load libframework-connectivity- jni.so using APEX ns com_android_tethering for caller /apex/com.android.tethering/javalib/framework-connectivity.jar: ok
05-26 16:58:35.842 31926 31926 I Perf : Connecting to perf service.
05-26 16:58:35.858 31926 31926 V GraphicsEnvironment: ANGLE Developer option for 'com.hello.miheapp.secretspace' set to: 'default'
05-26 16:58:35.859 31926 31926 V GraphicsEnvironment: ANGLE GameManagerService for com.hello.miheapp.secretspace: false
05-26 16:58:35.860 31926 31926 V GraphicsEnvironment: App is not on the allowlist for updatable production driver.
05-26 16:58:35.876 31926 31926 I ForceDarkHelperStubImpl: initialize for com.hello.miheapp.secretspace , ForceDarkOrigin
05-26 16:58:35.878 31926 31926 D nativeloader: Load libforcedarkimpl.so using system ns (caller=/system_ext/framework/miui-framework.jar): ok
05-26 16:58:35.878 31926 31926 D .secretspace:p1: JNI_OnLoad success
05-26 16:58:35.878 31926 31926 I MiuiForceDarkConfig: setConfig density:2.750000, mainRule:0, secondaryRule:0, tertiaryRule:0
05-26 16:58:35.886 31926 31926 D NetworkSecurityConfig: Using Network Security Config from resource network_security_config debugBuild: false
05-26 16:58:35.887 31926 31926 D NetworkSecurityConfig: Using Network Security Config from resource network_security_config debugBuild: false
