05-26 16:57:37.171 28916 28916 D DecorView[]: onWindowFocusChanged hasWindowFocus true
05-26 16:57:37.172 28916 28916 I HandWritingStubImpl: refreshLastKeyboardType: 1
05-26 16:57:37.172 28916 28916 I HandWritingStubImpl: getCurrentKeyboardType: 1
05-26 16:57:37.701 28916 28916 E WindowManager: android.view.WindowLeaked: Activity com.hello.sandbox.ui.lock.AppLockActivity has leaked window android.widget.PopupWindow$PopupDecorView{7b186d0 V.E...... R......D 0,0-1080,253} that was originally added here
05-26 16:57:37.701 28916 28916 E WindowManager: at android.view.ViewRootImpl.<init>(ViewRootImpl.java:1076)
05-26 16:57:37.701 28916 28916 E WindowManager: at android.view.ViewRootImpl.<init>(ViewRootImpl.java:1060)
05-26 16:57:37.701 28916 28916 E WindowManager: at android.view.WindowManagerGlobal.addView(WindowManagerGlobal.java:411)
05-26 16:57:37.701 28916 28916 E WindowManager: at android.view.WindowManagerGlobal.addView(WindowManagerGlobal.java:314)
05-26 16:57:37.701 28916 28916 E WindowManager: at android.view.WindowManagerImpl.addView(WindowManagerImpl.java:156)
05-26 16:57:37.701 28916 28916 E WindowManager: at android.widget.PopupWindow.invokePopup(PopupWindow.java:1583)
05-26 16:57:37.701 28916 28916 E WindowManager: at android.widget.PopupWindow.showAtLocation(PopupWindow.java:1349)
05-26 16:57:37.701 28916 28916 E WindowManager: at android.widget.PopupWindow.showAtLocation(PopupWindow.java:1315)
05-26 16:57:37.701 28916 28916 E WindowManager: at sh.i.k(SimplePushBubble.java:18)
05-26 16:57:37.701 28916 28916 E WindowManager: at sh.d.a(PushBubbleManager.java:14)
05-26 16:57:37.701 28916 28916 E WindowManager: at com.hello.sandbox.ui.lock.AppLockActivity.checkAndShowSecretTip(AppLockActivity.kt: 13)
05-26 16:57:37.701 28916 28916 E WindowManager: at com.hello.sandbox.ui.lock.AppLockActivity.onWindowFocusChanged(AppLockActivity.kt:3 )
05-26 16:57:37.701 28916 28916 E WindowManager: at i.i.onWindowFocusChanged(Unknown Source:2)
05-26 16:57:37.701 28916 28916 E WindowManager: at com.android.internal.policy.DecorView.onWindowFocusChanged(DecorView.java:1976)
05-26 16:57:37.701 28916 28916 E WindowManager: at android.view.View.dispatchWindowFocusChanged(View.java:15449)
05-26 16:57:37.701 28916 28916 E WindowManager: at android.view.ViewGroup.dispatchWindowFocusChanged(ViewGroup.java:1518)
05-26 16:57:37.701 28916 28916 E WindowManager: at android.view.ViewRootImpl.handleWindowFocusChanged(ViewRootImpl.java:4222)
05-26 16:57:37.701 28916 28916 E WindowManager: at android.view.ViewRootImpl.-$$Nest$mhandleWindowFocusChanged(Unknown Source:0)
05-26 16:57:37.701 28916 28916 E WindowManager: at android.view.ViewRootImpl$ViewRootHandler.handleMessageImpl(ViewRootImpl.java:6236)
05-26 16:57:37.701 28916 28916 E WindowManager: at android.view.ViewRootImpl$ViewRootHandler.handleMessage(ViewRootImpl.java:6136)
05-26 16:57:37.701 28916 28916 E WindowManager: at android.os.Handler.dispatchMessage(Handler.java:106)
05-26 16:57:37.701 28916 28916 E WindowManager: at android.os.Looper.loopOnce(Looper.java:211)
05-26 16:57:37.701 28916 28916 E WindowManager: at android.os.Looper.loop(Looper.java:300)
05-26 16:57:37.701 28916 28916 E WindowManager: at android.app.ActivityThread.main(ActivityThread.java:8503)
05-26 16:57:37.701 28916 28916 E WindowManager: at java.lang.reflect.Method.invoke(Native Method)
05-26 16:57:37.701 28916 28916 E WindowManager: at com.android.internal.os.RuntimeInit$MethodAndArgsCaller.run(RuntimeInit.java:561)
05-26 16:57:37.701 28916 28916 E WindowManager: at com.android.internal.os.ZygoteInit.main(ZygoteInit.java:954)
05-26 16:57:39.373 28916 29786 I MATDBManager: sqllite db insert success! insert row id:56
05-26 16:57:39.374 28916 29786 I MATDBManager: sqllite db capacity:1
05-26 16:57:41.963 28916 29786 I MATDBManager: sqllite db insert success! insert row id:57
05-26 16:57:41.965 28916 29786 I MATDBManager: sqllite db capacity:2
05-26 16:57:42.119 28916 29174 W RenderInspector: DequeueBuffer time out on com.hello.miheapp.secretspace/com.hello.sandbox.ui.home.HomeAct, count=1, avg=22 ms, max=22 ms.
05-26 16:57:42.991 28916 29174 W RenderInspector: DequeueBuffer time out on com.hello.miheapp.secretspace/com.hello.sandbox.ui.home.HomeAct, count=1, avg=18 ms, max=18 ms.
05-26 16:57:44.825 28916 28960 D SessionLifecycleClient: Sending lifecycle 2 to service
05-26 16:57:44.827 28916 29202 D SessionLifecycleService: Activity backgrounding at 1627191349
05-26 16:57:44.838 28916 29786 I MATDBManager: sqllite db insert success! insert row id:58
05-26 16:57:44.838 28916 29786 I MATDBManager: sqllite db capacity:3
05-26 16:57:44.851 28916 28916 D DecorView[]: onWindowFocusChanged hasWindowFocus false
05-26 16:57:46.846 28916 29008 I FA : Application backgrounded at: timestamp_millis: 1748258864845
05-26 16:57:53.139 28916 28960 D SessionLifecycleClient: Sending lifecycle 1 to service
05-26 16:57:53.140 28916 29202 D SessionLifecycleService: Activity foregrounding at 1627199663.
05-26 16:57:53.232 28916 29786 I MATDBManager: sqllite db insert success! insert row id:59
05-26 16:57:53.242 28916 28916 W Activity: PerfMonitor: Slow Operation: Activity com.hello.miheapp.secretspace/com.hello.sandbox.ui.home.HomeAct onResume took 107ms
05-26 16:57:53.243 28916 29786 I MATDBManager: sqllite db capacity:4
05-26 16:57:53.293 28916 28916 D VRI[HomeAct]: vri.reportNextDraw android.view.ViewRootImpl.performTraversals:4013 android.view.ViewRootImpl.doTraversal:2725 android.view.ViewRootImpl$TraversalRunnable.run:9812 android.view.Choreographer$CallbackRecord.run:1505 android.view.Choreographer$CallbackRecord.run:1513
05-26 16:57:53.293 28916 28916 D VRI[HomeAct]: vri.Setup new sync id=9 syncSeqId=0
05-26 16:57:53.324 28916 28916 D VRI[HomeAct]: vri.reportDrawFinished syncSeqId=0 android.view.ViewRootImpl.lambda$createSyncIfNeeded$4$android-view- ViewRootImpl:4081 android.view.ViewRootImpl$$ExternalSyntheticLambda2.run:6 android.os.Handler.handleCallback:942 android.os.Handler.dispatchMessage:99 android.os.Looper.loopOnce:211
05-26 16:57:53.340 28916 28972 D SessionLifecycleClient: Sending lifecycle 2 to service
05-26 16:57:53.340 28916 29202 D SessionLifecycleService: Activity backgrounding at 1627199864
05-26 16:57:53.383 28916 28916 D IS_CTS_MODE: false
05-26 16:57:53.383 28916 28916 D MULTI_WINDOW_ENABLED: false
05-26 16:57:53.385 28916 28916 D DecorView[]: getWindowModeFromSystem windowmode is 1
05-26 16:57:53.393 28916 28916 D ScrollerOptimizationManager: registerConfigChangedListener
05-26 16:57:53.457 28916 28971 D SessionLifecycleClient: Sending lifecycle 1 to service
05-26 16:57:53.457 28916 29202 D SessionLifecycleService: Activity foregrounding at 1627199981.
05-26 16:57:53.511 28916 28916 D VRI[AppLockActivity]: vri.reportNextDraw android.view.ViewRootImpl.performTraversals:4013 android.view.ViewRootImpl.doTraversal:2725 android.view.ViewRootImpl$TraversalRunnable.run:9812 android.view.Choreographer$CallbackRecord.run:1505 android.view.Choreographer$CallbackRecord.run:1513
05-26 16:57:53.511 28916 28916 D VRI[AppLockActivity]: vri.Setup new sync id=0 syncSeqId=0
05-26 16:57:53.524 28916 29174 E perf_hint: Session creation failed, mPreferredRateNanos: -1
05-26 16:57:53.532 28916 28916 D VRI[AppLockActivity]: vri.reportDrawFinished syncSeqId=0 android.view.ViewRootImpl.lambda$createSyncIfNeeded$4$android-view- ViewRootImpl:4081 android.view.ViewRootImpl$$ExternalSyntheticLambda2.run:6 android.os.Handler.handleCallback:942 android.os.Handler.dispatchMessage:99 android.os.Looper.loopOnce:211
05-26 16:57:53.646 28916 28916 D DecorView[]: onWindowFocusChanged hasWindowFocus true
05-26 16:57:53.646 28916 28916 I HandWritingStubImpl: refreshLastKeyboardType: 1
05-26 16:57:53.646 28916 28916 I HandWritingStubImpl: getCurrentKeyboardType: 1
05-26 16:57:53.671 28916 29786 I MATDBManager: sqllite db insert success! insert row id:60
05-26 16:57:53.674 28916 29786 I MATDBManager: sqllite db capacity:1
05-26 16:57:53.675 28916 29786 I MATDBManager: sqllite db insert success! insert row id:61
05-26 16:57:53.676 28916 29786 I MATDBManager: sqllite db capacity:2
05-26 16:57:53.687 28916 28916 D VRI[PopupWindow:e866df4]: vri.reportNextDraw android.view.ViewRootImpl.performTraversals:4013 android.view.ViewRootImpl.doTraversal:2725 android.view.ViewRootImpl$TraversalRunnable.run:9812 android.view.Choreographer$CallbackRecord.run:1505 android.view.Choreographer$CallbackRecord.run:1513
05-26 16:57:53.687 28916 28916 D VRI[PopupWindow:e866df4]: vri.Setup new sync id=0 syncSeqId=0
05-26 16:57:53.692 28916 29174 E perf_hint: Session creation failed, mPreferredRateNanos: -1
05-26 16:57:53.693 28916 28916 D VRI[PopupWindow:e866df4]: vri.reportDrawFinished syncSeqId=0 android.view.ViewRootImpl.lambda$createSyncIfNeeded$4$android-view- ViewRootImpl:4081 android.view.ViewRootImpl$$ExternalSyntheticLambda2.run:6 android.os.Handler.handleCallback:942 android.os.Handler.dispatchMessage:99 android.os.Looper.loopOnce:211
05-26 16:57:53.707 28916 28916 D VRI[PopupWindow:e866df4]: vri.reportNextDraw android.view.ViewRootImpl.handleResized:2083 android.view.ViewRootImpl.-$ $Nest$mhandleResized:0 android.view.ViewRootImpl$ViewRootHandler.handleMessageImpl:6167 android.view.ViewRootImpl$ViewRootHandler.handleMessage:6136 android.os.Handler.dispatchMessage:106
05-26 16:57:53.713 28916 28916 D VRI[PopupWindow:e866df4]: vri.Setup new sync id=1 syncSeqId=0
05-26 16:57:53.721 28916 28916 D VRI[PopupWindow:e866df4]: vri.reportDrawFinished syncSeqId=0 android.view.ViewRootImpl.lambda$createSyncIfNeeded$4$android-view- ViewRootImpl:4081 android.view.ViewRootImpl$$ExternalSyntheticLambda2.run:6 android.os.Handler.handleCallback:942 android.os.Handler.dispatchMessage:99 android.os.Looper.loopOnce:211
05-26 16:57:54.609 28916 28916 I HandWritingStubImpl: refreshLastKeyboardType: 1
05-26 16:57:54.610 28916 28916 I HandWritingStubImpl: getCurrentKeyboardType: 1
05-26 16:57:55.719 28916 28916 I HandWritingStubImpl: refreshLastKeyboardType: 1
05-26 16:57:55.719 28916 28916 I HandWritingStubImpl: getCurrentKeyboardType: 1
05-26 16:57:55.797 28916 29174 W RenderInspector: DequeueBuffer time out on com.hello.miheapp.secretspace/com.hello.sandbox.ui.lock.AppLockActivity, count=1, avg=17 ms, max=17 ms.
05-26 16:57:55.963 28916 28960 D SessionLifecycleClient: Sending lifecycle 2 to service
05-26 16:57:55.963 28916 29202 D SessionLifecycleService: Activity backgrounding at 1627202487
05-26 16:57:55.999 28916 28955 D SessionLifecycleClient: Sending lifecycle 1 to service
05-26 16:57:56.003 28916 29202 D SessionLifecycleService: Activity foregrounding at 1627202523.
05-26 16:57:56.005 28916 28916 D DecorView[]: onWindowFocusChanged hasWindowFocus false
05-26 16:57:56.005 28916 29786 I MATDBManager: sqllite db insert success! insert row id:62
05-26 16:57:56.006 28916 29786 I MATDBManager: sqllite db capacity:3
05-26 16:57:56.011 28916 29786 I MATDBManager: sqllite db insert success! insert row id:63
05-26 16:57:56.011 28916 29786 I MATDBManager: sqllite db capacity:4
05-26 16:57:56.027 28916 28916 D VRI[HomeAct]: vri.reportNextDraw android.view.ViewRootImpl.performTraversals:4013 android.view.ViewRootImpl.doTraversal:2725 android.view.ViewRootImpl$TraversalRunnable.run:9812 android.view.Choreographer$CallbackRecord.run:1505 android.view.Choreographer$CallbackRecord.run:1513
05-26 16:57:56.027 28916 28916 D VRI[HomeAct]: vri.Setup new sync id=10 syncSeqId=0
05-26 16:57:56.045 28916 28916 D VRI[HomeAct]: vri.reportDrawFinished syncSeqId=0 android.view.ViewRootImpl.lambda$createSyncIfNeeded$4$android-view- ViewRootImpl:4081 android.view.ViewRootImpl$$ExternalSyntheticLambda2.run:6 android.os.Handler.handleCallback:942 android.os.Handler.dispatchMessage:99 android.os.Looper.loopOnce:211
05-26 16:57:56.099 28916 28916 D DecorView[]: onWindowFocusChanged hasWindowFocus true
05-26 16:57:56.099 28916 28916 I HandWritingStubImpl: refreshLastKeyboardType: 1
05-26 16:57:56.099 28916 28916 I HandWritingStubImpl: getCurrentKeyboardType: 1
05-26 16:57:56.629 28916 28916 E WindowManager: android.view.WindowLeaked: Activity com.hello.sandbox.ui.lock.AppLockActivity has leaked window android.widget.PopupWindow$PopupDecorView{449cd26 V.E...... R......D 0,0-1080,253} that was originally added here
05-26 16:57:56.629 28916 28916 E WindowManager: at android.view.ViewRootImpl.<init>(ViewRootImpl.java:1076)
05-26 16:57:56.629 28916 28916 E WindowManager: at android.view.ViewRootImpl.<init>(ViewRootImpl.java:1060)
05-26 16:57:56.629 28916 28916 E WindowManager: at android.view.WindowManagerGlobal.addView(WindowManagerGlobal.java:411)
05-26 16:57:56.629 28916 28916 E WindowManager: at android.view.WindowManagerGlobal.addView(WindowManagerGlobal.java:314)
05-26 16:57:56.629 28916 28916 E WindowManager: at android.view.WindowManagerImpl.addView(WindowManagerImpl.java:156)
05-26 16:57:56.629 28916 28916 E WindowManager: at android.widget.PopupWindow.invokePopup(PopupWindow.java:1583)
05-26 16:57:56.629 28916 28916 E WindowManager: at android.widget.PopupWindow.showAtLocation(PopupWindow.java:1349)
05-26 16:57:56.629 28916 28916 E WindowManager: at android.widget.PopupWindow.showAtLocation(PopupWindow.java:1315)
05-26 16:57:56.629 28916 28916 E WindowManager: at sh.i.k(SimplePushBubble.java:18)
05-26 16:57:56.629 28916 28916 E WindowManager: at sh.d.a(PushBubbleManager.java:14)
05-26 16:57:56.629 28916 28916 E WindowManager: at com.hello.sandbox.ui.lock.AppLockActivity.checkAndShowSecretTip(AppLockActivity.kt: 13)
05-26 16:57:56.629 28916 28916 E WindowManager: at com.hello.sandbox.ui.lock.AppLockActivity.onWindowFocusChanged(AppLockActivity.kt:3 )
05-26 16:57:56.629 28916 28916 E WindowManager: at i.i.onWindowFocusChanged(Unknown Source:2)
05-26 16:57:56.629 28916 28916 E WindowManager: at com.android.internal.policy.DecorView.onWindowFocusChanged(DecorView.java:1976)
05-26 16:57:56.629 28916 28916 E WindowManager: at android.view.View.dispatchWindowFocusChanged(View.java:15449)
05-26 16:57:56.629 28916 28916 E WindowManager: at android.view.ViewGroup.dispatchWindowFocusChanged(ViewGroup.java:1518)
05-26 16:57:56.629 28916 28916 E WindowManager: at android.view.ViewRootImpl.handleWindowFocusChanged(ViewRootImpl.java:4222)
05-26 16:57:56.629 28916 28916 E WindowManager: at android.view.ViewRootImpl.-$$Nest$mhandleWindowFocusChanged(Unknown Source:0)
05-26 16:57:56.629 28916 28916 E WindowManager: at android.view.ViewRootImpl$ViewRootHandler.handleMessageImpl(ViewRootImpl.java:6236)
05-26 16:57:56.629 28916 28916 E WindowManager: at android.view.ViewRootImpl$ViewRootHandler.handleMessage(ViewRootImpl.java:6136)
05-26 16:57:56.629 28916 28916 E WindowManager: at android.os.Handler.dispatchMessage(Handler.java:106)
05-26 16:57:56.629 28916 28916 E WindowManager: at android.os.Looper.loopOnce(Looper.java:211)
05-26 16:57:56.629 28916 28916 E WindowManager: at android.os.Looper.loop(Looper.java:300)
05-26 16:57:56.629 28916 28916 E WindowManager: at android.app.ActivityThread.main(ActivityThread.java:8503)
05-26 16:57:56.629 28916 28916 E WindowManager: at java.lang.reflect.Method.invoke(Native Method)
05-26 16:57:56.629 28916 28916 E WindowManager: at com.android.internal.os.RuntimeInit$MethodAndArgsCaller.run(RuntimeInit.java:561)
05-26 16:57:56.629 28916 28916 E WindowManager: at com.android.internal.os.ZygoteInit.main(ZygoteInit.java:954)
05-26 16:57:56.941 28916 29786 I MATDBManager: sqllite db insert success! insert row id:64
05-26 16:57:56.941 28916 29786 I MATDBManager: sqllite db capacity:5
05-26 16:57:56.943 28916 28955 D SessionLifecycleClient: Sending lifecycle 2 to service
05-26 16:57:56.943 28916 29202 D SessionLifecycleService: Activity backgrounding at 1627203467
05-26 16:57:56.993 28916 28916 D ScrollerOptimizationManager: registerConfigChangedListener
05-26 16:57:56.994 28916 28916 D ScrollerOptimizationManager: registerConfigChangedListener
05-26 16:57:56.997 28916 28916 D IS_CTS_MODE: false
05-26 16:57:56.997 28916 28916 D MULTI_WINDOW_ENABLED: false
05-26 16:57:56.998 28916 28916 D DecorView[]: getWindowModeFromSystem windowmode is 1
05-26 16:57:57.012 28916 28916 D IS_CTS_MODE: false
05-26 16:57:57.012 28916 28916 D MULTI_WINDOW_ENABLED: false
05-26 16:57:57.017 28916 28916 D ScrollerOptimizationManager: registerConfigChangedListener
05-26 16:57:57.020 28916 28916 D ScrollerOptimizationManager: registerConfigChangedListener
05-26 16:57:57.050 28916 28960 D SessionLifecycleClient: Sending lifecycle 1 to service
05-26 16:57:57.055 28916 29202 D SessionLifecycleService: Activity foregrounding at 1627203574.
05-26 16:57:57.092 28916 28916 D VRI[SearchListActivity]: vri.reportNextDraw android.view.ViewRootImpl.performTraversals:4013 android.view.ViewRootImpl.doTraversal:2725 android.view.ViewRootImpl$TraversalRunnable.run:9812 android.view.Choreographer$CallbackRecord.run:1505 android.view.Choreographer$CallbackRecord.run:1513
05-26 16:57:57.092 28916 28916 D VRI[SearchListActivity]: vri.Setup new sync id=0 syncSeqId=0
05-26 16:57:57.096 28916 29174 E perf_hint: Session creation failed, mPreferredRateNanos: -1
05-26 16:57:57.113 28916 28916 D VRI[SearchListActivity]: vri.reportNextDraw android.view.ViewRootImpl.performTraversals:4013 android.view.ViewRootImpl.doTraversal:2725 android.view.ViewRootImpl$TraversalRunnable.run:9812 android.view.Choreographer$CallbackRecord.run:1505 android.view.Choreographer$CallbackRecord.run:1513
05-26 16:57:57.113 28916 28916 D VRI[SearchListActivity]: vri.Setup new sync id=0 syncSeqId=0
05-26 16:57:57.119 28916 29174 E perf_hint: Session creation failed, mPreferredRateNanos: -1
05-26 16:57:57.122 28916 28916 D VRI[SearchListActivity]: vri.reportDrawFinished syncSeqId=0 android.view.ViewRootImpl.lambda$createSyncIfNeeded$4$android-view- ViewRootImpl:4081 android.view.ViewRootImpl$$ExternalSyntheticLambda2.run:6 android.os.Handler.handleCallback:942 android.os.Handler.dispatchMessage:99 android.os.Looper.loopOnce:211
05-26 16:57:57.124 28916 28916 D VRI[SearchListActivity]: vri.reportDrawFinished syncSeqId=0 android.view.ViewRootImpl.lambda$createSyncIfNeeded$4$android-view- ViewRootImpl:4081 android.view.ViewRootImpl$$ExternalSyntheticLambda2.run:6 android.os.Handler.handleCallback:942 android.os.Handler.dispatchMessage:99 android.os.Looper.loopOnce:211
05-26 16:57:57.221 28916 28916 W System.err: android.content.pm.PackageManager$NameNotFoundException: com.android.permission.GET_INSTALLED_APPS
05-26 16:57:57.222 28916 28916 W System.err: at android.app.ApplicationPackageManager.getPermissionInfo(ApplicationPackageManager.j ava:445)
05-26 16:57:57.222 28916 28916 W System.err: at dc.d.c(GetInstalledAppsPermissionCompat.java:1)
05-26 16:57:57.222 28916 28916 W System.err: at dc.d.a(GetInstalledAppsPermissionCompat.java:1)
05-26 16:57:57.222 28916 28916 W System.err: at dc.m.b(PermissionDelegateImplV19.java:4)
05-26 16:57:57.222 28916 28916 W System.err: at dc.n.b(PermissionDelegateImplV21.java:3)
05-26 16:57:57.222 28916 28916 W System.err: at dc.o.b(PermissionDelegateImplV23.java:44)
05-26 16:57:57.222 28916 28916 W System.err: at dc.p.b(PermissionDelegateImplV26.java:7)
05-26 16:57:57.222 28916 28916 W System.err: at dc.q.b(PermissionDelegateImplV28.java:3)
05-26 16:57:57.222 28916 28916 W System.err: at dc.r.b(PermissionDelegateImplV29.java:9)
05-26 16:57:57.222 28916 28916 W System.err: at dc.s.b(PermissionDelegateImplV30.java:3)
05-26 16:57:57.222 28916 28916 W System.err: at dc.t.b(PermissionDelegateImplV31.java:6)
05-26 16:57:57.222 28916 28916 W System.err: at dc.u.b(PermissionDelegateImplV33.java:15)
05-26 16:57:57.222 28916 28916 W System.err: at dc.i.b(Unknown Source:2)
05-26 16:57:57.222 28916 28916 W System.err: at dc.i.c(PermissionApi.java:3)
05-26 16:57:57.222 28916 28916 W System.err: at dc.d0.c(XXPermissions.java:219)
05-26 16:57:57.222 28916 28916 W System.err: at com.hello.sandbox.ui.search.SearchListActivity.requestGetInstalledAppsPermissions(S earchListActivity.kt:4)
05-26 16:57:57.222 28916 28916 W System.err: at com.hello.sandbox.ui.search.SearchListActivity.access$requestGetInstalledAppsPermis sions(Unknown Source:0)
05-26 16:57:57.222 28916 28916 W System.err: at com.hello.sandbox.ui.search.SearchListActivity$initViewModel$3.invoke(SearchListAct ivity.kt:16)
05-26 16:57:57.222 28916 28916 W System.err: at com.hello.sandbox.ui.search.SearchListActivity$initViewModel$3.invoke(SearchListAct ivity.kt:1)
05-26 16:57:57.222 28916 28916 W System.err: at com.hello.sandbox.ui.search.SearchListActivity.initViewModel$lambda$17(Unknown Source:5)
05-26 16:57:57.222 28916 28916 W System.err: at com.hello.sandbox.ui.search.SearchListActivity.g(Unknown Source:0)
05-26 16:57:57.222 28916 28916 W System.err: at com.hello.sandbox.profile.owner.ui.frag.f.a(Unknown Source:20)
05-26 16:57:57.222 28916 28916 W System.err: at androidx.lifecycle.LiveData.b(LiveData.java:6)
05-26 16:57:57.222 28916 28916 W System.err: at androidx.lifecycle.LiveData.c(LiveData.java:8)
05-26 16:57:57.222 28916 28916 W System.err: at androidx.lifecycle.p.j(MutableLiveData.java:4)
05-26 16:57:57.222 28916 28916 W System.err: at androidx.lifecycle.LiveData$a.run(LiveData.java:5)
05-26 16:57:57.222 28916 28916 W System.err: at android.os.Handler.handleCallback(Handler.java:942)
05-26 16:57:57.222 28916 28916 W System.err: at android.os.Handler.dispatchMessage(Handler.java:99)
05-26 16:57:57.222 28916 28916 W System.err: at android.os.Looper.loopOnce(Looper.java:211)
05-26 16:57:57.222 28916 28916 W System.err: at android.os.Looper.loop(Looper.java:300)
05-26 16:57:57.222 28916 28916 W System.err: at android.app.ActivityThread.main(ActivityThread.java:8503)
05-26 16:57:57.222 28916 28916 W System.err: at java.lang.reflect.Method.invoke(Native Method)
05-26 16:57:57.222 28916 28916 W System.err: at com.android.internal.os.RuntimeInit$MethodAndArgsCaller.run(RuntimeInit.java:561)
05-26 16:57:57.222 28916 28916 W System.err: at com.android.internal.os.ZygoteInit.main(ZygoteInit.java:954)
05-26 16:57:57.227 28916 28916 W System.err: android.provider.Settings$SettingNotFoundException: oem_installed_apps_runtime_permission_enable
05-26 16:57:57.227 28916 28916 W System.err: at android.provider.Settings.parseIntSetting(Settings.java:3533)
05-26 16:57:57.227 28916 28916 W System.err: at android.provider.Settings.-$ $Nest$smparseIntSetting(Unknown Source:0)
05-26 16:57:57.227 28916 28916 W System.err: at android.provider.Settings$Secure.getIntForUser(Settings.java:6437)
05-26 16:57:57.227 28916 28916 W System.err: at android.provider.Settings$Secure.getInt(Settings.java:6430)
05-26 16:57:57.227 28916 28916 W System.err: at dc.d.c(GetInstalledAppsPermissionCompat.java:6)
05-26 16:57:57.227 28916 28916 W System.err: at dc.d.a(GetInstalledAppsPermissionCompat.java:1)
05-26 16:57:57.227 28916 28916 W System.err: at dc.m.b(PermissionDelegateImplV19.java:4)
05-26 16:57:57.227 28916 28916 W System.err: at dc.n.b(PermissionDelegateImplV21.java:3)
05-26 16:57:57.227 28916 28916 W System.err: at dc.o.b(PermissionDelegateImplV23.java:44)
05-26 16:57:57.227 28916 28916 W System.err: at dc.p.b(PermissionDelegateImplV26.java:7)
05-26 16:57:57.227 28916 28916 W System.err: at dc.q.b(PermissionDelegateImplV28.java:3)
05-26 16:57:57.227 28916 28916 W System.err: at dc.r.b(PermissionDelegateImplV29.java:9)
05-26 16:57:57.227 28916 28916 W System.err: at dc.s.b(PermissionDelegateImplV30.java:3)
05-26 16:57:57.227 28916 28916 W System.err: at dc.t.b(PermissionDelegateImplV31.java:6)
05-26 16:57:57.227 28916 28916 W System.err: at dc.u.b(PermissionDelegateImplV33.java:15)
05-26 16:57:57.227 28916 28916 W System.err: at dc.i.b(Unknown Source:2)
05-26 16:57:57.227 28916 28916 W System.err: at dc.i.c(PermissionApi.java:3)
05-26 16:57:57.227 28916 28916 W System.err: at dc.d0.c(XXPermissions.java:219)
05-26 16:57:57.227 28916 28916 W System.err: at com.hello.sandbox.ui.search.SearchListActivity.requestGetInstalledAppsPermissions(S earchListActivity.kt:4)
05-26 16:57:57.227 28916 28916 W System.err: at com.hello.sandbox.ui.search.SearchListActivity.access$requestGetInstalledAppsPermis sions(Unknown Source:0)
05-26 16:57:57.227 28916 28916 W System.err: at com.hello.sandbox.ui.search.SearchListActivity$initViewModel$3.invoke(SearchListAct ivity.kt:16)
05-26 16:57:57.227 28916 28916 W System.err: at com.hello.sandbox.ui.search.SearchListActivity$initViewModel$3.invoke(SearchListAct ivity.kt:1)
05-26 16:57:57.227 28916 28916 W System.err: at com.hello.sandbox.ui.search.SearchListActivity.initViewModel$lambda$17(Unknown Source:5)
05-26 16:57:57.227 28916 28916 W System.err: at com.hello.sandbox.ui.search.SearchListActivity.g(Unknown Source:0)
05-26 16:57:57.227 28916 28916 W System.err: at com.hello.sandbox.profile.owner.ui.frag.f.a(Unknown Source:20)
05-26 16:57:57.227 28916 28916 W System.err: at androidx.lifecycle.LiveData.b(LiveData.java:6)
05-26 16:57:57.227 28916 28916 W System.err: at androidx.lifecycle.LiveData.c(LiveData.java:8)
05-26 16:57:57.227 28916 28916 W System.err: at androidx.lifecycle.p.j(MutableLiveData.java:4)
05-26 16:57:57.227 28916 28916 W System.err: at androidx.lifecycle.LiveData$a.run(LiveData.java:5)
05-26 16:57:57.227 28916 28916 W System.err: at android.os.Handler.handleCallback(Handler.java:942)
05-26 16:57:57.227 28916 28916 W System.err: at android.os.Handler.dispatchMessage(Handler.java:99)
05-26 16:57:57.227 28916 28916 W System.err: at android.os.Looper.loopOnce(Looper.java:211)
05-26 16:57:57.227 28916 28916 W System.err: at android.os.Looper.loop(Looper.java:300)
05-26 16:57:57.227 28916 28916 W System.err: at android.app.ActivityThread.main(ActivityThread.java:8503)
05-26 16:57:57.227 28916 28916 W System.err: at java.lang.reflect.Method.invoke(Native Method)
05-26 16:57:57.227 28916 28916 W System.err: at com.android.internal.os.RuntimeInit$MethodAndArgsCaller.run(RuntimeInit.java:561)
05-26 16:57:57.227 28916 28916 W System.err: at com.android.internal.os.ZygoteInit.main(ZygoteInit.java:954)
05-26 16:57:57.247 28916 28916 D DecorView[]: onWindowFocusChanged hasWindowFocus false
05-26 16:57:57.326 28916 29786 I MATDBManager: sqllite db insert success! insert row id:65
05-26 16:57:57.327 28916 29786 I MATDBManager: sqllite db capacity:1
05-26 16:57:57.328 28916 29786 I MATDBManager: sqllite db insert success! insert row id:66
05-26 16:57:57.330 28916 29786 I MATDBManager: sqllite db capacity:2
05-26 16:57:57.365 28916 28916 D DecorView[]: onWindowFocusChanged hasWindowFocus true
05-26 16:57:57.366 28916 28916 I HandWritingStubImpl: refreshLastKeyboardType: 1
05-26 16:57:57.366 28916 28916 I HandWritingStubImpl: getCurrentKeyboardType: 1
05-26 16:57:57.403 28916 28923 I app.secretspace: Background young concurrent copying GC freed 6269KB AllocSpace bytes, 60(4924KB) LOS objects, 0% free, 28MB/28MB, paused 517us,55us total 105.414ms
05-26 16:57:57.568 28916 29786 I MATDBManager: sqllite db insert success! insert row id:67
05-26 16:57:57.568 28916 29786 I MATDBManager: sqllite db capacity:3
05-26 16:57:57.569 28916 29786 I MATDBManager: sqllite db insert success! insert row id:68
05-26 16:57:57.570 28916 29786 I MATDBManager: sqllite db capacity:4
05-26 16:57:57.571 28916 29786 I MATDBManager: sqllite db insert success! insert row id:69
05-26 16:57:57.571 28916 29786 I MATDBManager: sqllite db capacity:5
05-26 16:57:57.966 28916 29786 I MATDBManager: sqllite db insert success! insert row id:70
05-26 16:57:57.967 28916 29786 I MATDBManager: sqllite db capacity:1
05-26 16:57:57.968 28916 29786 I MATDBManager: sqllite db insert success! insert row id:71
05-26 16:57:57.969 28916 29786 I MATDBManager: sqllite db capacity:2
05-26 16:57:57.971 28916 29786 I MATDBManager: sqllite db insert success! insert row id:72
05-26 16:57:57.972 28916 29786 I MATDBManager: sqllite db capacity:3
05-26 16:57:57.973 28916 29786 I MATDBManager: sqllite db insert success! insert row id:73
05-26 16:57:57.974 28916 29786 I MATDBManager: sqllite db capacity:4
05-26 16:57:57.976 28916 29786 I MATDBManager: sqllite db insert success! insert row id:74
05-26 16:57:57.977 28916 29786 I MATDBManager: sqllite db capacity:5
05-26 16:57:58.325 28916 29786 I MATDBManager: sqllite db insert success! insert row id:75
05-26 16:57:58.325 28916 29786 I MATDBManager: sqllite db capacity:1
05-26 16:57:58.328 28916 29786 I MATDBManager: sqllite db insert success! insert row id:76
05-26 16:57:58.329 28916 29786 I MATDBManager: sqllite db capacity:2
05-26 16:57:58.330 28916 29786 I MATDBManager: sqllite db insert success! insert row id:77
05-26 16:57:58.330 28916 29786 I MATDBManager: sqllite db capacity:3
05-26 16:57:58.332 28916 29786 I MATDBManager: sqllite db insert success! insert row id:78
05-26 16:57:58.332 28916 29786 I MATDBManager: sqllite db capacity:4
05-26 16:57:58.335 28916 29786 I MATDBManager: sqllite db insert success! insert row id:79
05-26 16:57:58.336 28916 29786 I MATDBManager: sqllite db capacity:5
05-26 16:57:58.602 28916 28916 D SplineOverScroller: mFlingDuration: 1163,mFlingDistance: 260.465087890625,mVelocity: 610
05-26 16:57:58.675 28916 29786 I MATDBManager: sqllite db insert success! insert row id:80
05-26 16:57:58.676 28916 29786 I MATDBManager: sqllite db capacity:1
05-26 16:57:58.677 28916 29786 I MATDBManager: sqllite db insert success! insert row id:81
05-26 16:57:58.678 28916 29786 I MATDBManager: sqllite db capacity:2
05-26 16:57:58.678 28916 29786 I MATDBManager: sqllite db insert success! insert row id:82
05-26 16:57:58.679 28916 29786 I MATDBManager: sqllite db capacity:3
05-26 16:57:58.680 28916 29786 I MATDBManager: sqllite db insert success! insert row id:83
05-26 16:57:58.680 28916 29786 I MATDBManager: sqllite db capacity:4
05-26 16:57:58.681 28916 29786 I MATDBManager: sqllite db insert success! insert row id:84
05-26 16:57:58.682 28916 29786 I MATDBManager: sqllite db capacity:5
05-26 16:57:59.031 28916 29786 I MATDBManager: sqllite db insert success! insert row id:85
05-26 16:57:59.033 28916 29786 I MATDBManager: sqllite db capacity:1
05-26 16:57:59.037 28916 29786 I MATDBManager: sqllite db insert success! insert row id:86
05-26 16:57:59.039 28916 29786 I MATDBManager: sqllite db capacity:2
05-26 16:57:59.044 28916 29786 I MATDBManager: sqllite db insert success! insert row id:87
05-26 16:57:59.045 28916 29786 I MATDBManager: sqllite db capacity:3
05-26 16:57:59.048 28916 29786 I MATDBManager: sqllite db insert success! insert row id:88
05-26 16:57:59.049 28916 29786 I MATDBManager: sqllite db capacity:4
05-26 16:57:59.050 28916 29786 I MATDBManager: sqllite db insert success! insert row id:89
05-26 16:57:59.051 28916 29786 I MATDBManager: sqllite db capacity:5
05-26 16:57:59.401 28916 29786 I MATDBManager: sqllite db insert success! insert row id:90
05-26 16:57:59.402 28916 29786 I MATDBManager: sqllite db capacity:1
05-26 16:57:59.404 28916 29786 I MATDBManager: sqllite db insert success! insert row id:91
05-26 16:57:59.405 28916 29786 I MATDBManager: sqllite db capacity:2
05-26 16:58:00.070 28916 29786 I MATDBManager: sqllite db insert success! insert row id:92
05-26 16:58:00.071 28916 29786 I MATDBManager: sqllite db capacity:3
05-26 16:58:00.077 28916 29786 I MATDBManager: sqllite db insert success! insert row id:93
05-26 16:58:00.077 28916 29786 I MATDBManager: sqllite db capacity:4
05-26 16:58:00.078 28916 28916 D IS_CTS_MODE: false
05-26 16:58:00.078 28916 28916 D MULTI_WINDOW_ENABLED: false
05-26 16:58:00.086 28916 28916 D DecorView[]: updateDecorCaptionStatus windowMode is 1
05-26 16:58:00.174 28916 28916 D VRI[SearchListActivity]: vri.reportNextDraw android.view.ViewRootImpl.performTraversals:4013 android.view.ViewRootImpl.doTraversal:2725 android.view.ViewRootImpl$TraversalRunnable.run:9812 android.view.Choreographer$CallbackRecord.run:1505 android.view.Choreographer$CallbackRecord.run:1513
05-26 16:58:00.174 28916 28916 D VRI[SearchListActivity]: vri.Setup new sync id=0 syncSeqId=0
05-26 16:58:00.181 28916 29174 E perf_hint: Session creation failed, mPreferredRateNanos: -1
05-26 16:58:00.183 28916 28916 D VRI[SearchListActivity]: vri.reportDrawFinished syncSeqId=0 android.view.ViewRootImpl.lambda$createSyncIfNeeded$4$android-view- ViewRootImpl:4081 android.view.ViewRootImpl$$ExternalSyntheticLambda2.run:6 android.os.Handler.handleCallback:942 android.os.Handler.dispatchMessage:99 android.os.Looper.loopOnce:211
05-26 16:58:00.207 28916 28916 D DecorView[]: onWindowFocusChanged hasWindowFocus false
05-26 16:58:00.220 28916 28916 D DecorView[]: onWindowFocusChanged hasWindowFocus true
05-26 16:58:00.220 28916 28916 I HandWritingStubImpl: refreshLastKeyboardType: 1
05-26 16:58:00.220 28916 28916 I HandWritingStubImpl: getCurrentKeyboardType: 1
05-26 16:58:01.293 28916 28972 D SessionLifecycleClient: Sending lifecycle 2 to service
05-26 16:58:01.294 28916 29202 D SessionLifecycleService: Activity backgrounding at 1627207817
05-26 16:58:01.294 28916 29786 I MATDBManager: sqllite db insert success! insert row id:94
05-26 16:58:01.295 28916 29786 I MATDBManager: sqllite db capacity:5
05-26 16:58:01.331 28916 28916 D IS_CTS_MODE: false
05-26 16:58:01.331 28916 28916 D MULTI_WINDOW_ENABLED: false
05-26 16:58:01.337 28916 28916 D ScrollerOptimizationManager: registerConfigChangedListener
05-26 16:58:01.342 28916 28916 D ScrollerOptimizationManager: registerConfigChangedListener
05-26 16:58:01.369 28916 28972 D SessionLifecycleClient: Sending lifecycle 1 to service
05-26 16:58:01.369 28916 29202 D SessionLifecycleService: Activity foregrounding at 1627207893.
05-26 16:58:01.376 28916 28916 D DecorView[]: onWindowFocusChanged hasWindowFocus false
05-26 16:58:01.389 28916 28916 D VRI[HomeAct]: vri.reportNextDraw android.view.ViewRootImpl.performTraversals:4013 android.view.ViewRootImpl.doTraversal:2725 android.view.ViewRootImpl$TraversalRunnable.run:9812 android.view.Choreographer$CallbackRecord.run:1505 android.view.Choreographer$CallbackRecord.run:1513
05-26 16:58:01.390 28916 28916 D VRI[HomeAct]: vri.Setup new sync id=11 syncSeqId=0
05-26 16:58:01.402 29014 29025 W PackageParser: Unknown element under <manifest>: supports-gl-texture at /data/app/~~4ioVA9Swz0Cu9ilRbhqzdA==/com.instagram.android- QvuTfFSQehk1IJwKgVH3vg==/base.apk Binary XML file line #131
05-26 16:58:01.407 29014 29025 W PackageParser: Unknown element under <application>: property at /data/app/~~4ioVA9Swz0Cu9ilRbhqzdA==/com.instagram.android- QvuTfFSQehk1IJwKgVH3vg==/base.apk Binary XML file line #906
05-26 16:58:01.412 29014 29025 W PackageParser: Unknown element under <application>: enable-feature at /data/app/~~4ioVA9Swz0Cu9ilRbhqzdA==/com.instagram.android- QvuTfFSQehk1IJwKgVH3vg==/base.apk Binary XML file line #1341
05-26 16:58:01.420 28916 28916 D VRI[HomeAct]: vri.reportNextDraw android.view.ViewRootImpl.performTraversals:4013 android.view.ViewRootImpl.doTraversal:2725 android.view.ViewRootImpl$TraversalRunnable.run:9812 android.view.Choreographer$CallbackRecord.run:1505 android.view.Choreographer$CallbackRecord.run:1513
05-26 16:58:01.420 28916 28916 D VRI[HomeAct]: vri.Setup new sync id=0 syncSeqId=0
05-26 16:58:01.422 29014 29025 W PackageParser: No actions in intent filter at /data/app/~~4ioVA9Swz0Cu9ilRbhqzdA==/com.instagram.android- QvuTfFSQehk1IJwKgVH3vg==/base.apk Binary XML file line #2058
05-26 16:58:01.422 29014 29025 W PackageParser: No actions in intent filter at /data/app/~~4ioVA9Swz0Cu9ilRbhqzdA==/com.instagram.android- QvuTfFSQehk1IJwKgVH3vg==/base.apk Binary XML file line #2063
05-26 16:58:01.422 29014 29025 W PackageParser: No actions in intent filter at /data/app/~~4ioVA9Swz0Cu9ilRbhqzdA==/com.instagram.android- QvuTfFSQehk1IJwKgVH3vg==/base.apk Binary XML file line #2068
05-26 16:58:01.425 28916 29174 E perf_hint: Session creation failed, mPreferredRateNanos: -1
05-26 16:58:01.425 29014 29025 W PackageParser: Unknown element under <manifest>: queries at /data/app/~~4ioVA9Swz0Cu9ilRbhqzdA==/com.instagram.android- QvuTfFSQehk1IJwKgVH3vg==/base.apk Binary XML file line #2346
05-26 16:58:01.427 28916 28916 D VRI[HomeAct]: vri.reportDrawFinished syncSeqId=0 android.view.ViewRootImpl.lambda$createSyncIfNeeded$4$android-view- ViewRootImpl:4081 android.view.ViewRootImpl$$ExternalSyntheticLambda2.run:6 android.os.Handler.handleCallback:942 android.os.Handler.dispatchMessage:99 android.os.Looper.loopOnce:211
05-26 16:58:01.428 28916 28916 D VRI[HomeAct]: vri.reportDrawFinished syncSeqId=0 android.view.ViewRootImpl.lambda$createSyncIfNeeded$4$android-view- ViewRootImpl:4081 android.view.ViewRootImpl$$ExternalSyntheticLambda2.run:6 android.os.Handler.handleCallback:942 android.os.Handler.dispatchMessage:99 android.os.Looper.loopOnce:211
05-26 16:58:01.442 28916 28916 D VRI[HomeAct]: vri.reportNextDraw android.view.ViewRootImpl.handleResized:2083 android.view.ViewRootImpl.-$ $Nest$mhandleResized:0 android.view.ViewRootImpl$ViewRootHandler.handleMessageImpl:6167 android.view.ViewRootImpl$ViewRootHandler.handleMessage:6136 android.os.Handler.dispatchMessage:106
05-26 16:58:01.444 28916 28916 D VRI[HomeAct]: vri.Setup new sync id=1 syncSeqId=0
05-26 16:58:01.457 29014 29025 W PackageParser: Unknown element under <manifest>: supports-gl-texture at /data/app/~~4ioVA9Swz0Cu9ilRbhqzdA==/com.instagram.android- QvuTfFSQehk1IJwKgVH3vg==/base.apk Binary XML file line #131
05-26 16:58:01.459 28916 28916 D VRI[HomeAct]: vri.reportDrawFinished syncSeqId=0 android.view.ViewRootImpl.lambda$createSyncIfNeeded$4$android-view- ViewRootImpl:4081 android.view.ViewRootImpl$$ExternalSyntheticLambda2.run:6 android.os.Handler.handleCallback:942 android.os.Handler.dispatchMessage:99 android.os.Looper.loopOnce:211
05-26 16:58:01.462 29014 29025 W PackageParser: Unknown element under <application>: property at /data/app/~~4ioVA9Swz0Cu9ilRbhqzdA==/com.instagram.android- QvuTfFSQehk1IJwKgVH3vg==/base.apk Binary XML file line #906
05-26 16:58:01.472 29014 29025 W PackageParser: Unknown element under <application>: enable-feature at /data/app/~~4ioVA9Swz0Cu9ilRbhqzdA==/com.instagram.android- QvuTfFSQehk1IJwKgVH3vg==/base.apk Binary XML file line #1341
05-26 16:58:01.482 29014 29025 W PackageParser: No actions in intent filter at /data/app/~~4ioVA9Swz0Cu9ilRbhqzdA==/com.instagram.android- QvuTfFSQehk1IJwKgVH3vg==/base.apk Binary XML file line #2058
05-26 16:58:01.482 29014 29025 W PackageParser: No actions in intent filter at /data/app/~~4ioVA9Swz0Cu9ilRbhqzdA==/com.instagram.android- QvuTfFSQehk1IJwKgVH3vg==/base.apk Binary XML file line #2063
05-26 16:58:01.483 29014 29025 W PackageParser: No actions in intent filter at /data/app/~~4ioVA9Swz0Cu9ilRbhqzdA==/com.instagram.android- QvuTfFSQehk1IJwKgVH3vg==/base.apk Binary XML file line #2068
05-26 16:58:01.497 29014 29025 W PackageParser: Unknown element under <manifest>: queries at /data/app/~~4ioVA9Swz0Cu9ilRbhqzdA==/com.instagram.android- QvuTfFSQehk1IJwKgVH3vg==/base.apk Binary XML file line #2346
05-26 16:58:01.498 29014 29025 W PackageParser: Unknown element under <manifest>: module at /data/app/~~4ioVA9Swz0Cu9ilRbhqzdA==/com.instagram.android- QvuTfFSQehk1IJwKgVH3vg==/split_audio_stream_processor.apk Binary XML file line #10
05-26 16:58:01.498 29014 29025 W PackageParser: Unknown element under <manifest>: uses-sdk at /data/app/~~4ioVA9Swz0Cu9ilRbhqzdA==/com.instagram.android- QvuTfFSQehk1IJwKgVH3vg==/split_audio_stream_processor.apk Binary XML file line #0
05-26 16:58:01.498 29014 29025 W PackageParser: Unknown element under <manifest>: module at /data/app/~~4ioVA9Swz0Cu9ilRbhqzdA==/com.instagram.android- QvuTfFSQehk1IJwKgVH3vg==/split_audio_stream_processor_shim_impl.apk Binary XML file line #10
05-26 16:58:01.498 29014 29025 W PackageParser: Unknown element under <manifest>: uses-sdk at /data/app/~~4ioVA9Swz0Cu9ilRbhqzdA==/com.instagram.android- QvuTfFSQehk1IJwKgVH3vg==/split_audio_stream_processor_shim_impl.apk Binary XML file line #0
05-26 16:58:01.499 29014 29025 W PackageParser: Unknown element under <manifest>: module at /data/app/~~4ioVA9Swz0Cu9ilRbhqzdA==/com.instagram.android- QvuTfFSQehk1IJwKgVH3vg==/split_executorch.apk Binary XML file line #10
05-26 16:58:01.499 29014 29025 W PackageParser: Unknown element under <manifest>: uses-sdk at /data/app/~~4ioVA9Swz0Cu9ilRbhqzdA==/com.instagram.android- QvuTfFSQehk1IJwKgVH3vg==/split_executorch.apk Binary XML file line #0
05-26 16:58:01.501 29014 29025 W PackageParser: Unknown element under <manifest>: module at /data/app/~~4ioVA9Swz0Cu9ilRbhqzdA==/com.instagram.android- QvuTfFSQehk1IJwKgVH3vg==/split_heliumcore.apk Binary XML file line #10
05-26 16:58:01.503 29014 29025 W PackageParser: Unknown element under <manifest>: uses-sdk at /data/app/~~4ioVA9Swz0Cu9ilRbhqzdA==/com.instagram.android- QvuTfFSQehk1IJwKgVH3vg==/split_heliumcore.apk Binary XML file line #0
05-26 16:58:01.503 29014 29025 W PackageParser: Unknown element under <manifest>: module at /data/app/~~4ioVA9Swz0Cu9ilRbhqzdA==/com.instagram.android- QvuTfFSQehk1IJwKgVH3vg==/split_heliumiab.apk Binary XML file line #10
05-26 16:58:01.503 29014 29025 W PackageParser: Unknown element under <manifest>: uses-sdk at /data/app/~~4ioVA9Swz0Cu9ilRbhqzdA==/com.instagram.android- QvuTfFSQehk1IJwKgVH3vg==/split_heliumiab.apk Binary XML file line #0
05-26 16:58:01.504 29014 29025 W PackageParser: Unknown element under <manifest>: module at /data/app/~~4ioVA9Swz0Cu9ilRbhqzdA==/com.instagram.android- QvuTfFSQehk1IJwKgVH3vg==/split_pytorch.apk Binary XML file line #10
05-26 16:58:01.504 29014 29025 W PackageParser: Unknown element under <manifest>: uses-sdk at /data/app/~~4ioVA9Swz0Cu9ilRbhqzdA==/com.instagram.android- QvuTfFSQehk1IJwKgVH3vg==/split_pytorch.apk Binary XML file line #0
05-26 16:58:01.504 29014 29025 W PackageParser: Unknown element under <manifest>: module at /data/app/~~4ioVA9Swz0Cu9ilRbhqzdA==/com.instagram.android- QvuTfFSQehk1IJwKgVH3vg==/split_s_audio_stream_processor_configurable_audio.apk Binary XML file line #10
05-26 16:58:01.505 29014 29025 W PackageParser: Unknown element under <manifest>: uses-sdk at /data/app/~~4ioVA9Swz0Cu9ilRbhqzdA==/com.instagram.android- QvuTfFSQehk1IJwKgVH3vg==/split_s_audio_stream_processor_configurable_audio.apk Binary XML file line #0
05-26 16:58:01.506 29014 29025 W PackageParser: Unknown element under <manifest>: module at /data/app/~~4ioVA9Swz0Cu9ilRbhqzdA==/com.instagram.android- QvuTfFSQehk1IJwKgVH3vg==/split_s_executorch_pytorch.apk Binary XML file line #10
05-26 16:58:01.506 29014 29025 W PackageParser: Unknown element under <manifest>: uses-sdk at /data/app/~~4ioVA9Swz0Cu9ilRbhqzdA==/com.instagram.android- QvuTfFSQehk1IJwKgVH3vg==/split_s_executorch_pytorch.apk Binary XML file line #0
05-26 16:58:01.507 29014 29025 W PackageParser: Unknown element under <manifest>: module at /data/app/~~4ioVA9Swz0Cu9ilRbhqzdA==/com.instagram.android- QvuTfFSQehk1IJwKgVH3vg==/split_spm.apk Binary XML file line #10
05-26 16:58:01.507 29014 29025 W PackageParser: Unknown element under <manifest>: uses-sdk at /data/app/~~4ioVA9Swz0Cu9ilRbhqzdA==/com.instagram.android- QvuTfFSQehk1IJwKgVH3vg==/split_spm.apk Binary XML file line #0
05-26 16:58:01.510 28916 28916 D DecorView[]: onWindowFocusChanged hasWindowFocus true
05-26 16:58:01.763 28916 29786 I MATDBManager: sqllite db insert success! insert row id:95
05-26 16:58:01.764 28916 29786 I MATDBManager: sqllite db capacity:1
05-26 16:58:01.767 28916 29786 I MATDBManager: sqllite db insert success! insert row id:96
05-26 16:58:01.772 28916 29786 I MATDBManager: sqllite db capacity:2
05-26 16:58:01.774 28916 29786 I MATDBManager: sqllite db insert success! insert row id:97
05-26 16:58:01.776 28916 29786 I MATDBManager: sqllite db capacity:3
05-26 16:58:03.071 29014 30048 I Process : Sending signal. PID: 29874 SIG: 9
05-26 16:58:03.352 28916 28969 W BpBinder: PerfMonitor binderTransact : time=1980ms interface=com.hello.sandbox.core.system.pm.IBPackageManagerService code=18
05-26 16:58:03.421 28916 28916 W PackageParser: Unknown element under <manifest>: supports-gl-texture at /data/user/0/com.hello.miheapp.secretspace/sandbox/data/app/com.instagram.android/ base.apk Binary XML file line #131
05-26 16:58:03.427 28916 28916 W PackageParser: Unknown element under <application>: property at /data/user/0/com.hello.miheapp.secretspace/sandbox/data/app/com.instagram.android/ base.apk Binary XML file line #906
05-26 16:58:03.434 28916 28916 W PackageParser: Unknown element under <application>: enable-feature at /data/user/0/com.hello.miheapp.secretspace/sandbox/data/app/com.instagram.android/ base.apk Binary XML file line #1341
05-26 16:58:03.439 28916 28916 W PackageParser: No actions in intent filter at /data/user/0/com.hello.miheapp.secretspace/sandbox/data/app/com.instagram.android/ base.apk Binary XML file line #2058
05-26 16:58:03.440 28916 28916 W PackageParser: No actions in intent filter at /data/user/0/com.hello.miheapp.secretspace/sandbox/data/app/com.instagram.android/ base.apk Binary XML file line #2063
05-26 16:58:03.440 28916 28916 W PackageParser: No actions in intent filter at /data/user/0/com.hello.miheapp.secretspace/sandbox/data/app/com.instagram.android/ base.apk Binary XML file line #2068
05-26 16:58:03.442 28916 28916 W PackageParser: Unknown element under <manifest>: queries at /data/user/0/com.hello.miheapp.secretspace/sandbox/data/app/com.instagram.android/ base.apk Binary XML file line #2346
05-26 16:58:03.459 28916 29786 I MATDBManager: sqllite db insert success! insert row id:98
05-26 16:58:03.461 28916 29786 I MATDBManager: sqllite db capacity:4
05-26 16:58:03.465 28916 28916 D IS_CTS_MODE: false
05-26 16:58:03.465 28916 28916 D MULTI_WINDOW_ENABLED: false
05-26 16:58:03.469 28916 28916 D DecorView[]: updateDecorCaptionStatus windowMode is 1
05-26 16:58:03.502 28916 29786 I MATDBManager: sqllite db insert success! insert row id:99
05-26 16:58:03.504 28916 29786 I MATDBManager: sqllite db capacity:5
05-26 16:58:03.529 28916 28916 D VRI[HomeAct]: vri.reportNextDraw android.view.ViewRootImpl.performTraversals:4013 android.view.ViewRootImpl.doTraversal:2725 android.view.ViewRootImpl$TraversalRunnable.run:9812 android.view.Choreographer$CallbackRecord.run:1505 android.view.Choreographer$CallbackRecord.run:1513
05-26 16:58:03.529 28916 28916 D VRI[HomeAct]: vri.Setup new sync id=0 syncSeqId=0
05-26 16:58:03.535 28916 29174 E perf_hint: Session creation failed, mPreferredRateNanos: -1
05-26 16:58:03.538 28916 28916 D VRI[HomeAct]: vri.reportDrawFinished syncSeqId=0 android.view.ViewRootImpl.lambda$createSyncIfNeeded$4$android-view- ViewRootImpl:4081 android.view.ViewRootImpl$$ExternalSyntheticLambda2.run:6 android.os.Handler.handleCallback:942 android.os.Handler.dispatchMessage:99 android.os.Looper.loopOnce:211
05-26 16:58:03.546 28916 28916 D DecorView[]: onWindowFocusChanged hasWindowFocus false
05-26 16:58:03.582 28916 28916 D DecorView[]: onWindowFocusChanged hasWindowFocus true
05-26 16:58:03.582 28916 28916 I HandWritingStubImpl: refreshLastKeyboardType: 1
05-26 16:58:03.582 28916 28916 I HandWritingStubImpl: getCurrentKeyboardType: 1
05-26 16:58:03.610 29919 29919 I WM-RemoteWorkerService: Binding to RemoteWorkerService
05-26 16:58:03.628 29919 29928 D WM-WM-RemoteWorker List: Executing work request (dc1f3551-6a92-4186-bf62-1a4a79dca3c4, com.tantan.dex.library.Dex2OatWorker)
05-26 16:58:03.655 29919 29953 E secretspace:dex: Attempt to load writable dex file: /data/user/0/com.hello.miheapp.secretspace/sandbox/data/app/com.instagram.android/ base.apk
05-26 16:58:03.655 29919 29953 W ziparchive: Unable to open '/data/user/0/com.hello.miheapp.secretspace/sandbox/data/app/com.instagram.android/ base.dm': No such file or directory
05-26 16:58:03.919 28916 29786 I MATDBManager: sqllite db insert success! insert row id:100
05-26 16:58:03.920 28916 29786 I MATDBManager: sqllite db capacity:1
05-26 16:58:06.047 29919 31230 W secretspace:dex: Verification of void com.instagram.perf.classpreload.CameraClassPreloadController.preloadClasses() took 439.392ms (17221.50 bytecodes/s) (455192B approximate peak alloc)
05-26 16:58:06.868 29919 31230 W secretspace:dex: Verification of void com.instagram.perf.classpreload.ColdStartClassPreloader.preloadClasses() took 821.095ms (31468.92 bytecodes/s) (1482624B approximate peak alloc)
05-26 16:58:07.148 29919 31230 W secretspace:dex: Verification of void com.instagram.perf.classpreload.DirectPushToThreadClassPreloader.preloadClasses() took 279.752ms (16189.31 bytecodes/s) (311520B approximate peak alloc)
05-26 16:58:07.345 29919 31230 W secretspace:dex: Verification of void com.instagram.perf.classpreload.DirectThreadAndInboxClassPreloader.preloadClasses() took 196.841ms (31644.76 bytecodes/s) (358576B approximate peak alloc)
05-26 16:58:07.717 29919 31230 W secretspace:dex: Verification of void com.instagram.perf.classpreload.ScrollSetClassPreloader.preloadClasses() took 333.520ms (26742.02 bytecodes/s) (625472B approximate peak alloc)
05-26 16:58:07.927 28916 29786 I MATDBManager: sqllite db insert success! insert row id:101
05-26 16:58:07.928 28916 29786 I MATDBManager: sqllite db capacity:2
05-26 16:58:08.287 28916 28916 D DecorView[]: onWindowFocusChanged hasWindowFocus true
05-26 16:58:08.288 28916 28916 I HandWritingStubImpl: refreshLastKeyboardType: 1
05-26 16:58:08.288 28916 28916 I HandWritingStubImpl: getCurrentKeyboardType: 1
05-26 16:58:09.003 29919 31230 W secretspace:dex: Verification of X.7zr X.7vy.A00(X.4gk, com.instagram.common.session.UserSession, boolean) took 141.583ms (166700.35 bytecodes/s) (462576B approximate peak alloc)
05-26 16:58:09.484 28916 28971 D SessionLifecycleClient: Sending lifecycle 2 to service
05-26 16:58:09.485 28916 29202 D SessionLifecycleService: Activity backgrounding at 1627216008
05-26 16:58:09.494 28916 29786 I MATDBManager: sqllite db insert success! insert row id:102
05-26 16:58:09.494 28916 29786 I MATDBManager: sqllite db capacity:3
05-26 16:58:09.509 28916 28916 D DecorView[]: onWindowFocusChanged hasWindowFocus false
05-26 16:58:11.523 28916 29008 I FA : Application backgrounded at: timestamp_millis: 1748258889523
05-26 16:58:12.825 29014 29053 I Process : Sending signal. PID: 29946 SIG: 9
