05-26 16:58:57.191 32145 32145 W IgMetaConfig: at X.4ml.A0L(:9)
05-26 16:58:57.191 32145 32145 W IgMetaConfig: at com.instagram.mainactivity.InstagramMainActivity.onCreate(:155)
05-26 16:58:57.191 32145 32145 W IgMetaConfig: at android.app.Activity.performCreate(Activity.java:8589)
05-26 16:58:57.191 32145 32145 W IgMetaConfig: at android.app.Activity.performCreate(Activity.java:8553)
05-26 16:58:57.191 32145 32145 W IgMetaConfig: at android.app.Instrumentation.callActivityOnCreate(Instrumentation.java:1445)
05-26 16:58:57.191 32145 32145 W IgMetaConfig: at com.hello.sandbox.fake.delegate.BaseInstrumentationDelegate.callActivityOnCreate(Ba seInstrumentationDelegate.java:1)
05-26 16:58:57.191 32145 32145 W IgMetaConfig: at com.hello.sandbox.fake.delegate.AppInstrumentation.callActivityOnCreate(AppInstrume ntation.java:4)
05-26 16:58:57.191 32145 32145 W IgMetaConfig: at android.app.ActivityThread.performLaunchActivity(ActivityThread.java:3901)
05-26 16:58:57.191 32145 32145 W IgMetaConfig: at android.app.ActivityThread.handleLaunchActivity(ActivityThread.java:4073)
05-26 16:58:57.191 32145 32145 W IgMetaConfig: at android.app.servertransaction.LaunchActivityItem.execute(LaunchActivityItem.java:10 1)
05-26 16:58:57.191 32145 32145 W IgMetaConfig: at android.app.servertransaction.TransactionExecutor.executeCallbacks(TransactionExecu tor.java:135)
05-26 16:58:57.191 32145 32145 W IgMetaConfig: at android.app.servertransaction.TransactionExecutor.execute(TransactionExecutor.java: 95)
05-26 16:58:57.191 32145 32145 W IgMetaConfig: at android.app.ActivityThread$H.handleMessage(ActivityThread.java:2426)
05-26 16:58:57.191 32145 32145 W IgMetaConfig: at android.os.Handler.dispatchMessage(Handler.java:106)
05-26 16:58:57.191 32145 32145 W IgMetaConfig: at android.os.Looper.loopOnce(Looper.java:211)
05-26 16:58:57.191 32145 32145 W IgMetaConfig: at android.os.Looper.loop(Looper.java:300)
05-26 16:58:57.191 32145 32145 W IgMetaConfig: at android.app.ActivityThread.main(ActivityThread.java:8503)
05-26 16:58:57.191 32145 32145 W IgMetaConfig: at java.lang.reflect.Method.invoke(Native Method)
05-26 16:58:57.191 32145 32145 W IgMetaConfig: at com.android.internal.os.RuntimeInit$MethodAndArgsCaller.run(RuntimeInit.java:561)
05-26 16:58:57.191 32145 32145 W IgMetaConfig: at com.android.internal.os.ZygoteInit.main(ZygoteInit.java:954)
05-26 16:58:57.193 32145 32145 W IgMetaConfig: Could not obtain MC: null_user_session
05-26 16:58:57.193 32145 32145 W IgMetaConfig: java.lang.RuntimeException: Could not obtain MC, call-site will receive default values
05-26 16:58:57.193 32145 32145 W IgMetaConfig: at X.4kk.A06(:4)
05-26 16:58:57.193 32145 32145 W IgMetaConfig: at X.4kk.A05(:8)
05-26 16:58:57.193 32145 32145 W IgMetaConfig: at X.4kk.A03(:2)
05-26 16:58:57.193 32145 32145 W IgMetaConfig: at com.instagram.mainactivity.InstagramMainActivity.onCreate(:321)
05-26 16:58:57.193 32145 32145 W IgMetaConfig: at android.app.Activity.performCreate(Activity.java:8589)
05-26 16:58:57.193 32145 32145 W IgMetaConfig: at android.app.Activity.performCreate(Activity.java:8553)
05-26 16:58:57.193 32145 32145 W IgMetaConfig: at android.app.Instrumentation.callActivityOnCreate(Instrumentation.java:1445)
05-26 16:58:57.193 32145 32145 W IgMetaConfig: at com.hello.sandbox.fake.delegate.BaseInstrumentationDelegate.callActivityOnCreate(Ba seInstrumentationDelegate.java:1)
05-26 16:58:57.193 32145 32145 W IgMetaConfig: at com.hello.sandbox.fake.delegate.AppInstrumentation.callActivityOnCreate(AppInstrume ntation.java:4)
05-26 16:58:57.193 32145 32145 W IgMetaConfig: at android.app.ActivityThread.performLaunchActivity(ActivityThread.java:3901)
05-26 16:58:57.193 32145 32145 W IgMetaConfig: at android.app.ActivityThread.handleLaunchActivity(ActivityThread.java:4073)
05-26 16:58:57.193 32145 32145 W IgMetaConfig: at android.app.servertransaction.LaunchActivityItem.execute(LaunchActivityItem.java:10 1)
05-26 16:58:57.193 32145 32145 W IgMetaConfig: at android.app.servertransaction.TransactionExecutor.executeCallbacks(TransactionExecu tor.java:135)
05-26 16:58:57.193 32145 32145 W IgMetaConfig: at android.app.servertransaction.TransactionExecutor.execute(TransactionExecutor.java: 95)
05-26 16:58:57.193 32145 32145 W IgMetaConfig: at android.app.ActivityThread$H.handleMessage(ActivityThread.java:2426)
05-26 16:58:57.193 32145 32145 W IgMetaConfig: at android.os.Handler.dispatchMessage(Handler.java:106)
05-26 16:58:57.193 32145 32145 W IgMetaConfig: at android.os.Looper.loopOnce(Looper.java:211)
05-26 16:58:57.193 32145 32145 W IgMetaConfig: at android.os.Looper.loop(Looper.java:300)
05-26 16:58:57.193 32145 32145 W IgMetaConfig: at android.app.ActivityThread.main(ActivityThread.java:8503)
05-26 16:58:57.193 32145 32145 W IgMetaConfig: at java.lang.reflect.Method.invoke(Native Method)
05-26 16:58:57.193 32145 32145 W IgMetaConfig: at com.android.internal.os.RuntimeInit$MethodAndArgsCaller.run(RuntimeInit.java:561)
05-26 16:58:57.193 32145 32145 W IgMetaConfig: at com.android.internal.os.ZygoteInit.main(ZygoteInit.java:954)
05-26 16:58:57.194 32145 32145 W IgMetaConfig: Could not obtain MC: null_user_session
05-26 16:58:57.194 32145 32145 W IgMetaConfig: java.lang.RuntimeException: Could not obtain MC, call-site will receive default values
05-26 16:58:57.194 32145 32145 W IgMetaConfig: at X.4kk.A06(:4)
05-26 16:58:57.194 32145 32145 W IgMetaConfig: at X.4kk.A05(:8)
05-26 16:58:57.194 32145 32145 W IgMetaConfig: at X.4kk.A03(:2)
05-26 16:58:57.194 32145 32145 W IgMetaConfig: at com.instagram.mainactivity.InstagramMainActivity.onCreate(:338)
05-26 16:58:57.194 32145 32145 W IgMetaConfig: at android.app.Activity.performCreate(Activity.java:8589)
05-26 16:58:57.194 32145 32145 W IgMetaConfig: at android.app.Activity.performCreate(Activity.java:8553)
05-26 16:58:57.194 32145 32145 W IgMetaConfig: at android.app.Instrumentation.callActivityOnCreate(Instrumentation.java:1445)
05-26 16:58:57.194 32145 32145 W IgMetaConfig: at com.hello.sandbox.fake.delegate.BaseInstrumentationDelegate.callActivityOnCreate(Ba seInstrumentationDelegate.java:1)
05-26 16:58:57.194 32145 32145 W IgMetaConfig: at com.hello.sandbox.fake.delegate.AppInstrumentation.callActivityOnCreate(AppInstrume ntation.java:4)
05-26 16:58:57.194 32145 32145 W IgMetaConfig: at android.app.ActivityThread.performLaunchActivity(ActivityThread.java:3901)
05-26 16:58:57.194 32145 32145 W IgMetaConfig: at android.app.ActivityThread.handleLaunchActivity(ActivityThread.java:4073)
05-26 16:58:57.194 32145 32145 W IgMetaConfig: at android.app.servertransaction.LaunchActivityItem.execute(LaunchActivityItem.java:10 1)
05-26 16:58:57.194 32145 32145 W IgMetaConfig: at android.app.servertransaction.TransactionExecutor.executeCallbacks(TransactionExecu tor.java:135)
05-26 16:58:57.194 32145 32145 W IgMetaConfig: at android.app.servertransaction.TransactionExecutor.execute(TransactionExecutor.java: 95)
05-26 16:58:57.194 32145 32145 W IgMetaConfig: at android.app.ActivityThread$H.handleMessage(ActivityThread.java:2426)
05-26 16:58:57.194 32145 32145 W IgMetaConfig: at android.os.Handler.dispatchMessage(Handler.java:106)
05-26 16:58:57.194 32145 32145 W IgMetaConfig: at android.os.Looper.loopOnce(Looper.java:211)
05-26 16:58:57.194 32145 32145 W IgMetaConfig: at android.os.Looper.loop(Looper.java:300)
05-26 16:58:57.194 32145 32145 W IgMetaConfig: at android.app.ActivityThread.main(ActivityThread.java:8503)
05-26 16:58:57.194 32145 32145 W IgMetaConfig: at java.lang.reflect.Method.invoke(Native Method)
05-26 16:58:57.194 32145 32145 W IgMetaConfig: at com.android.internal.os.RuntimeInit$MethodAndArgsCaller.run(RuntimeInit.java:561)
05-26 16:58:57.194 32145 32145 W IgMetaConfig: at com.android.internal.os.ZygoteInit.main(ZygoteInit.java:954)
05-26 16:58:57.212 32145 32145 W IgMetaConfig: Could not obtain MC: null_user_session
05-26 16:58:57.212 32145 32145 W IgMetaConfig: java.lang.RuntimeException: Could not obtain MC, call-site will receive default values
05-26 16:58:57.212 32145 32145 W IgMetaConfig: at X.4kk.A06(:4)
05-26 16:58:57.212 32145 32145 W IgMetaConfig: at X.4kk.A05(:8)
05-26 16:58:57.212 32145 32145 W IgMetaConfig: at X.4kk.A03(:2)
05-26 16:58:57.212 32145 32145 W IgMetaConfig: at X.1GA.<init>(:158)
05-26 16:58:57.212 32145 32145 W IgMetaConfig: at com.instagram.mainactivity.InstagramMainActivity.onCreate(:374)
05-26 16:58:57.212 32145 32145 W IgMetaConfig: at android.app.Activity.performCreate(Activity.java:8589)
05-26 16:58:57.212 32145 32145 W IgMetaConfig: at android.app.Activity.performCreate(Activity.java:8553)
05-26 16:58:57.212 32145 32145 W IgMetaConfig: at android.app.Instrumentation.callActivityOnCreate(Instrumentation.java:1445)
05-26 16:58:57.212 32145 32145 W IgMetaConfig: at com.hello.sandbox.fake.delegate.BaseInstrumentationDelegate.callActivityOnCreate(Ba seInstrumentationDelegate.java:1)
05-26 16:58:57.212 32145 32145 W IgMetaConfig: at com.hello.sandbox.fake.delegate.AppInstrumentation.callActivityOnCreate(AppInstrume ntation.java:4)
05-26 16:58:57.212 32145 32145 W IgMetaConfig: at android.app.ActivityThread.performLaunchActivity(ActivityThread.java:3901)
05-26 16:58:57.212 32145 32145 W IgMetaConfig: at android.app.ActivityThread.handleLaunchActivity(ActivityThread.java:4073)
05-26 16:58:57.212 32145 32145 W IgMetaConfig: at android.app.servertransaction.LaunchActivityItem.execute(LaunchActivityItem.java:10 1)
05-26 16:58:57.212 32145 32145 W IgMetaConfig: at android.app.servertransaction.TransactionExecutor.executeCallbacks(TransactionExecu tor.java:135)
05-26 16:58:57.212 32145 32145 W IgMetaConfig: at android.app.servertransaction.TransactionExecutor.execute(TransactionExecutor.java: 95)
05-26 16:58:57.212 32145 32145 W IgMetaConfig: at android.app.ActivityThread$H.handleMessage(ActivityThread.java:2426)
05-26 16:58:57.212 32145 32145 W IgMetaConfig: at android.os.Handler.dispatchMessage(Handler.java:106)
05-26 16:58:57.212 32145 32145 W IgMetaConfig: at android.os.Looper.loopOnce(Looper.java:211)
05-26 16:58:57.212 32145 32145 W IgMetaConfig: at android.os.Looper.loop(Looper.java:300)
05-26 16:58:57.212 32145 32145 W IgMetaConfig: at android.app.ActivityThread.main(ActivityThread.java:8503)
05-26 16:58:57.212 32145 32145 W IgMetaConfig: at java.lang.reflect.Method.invoke(Native Method)
05-26 16:58:57.212 32145 32145 W IgMetaConfig: at com.android.internal.os.RuntimeInit$MethodAndArgsCaller.run(RuntimeInit.java:561)
05-26 16:58:57.212 32145 32145 W IgMetaConfig: at com.android.internal.os.ZygoteInit.main(ZygoteInit.java:954)
05-26 16:58:57.240 32145 32324 W IgMetaConfig: Could not obtain MC: not_user_session session=X.0Ce@fb4759a
05-26 16:58:57.240 32145 32324 W IgMetaConfig: java.lang.RuntimeException: Could not obtain MC, call-site will receive default values
05-26 16:58:57.240 32145 32324 W IgMetaConfig: at X.4kk.A06(:4)
05-26 16:58:57.240 32145 32324 W IgMetaConfig: at X.4kk.A05(:43)
05-26 16:58:57.240 32145 32324 W IgMetaConfig: at X.4kk.A03(:2)
05-26 16:58:57.240 32145 32324 W IgMetaConfig: at X.1fr.A00(:8)
05-26 16:58:57.240 32145 32324 W IgMetaConfig: at X.1fr.A03(:8)
05-26 16:58:57.240 32145 32324 W IgMetaConfig: at X.7tl.A00(:6)
05-26 16:58:57.240 32145 32324 W IgMetaConfig: at X.C0b.A02(:438)
05-26 16:58:57.240 32145 32324 W IgMetaConfig: at X.C0b.A07(:0)
05-26 16:58:57.240 32145 32324 W IgMetaConfig: at X.C1T.A01(:16)
05-26 16:58:57.240 32145 32324 W IgMetaConfig: at X.3l9.handleMessage(:336)
05-26 16:58:57.240 32145 32324 W IgMetaConfig: at android.os.Handler.dispatchMessage(Handler.java:106)
05-26 16:58:57.240 32145 32324 W IgMetaConfig: at android.os.Looper.loopOnce(Looper.java:211)
05-26 16:58:57.240 32145 32324 W IgMetaConfig: at android.os.Looper.loop(Looper.java:300)
05-26 16:58:57.240 32145 32324 W IgMetaConfig: at android.os.HandlerThread.run(HandlerThread.java:67)
05-26 16:58:57.258 32145 32270 W IgMetaConfig: Could not obtain MC: not_user_session session=X.0Pn@3cb7fbf
05-26 16:58:57.258 32145 32270 W IgMetaConfig: java.lang.RuntimeException: Could not obtain MC, call-site will receive default values
05-26 16:58:57.258 32145 32270 W IgMetaConfig: at X.4kk.A06(:4)
05-26 16:58:57.258 32145 32270 W IgMetaConfig: at X.4kk.A05(:43)
05-26 16:58:57.258 32145 32270 W IgMetaConfig: at X.4kk.A03(:2)
05-26 16:58:57.258 32145 32270 W IgMetaConfig: at X.1fr.A00(:8)
05-26 16:58:57.258 32145 32270 W IgMetaConfig: at X.1fr.A01(:3)
05-26 16:58:57.258 32145 32270 W IgMetaConfig: at X.4nA.A00(:10)
05-26 16:58:57.258 32145 32270 W IgMetaConfig: at X.LbT.run(:2)
05-26 16:58:57.258 32145 32270 W IgMetaConfig: at java.util.concurrent.Executors$RunnableAdapter.call(Executors.java:487)
05-26 16:58:57.258 32145 32270 W IgMetaConfig: at java.util.concurrent.FutureTask.run(FutureTask.java:264)
05-26 16:58:57.258 32145 32270 W IgMetaConfig: at java.util.concurrent.ScheduledThreadPoolExecutor$ScheduledFutureTask.run(ScheduledT hreadPoolExecutor.java:307)
05-26 16:58:57.258 32145 32270 W IgMetaConfig: at java.util.concurrent.ThreadPoolExecutor.runWorker(ThreadPoolExecutor.java:1145)
05-26 16:58:57.258 32145 32270 W IgMetaConfig: at java.util.concurrent.ThreadPoolExecutor$Worker.run(ThreadPoolExecutor.java:644)
05-26 16:58:57.258 32145 32270 W IgMetaConfig: at java.lang.Thread.run(Thread.java:1012)
05-26 16:58:57.258 32145 32270 E MobileConfigIGUtils: Initializing device id MetaConfig with empty family device id:EMPTY_FAMILY_DEVICE_ID
05-26 16:58:57.274 32145 32145 D IS_CTS_MODE: false
05-26 16:58:57.274 32145 32145 D MULTI_WINDOW_ENABLED: false
05-26 16:58:57.277 32145 32145 D DecorView[]: getWindowModeFromSystem windowmode is 1
05-26 16:58:57.307 32145 32327 W IgMetaConfig: Could not obtain MC: not_user_session session=X.0Ce@fb4759a
05-26 16:58:57.307 32145 32327 W IgMetaConfig: java.lang.RuntimeException: Could not obtain MC, call-site will receive default values
05-26 16:58:57.307 32145 32327 W IgMetaConfig: at X.4kk.A06(:4)
05-26 16:58:57.307 32145 32327 W IgMetaConfig: at X.4kk.A05(:43)
05-26 16:58:57.307 32145 32327 W IgMetaConfig: at X.4kk.A03(:2)
05-26 16:58:57.307 32145 32327 W IgMetaConfig: at X.6ab.A00(:3)
05-26 16:58:57.307 32145 32327 W IgMetaConfig: at X.4Xi.onSuccessInBackground(:302)
05-26 16:58:57.307 32145 32327 W IgMetaConfig: at X.03Y.run(:59)
05-26 16:58:57.307 32145 32327 W IgMetaConfig: at X.5ap.run(:30)
05-26 16:58:57.307 32145 32327 W IgMetaConfig: at X.1es.run(:25)
05-26 16:58:57.307 32145 32327 W IgMetaConfig: at java.util.concurrent.ThreadPoolExecutor.runWorker(ThreadPoolExecutor.java:1145)
05-26 16:58:57.307 32145 32327 W IgMetaConfig: at java.util.concurrent.ThreadPoolExecutor$Worker.run(ThreadPoolExecutor.java:644)
05-26 16:58:57.307 32145 32327 W IgMetaConfig: at X.1mp.run(:99)
05-26 16:58:57.307 32145 32327 W IgMetaConfig: at java.lang.Thread.run(Thread.java:1012)
05-26 16:58:57.307 32145 32327 W IgMetaConfig: at X.1nc.run(:8)
05-26 16:58:57.308 32145 32327 W IgMetaConfig: Could not obtain MC: not_user_session session=X.0Ce@fb4759a
05-26 16:58:57.308 32145 32327 W IgMetaConfig: java.lang.RuntimeException: Could not obtain MC, call-site will receive default values
05-26 16:58:57.308 32145 32327 W IgMetaConfig: at X.4kk.A06(:4)
05-26 16:58:57.308 32145 32327 W IgMetaConfig: at X.4kk.A05(:43)
05-26 16:58:57.308 32145 32327 W IgMetaConfig: at X.4kk.A03(:2)
05-26 16:58:57.308 32145 32327 W IgMetaConfig: at X.6ab.A00(:24)
05-26 16:58:57.308 32145 32327 W IgMetaConfig: at X.4Xi.onSuccessInBackground(:302)
05-26 16:58:57.308 32145 32327 W IgMetaConfig: at X.03Y.run(:59)
05-26 16:58:57.308 32145 32327 W IgMetaConfig: at X.5ap.run(:30)
05-26 16:58:57.308 32145 32327 W IgMetaConfig: at X.1es.run(:25)
05-26 16:58:57.308 32145 32327 W IgMetaConfig: at java.util.concurrent.ThreadPoolExecutor.runWorker(ThreadPoolExecutor.java:1145)
05-26 16:58:57.308 32145 32327 W IgMetaConfig: at java.util.concurrent.ThreadPoolExecutor$Worker.run(ThreadPoolExecutor.java:644)
05-26 16:58:57.308 32145 32327 W IgMetaConfig: at X.1mp.run(:99)
05-26 16:58:57.308 32145 32327 W IgMetaConfig: at java.lang.Thread.run(Thread.java:1012)
05-26 16:58:57.308 32145 32327 W IgMetaConfig: at X.1nc.run(:8)
05-26 16:58:57.309 32145 32327 W IgMetaConfig: Could not obtain MC: not_user_session session=X.0Ce@fb4759a
05-26 16:58:57.309 32145 32327 W IgMetaConfig: java.lang.RuntimeException: Could not obtain MC, call-site will receive default values
05-26 16:58:57.309 32145 32327 W IgMetaConfig: at X.4kk.A06(:4)
05-26 16:58:57.309 32145 32327 W IgMetaConfig: at X.4kk.A05(:43)
05-26 16:58:57.309 32145 32327 W IgMetaConfig: at X.4kk.A03(:2)
05-26 16:58:57.309 32145 32327 W IgMetaConfig: at X.6ab.A00(:41)
05-26 16:58:57.309 32145 32327 W IgMetaConfig: at X.4Xi.onSuccessInBackground(:302)
05-26 16:58:57.309 32145 32327 W IgMetaConfig: at X.03Y.run(:59)
05-26 16:58:57.309 32145 32327 W IgMetaConfig: at X.5ap.run(:30)
05-26 16:58:57.309 32145 32327 W IgMetaConfig: at X.1es.run(:25)
05-26 16:58:57.309 32145 32327 W IgMetaConfig: at java.util.concurrent.ThreadPoolExecutor.runWorker(ThreadPoolExecutor.java:1145)
05-26 16:58:57.309 32145 32327 W IgMetaConfig: at java.util.concurrent.ThreadPoolExecutor$Worker.run(ThreadPoolExecutor.java:644)
05-26 16:58:57.309 32145 32327 W IgMetaConfig: at X.1mp.run(:99)
05-26 16:58:57.309 32145 32327 W IgMetaConfig: at java.lang.Thread.run(Thread.java:1012)
05-26 16:58:57.309 32145 32327 W IgMetaConfig: at X.1nc.run(:8)
05-26 16:58:57.359 32145 32270 W IgMetaConfig: Could not obtain MC: not_user_session session=X.0Pn@3cb7fbf
05-26 16:58:57.359 32145 32270 W IgMetaConfig: java.lang.RuntimeException: Could not obtain MC, call-site will receive default values
05-26 16:58:57.359 32145 32270 W IgMetaConfig: at X.4kk.A06(:4)
05-26 16:58:57.359 32145 32270 W IgMetaConfig: at X.4kk.A05(:43)
05-26 16:58:57.359 32145 32270 W IgMetaConfig: at X.4kk.A03(:2)
05-26 16:58:57.359 32145 32270 W IgMetaConfig: at X.1fr.A00(:8)
05-26 16:58:57.359 32145 32270 W IgMetaConfig: at X.1fr.A01(:3)
05-26 16:58:57.359 32145 32270 W IgMetaConfig: at X.4nA.A00(:10)
05-26 16:58:57.359 32145 32270 W IgMetaConfig: at X.LbT.run(:2)
05-26 16:58:57.359 32145 32270 W IgMetaConfig: at java.util.concurrent.Executors$RunnableAdapter.call(Executors.java:487)
05-26 16:58:57.359 32145 32270 W IgMetaConfig: at java.util.concurrent.FutureTask.run(FutureTask.java:264)
05-26 16:58:57.359 32145 32270 W IgMetaConfig: at java.util.concurrent.ScheduledThreadPoolExecutor$ScheduledFutureTask.run(ScheduledT hreadPoolExecutor.java:307)
05-26 16:58:57.359 32145 32270 W IgMetaConfig: at java.util.concurrent.ThreadPoolExecutor.runWorker(ThreadPoolExecutor.java:1145)
05-26 16:58:57.359 32145 32270 W IgMetaConfig: at java.util.concurrent.ThreadPoolExecutor$Worker.run(ThreadPoolExecutor.java:644)
05-26 16:58:57.359 32145 32270 W IgMetaConfig: at java.lang.Thread.run(Thread.java:1012)
05-26 16:58:57.360 32145 32270 E MobileConfigIGUtils: Initializing device id MetaConfig with empty family device id:EMPTY_FAMILY_DEVICE_ID
05-26 16:58:57.448 32145 32145 D CompatibilityChangeReporter: Compat change id reported: 210923482; UID 10003; state: ENABLED
05-26 16:58:57.460 32145 32270 W IgMetaConfig: Could not obtain MC: not_user_session session=X.0Pn@3cb7fbf
05-26 16:58:57.460 32145 32270 W IgMetaConfig: java.lang.RuntimeException: Could not obtain MC, call-site will receive default values
05-26 16:58:57.460 32145 32270 W IgMetaConfig: at X.4kk.A06(:4)
05-26 16:58:57.460 32145 32270 W IgMetaConfig: at X.4kk.A05(:43)
05-26 16:58:57.460 32145 32270 W IgMetaConfig: at X.4kk.A03(:2)
05-26 16:58:57.460 32145 32270 W IgMetaConfig: at X.1fr.A00(:8)
05-26 16:58:57.460 32145 32270 W IgMetaConfig: at X.1fr.A01(:3)
05-26 16:58:57.460 32145 32270 W IgMetaConfig: at X.4nA.A00(:10)
05-26 16:58:57.460 32145 32270 W IgMetaConfig: at X.LbT.run(:2)
05-26 16:58:57.460 32145 32270 W IgMetaConfig: at java.util.concurrent.Executors$RunnableAdapter.call(Executors.java:487)
05-26 16:58:57.460 32145 32270 W IgMetaConfig: at java.util.concurrent.FutureTask.run(FutureTask.java:264)
05-26 16:58:57.460 32145 32270 W IgMetaConfig: at java.util.concurrent.ScheduledThreadPoolExecutor$ScheduledFutureTask.run(ScheduledT hreadPoolExecutor.java:307)
05-26 16:58:57.460 32145 32270 W IgMetaConfig: at java.util.concurrent.ThreadPoolExecutor.runWorker(ThreadPoolExecutor.java:1145)
05-26 16:58:57.460 32145 32270 W IgMetaConfig: at java.util.concurrent.ThreadPoolExecutor$Worker.run(ThreadPoolExecutor.java:644)
05-26 16:58:57.460 32145 32270 W IgMetaConfig: at java.lang.Thread.run(Thread.java:1012)
05-26 16:58:57.461 32145 32270 E MobileConfigIGUtils: Initializing device id MetaConfig with empty family device id:EMPTY_FAMILY_DEVICE_ID
05-26 16:58:57.561 32145 32270 W IgMetaConfig: Could not obtain MC: not_user_session session=X.0Pn@3cb7fbf
05-26 16:58:57.561 32145 32270 W IgMetaConfig: java.lang.RuntimeException: Could not obtain MC, call-site will receive default values
05-26 16:58:57.561 32145 32270 W IgMetaConfig: at X.4kk.A06(:4)
05-26 16:58:57.561 32145 32270 W IgMetaConfig: at X.4kk.A05(:43)
05-26 16:58:57.561 32145 32270 W IgMetaConfig: at X.4kk.A03(:2)
05-26 16:58:57.561 32145 32270 W IgMetaConfig: at X.1fr.A00(:8)
05-26 16:58:57.561 32145 32270 W IgMetaConfig: at X.1fr.A01(:3)
05-26 16:58:57.561 32145 32270 W IgMetaConfig: at X.4nA.A00(:10)
05-26 16:58:57.561 32145 32270 W IgMetaConfig: at X.LbT.run(:2)
05-26 16:58:57.561 32145 32270 W IgMetaConfig: at java.util.concurrent.Executors$RunnableAdapter.call(Executors.java:487)
05-26 16:58:57.561 32145 32270 W IgMetaConfig: at java.util.concurrent.FutureTask.run(FutureTask.java:264)
05-26 16:58:57.561 32145 32270 W IgMetaConfig: at java.util.concurrent.ScheduledThreadPoolExecutor$ScheduledFutureTask.run(ScheduledT hreadPoolExecutor.java:307)
05-26 16:58:57.561 32145 32270 W IgMetaConfig: at java.util.concurrent.ThreadPoolExecutor.runWorker(ThreadPoolExecutor.java:1145)
05-26 16:58:57.561 32145 32270 W IgMetaConfig: at java.util.concurrent.ThreadPoolExecutor$Worker.run(ThreadPoolExecutor.java:644)
05-26 16:58:57.561 32145 32270 W IgMetaConfig: at java.lang.Thread.run(Thread.java:1012)
05-26 16:58:57.561 32145 32270 E MobileConfigIGUtils: Initializing device id MetaConfig with empty family device id:EMPTY_FAMILY_DEVICE_ID
05-26 16:58:57.562 32145 32270 E LbT : Used up all retries. Fail to update configs with non-empty fdid.
05-26 16:58:57.590 32145 32145 W IgMetaConfig: Could not obtain MC: null_user_session
05-26 16:58:57.590 32145 32145 W IgMetaConfig: java.lang.RuntimeException: Could not obtain MC, call-site will receive default values
05-26 16:58:57.590 32145 32145 W IgMetaConfig: at X.4kk.A06(:4)
05-26 16:58:57.590 32145 32145 W IgMetaConfig: at X.4kk.A05(:8)
05-26 16:58:57.590 32145 32145 W IgMetaConfig: at X.4kk.A03(:2)
05-26 16:58:57.590 32145 32145 W IgMetaConfig: at X.1lV.A02(:0)
05-26 16:58:57.590 32145 32145 W IgMetaConfig: at com.instagram.mainactivity.InstagramMainActivity.onCreate(:755)
05-26 16:58:57.590 32145 32145 W IgMetaConfig: at android.app.Activity.performCreate(Activity.java:8589)
05-26 16:58:57.590 32145 32145 W IgMetaConfig: at android.app.Activity.performCreate(Activity.java:8553)
05-26 16:58:57.590 32145 32145 W IgMetaConfig: at android.app.Instrumentation.callActivityOnCreate(Instrumentation.java:1445)
05-26 16:58:57.590 32145 32145 W IgMetaConfig: at com.hello.sandbox.fake.delegate.BaseInstrumentationDelegate.callActivityOnCreate(Ba seInstrumentationDelegate.java:1)
05-26 16:58:57.590 32145 32145 W IgMetaConfig: at com.hello.sandbox.fake.delegate.AppInstrumentation.callActivityOnCreate(AppInstrume ntation.java:4)
05-26 16:58:57.590 32145 32145 W IgMetaConfig: at android.app.ActivityThread.performLaunchActivity(ActivityThread.java:3901)
05-26 16:58:57.590 32145 32145 W IgMetaConfig: at android.app.ActivityThread.handleLaunchActivity(ActivityThread.java:4073)
05-26 16:58:57.590 32145 32145 W IgMetaConfig: at android.app.servertransaction.LaunchActivityItem.execute(LaunchActivityItem.java:10 1)
05-26 16:58:57.590 32145 32145 W IgMetaConfig: at android.app.servertransaction.TransactionExecutor.executeCallbacks(TransactionExecu tor.java:135)
05-26 16:58:57.590 32145 32145 W IgMetaConfig: at android.app.servertransaction.TransactionExecutor.execute(TransactionExecutor.java: 95)
05-26 16:58:57.590 32145 32145 W IgMetaConfig: at android.app.ActivityThread$H.handleMessage(ActivityThread.java:2426)
05-26 16:58:57.590 32145 32145 W IgMetaConfig: at android.os.Handler.dispatchMessage(Handler.java:106)
05-26 16:58:57.590 32145 32145 W IgMetaConfig: at android.os.Looper.loopOnce(Looper.java:211)
05-26 16:58:57.590 32145 32145 W IgMetaConfig: at android.os.Looper.loop(Looper.java:300)
05-26 16:58:57.590 32145 32145 W IgMetaConfig: at android.app.ActivityThread.main(ActivityThread.java:8503)
05-26 16:58:57.590 32145 32145 W IgMetaConfig: at java.lang.reflect.Method.invoke(Native Method)
05-26 16:58:57.590 32145 32145 W IgMetaConfig: at com.android.internal.os.RuntimeInit$MethodAndArgsCaller.run(RuntimeInit.java:561)
05-26 16:58:57.590 32145 32145 W IgMetaConfig: at com.android.internal.os.ZygoteInit.main(ZygoteInit.java:954)
05-26 16:58:57.609 32145 32340 W Looper : PerfMonitor longMsg : seq=2 plan=16:58:56.500 late=1ms wall=1108ms h=X.H1W w=2 procState=-1
05-26 16:58:57.620 32145 32340 W IgMetaConfig: Could not obtain MC: not_user_session session=X.0Ce@fb4759a
05-26 16:58:57.620 32145 32340 W IgMetaConfig: java.lang.RuntimeException: Could not obtain MC, call-site will receive default values
05-26 16:58:57.620 32145 32340 W IgMetaConfig: at X.4kk.A06(:4)
05-26 16:58:57.620 32145 32340 W IgMetaConfig: at X.4kk.A05(:43)
05-26 16:58:57.620 32145 32340 W IgMetaConfig: at X.4kk.A03(:2)
05-26 16:58:57.620 32145 32340 W IgMetaConfig: at X.6ab.A00(:3)
05-26 16:58:57.620 32145 32340 W IgMetaConfig: at X.5zb.startRequest(:20)
05-26 16:58:57.620 32145 32340 W IgMetaConfig: at X.5zc.startRequest(:7)
05-26 16:58:57.620 32145 32340 W IgMetaConfig: at X.5zp.startRequest(:128)
05-26 16:58:57.620 32145 32340 W IgMetaConfig: at X.5zu.startRequest(:17)
05-26 16:58:57.620 32145 32340 W IgMetaConfig: at X.5zv.startRequest(:375)
05-26 16:58:57.620 32145 32340 W IgMetaConfig: at X.5zy.startRequest(:19)
05-26 16:58:57.620 32145 32340 W IgMetaConfig: at X.6aE.startRequest(:23)
05-26 16:58:57.620 32145 32340 W IgMetaConfig: at X.4wx.startRequest(:14)
05-26 16:58:57.620 32145 32340 W IgMetaConfig: at X.4wx.A00(:17)
05-26 16:58:57.620 32145 32340 W IgMetaConfig: at X.4vx.A00(:31)
05-26 16:58:57.620 32145 32340 W IgMetaConfig: at X.4vx.A02(:4)
05-26 16:58:57.620 32145 32340 W IgMetaConfig: at com.instagram.analytics.analytics2.IGAnalytics2SimpleUploader.HIG(:24)
05-26 16:58:57.620 32145 32340 W IgMetaConfig: at com.facebook.analytics2.logger.legacy.uploader.PrivacyControlledUploader.HIG(:2)
05-26 16:58:57.620 32145 32340 W IgMetaConfig: at X.Xo9.A00(:34)
05-26 16:58:57.620 32145 32340 W IgMetaConfig: at X.H1W.handleMessage(:97)
05-26 16:58:57.620 32145 32340 W IgMetaConfig: at android.os.Handler.dispatchMessage(Handler.java:106)
05-26 16:58:57.620 32145 32340 W IgMetaConfig: at android.os.Looper.loopOnce(Looper.java:211)
05-26 16:58:57.620 32145 32340 W IgMetaConfig: at android.os.Looper.loop(Looper.java:300)
05-26 16:58:57.620 32145 32340 W IgMetaConfig: at android.os.HandlerThread.run(HandlerThread.java:67)
05-26 16:58:57.621 32145 32340 W IgMetaConfig: Could not obtain MC: not_user_session session=X.0Ce@fb4759a
05-26 16:58:57.621 32145 32340 W IgMetaConfig: java.lang.RuntimeException: Could not obtain MC, call-site will receive default values
05-26 16:58:57.621 32145 32340 W IgMetaConfig: at X.4kk.A06(:4)
05-26 16:58:57.621 32145 32340 W IgMetaConfig: at X.4kk.A05(:43)
05-26 16:58:57.621 32145 32340 W IgMetaConfig: at X.4kk.A03(:2)
05-26 16:58:57.621 32145 32340 W IgMetaConfig: at X.6ab.A00(:24)
05-26 16:58:57.621 32145 32340 W IgMetaConfig: at X.5zb.startRequest(:20)
05-26 16:58:57.621 32145 32340 W IgMetaConfig: at X.5zc.startRequest(:7)
05-26 16:58:57.621 32145 32340 W IgMetaConfig: at X.5zp.startRequest(:128)
05-26 16:58:57.621 32145 32340 W IgMetaConfig: at X.5zu.startRequest(:17)
05-26 16:58:57.621 32145 32340 W IgMetaConfig: at X.5zv.startRequest(:375)
05-26 16:58:57.621 32145 32340 W IgMetaConfig: at X.5zy.startRequest(:19)
05-26 16:58:57.621 32145 32340 W IgMetaConfig: at X.6aE.startRequest(:23)
05-26 16:58:57.621 32145 32340 W IgMetaConfig: at X.4wx.startRequest(:14)
05-26 16:58:57.621 32145 32340 W IgMetaConfig: at X.4wx.A00(:17)
05-26 16:58:57.621 32145 32340 W IgMetaConfig: at X.4vx.A00(:31)
05-26 16:58:57.621 32145 32340 W IgMetaConfig: at X.4vx.A02(:4)
05-26 16:58:57.621 32145 32340 W IgMetaConfig: at com.instagram.analytics.analytics2.IGAnalytics2SimpleUploader.HIG(:24)
05-26 16:58:57.621 32145 32340 W IgMetaConfig: at com.facebook.analytics2.logger.legacy.uploader.PrivacyControlledUploader.HIG(:2)
05-26 16:58:57.621 32145 32340 W IgMetaConfig: at X.Xo9.A00(:34)
05-26 16:58:57.621 32145 32340 W IgMetaConfig: at X.H1W.handleMessage(:97)
05-26 16:58:57.621 32145 32340 W IgMetaConfig: at android.os.Handler.dispatchMessage(Handler.java:106)
05-26 16:58:57.621 32145 32340 W IgMetaConfig: at android.os.Looper.loopOnce(Looper.java:211)
05-26 16:58:57.621 32145 32340 W IgMetaConfig: at android.os.Looper.loop(Looper.java:300)
05-26 16:58:57.621 32145 32340 W IgMetaConfig: at android.os.HandlerThread.run(HandlerThread.java:67)
05-26 16:58:57.622 32145 32340 W IgMetaConfig: Could not obtain MC: not_user_session session=X.0Ce@fb4759a
05-26 16:58:57.622 32145 32340 W IgMetaConfig: java.lang.RuntimeException: Could not obtain MC, call-site will receive default values
05-26 16:58:57.622 32145 32340 W IgMetaConfig: at X.4kk.A06(:4)
05-26 16:58:57.622 32145 32340 W IgMetaConfig: at X.4kk.A05(:43)
05-26 16:58:57.622 32145 32340 W IgMetaConfig: at X.4kk.A03(:2)
05-26 16:58:57.622 32145 32340 W IgMetaConfig: at X.6ab.A00(:41)
05-26 16:58:57.622 32145 32340 W IgMetaConfig: at X.5zb.startRequest(:20)
05-26 16:58:57.622 32145 32340 W IgMetaConfig: at X.5zc.startRequest(:7)
05-26 16:58:57.622 32145 32340 W IgMetaConfig: at X.5zp.startRequest(:128)
05-26 16:58:57.622 32145 32340 W IgMetaConfig: at X.5zu.startRequest(:17)
05-26 16:58:57.622 32145 32340 W IgMetaConfig: at X.5zv.startRequest(:375)
05-26 16:58:57.622 32145 32340 W IgMetaConfig: at X.5zy.startRequest(:19)
05-26 16:58:57.622 32145 32340 W IgMetaConfig: at X.6aE.startRequest(:23)
05-26 16:58:57.622 32145 32340 W IgMetaConfig: at X.4wx.startRequest(:14)
05-26 16:58:57.622 32145 32340 W IgMetaConfig: at X.4wx.A00(:17)
05-26 16:58:57.622 32145 32340 W IgMetaConfig: at X.4vx.A00(:31)
05-26 16:58:57.622 32145 32340 W IgMetaConfig: at X.4vx.A02(:4)
05-26 16:58:57.622 32145 32340 W IgMetaConfig: at com.instagram.analytics.analytics2.IGAnalytics2SimpleUploader.HIG(:24)
05-26 16:58:57.622 32145 32340 W IgMetaConfig: at com.facebook.analytics2.logger.legacy.uploader.PrivacyControlledUploader.HIG(:2)
05-26 16:58:57.622 32145 32340 W IgMetaConfig: at X.Xo9.A00(:34)
05-26 16:58:57.622 32145 32340 W IgMetaConfig: at X.H1W.handleMessage(:97)
05-26 16:58:57.622 32145 32340 W IgMetaConfig: at android.os.Handler.dispatchMessage(Handler.java:106)
05-26 16:58:57.622 32145 32340 W IgMetaConfig: at android.os.Looper.loopOnce(Looper.java:211)
05-26 16:58:57.622 32145 32340 W IgMetaConfig: at android.os.Looper.loop(Looper.java:300)
05-26 16:58:57.622 32145 32340 W IgMetaConfig: at android.os.HandlerThread.run(HandlerThread.java:67)
05-26 16:58:57.732 32145 32145 W .secretspace:p0: Verification of androidx.fragment.app.Fragment X.8aR.A06(android.os.Bundle, androidx.fragment.app.FragmentActivity, X.0Pm, java.lang.String) took 133.560ms (103219.00 bytecodes/s) (349960B approximate peak alloc)
05-26 16:58:57.856 29919 31230 W secretspace:dex: Verification of void X.APi.<init>(X.AOx) took 108.011ms (149724.28 bytecodes/s) (473448B approximate peak alloc)
05-26 16:58:57.878 32145 32145 W MDCLLight: Failed to load class from parent: com.android.webview.chromium.membrane.AppHostedWebViewFactoryProvider
05-26 16:58:57.878 32145 32145 W MDCLLight: java.lang.ClassNotFoundException: com.android.webview.chromium.membrane.AppHostedWebViewFactoryProvider
05-26 16:58:57.878 32145 32145 W MDCLLight: at java.lang.Class.classForName(Native Method)
05-26 16:58:57.878 32145 32145 W MDCLLight: at java.lang.BootClassLoader.findClass(ClassLoader.java:2693)
05-26 16:58:57.878 32145 32145 W MDCLLight: at java.lang.BootClassLoader.loadClass(ClassLoader.java:2753)
05-26 16:58:57.878 32145 32145 W MDCLLight: at java.lang.ClassLoader.loadClass(ClassLoader.java:573)
05-26 16:58:57.878 32145 32145 W MDCLLight: at com.facebook.common.dextricks.MultiDexClassLoaderLight.loadFromParent(:4)
05-26 16:58:57.878 32145 32145 W MDCLLight: at com.facebook.common.dextricks.MultiDexClassLoaderLight.loadClass(:6)
05-26 16:58:57.878 32145 32145 W MDCLLight: at java.lang.ClassLoader.loadClass(ClassLoader.java:625)
05-26 16:58:57.878 32145 32145 W MDCLLight: at java.lang.ClassLoader.loadClass(ClassLoader.java:573)
05-26 16:58:57.878 32145 32145 W MDCLLight: at com.instagram.mainactivity.InstagramMainActivity.onCreate(:909)
05-26 16:58:57.878 32145 32145 W MDCLLight: at android.app.Activity.performCreate(Activity.java:8589)
05-26 16:58:57.878 32145 32145 W MDCLLight: at android.app.Activity.performCreate(Activity.java:8553)
05-26 16:58:57.878 32145 32145 W MDCLLight: at android.app.Instrumentation.callActivityOnCreate(Instrumentation.java:1445)
05-26 16:58:57.878 32145 32145 W MDCLLight: at com.hello.sandbox.fake.delegate.BaseInstrumentationDelegate.callActivityOnCreate(Ba seInstrumentationDelegate.java:1)
05-26 16:58:57.878 32145 32145 W MDCLLight: at com.hello.sandbox.fake.delegate.AppInstrumentation.callActivityOnCreate(AppInstrume ntation.java:4)
05-26 16:58:57.878 32145 32145 W MDCLLight: at android.app.ActivityThread.performLaunchActivity(ActivityThread.java:3901)
05-26 16:58:57.878 32145 32145 W MDCLLight: at android.app.ActivityThread.handleLaunchActivity(ActivityThread.java:4073)
05-26 16:58:57.878 32145 32145 W MDCLLight: at android.app.servertransaction.LaunchActivityItem.execute(LaunchActivityItem.java:10 1)
05-26 16:58:57.878 32145 32145 W MDCLLight: at android.app.servertransaction.TransactionExecutor.executeCallbacks(TransactionExecu tor.java:135)
05-26 16:58:57.878 32145 32145 W MDCLLight: at android.app.servertransaction.TransactionExecutor.execute(TransactionExecutor.java: 95)
05-26 16:58:57.878 32145 32145 W MDCLLight: at android.app.ActivityThread$H.handleMessage(ActivityThread.java:2426)
05-26 16:58:57.878 32145 32145 W MDCLLight: at android.os.Handler.dispatchMessage(Handler.java:106)
05-26 16:58:57.878 32145 32145 W MDCLLight: at android.os.Looper.loopOnce(Looper.java:211)
05-26 16:58:57.878 32145 32145 W MDCLLight: at android.os.Looper.loop(Looper.java:300)
05-26 16:58:57.878 32145 32145 W MDCLLight: at android.app.ActivityThread.main(ActivityThread.java:8503)
05-26 16:58:57.878 32145 32145 W MDCLLight: at java.lang.reflect.Method.invoke(Native Method)
05-26 16:58:57.878 32145 32145 W MDCLLight: at com.android.internal.os.RuntimeInit$MethodAndArgsCaller.run(RuntimeInit.java:561)
05-26 16:58:57.878 32145 32145 W MDCLLight: at com.android.internal.os.ZygoteInit.main(ZygoteInit.java:954)
05-26 16:58:57.878 32145 32145 W MDCLLight: Caused by: java.lang.NoClassDefFoundError: Class not found using the boot class loader; no stack trace available
05-26 16:58:57.879 32145 32145 W MDCLLight: Failed to load class from parent: com.android.webview.chromium.membrane.HeliumCookieManagerExtensions
05-26 16:58:57.879 32145 32145 W MDCLLight: java.lang.ClassNotFoundException: com.android.webview.chromium.membrane.HeliumCookieManagerExtensions
05-26 16:58:57.879 32145 32145 W MDCLLight: at java.lang.Class.classForName(Native Method)
05-26 16:58:57.879 32145 32145 W MDCLLight: at java.lang.BootClassLoader.findClass(ClassLoader.java:2693)
05-26 16:58:57.879 32145 32145 W MDCLLight: at java.lang.BootClassLoader.loadClass(ClassLoader.java:2753)
05-26 16:58:57.879 32145 32145 W MDCLLight: at java.lang.ClassLoader.loadClass(ClassLoader.java:573)
05-26 16:58:57.879 32145 32145 W MDCLLight: at com.facebook.common.dextricks.MultiDexClassLoaderLight.loadFromParent(:4)
05-26 16:58:57.879 32145 32145 W MDCLLight: at com.facebook.common.dextricks.MultiDexClassLoaderLight.loadClass(:6)
05-26 16:58:57.879 32145 32145 W MDCLLight: at java.lang.ClassLoader.loadClass(ClassLoader.java:625)
05-26 16:58:57.879 32145 32145 W MDCLLight: at java.lang.ClassLoader.loadClass(ClassLoader.java:573)
05-26 16:58:57.879 32145 32145 W MDCLLight: at com.instagram.mainactivity.InstagramMainActivity.onCreate(:909)
05-26 16:58:57.879 32145 32145 W MDCLLight: at android.app.Activity.performCreate(Activity.java:8589)
05-26 16:58:57.879 32145 32145 W MDCLLight: at android.app.Activity.performCreate(Activity.java:8553)
05-26 16:58:57.879 32145 32145 W MDCLLight: at android.app.Instrumentation.callActivityOnCreate(Instrumentation.java:1445)
05-26 16:58:57.879 32145 32145 W MDCLLight: at com.hello.sandbox.fake.delegate.BaseInstrumentationDelegate.callActivityOnCreate(Ba seInstrumentationDelegate.java:1)
05-26 16:58:57.879 32145 32145 W MDCLLight: at com.hello.sandbox.fake.delegate.AppInstrumentation.callActivityOnCreate(AppInstrume ntation.java:4)
05-26 16:58:57.879 32145 32145 W MDCLLight: at android.app.ActivityThread.performLaunchActivity(ActivityThread.java:3901)
05-26 16:58:57.879 32145 32145 W MDCLLight: at android.app.ActivityThread.handleLaunchActivity(ActivityThread.java:4073)
05-26 16:58:57.879 32145 32145 W MDCLLight: at android.app.servertransaction.LaunchActivityItem.execute(LaunchActivityItem.java:10 1)
05-26 16:58:57.879 32145 32145 W MDCLLight: at android.app.servertransaction.TransactionExecutor.executeCallbacks(TransactionExecu tor.java:135)
05-26 16:58:57.879 32145 32145 W MDCLLight: at android.app.servertransaction.TransactionExecutor.execute(TransactionExecutor.java: 95)
05-26 16:58:57.879 32145 32145 W MDCLLight: at android.app.ActivityThread$H.handleMessage(ActivityThread.java:2426)
05-26 16:58:57.879 32145 32145 W MDCLLight: at android.os.Handler.dispatchMessage(Handler.java:106)
05-26 16:58:57.879 32145 32145 W MDCLLight: at android.os.Looper.loopOnce(Looper.java:211)
05-26 16:58:57.879 32145 32145 W MDCLLight: at android.os.Looper.loop(Looper.java:300)
05-26 16:58:57.879 32145 32145 W MDCLLight: at android.app.ActivityThread.main(ActivityThread.java:8503)
05-26 16:58:57.879 32145 32145 W MDCLLight: at java.lang.reflect.Method.invoke(Native Method)
05-26 16:58:57.879 32145 32145 W MDCLLight: at com.android.internal.os.RuntimeInit$MethodAndArgsCaller.run(RuntimeInit.java:561)
05-26 16:58:57.879 32145 32145 W MDCLLight: at com.android.internal.os.ZygoteInit.main(ZygoteInit.java:954)
05-26 16:58:57.879 32145 32145 W MDCLLight: Caused by: java.lang.NoClassDefFoundError: Class not found using the boot class loader; no stack trace available
05-26 16:58:57.880 32145 32145 W MDCLLight: Failed to load class from parent: com.android.webview.chromium.membrane.HeliumCookieManagerExtensions$Callback
05-26 16:58:57.880 32145 32145 W MDCLLight: java.lang.ClassNotFoundException: com.android.webview.chromium.membrane.HeliumCookieManagerExtensions$Callback
05-26 16:58:57.880 32145 32145 W MDCLLight: at java.lang.Class.classForName(Native Method)
05-26 16:58:57.880 32145 32145 W MDCLLight: at java.lang.BootClassLoader.findClass(ClassLoader.java:2693)
05-26 16:58:57.880 32145 32145 W MDCLLight: at java.lang.BootClassLoader.loadClass(ClassLoader.java:2753)
05-26 16:58:57.880 32145 32145 W MDCLLight: at java.lang.ClassLoader.loadClass(ClassLoader.java:573)
05-26 16:58:57.880 32145 32145 W MDCLLight: at com.facebook.common.dextricks.MultiDexClassLoaderLight.loadFromParent(:4)
05-26 16:58:57.880 32145 32145 W MDCLLight: at com.facebook.common.dextricks.MultiDexClassLoaderLight.loadClass(:6)
05-26 16:58:57.880 32145 32145 W MDCLLight: at java.lang.ClassLoader.loadClass(ClassLoader.java:625)
05-26 16:58:57.880 32145 32145 W MDCLLight: at java.lang.ClassLoader.loadClass(ClassLoader.java:573)
05-26 16:58:57.880 32145 32145 W MDCLLight: at dalvik.system.DexFile.defineClassNative(Native Method)
05-26 16:58:57.880 32145 32145 W MDCLLight: at dalvik.system.DexFile.defineClass(DexFile.java:328)
05-26 16:58:57.880 32145 32145 W MDCLLight: at dalvik.system.DexFile.loadClassBinaryName(DexFile.java:321)
05-26 16:58:57.880 32145 32145 W MDCLLight: at com.facebook.common.dextricks.DexFileLoadNew.loadClassBinaryName(:1)
05-26 16:58:57.880 32145 32145 W MDCLLight: at com.facebook.common.dextricks.MultiDexClassLoaderLight.loadClass(:22)
05-26 16:58:57.880 32145 32145 W MDCLLight: at java.lang.ClassLoader.loadClass(ClassLoader.java:625)
05-26 16:58:57.880 32145 32145 W MDCLLight: at java.lang.ClassLoader.loadClass(ClassLoader.java:573)
05-26 16:58:57.880 32145 32145 W MDCLLight: at com.instagram.mainactivity.InstagramMainActivity.onCreate(:909)
05-26 16:58:57.880 32145 32145 W MDCLLight: at android.app.Activity.performCreate(Activity.java:8589)
05-26 16:58:57.880 32145 32145 W MDCLLight: at android.app.Activity.performCreate(Activity.java:8553)
05-26 16:58:57.880 32145 32145 W MDCLLight: at android.app.Instrumentation.callActivityOnCreate(Instrumentation.java:1445)
05-26 16:58:57.880 32145 32145 W MDCLLight: at com.hello.sandbox.fake.delegate.BaseInstrumentationDelegate.callActivityOnCreate(Ba seInstrumentationDelegate.java:1)
05-26 16:58:57.880 32145 32145 W MDCLLight: at com.hello.sandbox.fake.delegate.AppInstrumentation.callActivityOnCreate(AppInstrume ntation.java:4)
05-26 16:58:57.880 32145 32145 W MDCLLight: at android.app.ActivityThread.performLaunchActivity(ActivityThread.java:3901)
05-26 16:58:57.880 32145 32145 W MDCLLight: at android.app.ActivityThread.handleLaunchActivity(ActivityThread.java:4073)
05-26 16:58:57.880 32145 32145 W MDCLLight: at android.app.servertransaction.LaunchActivityItem.execute(LaunchActivityItem.java:10 1)
05-26 16:58:57.880 32145 32145 W MDCLLight: at android.app.servertransaction.TransactionExecutor.executeCallbacks(TransactionExecu tor.java:135)
05-26 16:58:57.880 32145 32145 W MDCLLight: at android.app.servertransaction.TransactionExecutor.execute(TransactionExecutor.java: 95)
05-26 16:58:57.880 32145 32145 W MDCLLight: at android.app.ActivityThread$H.handleMessage(ActivityThread.java:2426)
05-26 16:58:57.880 32145 32145 W MDCLLight: at android.os.Handler.dispatchMessage(Handler.java:106)
05-26 16:58:57.880 32145 32145 W MDCLLight: at android.os.Looper.loopOnce(Looper.java:211)
05-26 16:58:57.880 32145 32145 W MDCLLight: at android.os.Looper.loop(Looper.java:300)
05-26 16:58:57.880 32145 32145 W MDCLLight: at android.app.ActivityThread.main(ActivityThread.java:8503)
05-26 16:58:57.880 32145 32145 W MDCLLight: at java.lang.reflect.Method.invoke(Native Method)
05-26 16:58:57.880 32145 32145 W MDCLLight: at com.android.internal.os.RuntimeInit$MethodAndArgsCaller.run(RuntimeInit.java:561)
05-26 16:58:57.880 32145 32145 W MDCLLight: at com.android.internal.os.ZygoteInit.main(ZygoteInit.java:954)
05-26 16:58:57.880 32145 32145 W MDCLLight: Caused by: java.lang.NoClassDefFoundError: Class not found using the boot class loader; no stack trace available
05-26 16:58:57.916 32145 32308 W IgMetaConfig: Could not obtain MC: not_user_session session=X.0Ce@fb4759a
05-26 16:58:57.916 32145 32308 W IgMetaConfig: java.lang.RuntimeException: Could not obtain MC, call-site will receive default values
05-26 16:58:57.916 32145 32308 W IgMetaConfig: at X.4kk.A06(:4)
05-26 16:58:57.916 32145 32308 W IgMetaConfig: at X.4kk.A05(:43)
05-26 16:58:57.916 32145 32308 W IgMetaConfig: at X.4kk.A03(:2)
05-26 16:58:57.916 32145 32308 W IgMetaConfig: at X.1fr.A00(:8)
05-26 16:58:57.916 32145 32308 W IgMetaConfig: at X.1fr.A03(:8)
05-26 16:58:57.916 32145 32308 W IgMetaConfig: at X.7zp.run(:7)
05-26 16:58:57.916 32145 32308 W IgMetaConfig: at X.1es.run(:25)
05-26 16:58:57.916 32145 32308 W IgMetaConfig: at android.os.Handler.handleCallback(Handler.java:942)
05-26 16:58:57.916 32145 32308 W IgMetaConfig: at android.os.Handler.dispatchMessage(Handler.java:99)
05-26 16:58:57.916 32145 32308 W IgMetaConfig: at android.os.Looper.loopOnce(Looper.java:211)
05-26 16:58:57.916 32145 32308 W IgMetaConfig: at android.os.Looper.loop(Looper.java:300)
05-26 16:58:57.916 32145 32308 W IgMetaConfig: at android.os.HandlerThread.run(HandlerThread.java:67)
05-26 16:58:57.992 32145 32145 W Activity: PerfMonitor: Slow Operation: Activity com.instagram.android/com.instagram.mainactivity.InstagramMainActivity onCreate took 801ms
05-26 16:58:58.002 32145 32145 W Looper : PerfMonitor longMsg : seq=36 plan=16:58:56.920 late=11ms wall=1067ms h=android.app.ActivityThread$H w=159 procState=-1
05-26 16:58:58.002 32145 32145 W Looper : PerfMonitor looperActivity : package=com.instagram.android/com.instagram.mainactivity.InstagramMainActivity time=1ms latency=1079ms procState=-1 historyMsgCount=9 (msgIndex=9 wall=1067ms seq=36 late=11ms h=android.app.ActivityThread$H w=159)
05-26 16:58:58.048 31926 31978 D SafeParcel: Unknown field id 34 in com.google.android.gms.measurement.internal.AppMetadata, skipping.
05-26 16:58:58.049 31926 31978 D SafeParcel: Unknown field id 35 in com.google.android.gms.measurement.internal.AppMetadata, skipping.
05-26 16:58:58.049 31926 31978 D MeasurementService: sendAppLaunch() for AppMetadata[com.hello.miheapp.secretspace]
05-26 16:58:58.068 32145 32213 W FA : Table has extra columns. table, columns: messages, app_version, app_version_int
05-26 16:58:58.079 32145 32213 W FA : Table has extra columns. table, columns: messages, app_version, app_version_int
05-26 16:58:58.091 31926 31978 D SafeParcel: Unknown field id 34 in com.google.android.gms.measurement.internal.AppMetadata, skipping.
05-26 16:58:58.092 31926 31978 D SafeParcel: Unknown field id 35 in com.google.android.gms.measurement.internal.AppMetadata, skipping.
05-26 16:58:58.094 32145 32308 W IgMetaConfig: Could not obtain MC: not_user_session session=X.0Pn@3cb7fbf
05-26 16:58:58.094 32145 32308 W IgMetaConfig: java.lang.RuntimeException: Could not obtain MC, call-site will receive default values
05-26 16:58:58.094 32145 32308 W IgMetaConfig: at X.4kk.A06(:4)
05-26 16:58:58.094 32145 32308 W IgMetaConfig: at X.4kk.A05(:43)
05-26 16:58:58.094 32145 32308 W IgMetaConfig: at X.4kk.A03(:2)
05-26 16:58:58.094 32145 32308 W IgMetaConfig: at X.1fr.A00(:8)
05-26 16:58:58.094 32145 32308 W IgMetaConfig: at X.1fr.A03(:8)
05-26 16:58:58.094 32145 32308 W IgMetaConfig: at X.7zp.run(:7)
05-26 16:58:58.094 32145 32308 W IgMetaConfig: at X.1es.run(:25)
05-26 16:58:58.094 32145 32308 W IgMetaConfig: at android.os.Handler.handleCallback(Handler.java:942)
05-26 16:58:58.094 32145 32308 W IgMetaConfig: at android.os.Handler.dispatchMessage(Handler.java:99)
05-26 16:58:58.094 32145 32308 W IgMetaConfig: at android.os.Looper.loopOnce(Looper.java:211)
05-26 16:58:58.094 32145 32308 W IgMetaConfig: at android.os.Looper.loop(Looper.java:300)
05-26 16:58:58.094 32145 32308 W IgMetaConfig: at android.os.HandlerThread.run(HandlerThread.java:67)
05-26 16:58:58.095 31926 31978 D MeasurementService: sendEvent(com.google.android.gms.measurement.internal.EventParcel@12ea859) for AppMetadata[com.hello.miheapp.secretspace]
05-26 16:58:58.098 31926 31971 D SafeParcel: Unknown field id 34 in com.google.android.gms.measurement.internal.AppMetadata, skipping.
05-26 16:58:58.098 31926 31971 D SafeParcel: Unknown field id 35 in com.google.android.gms.measurement.internal.AppMetadata, skipping.
05-26 16:58:58.098 31926 31971 D MeasurementService: sendEvent(com.google.android.gms.measurement.internal.EventParcel@5fefc1e) for AppMetadata[com.hello.miheapp.secretspace]
05-26 16:58:58.100 31926 31939 D SafeParcel: Unknown field id 34 in com.google.android.gms.measurement.internal.AppMetadata, skipping.
05-26 16:58:58.100 31926 31939 D SafeParcel: Unknown field id 35 in com.google.android.gms.measurement.internal.AppMetadata, skipping.
05-26 16:58:58.100 31926 31939 D MeasurementService: getAppInstanceId() for AppMetadata[com.hello.miheapp.secretspace]
05-26 16:58:58.119 32145 32145 W SoLoader: Loading mobileconfig-jni on the main thread
05-26 16:58:58.120 31926 31971 D SafeParcel: Unknown field id 34 in com.google.android.gms.measurement.internal.AppMetadata, skipping.
05-26 16:58:58.120 31926 31971 D SafeParcel: Unknown field id 35 in com.google.android.gms.measurement.internal.AppMetadata, skipping.
05-26 16:58:58.120 31926 31971 D MeasurementService: sendDefaultEventParameters(Bundle[EMPTY_PARCEL]) for AppMetadata[com.hello.miheapp.secretspace]
05-26 16:58:58.125 32145 32145 W IgMetaConfig: Could not obtain MC: not_user_session session=X.0Ce@b49cfcf
05-26 16:58:58.125 32145 32145 W IgMetaConfig: java.lang.RuntimeException: Could not obtain MC, call-site will receive default values
05-26 16:58:58.125 32145 32145 W IgMetaConfig: at X.4kk.A06(:4)
05-26 16:58:58.125 32145 32145 W IgMetaConfig: at X.4kk.A05(:43)
05-26 16:58:58.125 32145 32145 W IgMetaConfig: at X.4kk.A03(:2)
05-26 16:58:58.125 32145 32145 W IgMetaConfig: at X.1fr.A00(:8)
05-26 16:58:58.125 32145 32145 W IgMetaConfig: at X.1fr.A03(:8)
05-26 16:58:58.125 32145 32145 W IgMetaConfig: at X.Hgv.<init>(:67)
05-26 16:58:58.125 32145 32145 W IgMetaConfig: at com.instagram.nux.activity.BloksSignedOutFragmentActivity.onCreate(:68)
05-26 16:58:58.125 32145 32145 W IgMetaConfig: at android.app.Activity.performCreate(Activity.java:8589)
05-26 16:58:58.125 32145 32145 W IgMetaConfig: at android.app.Activity.performCreate(Activity.java:8553)
05-26 16:58:58.125 32145 32145 W IgMetaConfig: at android.app.Instrumentation.callActivityOnCreate(Instrumentation.java:1445)
05-26 16:58:58.125 32145 32145 W IgMetaConfig: at com.hello.sandbox.fake.delegate.BaseInstrumentationDelegate.callActivityOnCreate(Ba seInstrumentationDelegate.java:1)
05-26 16:58:58.125 32145 32145 W IgMetaConfig: at com.hello.sandbox.fake.delegate.AppInstrumentation.callActivityOnCreate(AppInstrume ntation.java:4)
