05-26 16:58:35.893 31926 31926 D nativeloader: Load /data/app/~~y54zPcFPhS4BJ7wab6Ut5w==/com.hello.miheapp.secretspace- lxuufuIyEmU7T1oRw05RBA==/split_config.arm64_v8a.apk!/lib/arm64-v8a/librepublic.so using ns clns-5 from class loader (caller=/data/app/~~y54zPcFPhS4BJ7wab6Ut5w==/com.hello.miheapp.secretspace- lxuufuIyEmU7T1oRw05RBA==/base.apk): ok
05-26 16:58:36.266 31926 31926 W Glide : Failed to find GeneratedAppGlideModule. You should include an annotationProcessor compile dependency on com.github.bumptech.glide:compiler in your application and a @GlideModule annotated AppGlideModule implementation or LibraryGlideModules will be silently ignored
05-26 16:58:36.270 31890 31916 W BpBinder: PerfMonitor binderTransact : time=798ms interface=com.hello.sandbox.core.system.am.IBActivityManagerService code=1
05-26 16:58:36.282 31926 31926 D CompatibilityChangeReporter: Compat change id reported: 183155436; UID 11031; state: ENABLED
05-26 16:58:36.287 31926 31926 D SessionsDependencies: Dependency to CRASHLYTICS added.
05-26 16:58:36.291 31926 31926 I FirebaseApp: Device unlocked: initializing all Firebase APIs for app [DEFAULT]
05-26 16:58:36.332 31926 31926 D FirebaseSessions: Initializing Firebase Sessions SDK.
05-26 16:58:36.334 31926 31926 I FirebaseCrashlytics: Initializing Firebase Crashlytics 18.6.2 for com.hello.miheapp.secretspace
05-26 16:58:36.361 31926 31926 D SessionsDependencies: Subscriber CRASHLYTICS registered.
05-26 16:58:36.400 31926 31954 D ActivityThread: Loading provider com.google.android.gms.chimera: org.microg.gms.chimera.ServiceProvider
05-26 16:58:36.417 31926 31926 I FirebaseApp: FirebaseApp initialization successful
05-26 16:58:36.419 31926 31955 D LifecycleServiceBinder: Binding service to application.
05-26 16:58:36.441 31926 31956 I FirebaseCrashlytics: No version control information found
05-26 16:58:36.447 31926 31954 D nativeloader: Configuring clns-6 for other apk /system/framework/com.android.location.provider.jar. target_sdk_version=29, uses_libraries=ALL, library_path=/data/user/0/com.hello.miheapp.secretspace/sandbox/data/app/ com.google.android.gms/lib:/data/user/0/com.hello.miheapp.secretspace/sandbox/ data/app/com.google.android.gms/base.apk!/lib/arm64-v8a, permitted_path=/data:/mnt/expand:/data/user/0/com.hello.miheapp.secretspace/ sandbox/data/user/0/com.google.android.gms
05-26 16:58:36.447 31926 31954 D nativeloader: Extending system_exposed_libraries: libbinauralrenderer_wrapper.qti.so:libhoaeffects.qti.so:libQOC.qti.so:libmisys_jni. xiaomi.so:libxiaomi_modemdumpsdx55_jni.modem.so:libxiaomi_modemdump_jni.modem.so:li bupdateprof.qti.so:libthermalclient.qti.so:libQOC.qti.so:libdiag_system.qti.so:libq ape.qti.so:liblistenjni.qti.so
05-26 16:58:36.497 31926 31926 D nativeloader: Load /data/app/~~y54zPcFPhS4BJ7wab6Ut5w==/com.hello.miheapp.secretspace- lxuufuIyEmU7T1oRw05RBA==/split_config.arm64_v8a.apk!/lib/arm64-v8a/libsandbox.so using ns clns-5 from class loader (caller=/data/app/~~y54zPcFPhS4BJ7wab6Ut5w==/com.hello.miheapp.secretspace- lxuufuIyEmU7T1oRw05RBA==/base.apk): ok
05-26 16:58:36.497 31926 31926 D NativeCore: NativeCore init.
05-26 16:58:36.498 31926 31926 D NativeCore: found art method entrypoint jni offset: 2
05-26 16:58:36.498 31926 31926 D NativeCore: not found art method match access flags offset , use default: 4
05-26 16:58:36.540 31926 31954 I .secretspace:p1: Failed to add image file: Failed to find OatDexFile for DexFile /data/app/~~y54zPcFPhS4BJ7wab6Ut5w==/com.hello.miheapp.secretspace- lxuufuIyEmU7T1oRw05RBA==/base.apk (canonical path /data/app/~~y54zPcFPhS4BJ7wab6Ut5w==/com.hello.miheapp.secretspace- lxuufuIyEmU7T1oRw05RBA==/base.apk) in OatFile /data/user/0/com.hello.miheapp.secretspace/sandbox/data/app/com.google.android.gms/ oat/arm64/base.vdex
05-26 16:58:36.549 31926 31954 D nativeloader: Configuring clns-7 for other apk /data/user/0/com.hello.miheapp.secretspace/sandbox/data/app/com.google.android.gms/ base.apk. target_sdk_version=29, uses_libraries=, library_path=/data/user/0/com.hello.miheapp.secretspace/sandbox/data/app/ com.google.android.gms/lib:/data/user/0/com.hello.miheapp.secretspace/sandbox/ data/app/com.google.android.gms/base.apk!/lib/arm64-v8a, permitted_path=/data:/mnt/expand:/data/user/0/com.hello.miheapp.secretspace/ sandbox/data/user/0/com.google.android.gms
05-26 16:58:36.549 31926 31954 D nativeloader: Extending system_exposed_libraries: libbinauralrenderer_wrapper.qti.so:libhoaeffects.qti.so:libQOC.qti.so:libmisys_jni. xiaomi.so:libxiaomi_modemdumpsdx55_jni.modem.so:libxiaomi_modemdump_jni.modem.so:li bupdateprof.qti.so:libthermalclient.qti.so:libQOC.qti.so:libdiag_system.qti.so:libq ape.qti.so:liblistenjni.qti.so
05-26 16:58:36.552 31926 31954 W DynamiteModule: IDynamite loader version = 2, no high precision latency measurement.
05-26 16:58:36.553 31926 31954 I DynamiteModule: Considering local module com.google.android.gms.measurement.dynamite:100 and remote module com.google.android.gms.measurement.dynamite:98
05-26 16:58:36.554 31926 31954 I DynamiteModule: Selected local version of com.google.android.gms.measurement.dynamite
05-26 16:58:36.554 31926 31954 W DynamiteModule: IDynamite loader version = 2, no high precision latency measurement.
05-26 16:58:36.613 31926 31926 E NativeCore: not native method
05-26 16:58:36.613 31926 31926 E NativeCore: check flags error. class:java/io/UnixFileSystem, method:canonicalize0
05-26 16:58:36.613 31926 31926 D NativeCore: register class:java/io/UnixFileSystem, method:getBooleanAttributes0 success!
05-26 16:58:36.613 31926 31926 D NativeCore: register class:java/io/UnixFileSystem, method:getLastModifiedTime0 success!
05-26 16:58:36.613 31926 31926 D NativeCore: register class:java/io/UnixFileSystem, method:setPermission0 success!
05-26 16:58:36.613 31926 31926 D NativeCore: register class:java/io/UnixFileSystem, method:createFileExclusively0 success!
05-26 16:58:36.613 31926 31926 D NativeCore: register class:java/io/UnixFileSystem, method:list0 success!
05-26 16:58:36.613 31926 31926 D NativeCore: register class:java/io/UnixFileSystem, method:createDirectory0 success!
05-26 16:58:36.613 31926 31926 D NativeCore: register class:java/io/UnixFileSystem, method:setLastModifiedTime0 success!
05-26 16:58:36.613 31926 31926 D NativeCore: register class:java/io/UnixFileSystem, method:setReadOnly0 success!
05-26 16:58:36.613 31926 31926 D NativeCore: register class:java/io/UnixFileSystem, method:getSpace0 success!
05-26 16:58:36.613 31926 31926 D NativeCore: register class:java/lang/VMClassLoader, method:findLoadedClass success!
05-26 16:58:36.614 31926 31926 D NativeCore: register class:android/os/Binder, method:getCallingUid success!
05-26 16:58:36.614 31926 31926 D NativeCore: register class:dalvik/system/VMRuntime, method:setHiddenApiExemptions success!
05-26 16:58:36.620 31926 31972 I FA : App measurement initialized, version: 84002
05-26 16:58:36.620 31926 31972 I FA : To enable debug logging run: adb shell setprop log.tag.FA VERBOSE
05-26 16:58:36.620 31926 31972 I FA : To enable faster debug mode event logging run:
05-26 16:58:36.620 31926 31972 I FA : adb shell setprop debug.firebase.analytics.app com.hello.miheapp.secretspace
05-26 16:58:36.635 31926 31926 D NetworkSecurityConfig: Using Network Security Config from resource network_security_config debugBuild: false
05-26 16:58:36.636 31926 31926 D NetworkSecurityConfig: Using Network Security Config from resource network_security_config debugBuild: false
05-26 16:58:36.649 31926 31972 D CompatibilityChangeReporter: Compat change id reported: 183155436; UID 11031; state: ENABLED
05-26 16:58:36.661 31926 31972 W FA : Table has extra columns. table, columns: messages, app_version, app_version_int
05-26 16:58:36.680 31926 31926 I MultiDex: VM with version 2.1.0 has multidex support
05-26 16:58:36.680 31926 31926 I MultiDex: Installing application
05-26 16:58:36.680 31926 31926 I MultiDex: VM has multidex support, MultiDex support library is disabled.
05-26 16:58:36.699 31926 31926 D ChimeraServiceProvider: onCreate
05-26 16:58:36.701 31926 31926 D FontsProvider: onCreate
05-26 16:58:36.703 31926 31926 D GmsPhenotypeCfgProvider: unimplemented Method: onCreate
05-26 16:58:36.722 31926 31926 D ActivityThread: Loading provider com.google.android.gms.microg.settings: org.microg.gms.settings.SettingsProvider
05-26 16:58:36.748 31926 31926 D ProfileManager: Using Serial bc2fec2faf0d9da36d78302e319f3435
05-26 16:58:36.780 31926 31926 D CompatibilityChangeReporter: Compat change id reported: 183155436; UID 10001; state: ENABLED
05-26 16:58:36.788 29014 31711 W BpBinder: PerfMonitor binderTransact : time=510ms interface=com.hello.sandbox.core.IBActivityThread code=4
05-26 16:58:36.789 31890 31916 W BpBinder: PerfMonitor binderTransact : time=518ms interface=com.hello.sandbox.core.system.am.IBActivityManagerService code=14
05-26 16:58:36.804 31926 31939 D ChimeraServiceProvider: query: content://com.google.android.gms.chimera/api_force_staging/com.google.android.gms.m easurement.dynamite?requestStartTime=2803528010
05-26 16:58:36.808 31890 31916 W DynamiteModule: Failed to retrieve remote module version.
05-26 16:58:36.813 31926 31926 D MeasurementService: onBind: Intent { act=com.google.android.gms.measurement.START pkg=com.google.android.gms }
05-26 16:58:36.818 31985 31985 D installd: Mismatched cache GID/mode at /data/user/0/com.hello.miheapp.secretspace/sandbox/data/app/com.instagram.android/ oat: found 11031/448 but expected 11031/505
05-26 16:58:36.819 31985 31985 I installd: installd cannot open oat file during dexopt/data/user/0/com.hello.miheapp.secretspace/sandbox/data/app/ com.instagram.android/oat/arm64/base.odex: No such file or directory
05-26 16:58:36.819 31985 31985 I installd: installd cannot open vdex file during dexopt/data/user/0/com.hello.miheapp.secretspace/sandbox/data/app/ com.instagram.android/oat/arm64/base.vdex: No such file or directory
05-26 16:58:36.828 31926 31926 D MeasurementService: bound by: GetServiceRequest{serviceId=MEASUREMENT, gmsVersion=12451000, packageName='com.hello.miheapp.secretspace', extras=Bundle[{}]}
05-26 16:58:36.839 31926 31972 D SafeParcel: Unknown field id 34 in com.google.android.gms.measurement.internal.AppMetadata, skipping.
05-26 16:58:36.840 31926 31972 D SafeParcel: Unknown field id 35 in com.google.android.gms.measurement.internal.AppMetadata, skipping.
05-26 16:58:36.840 31926 31972 D MeasurementService: sendAppLaunch() for AppMetadata[com.hello.miheapp.secretspace]
05-26 16:58:36.845 31926 31972 W FA : Table has extra columns. table, columns: messages, app_version, app_version_int
05-26 16:58:36.853 31926 31972 W FA : Table has extra columns. table, columns: messages, app_version, app_version_int
05-26 16:58:36.857 31986 31986 W libc : Access denied finding property "persist.vendor.track.malloc.enable"
05-26 16:58:36.858 31926 31972 D SafeParcel: Unknown field id 34 in com.google.android.gms.measurement.internal.AppMetadata, skipping.
05-26 16:58:36.858 31926 31972 D SafeParcel: Unknown field id 35 in com.google.android.gms.measurement.internal.AppMetadata, skipping.
05-26 16:58:36.858 31926 31972 D MeasurementService: getAppInstanceId() for AppMetadata[com.hello.miheapp.secretspace]
05-26 16:58:36.859 31926 31972 D SafeParcel: Unknown field id 34 in com.google.android.gms.measurement.internal.AppMetadata, skipping.
05-26 16:58:36.859 31926 31972 D SafeParcel: Unknown field id 35 in com.google.android.gms.measurement.internal.AppMetadata, skipping.
05-26 16:58:36.859 31926 31972 D MeasurementService: sendDefaultEventParameters(Bundle[EMPTY_PARCEL]) for AppMetadata[com.hello.miheapp.secretspace]
05-26 16:58:36.947 31985 31985 W libc : Access denied finding property "persist.vendor.track.malloc.enable"
05-26 16:58:36.989 31985 31985 I dexoptanalyzer: Using CollectorTypeCC GC.
05-26 16:58:37.221 31985 31985 W ziparchive: Unable to open '/data/user/0/com.hello.miheapp.secretspace/sandbox/data/app/com.instagram.android/ base.dm': Permission denied
05-26 16:58:37.221 31985 31985 W dexoptanalyzer: Current thread not detached in Runtime shutdown
05-26 16:58:37.362 31987 31987 W libc : Access denied finding property "persist.vendor.track.malloc.enable"
05-26 16:58:37.360 31987 31987 W dex2oat64: type=1400 audit(0.0:3629150): avc: denied { read } for name="u:object_r:vendor_default_prop:s0" dev="tmpfs" ino=2710 scontext=u:r:dex2oat:s0 tcontext=u:object_r:vendor_default_prop:s0 tclass=file permissive=0 app=com.hello.miheapp.secretspace
05-26 16:58:37.367 31987 31987 W dex2oat64: Obsolete flag --compact-dex-level ignored
05-26 16:58:37.371 31987 31987 I dex2oat64: /apex/com.android.art/bin/dex2oat64 -- input-vdex-fd=-1 --output-vdex-fd=10 --profile-file-fd=12 --classpath-dir=/data/user/0/com.hello.miheapp.secretspace/sandbox/data/app/ com.instagram.android --compact-dex-level=none --compiler-filter=verify -- compilation-reason=install --cpu-set=0,1,2,3,4,5,6,7 --max-image-block-size=524288 --resolve-startup-const-strings=true --generate-mini-debug-info -j6
05-26 16:58:37.868 31890 31890 W ziparchive: Unable to open '/data/user/0/com.hello.miheapp.secretspace/sandbox/data/app/com.instagram.android/ split_audio_stream_processor.dm': No such file or directory
05-26 16:58:37.869 31890 31890 W .secretspace:p0: Entry not found
05-26 16:58:37.871 31890 31890 W ziparchive: Unable to open '/data/user/0/com.hello.miheapp.secretspace/sandbox/data/app/com.instagram.android/ split_audio_stream_processor_shim_impl.dm': No such file or directory
05-26 16:58:37.871 31890 31890 W .secretspace:p0: Entry not found
05-26 16:58:37.872 31890 31890 W ziparchive: Unable to open '/data/user/0/com.hello.miheapp.secretspace/sandbox/data/app/com.instagram.android/ split_config.xxhdpi.dm': No such file or directory
05-26 16:58:37.876 31890 31890 W .secretspace:p0: Entry not found
05-26 16:58:37.878 31890 31890 W ziparchive: Unable to open '/data/user/0/com.hello.miheapp.secretspace/sandbox/data/app/com.instagram.android/ split_executorch.dm': No such file or directory
05-26 16:58:37.878 31890 31890 W .secretspace:p0: Entry not found
05-26 16:58:37.880 31890 31890 W ziparchive: Unable to open '/data/user/0/com.hello.miheapp.secretspace/sandbox/data/app/com.instagram.android/ split_heliumcore.dm': No such file or directory
05-26 16:58:37.880 31890 31890 W .secretspace:p0: Entry not found
05-26 16:58:37.882 31890 31890 W ziparchive: Unable to open '/data/user/0/com.hello.miheapp.secretspace/sandbox/data/app/com.instagram.android/ split_heliumiab.dm': No such file or directory
05-26 16:58:37.882 31890 31890 W .secretspace:p0: Entry not found
05-26 16:58:37.883 31890 31890 W ziparchive: Unable to open '/data/user/0/com.hello.miheapp.secretspace/sandbox/data/app/com.instagram.android/ split_pytorch.dm': No such file or directory
05-26 16:58:37.884 31890 31890 W .secretspace:p0: Entry not found
05-26 16:58:37.885 31890 31890 W ziparchive: Unable to open '/data/user/0/com.hello.miheapp.secretspace/sandbox/data/app/com.instagram.android/ split_s_audio_stream_processor_configurable_audio.dm': No such file or directory
05-26 16:58:37.886 31890 31890 W .secretspace:p0: Entry not found
05-26 16:58:37.887 31890 31890 W ziparchive: Unable to open '/data/user/0/com.hello.miheapp.secretspace/sandbox/data/app/com.instagram.android/ split_s_executorch_pytorch.dm': No such file or directory
05-26 16:58:37.888 31890 31890 W .secretspace:p0: Entry not found
05-26 16:58:37.889 31890 31890 W ziparchive: Unable to open '/data/user/0/com.hello.miheapp.secretspace/sandbox/data/app/com.instagram.android/ split_spm.dm': No such file or directory
05-26 16:58:37.890 31890 31890 W .secretspace:p0: Entry not found
05-26 16:58:37.897 31890 31890 D nativeloader: Configuring clns-6 for other apk /data/user/0/com.hello.miheapp.secretspace/sandbox/data/app/com.instagram.android/ base.apk:/data/user/0/com.hello.miheapp.secretspace/sandbox/data/app/ com.instagram.android/split_audio_stream_processor.apk:/data/user/0/ com.hello.miheapp.secretspace/sandbox/data/app/com.instagram.android/ split_audio_stream_processor_shim_impl.apk:/data/user/0/ com.hello.miheapp.secretspace/sandbox/data/app/com.instagram.android/ split_config.xxhdpi.apk:/data/user/0/com.hello.miheapp.secretspace/sandbox/data/ app/com.instagram.android/split_executorch.apk:/data/user/0/ com.hello.miheapp.secretspace/sandbox/data/app/com.instagram.android/ split_heliumcore.apk:/data/user/0/com.hello.miheapp.secretspace/sandbox/data/app/ com.instagram.android/split_heliumiab.apk:/data/user/0/ com.hello.miheapp.secretspace/sandbox/data/app/com.instagram.android/ split_pytorch.apk:/data/user/0/com.hello.miheapp.secretspace/sandbox/data/app/ com.instagram.android/split_s_audio_stream_processor_configurable_audio.apk:/data/ use
05-26 16:58:37.902 31890 31916 W .secretspace:p0: Long monitor contention with owner main (31890) at java.lang.ClassLoader android.app.ApplicationLoaders.getClassLoader(java.lang.String, int, boolean, java.lang.String, java.lang.String, java.lang.ClassLoader, java.lang.String, java.lang.String, java.util.List, java.util.List, java.util.List) (ApplicationLoaders.java:141) waiters=0 in java.lang.ClassLoader android.app.ApplicationLoaders.getClassLoader(java.lang.String, int, boolean, java.lang.String, java.lang.String, java.lang.ClassLoader, java.lang.String, java.lang.String, java.util.List, java.util.List, java.util.List) for 1.076s
05-26 16:58:37.911 31890 31916 D nativeloader: Configuring clns-7 for other apk /system/framework/com.android.location.provider.jar. target_sdk_version=29, uses_libraries=ALL, library_path=/data/user/0/com.hello.miheapp.secretspace/sandbox/data/app/ com.google.android.gms/lib:/data/user/0/com.hello.miheapp.secretspace/sandbox/ data/app/com.google.android.gms/base.apk!/lib/arm64-v8a, permitted_path=/data:/mnt/expand:/data/user/0/com.hello.miheapp.secretspace/ sandbox/data/user/0/com.google.android.gms
05-26 16:58:37.911 31890 31916 D nativeloader: Extending system_exposed_libraries: libbinauralrenderer_wrapper.qti.so:libhoaeffects.qti.so:libQOC.qti.so:libmisys_jni. xiaomi.so:libxiaomi_modemdumpsdx55_jni.modem.so:libxiaomi_modemdump_jni.modem.so:li bupdateprof.qti.so:libthermalclient.qti.so:libQOC.qti.so:libdiag_system.qti.so:libq ape.qti.so:liblistenjni.qti.so
05-26 16:58:38.004 31890 31890 D NetworkSecurityConfig: Using Network Security Config from resource fb_network_security_config debugBuild: false
05-26 16:58:38.007 31890 31890 D NetworkSecurityConfig: Using Network Security Config from resource fb_network_security_config debugBuild: false
05-26 16:58:38.044 31890 31916 I .secretspace:p0: Failed to add image file: Failed to find OatDexFile for DexFile /data/app/~~y54zPcFPhS4BJ7wab6Ut5w==/com.hello.miheapp.secretspace- lxuufuIyEmU7T1oRw05RBA==/base.apk (canonical path /data/app/~~y54zPcFPhS4BJ7wab6Ut5w==/com.hello.miheapp.secretspace- lxuufuIyEmU7T1oRw05RBA==/base.apk) in OatFile /data/user/0/com.hello.miheapp.secretspace/sandbox/data/app/com.google.android.gms/ oat/arm64/base.vdex
05-26 16:58:38.049 31890 31916 D nativeloader: Configuring clns-8 for other apk /data/user/0/com.hello.miheapp.secretspace/sandbox/data/app/com.google.android.gms/ base.apk. target_sdk_version=29, uses_libraries=, library_path=/data/user/0/com.hello.miheapp.secretspace/sandbox/data/app/ com.google.android.gms/lib:/data/user/0/com.hello.miheapp.secretspace/sandbox/ data/app/com.google.android.gms/base.apk!/lib/arm64-v8a, permitted_path=/data:/mnt/expand:/data/user/0/com.hello.miheapp.secretspace/ sandbox/data/user/0/com.google.android.gms
05-26 16:58:38.049 31890 31916 D nativeloader: Extending system_exposed_libraries: libbinauralrenderer_wrapper.qti.so:libhoaeffects.qti.so:libQOC.qti.so:libmisys_jni. xiaomi.so:libxiaomi_modemdumpsdx55_jni.modem.so:libxiaomi_modemdump_jni.modem.so:li bupdateprof.qti.so:libthermalclient.qti.so:libQOC.qti.so:libdiag_system.qti.so:libq ape.qti.so:liblistenjni.qti.so
05-26 16:58:38.054 31890 31916 W DynamiteModule: IDynamite loader version = 2, no high precision latency measurement.
05-26 16:58:38.056 31890 31916 I DynamiteModule: Considering local module com.google.android.gms.measurement.dynamite:100 and remote module com.google.android.gms.measurement.dynamite:98
05-26 16:58:38.056 31890 31916 I DynamiteModule: Selected local version of com.google.android.gms.measurement.dynamite
05-26 16:58:38.060 31890 31916 W DynamiteModule: IDynamite loader version = 2, no high precision latency measurement.
05-26 16:58:38.124 31890 31992 I FA : App measurement initialized, version: 84002
05-26 16:58:38.124 31890 31992 I FA : To enable debug logging run: adb shell setprop log.tag.FA VERBOSE
05-26 16:58:38.125 31890 31992 I FA : To enable faster debug mode event logging run:
05-26 16:58:38.125 31890 31992 I FA : adb shell setprop debug.firebase.analytics.app com.hello.miheapp.secretspace
05-26 16:58:38.156 31890 31992 D CompatibilityChangeReporter: Compat change id reported: 183155436; UID 11031; state: ENABLED
05-26 16:58:38.174 31890 31992 W FA : Table has extra columns. table, columns: messages, app_version, app_version_int
05-26 16:58:38.202 31890 31890 W CrashLoopRemedyLog: unable to delete remedy log, instaCrash: false
05-26 16:58:38.203 31890 31890 W CrashLoopRemedyLog: unable to delete remedy log, instaCrash: true
05-26 16:58:38.291 31890 31890 W lacrima : LacrimaConfigBuilder.setUserIdActorId not called, using 0
05-26 16:58:38.291 31890 31890 W lacrima : LacrimaConfigBuilder.setUserIdActingAccountId not called, using 0
05-26 16:58:38.356 31890 31890 W stagram.android: type=1400 audit(0.0:3629151): avc: denied { read } for name="zoneinfo" dev="proc" ino=4026531859 scontext=u:r:untrusted_app:s0:c7,c260,c512,c768 tcontext=u:object_r:proc_zoneinfo:s0 tclass=file permissive=0 app=com.hello.miheapp.secretspace
05-26 16:58:38.360 31890 31890 W Lacrima_single_: type=1400 audit(0.0:3629152): avc: denied { read } for name="sdcard" dev="tmpfs" ino=12197 scontext=u:r:untrusted_app:s0:c7,c260,c512,c768 tcontext=u:object_r:mnt_sdcard_file:s0 tclass=lnk_file permissive=0 app=com.hello.miheapp.secretspace
05-26 16:58:38.368 31890 31890 W Lacrima_single_: type=1400 audit(0.0:3629153): avc: denied { read } for name="sdcard" dev="tmpfs" ino=12197 scontext=u:r:untrusted_app:s0:c7,c260,c512,c768 tcontext=u:object_r:mnt_sdcard_file:s0 tclass=lnk_file permissive=0 app=com.hello.miheapp.secretspace
05-26 16:58:38.369 31890 31890 W lacrima : Start JavaAppDeathCrashDetector... X.3ff
05-26 16:58:38.378 31890 31890 W lacrima : Sending pending reports
05-26 16:58:38.442 31890 31890 W SoLoader: Initializing SoLoader: 2
05-26 16:58:38.443 31890 31890 W SoLoader: context.getApplicationContext returned null, holding reference to original context.ApplicationSoSource fallbacks to: /data/user/0/com.hello.miheapp.secretspace/sandbox/data/app/com.instagram.android/ lib
05-26 16:58:38.444 31890 31890 W SoLoader: Recording new base apk path: /data/user/0/com.hello.miheapp.secretspace/sandbox/data/app/com.instagram.android/ base.apk
05-26 16:58:38.444 31890 31890 W SoLoader: Previously recorded 0 base apk paths.
05-26 16:58:38.564 31890 31890 W BackupSoSource: adding backup source from split: ExtractFromZipSoSource[/data/data/com.hello.miheapp.secretspace/sandbox/data/app/ com.instagram.android/split_heliumcore.apk]
05-26 16:58:38.566 31890 31890 W BackupSoSource: adding backup source from split: ExtractFromZipSoSource[/data/data/com.hello.miheapp.secretspace/sandbox/data/app/ com.instagram.android/split_heliumiab.apk]
05-26 16:58:38.570 31890 31890 W SoLoader: SoLoader initialized: 2
05-26 16:58:38.593 31890 31890 W FbSoLoader: Will use precomputed native lib dependencies file, extractToDisk = false
05-26 16:58:38.630 31890 31890 W SoLoader: Loading superpack-jni on the main thread
05-26 16:58:38.632 31890 31890 W stagram.android: type=1400 audit(0.0:3629154): avc: granted { execute } for path="/data/data/com.hello.miheapp.secretspace/sandbox/data/app/com.instagram.andro id/lib/libsuperpack-jni.so" dev="dm-42" ino=1065419 scontext=u:r:untrusted_app:s0:c7,c260,c512,c768 tcontext=u:object_r:app_data_file:s0:c7,c260,c512,c768 tclass=file app=com.hello.miheapp.secretspace
05-26 16:58:38.633 31890 31890 D nativeloader: Load /data/data/com.hello.miheapp.secretspace/sandbox/data/app/com.instagram.android/ lib/libsuperpack-jni.so using ns clns-6 from class loader (caller=/data/user/0/com.hello.miheapp.secretspace/sandbox/data/app/ com.instagram.android/base.apk): ok
05-26 16:58:38.642 31890 31890 W Superpack: Could not get file descriptor from spo file.
05-26 16:58:39.672 31987 31987 I dex2oat64: Using CollectorTypeCC GC.
05-26 16:58:39.823 31987 31987 I dex2oat64: Large app, accepted running with swap.
05-26 16:58:42.571 29919 31230 W secretspace:dex: Verification of X.4ja X.7wa.parseFromJson(X.4gk) took 10.873s (large method) (1545.65 bytecodes/s) (1590056B approximate peak alloc)
05-26 16:58:43.027 29919 31230 W secretspace:dex: Verification of androidx.fragment.app.Fragment X.8aR.A06(android.os.Bundle, androidx.fragment.app.FragmentActivity, X.0Pm, java.lang.String) took 176.480ms (78116.15 bytecodes/s) (349960B approximate peak alloc)
05-26 16:58:43.251 31987 32008 W dex2oat64: Accessing hidden method Landroid/window/BackEvent;->getProgress()F (blocked, linking, denied)
05-26 16:58:43.253 31987 32008 W dex2oat64: Accessing hidden method Landroid/window/BackEvent;->getTouchX()F (blocked, linking, denied)
05-26 16:58:43.253 31987 32008 W dex2oat64: Accessing hidden method Landroid/window/BackEvent;->getTouchY()F (blocked, linking, denied)
05-26 16:58:43.253 31987 32008 W dex2oat64: Accessing hidden method Landroid/window/BackEvent;->getSwipeEdge()I (blocked, linking, denied)
05-26 16:58:43.334 31987 32009 W dex2oat64: Accessing hidden method Ljdk/internal/reflect/Reflection;->getCallerClass()Ljava/lang/Class; (blocked, linking, denied)
05-26 16:58:43.334 31987 32009 W dex2oat64: Accessing hidden method Lsun/reflect/Reflection;->getCallerClass()Ljava/lang/Class; (blocked, linking, denied)
05-26 16:58:43.336 31987 32008 W dex2oat64: Accessing hidden method Lsun/reflect/Reflection;->getCallerClass()Ljava/lang/Class; (blocked, linking, denied)
05-26 16:58:43.336 31987 32008 W dex2oat64: Accessing hidden method Ljdk/internal/reflect/Reflection;->getCallerClass()Ljava/lang/Class; (blocked, linking, denied)
05-26 16:58:43.337 31987 32008 W dex2oat64: Accessing hidden method Ljdk/internal/reflect/Reflection;->getCallerClass()Ljava/lang/Class; (blocked, linking, denied)
05-26 16:58:43.337 31987 32008 W dex2oat64: Accessing hidden method Lsun/reflect/Reflection;->getCallerClass()Ljava/lang/Class; (blocked, linking, denied)
05-26 16:58:43.337 31987 32008 W dex2oat64: Accessing hidden method Ljdk/internal/reflect/Reflection;->getCallerClass()Ljava/lang/Class; (blocked, linking, denied)
05-26 16:58:43.337 31987 32008 W dex2oat64: Accessing hidden method Ljdk/internal/reflect/Reflection;->getCallerClass()Ljava/lang/Class; (blocked, linking, denied)
05-26 16:58:43.338 31987 32008 W dex2oat64: Accessing hidden method Lsun/reflect/Reflection;->getCallerClass()Ljava/lang/Class; (blocked, linking, denied)
05-26 16:58:43.338 31987 32008 W dex2oat64: Accessing hidden method Ljdk/internal/reflect/Reflection;->getCallerClass()Ljava/lang/Class; (blocked, linking, denied)
05-26 16:58:43.338 31987 32008 W dex2oat64: Accessing hidden method Ljdk/internal/reflect/Reflection;->getCallerClass()Ljava/lang/Class; (blocked, linking, denied)
05-26 16:58:43.340 31987 32008 W dex2oat64: Accessing hidden method Lsun/reflect/Reflection;->getCallerClass()Ljava/lang/Class; (blocked, linking, denied)
05-26 16:58:43.340 31987 32008 W dex2oat64: Accessing hidden method Ljdk/internal/reflect/Reflection;->getCallerClass()Ljava/lang/Class; (blocked, linking, denied)
05-26 16:58:43.340 31987 32008 W dex2oat64: Accessing hidden method Ljdk/internal/reflect/Reflection;->getCallerClass()Ljava/lang/Class; (blocked, linking, denied)
05-26 16:58:43.341 31987 32008 W dex2oat64: Accessing hidden method Lsun/reflect/Reflection;->getCallerClass()Ljava/lang/Class; (blocked, linking, denied)
05-26 16:58:43.341 31987 32008 W dex2oat64: Accessing hidden method Ljdk/internal/reflect/Reflection;->getCallerClass()Ljava/lang/Class; (blocked, linking, denied)
05-26 16:58:43.341 31987 32008 W dex2oat64: Accessing hidden method Lsun/reflect/Reflection;->getCallerClass()Ljava/lang/Class; (blocked, linking, denied)
05-26 16:58:43.399 31987 31987 W dex2oat64: Accessing hidden method Landroid/app/Activity;->getLaunchedFromPackage()Ljava/lang/String; (blocked, linking, denied)
05-26 16:58:43.438 31987 32010 W dex2oat64: Accessing hidden field Lcom/android/internal/os/SomeArgs;->argi2:I (max-target-r, linking, denied)
05-26 16:58:43.438 31987 32010 W dex2oat64: Accessing hidden field Lcom/android/internal/os/SomeArgs;->argi1:I (max-target-o, linking, denied)
05-26 16:58:43.438 31987 32010 W dex2oat64: Accessing hidden field Lcom/android/internal/os/SomeArgs;->arg1:Ljava/lang/Object; (max-target-r, linking, denied)
05-26 16:58:43.701 31987 31987 W dex2oat64: Accessing hidden method Ldalvik/system/VMDebug;->countInstancesOfClasses([Ljava/lang/Class;Z)[J (max- target-o,core-platform-api, linking, denied)
05-26 16:58:43.788 31987 32012 W dex2oat64: Verification of X.4ib X.4gx.parseFromJson(X.4gk) took 164.372ms (18263.36 bytecodes/s) (92552B approximate peak alloc)
05-26 16:58:43.815 31987 32009 W dex2oat64: Accessing hidden method Landroid/os/PowerWhitelistManager;->isWhitelisted(Ljava/lang/String;Z)Z (blocked, linking, denied)
05-26 16:58:43.915 31987 32011 W dex2oat64: Verification of void com.instagram.perf.classpreload.ColdStartClassPreloader.preloadClasses() took 464.138ms (55670.90 bytecodes/s) (1482624B approximate peak alloc)
05-26 16:58:44.793 31890 31890 W SoLoader: Extracted 262 libs using Superpack
05-26 16:58:44.795 31890 31890 W FbSoLoader: Initialized FBSoLoader
05-26 16:58:44.796 31890 31989 W .secretspace:p0: Long monitor contention with owner main (31890) at void X.1ch.run()(:602) waiters=0 in null for 5.988s
05-26 16:58:44.831 31890 31890 W ClassLoadsTracer: ClassTracingLogger not initialized, waiting for callback.
05-26 16:58:44.831 31890 31890 W ClassLoadsTracer: Installed ClassLoadsTracer to com.facebook.common.dextricks.MultiDexClassLoaderLight@bd316ad.
05-26 16:58:44.834 31890 31890 W ClassLoadsRecorder: ClassLoadsRecorder is not initialized because coinflip rate <= 0
05-26 16:58:44.834 31890 31890 W InstagramAppShell: MultiDexClassLoaderLight installed
05-26 16:58:44.864 31890 32083 D nativeloader: Load /data/data/com.hello.miheapp.secretspace/sandbox/data/app/com.instagram.android/ lib/libbreakpad.so using ns clns-6 from class loader (caller=/data/user/0/com.hello.miheapp.secretspace/sandbox/data/app/ com.instagram.android/base.apk): ok
05-26 16:58:44.867 31890 32083 D nativeloader: Load /data/data/com.hello.miheapp.secretspace/sandbox/data/user/0/com.instagram.android/ lib-compressed/libearlystartup.so using ns clns-6 from class loader (caller=/data/user/0/com.hello.miheapp.secretspace/sandbox/data/app/ com.instagram.android/base.apk): ok
05-26 16:58:44.898 31890 31890 I .secretspace:p0: Waiting for a blocking GC ClassLinker
05-26 16:58:44.952 31890 32083 W lacrima : Start AnrAppDeathDetector... X.3ek
05-26 16:58:44.958 31890 32083 E HeliumCrashReporter: Pending crash path /data/data/com.hello.miheapp.secretspace/sandbox/data/user/0/com.instagram.android/ cache/webview_embedded/Helium Crashpad/pending/ is not a directory
05-26 16:58:44.987 31890 32083 D nativeloader: Load /data/data/com.hello.miheapp.secretspace/sandbox/data/user/0/com.instagram.android/ lib-compressed/libstartup.so using ns clns-6 from class loader (caller=/data/user/0/com.hello.miheapp.secretspace/sandbox/data/app/ com.instagram.android/base.apk): ok
05-26 16:58:45.210 31890 31890 I .secretspace:p0: WaitForGcToComplete blocked ClassLinker on Background for 311.441ms
05-26 16:58:45.213 31890 31890 W .secretspace:p0: Verification of android.widget.EditText X.116.A07(com.instagram.igds.components.form.IgFormField) took 315.457ms (28.53 bytecodes/s) (2312B approximate peak alloc)
05-26 16:58:45.275 31890 31890 W SoLoader: Loading verifier on the main thread
05-26 16:58:45.276 31890 31890 W SoLoader: Loading fb on the main thread
05-26 16:58:45.277 31890 31890 W SoLoader: Loading fb on the main thread
05-26 16:58:45.311 31890 31890 V v9p : Not disabled
05-26 16:58:45.311 31890 31890 W Verifier: Could not disable RTV
05-26 16:58:45.613 31890 31890 W System.err: java.lang.reflect.InvocationTargetException
05-26 16:58:45.613 31890 31890 W System.err: at java.lang.reflect.Method.invoke(Native Method)
05-26 16:58:45.614 31890 31890 W System.err: at com.hello.sandbox.app.BActivityThread.installProvider(BActivityThread.java:3)
05-26 16:58:45.614 31890 31890 W System.err: at com.hello.sandbox.app.BActivityThread.installProviders(BActivityThread.java:12)
05-26 16:58:45.614 31890 31890 W System.err: at com.hello.sandbox.app.BActivityThread.handleBindApplication(BActivityThread.java:57 )
05-26 16:58:45.614 31890 31890 W System.err: at com.hello.sandbox.app.BActivityThread.lambda$bindApplication$0(BActivityThread.java :1)
05-26 16:58:45.614 31890 31890 W System.err: at com.hello.sandbox.app.BActivityThread.Y1(Unknown Source:0)
05-26 16:58:45.614 31890 31890 W System.err: at com.appsflyer.internal.p.run(Unknown Source:34)
05-26 16:58:45.614 31890 31890 W System.err: at android.os.Handler.handleCallback(Handler.java:942)
05-26 16:58:45.614 31890 31890 W System.err: at android.os.Handler.dispatchMessage(Handler.java:99)
05-26 16:58:45.614 31890 31890 W System.err: at android.os.Looper.loopOnce(Looper.java:211)
05-26 16:58:45.614 31890 31890 W System.err: at android.os.Looper.loop(Looper.java:300)
05-26 16:58:45.614 31890 31890 W System.err: at android.app.ActivityThread.main(ActivityThread.java:8503)
05-26 16:58:45.614 31890 31890 W System.err: at java.lang.reflect.Method.invoke(Native Method)
05-26 16:58:45.614 31890 31890 W System.err: at com.android.internal.os.RuntimeInit$MethodAndArgsCaller.run(RuntimeInit.java:561)
05-26 16:58:45.614 31890 31890 W System.err: at com.android.internal.os.ZygoteInit.main(ZygoteInit.java:954)
05-26 16:58:45.614 31890 31890 W System.err: Caused by: java.lang.RuntimeException: Unable to get provider com.instagram.contentprovider.AndroidXAppInitializer: java.lang.RuntimeException: java.lang.NullPointerException: Attempt to invoke virtual method 'void android.os.BaseBundle.remove(java.lang.String)' on a null object reference
05-26 16:58:45.614 31890 31890 W System.err: at android.app.ActivityThread.installProvider(ActivityThread.java:8079)
05-26 16:58:45.614 31890 31890 W System.err: ... 15 more
05-26 16:58:45.614 31890 31890 W System.err: Caused by: java.lang.RuntimeException: java.lang.NullPointerException: Attempt to invoke virtual method 'void android.os.BaseBundle.remove(java.lang.String)' on a null object reference
05-26 16:58:45.615 31890 31890 W System.err: at X.154.A0q(:2)
05-26 16:58:45.615 31890 31890 W System.err: at com.instagram.contentprovider.AndroidXAppInitializer.A03(:46)
05-26 16:58:45.615 31890 31890 W System.err: at com.instagram.contentprovider.AndroidXAppInitializer.A0J(:41)
05-26 16:58:45.615 31890 31890 W System.err: at X.BSH.onCreate(:0)
05-26 16:58:45.615 31890 31890 W System.err: at android.content.ContentProvider.attachInfo(ContentProvider.java:2468)
05-26 16:58:45.615 31890 31890 W System.err: at android.content.ContentProvider.attachInfo(ContentProvider.java:2433)
05-26 16:58:45.615 31890 31890 W System.err: at X.BSH.attachInfo(:2)
05-26 16:58:45.615 31890 31890 W System.err: at android.app.ActivityThread.installProvider(ActivityThread.java:8074)
05-26 16:58:45.615 31890 31890 W System.err: ... 15 more
05-26 16:58:45.615 31890 31890 W System.err: Caused by: java.lang.NullPointerException: Attempt to invoke virtual method 'void android.os.BaseBundle.remove(java.lang.String)' on a null object reference
05-26 16:58:45.615 31890 31890 W System.err: at com.instagram.contentprovider.AndroidXAppInitializer.A03(:38)
05-26 16:58:45.615 31890 31890 W System.err: ... 21 more
05-26 16:58:45.672 31890 31989 W .secretspace:p0: Verification of com.instagram.user.model.User X.4jA.A00(X.4gk, boolean) took 122.498ms (172246.80 bytecodes/s) (381824B approximate peak alloc)
05-26 16:58:45.702 31890 31890 W MDCLLight: MultiDexClassLoaderLight already installed
05-26 16:58:45.702 31890 31890 W InstagramAppShell: MultiDexClassLoaderLight installed
05-26 16:58:45.715 31890 31890 W SoLoader: Loading fbjni on the main thread
05-26 16:58:45.716 31890 31890 W SoLoader: Loading profilo_apiimpl on the main thread
05-26 16:58:45.765 31890 31890 W SoLoader: Loading profilo_mmapbuf on the main thread
05-26 16:58:45.766 31890 31890 W SoLoader: Loading profilo on the main thread
05-26 16:58:45.912 31890 31890 W Lacrima_startup: type=1400 audit(0.0:3629171): avc: denied { read } for name="memory.usage_in_bytes" dev="cgroup" ino=8 scontext=u:r:untrusted_app:s0:c7,c260,c512,c768 tcontext=u:object_r:cgroup:s0 tclass=file permissive=0 app=com.hello.miheapp.secretspace
05-26 16:58:45.997 31890 32123 I .secretspace:p0: Waiting for a blocking GC ClassLinker
05-26 16:58:46.017 31890 32083 E lacrima : Unable to retrieve health stats
05-26 16:58:46.017 31890 32083 E lacrima : java.lang.SecurityException: Neither user 11031 nor current process has android.permission.BATTERY_STATS.
05-26 16:58:46.017 31890 32083 E lacrima : at android.os.Parcel.createExceptionOrNull(Parcel.java:3011)
05-26 16:58:46.017 31890 32083 E lacrima : at android.os.Parcel.createException(Parcel.java:2995)
05-26 16:58:46.017 31890 32083 E lacrima : at android.os.Parcel.readException(Parcel.java:2978)
05-26 16:58:46.017 31890 32083 E lacrima : at android.os.Parcel.readException(Parcel.java:2920)
05-26 16:58:46.017 31890 32083 E lacrima : at com.android.internal.app.IBatteryStats$Stub$Proxy.takeUidSnapshot(IBatteryStats.jav a:3424)
05-26 16:58:46.017 31890 32083 E lacrima : at android.os.health.SystemHealthManager.takeUidSnapshot(SystemHealthManager.java:92)
05-26 16:58:46.017 31890 32083 E lacrima : at android.os.health.SystemHealthManager.takeMyUidSnapshot(SystemHealthManager.java:10 8)
05-26 16:58:46.017 31890 32083 E lacrima : at X.3aa.Ft9(:22)
05-26 16:58:46.017 31890 32083 E lacrima : at X.0Zd.A0A(:297)
05-26 16:58:46.017 31890 32083 E lacrima : at X.0Zd.A08(:10)
05-26 16:58:46.017 31890 32083 E lacrima : at X.3gd.start(:33)
05-26 16:58:46.017 31890 32083 E lacrima : at X.3bg.DxD(:504)
05-26 16:58:46.017 31890 32083 E lacrima : at X.1ts.run(:77)
05-26 16:58:46.017 31890 32083 E lacrima : at java.util.concurrent.ThreadPoolExecutor.runWorker(ThreadPoolExecutor.java:1145)
05-26 16:58:46.017 31890 32083 E lacrima : at java.util.concurrent.ThreadPoolExecutor$Worker.run(ThreadPoolExecutor.java:644)
05-26 16:58:46.017 31890 32083 E lacrima : at X.0ag.run(:26)
05-26 16:58:46.017 31890 32083 E lacrima : Caused by: android.os.RemoteException: Remote stack trace:
05-26 16:58:46.017 31890 32083 E lacrima : at android.app.ContextImpl.enforce(ContextImpl.java:2250)
05-26 16:58:46.017 31890 32083 E lacrima : at android.app.ContextImpl.enforceCallingOrSelfPermission(ContextImpl.java:2278)
05-26 16:58:46.017 31890 32083 E lacrima : at com.android.server.am.BatteryStatsService.takeUidSnapshot(BatteryStatsService.java: 2788)
05-26 16:58:46.017 31890 32083 E lacrima : at com.android.internal.app.IBatteryStats$Stub.onTransact(IBatteryStats.java:1792)
05-26 16:58:46.017 31890 32083 E lacrima : at android.os.Binder.execTransactInternal(Binder.java:1285)
05-26 16:58:46.017 31890 32083 E lacrima :
05-26 16:58:46.052 31890 32123 I .secretspace:p0: WaitForGcToComplete blocked ClassLinker on Background for 54.871ms
05-26 16:58:46.100 31890 31890 W Lacrima_startup: type=1400 audit(0.0:3629172): avc: granted { execute } for path="/data/data/com.hello.miheapp.secretspace/sandbox/data/app/com.instagram.andro id/lib/libbreakpad_cpp_helper.so" dev="dm-42" ino=1067316 scontext=u:r:untrusted_app:s0:c7,c260,c512,c768 tcontext=u:object_r:app_data_file:s0:c7,c260,c512,c768 tclass=file app=com.hello.miheapp.secretspace
05-26 16:58:46.102 31890 32083 D nativeloader: Load /data/data/com.hello.miheapp.secretspace/sandbox/data/app/com.instagram.android/ lib/libbreakpad_cpp_helper.so using ns clns-6 from class loader (caller=/data/user/0/com.hello.miheapp.secretspace/sandbox/data/app/ com.instagram.android/base.apk): ok
05-26 16:58:46.113 31890 32083 W lacrima : Start AnrDetector... com.facebook.acra.anr.multisignal.MultiSignalANRDetector
05-26 16:58:46.113 31890 32083 W MultiSignalANRDetectorLacrima: Starting
05-26 16:58:46.114 31890 32083 W ProcessAnrErrorMonitor: startMonitoring with delay: 0
05-26 16:58:46.132 31890 32126 W ProcessAnrErrorMonitor: Starting process monitor checks for process 'com.instagram.android'
05-26 16:58:46.133 31890 32126 W MultiSignalANRDetectorLacrima: Started monitoring
05-26 16:58:46.133 31890 32125 W SigquitDetectorLacrima: nativeInit
05-26 16:58:46.291 31890 32083 E HiddenApis2: Failed to init DecodeJObjectFuncPtr
05-26 16:58:46.308 31890 32083 W dalvik-internals: sigaction64 succeeded
05-26 16:58:46.309 31890 32083 D dalvik-internals: SuspendAndroid11: Found all symbols
05-26 16:58:46.309 31890 32083 I .secretspace:p0: Waiting for a blocking GC Debugger
05-26 16:58:46.313 31890 32083 D dalvik-internals: SuspendAndroid11: Suspending threads.
05-26 16:58:46.314 31890 32083 D dalvik-internals: SuspendAndroid11: Resuming threads.
05-26 16:58:46.315 31890 32083 V dalvik-internals: hooked signal using trap ()
05-26 16:58:46.315 31890 32083 V dalvik-internals: hooked sigaction using trap ()
05-26 16:58:46.315 31890 32083 I dalvik-internals: integrateWithCrashLog crashlog: /data/user/0/com.hello.miheapp.secretspace/sandbox/data/user/0/com.instagram.androi d/crash_log, insta_crashlog: /data/user/0/com.hello.miheapp.secretspace/sandbox/data/user/0/com.instagram.androi d/insta_crash_log
05-26 16:58:46.315 31890 32083 I dalvik-internals: installed sigmux crash handler for crash log
05-26 16:58:46.327 31890 32083 W lacrima : LacrimaInitializer.init
05-26 16:58:46.331 31890 32083 W lacrima : Cannot find registered detector
05-26 16:58:46.333 31890 32001 W lacrima : FixedLengthFiles.init() called twice.
05-26 16:58:46.333 31890 32001 W lacrima : FixedLengthFiles.init() called twice.
05-26 16:58:46.352 31890 31890 W Lacrima_startup: type=1400 audit(0.0:3629173): avc: granted { execute } for path="/data/data/com.hello.miheapp.secretspace/sandbox/data/user/0/ com.instagram.android/lib-compressed/libffsingletonmerged.so" dev="dm-42" ino=1044843 scontext=u:r:untrusted_app:s0:c7,c260,c512,c768 tcontext=u:object_r:app_data_file:s0:c7,c260,c512,c768 tclass=file app=com.hello.miheapp.secretspace
05-26 16:58:46.362 31890 32083 D nativeloader: Load /data/data/com.hello.miheapp.secretspace/sandbox/data/user/0/com.instagram.android/ lib-compressed/libffsingletonmerged.so using ns clns-6 from class loader (caller=/data/user/0/com.hello.miheapp.secretspace/sandbox/data/app/ com.instagram.android/base.apk): ok
05-26 16:58:46.368 31890 31890 W Lacrima_startup: type=1400 audit(0.0:3629174): avc: granted { execute } for path="/data/data/com.hello.miheapp.secretspace/sandbox/data/app/com.instagram.andro id/lib/libfbunwindstack.so" dev="dm-42" ino=1066542 scontext=u:r:untrusted_app:s0:c7,c260,c512,c768 tcontext=u:object_r:app_data_file:s0:c7,c260,c512,c768 tclass=file app=com.hello.miheapp.secretspace
05-26 16:58:46.370 31890 32083 D nativeloader: Load /data/data/com.hello.miheapp.secretspace/sandbox/data/app/com.instagram.android/ lib/libfbunwindstack.so using ns clns-6 from class loader (caller=/data/user/0/com.hello.miheapp.secretspace/sandbox/data/app/ com.instagram.android/base.apk): ok
05-26 16:58:46.372 31890 31890 W Lacrima_startup: type=1400 audit(0.0:3629175): avc: granted { execute } for path="/data/data/com.hello.miheapp.secretspace/sandbox/data/user/0/ com.instagram.android/lib-compressed/libscrollmerged.so" dev="dm-42" ino=1042590 scontext=u:r:untrusted_app:s0:c7,c260,c512,c768 tcontext=u:object_r:app_data_file:s0:c7,c260,c512,c768 tclass=file app=com.hello.miheapp.secretspace
05-26 16:58:46.384 31890 32083 D nativeloader: Load /data/data/com.hello.miheapp.secretspace/sandbox/data/user/0/com.instagram.android/ lib-compressed/libscrollmerged.so using ns clns-6 from class loader (caller=/data/user/0/com.hello.miheapp.secretspace/sandbox/data/app/ com.instagram.android/base.apk): ok
05-26 16:58:46.622 31890 31989 W .secretspace:p0: Rejecting class com.instagram.base.activity.IgFragmentActivity that attempts to sub-type erroneous class androidx.appcompat.app.AppCompatActivity in /data/user/0/com.hello.miheapp.secretspace/sandbox/data/app/com.instagram.android/ base.apk!classes2.dex
05-26 16:58:46.675 31890 31989 W .secretspace:p0: Rejecting class com.instagram.mainactivity.LauncherActivity that attempts to sub-type erroneous class com.instagram.base.activity.IgFragmentActivity in /data/user/0/com.hello.miheapp.secretspace/sandbox/data/app/com.instagram.android/ base.apk!classes2.dex
05-26 16:58:46.683 31890 31989 W .secretspace:p0: Rejecting class com.instagram.base.activity.BaseFragmentActivity that attempts to sub-type erroneous class com.instagram.base.activity.IgFragmentActivity in /data/user/0/com.hello.miheapp.secretspace/sandbox/data/app/com.instagram.android/ base.apk!classes2.dex
05-26 16:58:46.683 31890 31989 W .secretspace:p0: Rejecting class com.instagram.mainactivity.InstagramMainActivity that attempts to sub-type erroneous class com.instagram.base.activity.BaseFragmentActivity in /data/user/0/com.hello.miheapp.secretspace/sandbox/data/app/com.instagram.android/ base.apk!classes2.dex
05-26 16:58:46.717 29919 31230 W secretspace:dex: Verification of X.5hD X.5eU.parseFromJson(X.4gk) took 329.321ms (9358.62 bytecodes/s) (116944B approximate peak alloc)
05-26 16:58:46.973 31926 31936 W System : A resource failed to call ContentProviderClient.close.
05-26 16:58:47.857 31890 31989 W .secretspace:p0: Verification of void com.instagram.profile.fragment.UserDetailFragment.onCreate(android.os.Bundle) took 111.256ms (53030.43 bytecodes/s) (228000B approximate peak alloc)
05-26 16:58:47.974 29919 31230 W secretspace:dex: Verification of void com.facebook.mobileboost.boosters.instagram.classpreload.StoryClassPreloader.preloa dClasses() took 107.473ms (29728.15 bytecodes/s) (184552B approximate peak alloc)
05-26 16:58:48.099 31890 31989 W .secretspace:p0: Rejecting class X.FHA that attempts to sub-type erroneous class X.3bE in /data/user/0/com.hello.miheapp.secretspace/sandbox/data/app/com.instagram.android/ base.apk!classes8.dex
05-26 16:58:48.099 31890 31989 W .secretspace:p0: Rejecting class X.FHK that attempts to sub-type erroneous class X.3bE in /data/user/0/com.hello.miheapp.secretspace/sandbox/data/app/com.instagram.android/ base.apk!classes8.dex
05-26 16:58:48.099 31890 31989 W .secretspace:p0: Rejecting class X.FHu that attempts to sub-type erroneous class X.3bE in /data/user/0/com.hello.miheapp.secretspace/sandbox/data/app/com.instagram.android/ base.apk!classes8.dex
05-26 16:58:48.144 31890 32124 W MultiSignalANRDetectorLacrima: Pausing error state checks
05-26 16:58:48.224 29919 31230 W secretspace:dex: Verification of void com.facebook.mobileboost.boosters.instagram.classpreload.ClipsViewerOpenNavClassPre loader.preloadClasses() took 238.190ms (13363.25 bytecodes/s) (184216B approximate peak alloc)
05-26 16:58:48.418 31890 31989 W .secretspace:p0: Rejecting class com.instagram.igds.components.form.IgFormField that attempts to sub-type erroneous class androidx.constraintlayout.widget.ConstraintLayout in /data/user/0/com.hello.miheapp.secretspace/sandbox/data/app/com.instagram.android/ base.apk!classes12.dex
05-26 16:58:48.715 31890 31890 W AppComponentManager: updateComponents successfully updated all 459 components of type[1]
05-26 16:58:48.723 29919 31230 W secretspace:dex: Verification of X.7zX X.7xX.parseFromJson(X.4gk) took 431.160ms (8971.13 bytecodes/s) (168224B approximate peak alloc)
05-26 16:58:49.026 31890 31890 W AppComponentManager: updateComponents successfully updated all 57 components of type[2]
05-26 16:58:49.062 31890 31890 W AppComponentManager: updateComponents successfully updated all 16 components of type[8]
05-26 16:58:49.586 31890 31890 W AppComponentManager: updateComponents successfully updated all 97 components of type[4]
05-26 16:58:49.933 31890 31890 I .secretspace:p0: Rejecting re-init on previously- failed class java.lang.Class<X.3ya>: java.lang.VerifyError: Verifier rejected class X.3ya: void X.3ya.A04(java.lang.Runnable, boolean, boolean) failed to verify: void X.3ya.A04(java.lang.Runnable, boolean, boolean): [0x10] cannot access instance field boolean X.5gu.A01 from object of type UnresolvedMergedReferences(Reference: X.5gu | Unresolved Reference: X.5pk) (declaration of 'X.3ya' appears in /data/user/0/com.hello.miheapp.secretspace/sandbox/data/app/com.instagram.android/ base.apk)
05-26 16:58:49.933 31890 31890 I .secretspace:p0: (Throwable with empty stack trace)
05-26 16:58:49.942 31890 31890 D AndroidRuntime: Shutting down VM --------- beginning of crash
05-26 16:58:49.943 31890 31890 E AndroidRuntime: FATAL EXCEPTION: main
05-26 16:58:49.943 31890 31890 E AndroidRuntime: Process: com.instagram.android, PID: 31890
05-26 16:58:49.943 31890 31890 E AndroidRuntime: java.lang.RuntimeException: Unable to makeApplication
05-26 16:58:49.943 31890 31890 E AndroidRuntime: at com.hello.sandbox.app.BActivityThread.handleBindApplication(BActivityThread.java:76 )
05-26 16:58:49.943 31890 31890 E AndroidRuntime: at com.hello.sandbox.app.BActivityThread.lambda$bindApplication$0(BActivityThread.java :1)
05-26 16:58:49.943 31890 31890 E AndroidRuntime: at com.hello.sandbox.app.BActivityThread.Y1(Unknown Source:0)
05-26 16:58:49.943 31890 31890 E AndroidRuntime: at com.appsflyer.internal.p.run(Unknown Source:34)
