05-26 16:58:58.452 32145 32270 W IgMetaConfig: at X.5zu.startRequest(:17)
05-26 16:58:58.452 32145 32270 W IgMetaConfig: at X.5zv.startRequest(:375)
05-26 16:58:58.452 32145 32270 W IgMetaConfig: at X.5zy.startRequest(:19)
05-26 16:58:58.452 32145 32270 W IgMetaConfig: at X.6aE.startRequest(:23)
05-26 16:58:58.452 32145 32270 W IgMetaConfig: at X.4wx.startRequest(:14)
05-26 16:58:58.452 32145 32270 W IgMetaConfig: at X.4wx.A00(:17)
05-26 16:58:58.452 32145 32270 W IgMetaConfig: at X.4vx.A00(:31)
05-26 16:58:58.452 32145 32270 W IgMetaConfig: at X.09Q.then(:25)
05-26 16:58:58.452 32145 32270 W IgMetaConfig: at X.03X.call(:26)
05-26 16:58:58.452 32145 32270 W IgMetaConfig: at X.5bs.run(:2)
05-26 16:58:58.452 32145 32270 W IgMetaConfig: at X.03Y.run(:22)
05-26 16:58:58.452 32145 32270 W IgMetaConfig: at X.86c.run(:2)
05-26 16:58:58.452 32145 32270 W IgMetaConfig: at X.5Ky.schedule(:21)
05-26 16:58:58.452 32145 32270 W IgMetaConfig: at X.6XQ.A00(:600)
05-26 16:58:58.452 32145 32270 W IgMetaConfig: at X.AKo.call(:374)
05-26 16:58:58.452 32145 32270 W IgMetaConfig: at X.03U.A01(:2)
05-26 16:58:58.452 32145 32270 W IgMetaConfig: at X.0QD.run(:19)
05-26 16:58:58.452 32145 32270 W IgMetaConfig: at java.util.concurrent.Executors$RunnableAdapter.call(Executors.java:487)
05-26 16:58:58.452 32145 32270 W IgMetaConfig: at java.util.concurrent.FutureTask.run(FutureTask.java:264)
05-26 16:58:58.452 32145 32270 W IgMetaConfig: at java.util.concurrent.ScheduledThreadPoolExecutor$ScheduledFutureTask.run(ScheduledT hreadPoolExecutor.java:307)
05-26 16:58:58.452 32145 32270 W IgMetaConfig: at java.util.concurrent.ThreadPoolExecutor.runWorker(ThreadPoolExecutor.java:1145)
05-26 16:58:58.452 32145 32270 W IgMetaConfig: at java.util.concurrent.ThreadPoolExecutor$Worker.run(ThreadPoolExecutor.java:644)
05-26 16:58:58.452 32145 32270 W IgMetaConfig: at java.lang.Thread.run(Thread.java:1012)
05-26 16:58:58.453 32145 32270 W IgMetaConfig: Could not obtain MC: not_user_session session=X.0Ce@b49cfcf
05-26 16:58:58.453 32145 32270 W IgMetaConfig: java.lang.RuntimeException: Could not obtain MC, call-site will receive default values
05-26 16:58:58.453 32145 32270 W IgMetaConfig: at X.4kk.A06(:4)
05-26 16:58:58.453 32145 32270 W IgMetaConfig: at X.4kk.A05(:43)
05-26 16:58:58.453 32145 32270 W IgMetaConfig: at X.4kk.A03(:2)
05-26 16:58:58.453 32145 32270 W IgMetaConfig: at X.6ab.A00(:24)
05-26 16:58:58.453 32145 32270 W IgMetaConfig: at X.5zb.startRequest(:20)
05-26 16:58:58.453 32145 32270 W IgMetaConfig: at X.5zc.startRequest(:7)
05-26 16:58:58.453 32145 32270 W IgMetaConfig: at X.5zp.startRequest(:128)
05-26 16:58:58.453 32145 32270 W IgMetaConfig: at X.5zu.startRequest(:17)
05-26 16:58:58.453 32145 32270 W IgMetaConfig: at X.5zv.startRequest(:375)
05-26 16:58:58.453 32145 32270 W IgMetaConfig: at X.5zy.startRequest(:19)
05-26 16:58:58.453 32145 32270 W IgMetaConfig: at X.6aE.startRequest(:23)
05-26 16:58:58.453 32145 32270 W IgMetaConfig: at X.4wx.startRequest(:14)
05-26 16:58:58.453 32145 32270 W IgMetaConfig: at X.4wx.A00(:17)
05-26 16:58:58.453 32145 32270 W IgMetaConfig: at X.4vx.A00(:31)
05-26 16:58:58.453 32145 32270 W IgMetaConfig: at X.09Q.then(:25)
05-26 16:58:58.453 32145 32270 W IgMetaConfig: at X.03X.call(:26)
05-26 16:58:58.453 32145 32270 W IgMetaConfig: at X.5bs.run(:2)
05-26 16:58:58.453 32145 32270 W IgMetaConfig: at X.03Y.run(:22)
05-26 16:58:58.453 32145 32270 W IgMetaConfig: at X.86c.run(:2)
05-26 16:58:58.453 32145 32270 W IgMetaConfig: at X.5Ky.schedule(:21)
05-26 16:58:58.453 32145 32270 W IgMetaConfig: at X.6XQ.A00(:600)
05-26 16:58:58.453 32145 32270 W IgMetaConfig: at X.AKo.call(:374)
05-26 16:58:58.453 32145 32270 W IgMetaConfig: at X.03U.A01(:2)
05-26 16:58:58.453 32145 32270 W IgMetaConfig: at X.0QD.run(:19)
05-26 16:58:58.453 32145 32270 W IgMetaConfig: at java.util.concurrent.Executors$RunnableAdapter.call(Executors.java:487)
05-26 16:58:58.453 32145 32270 W IgMetaConfig: at java.util.concurrent.FutureTask.run(FutureTask.java:264)
05-26 16:58:58.453 32145 32270 W IgMetaConfig: at java.util.concurrent.ScheduledThreadPoolExecutor$ScheduledFutureTask.run(ScheduledT hreadPoolExecutor.java:307)
05-26 16:58:58.453 32145 32270 W IgMetaConfig: at java.util.concurrent.ThreadPoolExecutor.runWorker(ThreadPoolExecutor.java:1145)
05-26 16:58:58.453 32145 32270 W IgMetaConfig: at java.util.concurrent.ThreadPoolExecutor$Worker.run(ThreadPoolExecutor.java:644)
05-26 16:58:58.453 32145 32270 W IgMetaConfig: at java.lang.Thread.run(Thread.java:1012)
05-26 16:58:58.454 32145 32270 W IgMetaConfig: Could not obtain MC: not_user_session session=X.0Ce@b49cfcf
05-26 16:58:58.454 32145 32270 W IgMetaConfig: java.lang.RuntimeException: Could not obtain MC, call-site will receive default values
05-26 16:58:58.454 32145 32270 W IgMetaConfig: at X.4kk.A06(:4)
05-26 16:58:58.454 32145 32270 W IgMetaConfig: at X.4kk.A05(:43)
05-26 16:58:58.454 32145 32270 W IgMetaConfig: at X.4kk.A03(:2)
05-26 16:58:58.454 32145 32270 W IgMetaConfig: at X.6ab.A00(:41)
05-26 16:58:58.454 32145 32270 W IgMetaConfig: at X.5zb.startRequest(:20)
05-26 16:58:58.454 32145 32270 W IgMetaConfig: at X.5zc.startRequest(:7)
05-26 16:58:58.454 32145 32270 W IgMetaConfig: at X.5zp.startRequest(:128)
05-26 16:58:58.454 32145 32270 W IgMetaConfig: at X.5zu.startRequest(:17)
05-26 16:58:58.454 32145 32270 W IgMetaConfig: at X.5zv.startRequest(:375)
05-26 16:58:58.454 32145 32270 W IgMetaConfig: at X.5zy.startRequest(:19)
05-26 16:58:58.454 32145 32270 W IgMetaConfig: at X.6aE.startRequest(:23)
05-26 16:58:58.454 32145 32270 W IgMetaConfig: at X.4wx.startRequest(:14)
05-26 16:58:58.454 32145 32270 W IgMetaConfig: at X.4wx.A00(:17)
05-26 16:58:58.454 32145 32270 W IgMetaConfig: at X.4vx.A00(:31)
05-26 16:58:58.454 32145 32270 W IgMetaConfig: at X.09Q.then(:25)
05-26 16:58:58.454 32145 32270 W IgMetaConfig: at X.03X.call(:26)
05-26 16:58:58.454 32145 32270 W IgMetaConfig: at X.5bs.run(:2)
05-26 16:58:58.454 32145 32270 W IgMetaConfig: at X.03Y.run(:22)
05-26 16:58:58.454 32145 32270 W IgMetaConfig: at X.86c.run(:2)
05-26 16:58:58.454 32145 32270 W IgMetaConfig: at X.5Ky.schedule(:21)
05-26 16:58:58.454 32145 32270 W IgMetaConfig: at X.6XQ.A00(:600)
05-26 16:58:58.454 32145 32270 W IgMetaConfig: at X.AKo.call(:374)
05-26 16:58:58.454 32145 32270 W IgMetaConfig: at X.03U.A01(:2)
05-26 16:58:58.454 32145 32270 W IgMetaConfig: at X.0QD.run(:19)
05-26 16:58:58.454 32145 32270 W IgMetaConfig: at java.util.concurrent.Executors$RunnableAdapter.call(Executors.java:487)
05-26 16:58:58.454 32145 32270 W IgMetaConfig: at java.util.concurrent.FutureTask.run(FutureTask.java:264)
05-26 16:58:58.454 32145 32270 W IgMetaConfig: at java.util.concurrent.ScheduledThreadPoolExecutor$ScheduledFutureTask.run(ScheduledT hreadPoolExecutor.java:307)
05-26 16:58:58.454 32145 32270 W IgMetaConfig: at java.util.concurrent.ThreadPoolExecutor.runWorker(ThreadPoolExecutor.java:1145)
05-26 16:58:58.454 32145 32270 W IgMetaConfig: at java.util.concurrent.ThreadPoolExecutor$Worker.run(ThreadPoolExecutor.java:644)
05-26 16:58:58.454 32145 32270 W IgMetaConfig: at java.lang.Thread.run(Thread.java:1012)
05-26 16:58:58.455 32145 32145 D DecorView[]: getWindowModeFromSystem windowmode is 1
05-26 16:58:58.455 32145 32145 D DecorView[]: updateDecorCaptionStatus windowMode is 1
05-26 16:58:58.480 32145 32145 W Looper : PerfMonitor looperActivity : package=com.instagram.android/com.instagram.nux.activity.BloksSignedOutFragmentActi vity time=1ms latency=432ms procState=-1 historyMsgCount=10
05-26 16:58:58.482 32145 32145 W BackgroundStartupDetector: coldStartMode=PROBABLY_FOREGROUND
05-26 16:58:58.525 32145 32145 D FramePredict: FramePredict init: false
05-26 16:58:58.571 32145 32240 W IgMetaConfig: Could not obtain MC: not_user_session session=X.0Ce@b49cfcf
05-26 16:58:58.571 32145 32240 W IgMetaConfig: java.lang.RuntimeException: Could not obtain MC, call-site will receive default values
05-26 16:58:58.571 32145 32240 W IgMetaConfig: at X.4kk.A06(:4)
05-26 16:58:58.571 32145 32240 W IgMetaConfig: at X.4kk.A05(:43)
05-26 16:58:58.571 32145 32240 W IgMetaConfig: at X.4kk.A03(:2)
05-26 16:58:58.571 32145 32240 W IgMetaConfig: at X.1fr.A00(:8)
05-26 16:58:58.571 32145 32240 W IgMetaConfig: at X.1fr.A03(:8)
05-26 16:58:58.571 32145 32240 W IgMetaConfig: at X.H4n.run(:10)
05-26 16:58:58.571 32145 32240 W IgMetaConfig: at X.1es.run(:25)
05-26 16:58:58.571 32145 32240 W IgMetaConfig: at X.1es.run(:25)
05-26 16:58:58.571 32145 32240 W IgMetaConfig: at X.1no.A00(:112)
05-26 16:58:58.571 32145 32240 W IgMetaConfig: at X.1no.run(:108)
05-26 16:58:58.583 32145 32341 I AdrenoGLES-0: QUALCOMM build : 3e33337ce3, I07ee46fc66
05-26 16:58:58.583 32145 32341 I AdrenoGLES-0: Build Date : 10/08/21
05-26 16:58:58.583 32145 32341 I AdrenoGLES-0: OpenGL ES Shader Compiler Version: EV031.35.01.10
05-26 16:58:58.583 32145 32341 I AdrenoGLES-0: Local Branch :
05-26 16:58:58.583 32145 32341 I AdrenoGLES-0: Remote Branch :
05-26 16:58:58.583 32145 32341 I AdrenoGLES-0: Remote Branch :
05-26 16:58:58.583 32145 32341 I AdrenoGLES-0: Reconstruct Branch :
05-26 16:58:58.583 32145 32341 I AdrenoGLES-0: Build Config : S P 10.0.7 AArch64
05-26 16:58:58.583 32145 32341 I AdrenoGLES-0: Driver Path : /vendor/lib64/egl/libGLESv2_adreno.so
05-26 16:58:58.589 32145 32341 I AdrenoGLES-0: PFP: 0x016ee201, ME: 0x00000000
05-26 16:58:58.590 32145 32145 D VRI[BloksSignedOutFragmentActivity]: vri.reportNextDraw android.view.ViewRootImpl.performTraversals:4013 android.view.ViewRootImpl.doTraversal:2725 android.view.ViewRootImpl$TraversalRunnable.run:9812 android.view.Choreographer$CallbackRecord.run:1505 android.view.Choreographer$CallbackRecord.run:1513
05-26 16:58:58.590 32145 32145 D VRI[BloksSignedOutFragmentActivity]: vri.Setup new sync id=0 syncSeqId=0
05-26 16:58:58.607 32145 32324 W IgMetaConfig: Could not obtain MC: not_user_session session=X.0Pn@3cb7fbf
05-26 16:58:58.607 32145 32324 W IgMetaConfig: java.lang.RuntimeException: Could not obtain MC, call-site will receive default values
05-26 16:58:58.607 32145 32324 W IgMetaConfig: at X.4kk.A06(:4)
05-26 16:58:58.607 32145 32324 W IgMetaConfig: at X.4kk.A05(:43)
05-26 16:58:58.607 32145 32324 W IgMetaConfig: at X.4kk.A03(:2)
05-26 16:58:58.607 32145 32324 W IgMetaConfig: at X.1fr.A00(:8)
05-26 16:58:58.607 32145 32324 W IgMetaConfig: at X.1fr.A03(:8)
05-26 16:58:58.607 32145 32324 W IgMetaConfig: at X.7tl.A00(:6)
05-26 16:58:58.607 32145 32324 W IgMetaConfig: at X.C0b.A02(:438)
05-26 16:58:58.607 32145 32324 W IgMetaConfig: at X.C0b.A07(:0)
05-26 16:58:58.607 32145 32324 W IgMetaConfig: at X.C1T.A01(:16)
05-26 16:58:58.607 32145 32324 W IgMetaConfig: at X.3l9.handleMessage(:343)
05-26 16:58:58.607 32145 32324 W IgMetaConfig: at android.os.Handler.dispatchMessage(Handler.java:106)
05-26 16:58:58.607 32145 32324 W IgMetaConfig: at android.os.Looper.loopOnce(Looper.java:211)
05-26 16:58:58.607 32145 32324 W IgMetaConfig: at android.os.Looper.loop(Looper.java:300)
05-26 16:58:58.607 32145 32324 W IgMetaConfig: at android.os.HandlerThread.run(HandlerThread.java:67)
05-26 16:58:58.607 32145 32324 W IgMetaConfig: Could not obtain MC: not_user_session session=X.0Pn@3cb7fbf
05-26 16:58:58.607 32145 32324 W IgMetaConfig: java.lang.RuntimeException: Could not obtain MC, call-site will receive default values
05-26 16:58:58.607 32145 32324 W IgMetaConfig: at X.4kk.A06(:4)
05-26 16:58:58.607 32145 32324 W IgMetaConfig: at X.4kk.A05(:43)
05-26 16:58:58.607 32145 32324 W IgMetaConfig: at X.4kk.A03(:2)
05-26 16:58:58.607 32145 32324 W IgMetaConfig: at X.1fr.A00(:8)
05-26 16:58:58.607 32145 32324 W IgMetaConfig: at X.1fr.A03(:8)
05-26 16:58:58.607 32145 32324 W IgMetaConfig: at X.7tl.A00(:6)
05-26 16:58:58.607 32145 32324 W IgMetaConfig: at X.C0b.A02(:446)
05-26 16:58:58.607 32145 32324 W IgMetaConfig: at X.C0b.A07(:0)
05-26 16:58:58.607 32145 32324 W IgMetaConfig: at X.C1T.A01(:16)
05-26 16:58:58.607 32145 32324 W IgMetaConfig: at X.3l9.handleMessage(:343)
05-26 16:58:58.607 32145 32324 W IgMetaConfig: at android.os.Handler.dispatchMessage(Handler.java:106)
05-26 16:58:58.607 32145 32324 W IgMetaConfig: at android.os.Looper.loopOnce(Looper.java:211)
05-26 16:58:58.607 32145 32324 W IgMetaConfig: at android.os.Looper.loop(Looper.java:300)
05-26 16:58:58.607 32145 32324 W IgMetaConfig: at android.os.HandlerThread.run(HandlerThread.java:67)
05-26 16:58:58.642 32145 32341 W libc : Access denied finding property "vendor.migl.debug"
05-26 16:58:58.647 32145 32341 E libEGL : pre_cache appList: com.sina.weibo,com.ss.android.article.news,com.taobao.taobao,com.smile.gifmaker,com .ss.android.ugc.aweme,com.tencent.mm,tv.danmaku.bili,,
05-26 16:58:58.648 32145 32274 W IgMetaConfig: Could not obtain MC: not_user_session session=X.0Ce@b49cfcf
05-26 16:58:58.648 32145 32274 W IgMetaConfig: java.lang.RuntimeException: Could not obtain MC, call-site will receive default values
05-26 16:58:58.648 32145 32274 W IgMetaConfig: at X.4kk.A06(:4)
05-26 16:58:58.648 32145 32274 W IgMetaConfig: at X.4kk.A05(:43)
05-26 16:58:58.648 32145 32274 W IgMetaConfig: at X.4kk.A03(:2)
05-26 16:58:58.648 32145 32274 W IgMetaConfig: at X.1fr.A00(:8)
05-26 16:58:58.648 32145 32274 W IgMetaConfig: at X.1fr.A03(:8)
05-26 16:58:58.648 32145 32274 W IgMetaConfig: at X.5AF.A02(:2144)
05-26 16:58:58.648 32145 32274 W IgMetaConfig: at X.03F.A0M(:4)
05-26 16:58:58.648 32145 32274 W IgMetaConfig: at X.03X.call(:15)
05-26 16:58:58.648 32145 32274 W IgMetaConfig: at X.5bs.run(:2)
05-26 16:58:58.648 32145 32274 W IgMetaConfig: at X.03Y.run(:22)
05-26 16:58:58.648 32145 32274 W IgMetaConfig: at X.5ap.run(:30)
05-26 16:58:58.648 32145 32274 W IgMetaConfig: at X.1es.run(:25)
05-26 16:58:58.648 32145 32274 W IgMetaConfig: at java.util.concurrent.ThreadPoolExecutor.runWorker(ThreadPoolExecutor.java:1145)
05-26 16:58:58.648 32145 32274 W IgMetaConfig: at java.util.concurrent.ThreadPoolExecutor$Worker.run(ThreadPoolExecutor.java:644)
05-26 16:58:58.648 32145 32274 W IgMetaConfig: at X.1mp.run(:99)
05-26 16:58:58.648 32145 32274 W IgMetaConfig: at java.lang.Thread.run(Thread.java:1012)
05-26 16:58:58.648 32145 32274 W IgMetaConfig: at X.1nc.run(:8)
05-26 16:58:58.650 32145 32274 W IgMetaConfig: Could not obtain MC: not_user_session session=X.0Ce@b49cfcf
05-26 16:58:58.650 32145 32274 W IgMetaConfig: java.lang.RuntimeException: Could not obtain MC, call-site will receive default values
05-26 16:58:58.650 32145 32274 W IgMetaConfig: at X.4kk.A06(:4)
05-26 16:58:58.650 32145 32274 W IgMetaConfig: at X.4kk.A05(:43)
05-26 16:58:58.650 32145 32274 W IgMetaConfig: at X.4kk.A03(:2)
05-26 16:58:58.650 32145 32274 W IgMetaConfig: at X.6ab.A00(:3)
05-26 16:58:58.650 32145 32274 W IgMetaConfig: at X.5zb.startRequest(:20)
05-26 16:58:58.650 32145 32274 W IgMetaConfig: at X.5zc.startRequest(:7)
05-26 16:58:58.650 32145 32274 W IgMetaConfig: at X.5zp.startRequest(:128)
05-26 16:58:58.650 32145 32274 W IgMetaConfig: at X.5zu.startRequest(:17)
05-26 16:58:58.650 32145 32274 W IgMetaConfig: at X.5zv.startRequest(:375)
05-26 16:58:58.650 32145 32274 W IgMetaConfig: at X.5zy.startRequest(:19)
05-26 16:58:58.650 32145 32274 W IgMetaConfig: at X.6aE.startRequest(:23)
05-26 16:58:58.650 32145 32274 W IgMetaConfig: at X.4wx.startRequest(:14)
05-26 16:58:58.650 32145 32274 W IgMetaConfig: at X.4wx.A00(:17)
05-26 16:58:58.650 32145 32274 W IgMetaConfig: at X.4vx.A00(:31)
05-26 16:58:58.650 32145 32274 W IgMetaConfig: at X.09Q.then(:25)
05-26 16:58:58.650 32145 32274 W IgMetaConfig: at X.03X.call(:26)
05-26 16:58:58.650 32145 32274 W IgMetaConfig: at X.5bs.run(:2)
05-26 16:58:58.650 32145 32274 W IgMetaConfig: at X.03Y.run(:22)
05-26 16:58:58.650 32145 32274 W IgMetaConfig: at X.5ap.run(:30)
05-26 16:58:58.650 32145 32274 W IgMetaConfig: at X.1es.run(:25)
05-26 16:58:58.650 32145 32274 W IgMetaConfig: at java.util.concurrent.ThreadPoolExecutor.runWorker(ThreadPoolExecutor.java:1145)
05-26 16:58:58.650 32145 32274 W IgMetaConfig: at java.util.concurrent.ThreadPoolExecutor$Worker.run(ThreadPoolExecutor.java:644)
05-26 16:58:58.650 32145 32274 W IgMetaConfig: at X.1mp.run(:99)
05-26 16:58:58.650 32145 32274 W IgMetaConfig: at java.lang.Thread.run(Thread.java:1012)
05-26 16:58:58.650 32145 32274 W IgMetaConfig: at X.1nc.run(:8)
05-26 16:58:58.651 32145 32274 W IgMetaConfig: Could not obtain MC: not_user_session session=X.0Ce@b49cfcf
05-26 16:58:58.651 32145 32274 W IgMetaConfig: java.lang.RuntimeException: Could not obtain MC, call-site will receive default values
05-26 16:58:58.651 32145 32274 W IgMetaConfig: at X.4kk.A06(:4)
05-26 16:58:58.651 32145 32274 W IgMetaConfig: at X.4kk.A05(:43)
05-26 16:58:58.651 32145 32274 W IgMetaConfig: at X.4kk.A03(:2)
05-26 16:58:58.651 32145 32274 W IgMetaConfig: at X.6ab.A00(:24)
05-26 16:58:58.651 32145 32274 W IgMetaConfig: at X.5zb.startRequest(:20)
05-26 16:58:58.651 32145 32274 W IgMetaConfig: at X.5zc.startRequest(:7)
05-26 16:58:58.651 32145 32274 W IgMetaConfig: at X.5zp.startRequest(:128)
05-26 16:58:58.651 32145 32274 W IgMetaConfig: at X.5zu.startRequest(:17)
05-26 16:58:58.651 32145 32274 W IgMetaConfig: at X.5zv.startRequest(:375)
05-26 16:58:58.651 32145 32274 W IgMetaConfig: at X.5zy.startRequest(:19)
05-26 16:58:58.651 32145 32274 W IgMetaConfig: at X.6aE.startRequest(:23)
05-26 16:58:58.651 32145 32274 W IgMetaConfig: at X.4wx.startRequest(:14)
05-26 16:58:58.651 32145 32274 W IgMetaConfig: at X.4wx.A00(:17)
05-26 16:58:58.651 32145 32274 W IgMetaConfig: at X.4vx.A00(:31)
05-26 16:58:58.651 32145 32274 W IgMetaConfig: at X.09Q.then(:25)
05-26 16:58:58.651 32145 32274 W IgMetaConfig: at X.03X.call(:26)
05-26 16:58:58.651 32145 32274 W IgMetaConfig: at X.5bs.run(:2)
05-26 16:58:58.651 32145 32274 W IgMetaConfig: at X.03Y.run(:22)
05-26 16:58:58.651 32145 32274 W IgMetaConfig: at X.5ap.run(:30)
05-26 16:58:58.651 32145 32274 W IgMetaConfig: at X.1es.run(:25)
05-26 16:58:58.651 32145 32274 W IgMetaConfig: at java.util.concurrent.ThreadPoolExecutor.runWorker(ThreadPoolExecutor.java:1145)
05-26 16:58:58.651 32145 32274 W IgMetaConfig: at java.util.concurrent.ThreadPoolExecutor$Worker.run(ThreadPoolExecutor.java:644)
05-26 16:58:58.651 32145 32274 W IgMetaConfig: at X.1mp.run(:99)
05-26 16:58:58.651 32145 32274 W IgMetaConfig: at java.lang.Thread.run(Thread.java:1012)
05-26 16:58:58.651 32145 32274 W IgMetaConfig: at X.1nc.run(:8)
05-26 16:58:58.652 32145 32274 W IgMetaConfig: Could not obtain MC: not_user_session session=X.0Ce@b49cfcf
05-26 16:58:58.652 32145 32274 W IgMetaConfig: java.lang.RuntimeException: Could not obtain MC, call-site will receive default values
05-26 16:58:58.652 32145 32274 W IgMetaConfig: at X.4kk.A06(:4)
05-26 16:58:58.652 32145 32274 W IgMetaConfig: at X.4kk.A05(:43)
05-26 16:58:58.652 32145 32274 W IgMetaConfig: at X.4kk.A03(:2)
05-26 16:58:58.652 32145 32274 W IgMetaConfig: at X.6ab.A00(:41)
05-26 16:58:58.652 32145 32274 W IgMetaConfig: at X.5zb.startRequest(:20)
05-26 16:58:58.652 32145 32274 W IgMetaConfig: at X.5zc.startRequest(:7)
05-26 16:58:58.652 32145 32274 W IgMetaConfig: at X.5zp.startRequest(:128)
05-26 16:58:58.652 32145 32274 W IgMetaConfig: at X.5zu.startRequest(:17)
05-26 16:58:58.652 32145 32274 W IgMetaConfig: at X.5zv.startRequest(:375)
05-26 16:58:58.652 32145 32274 W IgMetaConfig: at X.5zy.startRequest(:19)
05-26 16:58:58.652 32145 32274 W IgMetaConfig: at X.6aE.startRequest(:23)
05-26 16:58:58.652 32145 32274 W IgMetaConfig: at X.4wx.startRequest(:14)
05-26 16:58:58.652 32145 32274 W IgMetaConfig: at X.4wx.A00(:17)
05-26 16:58:58.652 32145 32274 W IgMetaConfig: at X.4vx.A00(:31)
05-26 16:58:58.652 32145 32274 W IgMetaConfig: at X.09Q.then(:25)
05-26 16:58:58.652 32145 32274 W IgMetaConfig: at X.03X.call(:26)
05-26 16:58:58.652 32145 32274 W IgMetaConfig: at X.5bs.run(:2)
05-26 16:58:58.652 32145 32274 W IgMetaConfig: at X.03Y.run(:22)
05-26 16:58:58.652 32145 32274 W IgMetaConfig: at X.5ap.run(:30)
05-26 16:58:58.652 32145 32274 W IgMetaConfig: at X.1es.run(:25)
05-26 16:58:58.652 32145 32274 W IgMetaConfig: at java.util.concurrent.ThreadPoolExecutor.runWorker(ThreadPoolExecutor.java:1145)
05-26 16:58:58.652 32145 32274 W IgMetaConfig: at java.util.concurrent.ThreadPoolExecutor$Worker.run(ThreadPoolExecutor.java:644)
05-26 16:58:58.652 32145 32274 W IgMetaConfig: at X.1mp.run(:99)
05-26 16:58:58.652 32145 32274 W IgMetaConfig: at java.lang.Thread.run(Thread.java:1012)
05-26 16:58:58.652 32145 32274 W IgMetaConfig: at X.1nc.run(:8)
05-26 16:58:58.670 32145 32341 D .secretspace:p0: MiuiProcessManagerServiceStub setSchedFifo
05-26 16:58:58.670 32145 32341 I MiuiProcessManagerImpl: setSchedFifo pid:32145, mode:3
05-26 16:58:58.680 32145 32341 E libboost: fail to open node: No such file or directory
05-26 16:58:58.682 32383 32383 I libc : SetHeapTaggingLevel: tag level set to 0
05-26 16:58:58.684 32145 32341 E libEGL : pre_cache appList: com.sina.weibo,com.ss.android.article.news,com.taobao.taobao,com.smile.gifmaker,com .ss.android.ugc.aweme,com.tencent.mm,tv.danmaku.bili,,
05-26 16:58:58.699 32383 32383 I .secretspace:p2: Using CollectorTypeCC GC.
05-26 16:58:58.706 32383 32383 E .secretspace:p2: Not starting debugger since process cannot load the jdwp agent.
05-26 16:58:58.713 32383 32383 D nativeloader: Load libframework-connectivity- tiramisu-jni.so using APEX ns com_android_tethering for caller /apex/com.android.tethering/javalib/framework-connectivity-t.jar: ok
05-26 16:58:58.721 32383 32383 W System.err: android.system.ErrnoException: open failed: ENOENT (No such file or directory)
05-26 16:58:58.722 32383 32383 W System.err: at libcore.io.Linux.open(Native Method)
05-26 16:58:58.722 32145 32341 E perf_hint: Session creation failed, mPreferredRateNanos: -1
05-26 16:58:58.722 32383 32383 W System.err: at libcore.io.ForwardingOs.open(ForwardingOs.java:563)
05-26 16:58:58.722 32383 32383 W System.err: at libcore.io.BlockGuardOs.open(BlockGuardOs.java:274)
05-26 16:58:58.722 32383 32383 W System.err: at libcore.io.ForwardingOs.open(ForwardingOs.java:563)
05-26 16:58:58.722 32383 32383 W System.err: at android.app.ActivityThread$AndroidOs.open(ActivityThread.java:8381)
05-26 16:58:58.722 32383 32383 W System.err: at android.system.Os.open(Os.java:494)
05-26 16:58:58.722 32383 32383 W System.err: at android.os.perfdebug.PerfDebugMonitorImpl.monitorVersionControl(PerfDebugMonitorImp l.java:206)
05-26 16:58:58.722 32383 32383 W System.err: at android.os.perfdebug.PerfDebugMonitorImpl.prepareMonitor(PerfDebugMonitorImpl.java: 187)
05-26 16:58:58.722 32383 32383 W System.err: at android.app.ActivityThread.main(ActivityThread.java:8468)
05-26 16:58:58.722 32383 32383 W System.err: at java.lang.reflect.Method.invoke(Native Method)
05-26 16:58:58.722 32383 32383 W System.err: at com.android.internal.os.RuntimeInit$MethodAndArgsCaller.run(RuntimeInit.java:561)
05-26 16:58:58.722 32383 32383 W System.err: at com.android.internal.os.ZygoteInit.main(ZygoteInit.java:954)
05-26 16:58:58.723 32383 32383 I MessageMonitor: Load libmiui_runtime
05-26 16:58:58.723 32145 32145 D VRI[BloksSignedOutFragmentActivity]: vri.reportDrawFinished syncSeqId=0 android.view.ViewRootImpl.lambda$createSyncIfNeeded$4$android-view- ViewRootImpl:4081 android.view.ViewRootImpl$$ExternalSyntheticLambda2.run:6 android.os.Handler.handleCallback:942 android.os.Handler.dispatchMessage:99 android.os.Looper.loopOnce:211
05-26 16:58:58.727 32145 32145 I InsetsControllerImpl: change fadeInDuration from 500ms to 750ms for the lowmem and middle device
05-26 16:58:58.730 32145 32145 D VRI[BloksSignedOutFragmentActivity]: vri.reportNextDraw android.view.ViewRootImpl.handleResized:2083 android.view.ViewRootImpl.-$$Nest$mhandleResized:0 android.view.ViewRootImpl$ViewRootHandler.handleMessageImpl:6167 android.view.ViewRootImpl$ViewRootHandler.handleMessage:6136 android.os.Handler.dispatchMessage:106
05-26 16:58:58.731 32145 32145 E SlowAppComponent: 0ms: InstagramAppShell instantiating…
05-26 16:58:58.731 32145 32145 E SlowAppComponent: 212ms: SecureFileProvider instantiating…
05-26 16:58:58.731 32145 32145 E SlowAppComponent: 217ms: FileProvider instantiating…
05-26 16:58:58.731 32145 32145 E SlowAppComponent: 219ms: AndroidXAppInitializer instantiating…
05-26 16:58:58.731 32145 32145 E SlowAppComponent: 223ms: InitializationProvider instantiating…
05-26 16:58:58.731 32145 32145 E SlowAppComponent: 2808ms: LauncherActivity instantiating…
05-26 16:58:58.731 32145 32145 E SlowAppComponent: 3289ms: InstagramMainActivity instantiating…
05-26 16:58:58.731 32145 32145 E SlowAppComponent: 4409ms: BloksSignedOutFragmentActivity instantiating…
05-26 16:58:58.731 32145 32145 E SlowAppComponent: Main thread was blocked for 5077ms in the foreground starting with InstagramAppShell
05-26 16:58:58.739 32145 32145 D VRI[BloksSignedOutFragmentActivity]: vri.Setup new sync id=1 syncSeqId=0
05-26 16:58:58.745 32145 32145 D VRI[BloksSignedOutFragmentActivity]: vri.reportDrawFinished syncSeqId=0 android.view.ViewRootImpl.lambda$createSyncIfNeeded$4$android-view- ViewRootImpl:4081 android.view.ViewRootImpl$$ExternalSyntheticLambda2.run:6 android.os.Handler.handleCallback:942 android.os.Handler.dispatchMessage:99 android.os.Looper.loopOnce:211
05-26 16:58:58.754 32145 32145 W MDCLLight: Failed to load class from parent: com.amazon.device.messaging.ADM
05-26 16:58:58.754 32145 32145 W MDCLLight: java.lang.ClassNotFoundException: com.amazon.device.messaging.ADM
05-26 16:58:58.754 32145 32145 W MDCLLight: at java.lang.Class.classForName(Native Method)
05-26 16:58:58.754 32145 32145 W MDCLLight: at java.lang.BootClassLoader.findClass(ClassLoader.java:2693)
05-26 16:58:58.754 32145 32145 W MDCLLight: at java.lang.BootClassLoader.loadClass(ClassLoader.java:2753)
05-26 16:58:58.754 32145 32145 W MDCLLight: at java.lang.ClassLoader.loadClass(ClassLoader.java:573)
05-26 16:58:58.754 32145 32145 W MDCLLight: at com.facebook.common.dextricks.MultiDexClassLoaderLight.loadFromParent(:4)
05-26 16:58:58.754 32145 32145 W MDCLLight: at com.facebook.common.dextricks.MultiDexClassLoaderLight.loadClass(:38)
05-26 16:58:58.754 32145 32145 W MDCLLight: at java.lang.ClassLoader.loadClass(ClassLoader.java:625)
05-26 16:58:58.754 32145 32145 W MDCLLight: at java.lang.ClassLoader.loadClass(ClassLoader.java:573)
05-26 16:58:58.754 32145 32145 W MDCLLight: at java.lang.Class.classForName(Native Method)
05-26 16:58:58.754 32145 32145 W MDCLLight: at java.lang.Class.forName(Class.java:607)
05-26 16:58:58.754 32145 32145 W MDCLLight: at java.lang.Class.forName(Class.java:512)
05-26 16:58:58.754 32145 32145 W MDCLLight: at X.6Rz.A00(:17)
05-26 16:58:58.754 32145 32145 W MDCLLight: at X.AAz.onQueueIdle(:97)
05-26 16:58:58.754 32145 32145 W MDCLLight: at X.5mq.queueIdle(:23)
05-26 16:58:58.754 32145 32145 W MDCLLight: at android.os.MessageQueue.next(MessageQueue.java:410)
05-26 16:58:58.754 32145 32145 W MDCLLight: at android.os.Looper.loopOnce(Looper.java:169)
05-26 16:58:58.754 32145 32145 W MDCLLight: at android.os.Looper.loop(Looper.java:300)
05-26 16:58:58.754 32145 32145 W MDCLLight: at android.app.ActivityThread.main(ActivityThread.java:8503)
05-26 16:58:58.754 32145 32145 W MDCLLight: at java.lang.reflect.Method.invoke(Native Method)
05-26 16:58:58.754 32145 32145 W MDCLLight: at com.android.internal.os.RuntimeInit$MethodAndArgsCaller.run(RuntimeInit.java:561)
05-26 16:58:58.754 32145 32145 W MDCLLight: at com.android.internal.os.ZygoteInit.main(ZygoteInit.java:954)
05-26 16:58:58.754 32145 32145 W MDCLLight: Caused by: java.lang.NoClassDefFoundError: Class not found using the boot class loader; no stack trace available
05-26 16:58:58.754 32145 32145 W MDCLLight: Trying to fallback load dexcom.amazon.device.messaging.ADM moduleHint = null
05-26 16:58:58.757 32145 32145 E MDCLLight: Fallback load dex failed for com.amazon.device.messaging.ADM
05-26 16:58:58.775 32145 32145 W IgMetaConfig: Could not obtain MC: not_user_session session=X.0Ce@b49cfcf
05-26 16:58:58.775 32145 32145 W IgMetaConfig: java.lang.RuntimeException: Could not obtain MC, call-site will receive default values
05-26 16:58:58.775 32145 32145 W IgMetaConfig: at X.4kk.A06(:4)
05-26 16:58:58.775 32145 32145 W IgMetaConfig: at X.4kk.A05(:43)
05-26 16:58:58.775 32145 32145 W IgMetaConfig: at X.4kk.A03(:2)
05-26 16:58:58.775 32145 32145 W IgMetaConfig: at X.6XA.<init>(:31)
05-26 16:58:58.775 32145 32145 W IgMetaConfig: at X.6Rz.A00(:203)
05-26 16:58:58.775 32145 32145 W IgMetaConfig: at X.AAz.onQueueIdle(:97)
05-26 16:58:58.775 32145 32145 W IgMetaConfig: at X.5mq.queueIdle(:23)
05-26 16:58:58.775 32145 32145 W IgMetaConfig: at android.os.MessageQueue.next(MessageQueue.java:410)
05-26 16:58:58.775 32145 32145 W IgMetaConfig: at android.os.Looper.loopOnce(Looper.java:169)
05-26 16:58:58.775 32145 32145 W IgMetaConfig: at android.os.Looper.loop(Looper.java:300)
05-26 16:58:58.775 32145 32145 W IgMetaConfig: at android.app.ActivityThread.main(ActivityThread.java:8503)
05-26 16:58:58.775 32145 32145 W IgMetaConfig: at java.lang.reflect.Method.invoke(Native Method)
05-26 16:58:58.775 32145 32145 W IgMetaConfig: at com.android.internal.os.RuntimeInit$MethodAndArgsCaller.run(RuntimeInit.java:561)
05-26 16:58:58.775 32145 32145 W IgMetaConfig: at com.android.internal.os.ZygoteInit.main(ZygoteInit.java:954)
05-26 16:58:58.811 32145 32324 W IgMetaConfig: Could not obtain MC: not_user_session session=X.0Ce@b49cfcf
05-26 16:58:58.811 32145 32324 W IgMetaConfig: java.lang.RuntimeException: Could not obtain MC, call-site will receive default values
05-26 16:58:58.811 32145 32324 W IgMetaConfig: at X.4kk.A06(:4)
05-26 16:58:58.811 32145 32324 W IgMetaConfig: at X.4kk.A05(:43)
05-26 16:58:58.811 32145 32324 W IgMetaConfig: at X.4kk.A03(:2)
05-26 16:58:58.811 32145 32324 W IgMetaConfig: at X.1fr.A00(:8)
05-26 16:58:58.811 32145 32324 W IgMetaConfig: at X.1fr.A03(:8)
05-26 16:58:58.811 32145 32324 W IgMetaConfig: at X.7tl.A00(:6)
05-26 16:58:58.811 32145 32324 W IgMetaConfig: at X.C0b.A02(:438)
05-26 16:58:58.811 32145 32324 W IgMetaConfig: at X.C0b.A07(:0)
05-26 16:58:58.811 32145 32324 W IgMetaConfig: at X.C1T.A01(:16)
05-26 16:58:58.811 32145 32324 W IgMetaConfig: at X.3l9.handleMessage(:343)
05-26 16:58:58.811 32145 32324 W IgMetaConfig: at android.os.Handler.dispatchMessage(Handler.java:106)
05-26 16:58:58.811 32145 32324 W IgMetaConfig: at android.os.Looper.loopOnce(Looper.java:211)
05-26 16:58:58.811 32145 32324 W IgMetaConfig: at android.os.Looper.loop(Looper.java:300)
05-26 16:58:58.811 32145 32324 W IgMetaConfig: at android.os.HandlerThread.run(HandlerThread.java:67)
05-26 16:58:58.811 32145 32324 W IgMetaConfig: Could not obtain MC: not_user_session session=X.0Ce@b49cfcf
05-26 16:58:58.811 32145 32324 W IgMetaConfig: java.lang.RuntimeException: Could not obtain MC, call-site will receive default values
05-26 16:58:58.811 32145 32324 W IgMetaConfig: at X.4kk.A06(:4)
05-26 16:58:58.811 32145 32324 W IgMetaConfig: at X.4kk.A05(:43)
05-26 16:58:58.811 32145 32324 W IgMetaConfig: at X.4kk.A03(:2)
05-26 16:58:58.811 32145 32324 W IgMetaConfig: at X.1fr.A00(:8)
05-26 16:58:58.811 32145 32324 W IgMetaConfig: at X.1fr.A03(:8)
05-26 16:58:58.811 32145 32324 W IgMetaConfig: at X.7tl.A00(:6)
05-26 16:58:58.811 32145 32324 W IgMetaConfig: at X.C0b.A02(:446)
05-26 16:58:58.811 32145 32324 W IgMetaConfig: at X.C0b.A07(:0)
05-26 16:58:58.811 32145 32324 W IgMetaConfig: at X.C1T.A01(:16)
05-26 16:58:58.811 32145 32324 W IgMetaConfig: at X.3l9.handleMessage(:343)
05-26 16:58:58.811 32145 32324 W IgMetaConfig: at android.os.Handler.dispatchMessage(Handler.java:106)
05-26 16:58:58.811 32145 32324 W IgMetaConfig: at android.os.Looper.loopOnce(Looper.java:211)
05-26 16:58:58.811 32145 32324 W IgMetaConfig: at android.os.Looper.loop(Looper.java:300)
05-26 16:58:58.811 32145 32324 W IgMetaConfig: at android.os.HandlerThread.run(HandlerThread.java:67)
05-26 16:58:58.839 32145 32145 W IgMetaConfig: Could not obtain MC: not_user_session session=X.0Ce@b49cfcf
05-26 16:58:58.839 32145 32145 W IgMetaConfig: java.lang.RuntimeException: Could not obtain MC, call-site will receive default values
05-26 16:58:58.839 32145 32145 W IgMetaConfig: at X.4kk.A06(:4)
05-26 16:58:58.839 32145 32145 W IgMetaConfig: at X.4kk.A05(:43)
05-26 16:58:58.839 32145 32145 W IgMetaConfig: at X.4kk.A03(:2)
05-26 16:58:58.839 32145 32145 W IgMetaConfig: at X.6XA.A00(:40)
05-26 16:58:58.839 32145 32145 W IgMetaConfig: at X.6XA.DxQ(:221)
05-26 16:58:58.839 32145 32145 W IgMetaConfig: at X.AAz.onQueueIdle(:103)
05-26 16:58:58.839 32145 32145 W IgMetaConfig: at X.5mq.queueIdle(:23)
05-26 16:58:58.839 32145 32145 W IgMetaConfig: at android.os.MessageQueue.next(MessageQueue.java:410)
05-26 16:58:58.839 32145 32145 W IgMetaConfig: at android.os.Looper.loopOnce(Looper.java:169)
05-26 16:58:58.839 32145 32145 W IgMetaConfig: at android.os.Looper.loop(Looper.java:300)
05-26 16:58:58.839 32145 32145 W IgMetaConfig: at android.app.ActivityThread.main(ActivityThread.java:8503)
05-26 16:58:58.839 32145 32145 W IgMetaConfig: at java.lang.reflect.Method.invoke(Native Method)
05-26 16:58:58.839 32145 32145 W IgMetaConfig: at com.android.internal.os.RuntimeInit$MethodAndArgsCaller.run(RuntimeInit.java:561)
05-26 16:58:58.839 32145 32145 W IgMetaConfig: at com.android.internal.os.ZygoteInit.main(ZygoteInit.java:954)
05-26 16:58:58.856 32383 32383 D CompatibilityChangeReporter: Compat change id reported: 171979766; UID 11031; state: ENABLED
05-26 16:58:58.910 32145 32324 W IgMetaConfig: Could not obtain MC: not_user_session session=X.0Ce@fb4759a
05-26 16:58:58.910 32145 32324 W IgMetaConfig: java.lang.RuntimeException: Could not obtain MC, call-site will receive default values
05-26 16:58:58.910 32145 32324 W IgMetaConfig: at X.4kk.A06(:4)
05-26 16:58:58.910 32145 32324 W IgMetaConfig: at X.4kk.A05(:43)
05-26 16:58:58.910 32145 32324 W IgMetaConfig: at X.4kk.A03(:2)
05-26 16:58:58.910 32145 32324 W IgMetaConfig: at X.1fr.A00(:8)
05-26 16:58:58.910 32145 32324 W IgMetaConfig: at X.1fr.A03(:8)
05-26 16:58:58.910 32145 32324 W IgMetaConfig: at X.7tl.A00(:6)
05-26 16:58:58.910 32145 32324 W IgMetaConfig: at X.C0b.A02(:438)
05-26 16:58:58.910 32145 32324 W IgMetaConfig: at X.C0b.A07(:0)
05-26 16:58:58.910 32145 32324 W IgMetaConfig: at X.C1T.A01(:16)
05-26 16:58:58.910 32145 32324 W IgMetaConfig: at X.3l9.handleMessage(:343)
05-26 16:58:58.910 32145 32324 W IgMetaConfig: at android.os.Handler.dispatchMessage(Handler.java:106)
05-26 16:58:58.910 32145 32324 W IgMetaConfig: at android.os.Looper.loopOnce(Looper.java:211)
05-26 16:58:58.910 32145 32324 W IgMetaConfig: at android.os.Looper.loop(Looper.java:300)
05-26 16:58:58.910 32145 32324 W IgMetaConfig: at android.os.HandlerThread.run(HandlerThread.java:67)
05-26 16:58:58.911 32145 32324 W IgMetaConfig: Could not obtain MC: not_user_session session=X.0Ce@fb4759a
05-26 16:58:58.911 32145 32324 W IgMetaConfig: java.lang.RuntimeException: Could not obtain MC, call-site will receive default values
05-26 16:58:58.911 32145 32324 W IgMetaConfig: at X.4kk.A06(:4)
05-26 16:58:58.911 32145 32324 W IgMetaConfig: at X.4kk.A05(:43)
05-26 16:58:58.911 32145 32324 W IgMetaConfig: at X.4kk.A03(:2)
05-26 16:58:58.911 32145 32324 W IgMetaConfig: at X.1fr.A00(:8)
05-26 16:58:58.911 32145 32324 W IgMetaConfig: at X.1fr.A03(:8)
05-26 16:58:58.911 32145 32324 W IgMetaConfig: at X.7tl.A00(:6)
05-26 16:58:58.911 32145 32324 W IgMetaConfig: at X.C0b.A02(:446)
05-26 16:58:58.911 32145 32324 W IgMetaConfig: at X.C0b.A07(:0)
05-26 16:58:58.911 32145 32324 W IgMetaConfig: at X.C1T.A01(:16)
05-26 16:58:58.911 32145 32324 W IgMetaConfig: at X.3l9.handleMessage(:343)
05-26 16:58:58.911 32145 32324 W IgMetaConfig: at android.os.Handler.dispatchMessage(Handler.java:106)
05-26 16:58:58.911 32145 32324 W IgMetaConfig: at android.os.Looper.loopOnce(Looper.java:211)
05-26 16:58:58.911 32145 32324 W IgMetaConfig: at android.os.Looper.loop(Looper.java:300)
05-26 16:58:58.911 32145 32324 W IgMetaConfig: at android.os.HandlerThread.run(HandlerThread.java:67)
05-26 16:58:58.919 32383 32383 D ApplicationLoaders: Returning zygote-cached class loader: /system/framework/android.test.base.jar
05-26 16:58:58.933 32383 32383 D nativeloader: Configuring clns-4 for other apk /system/framework/org.apache.http.legacy.jar. target_sdk_version=34, uses_libraries=ALL, library_path=/data/app/~~y54zPcFPhS4BJ7wab6Ut5w==/com.hello.miheapp.secretspace- lxuufuIyEmU7T1oRw05RBA==/lib/arm64:/data/app/~~y54zPcFPhS4BJ7wab6Ut5w==/ com.hello.miheapp.secretspace-lxuufuIyEmU7T1oRw05RBA==/base.apk!/lib/arm64-v8a:/ data/app/~~y54zPcFPhS4BJ7wab6Ut5w==/com.hello.miheapp.secretspace- lxuufuIyEmU7T1oRw05RBA==/split_config.arm64_v8a.apk!/lib/arm64-v8a:/data/app/ ~~y54zPcFPhS4BJ7wab6Ut5w==/com.hello.miheapp.secretspace-lxuufuIyEmU7T1oRw05RBA==/ split_config.bn.apk!/lib/arm64-v8a:/data/app/~~y54zPcFPhS4BJ7wab6Ut5w==/ com.hello.miheapp.secretspace-lxuufuIyEmU7T1oRw05RBA==/split_config.en.apk!/lib/ arm64-v8a:/data/app/~~y54zPcFPhS4BJ7wab6Ut5w==/com.hello.miheapp.secretspace- lxuufuIyEmU7T1oRw05RBA==/split_config.gu.apk!/lib/arm64-v8a:/data/app/ ~~y54zPcFPhS4BJ7wab6Ut5w==/com.hello.miheapp.secretspace-lxuufuIyEmU7T1oRw05RBA==/ split_config.hi.apk!/lib/arm64-v8a:/data/app/~~y54zPcFPhS4BJ7wa
05-26 16:58:58.933 32383 32383 D nativeloader: Extending system_exposed_libraries: libbinauralrenderer_wrapper.qti.so:libhoaeffects.qti.so:libQOC.qti.so:libmisys_jni. xiaomi.so:libxiaomi_modemdumpsdx55_jni.modem.so:libxiaomi_modemdump_jni.modem.so:li bupdateprof.qti.so:libthermalclient.qti.so:libQOC.qti.so:libdiag_system.qti.so:libq ape.qti.so:liblistenjni.qti.so
05-26 16:58:58.958 32145 32264 W IgMetaConfig: Could not obtain MC: not_user_session session=X.0Pn@3cb7fbf
05-26 16:58:58.958 32145 32264 W IgMetaConfig: java.lang.RuntimeException: Could not obtain MC, call-site will receive default values
05-26 16:58:58.958 32145 32264 W IgMetaConfig: at X.4kk.A06(:4)
05-26 16:58:58.958 32145 32264 W IgMetaConfig: at X.4kk.A05(:43)
05-26 16:58:58.958 32145 32264 W IgMetaConfig: at X.4kk.A03(:2)
05-26 16:58:58.958 32145 32264 W IgMetaConfig: at X.1fr.A00(:8)
05-26 16:58:58.958 32145 32264 W IgMetaConfig: at X.1fr.A01(:3)
05-26 16:58:58.958 32145 32264 W IgMetaConfig: at X.4nA.A00(:10)
05-26 16:58:58.958 32145 32264 W IgMetaConfig: at X.LbU.run(:2)
05-26 16:58:58.958 32145 32264 W IgMetaConfig: at java.util.concurrent.Executors$RunnableAdapter.call(Executors.java:487)
05-26 16:58:58.958 32145 32264 W IgMetaConfig: at java.util.concurrent.FutureTask.run(FutureTask.java:264)
05-26 16:58:58.958 32145 32264 W IgMetaConfig: at java.util.concurrent.ScheduledThreadPoolExecutor$ScheduledFutureTask.run(ScheduledT hreadPoolExecutor.java:307)
05-26 16:58:58.958 32145 32264 W IgMetaConfig: at java.util.concurrent.ThreadPoolExecutor.runWorker(ThreadPoolExecutor.java:1145)
05-26 16:58:58.958 32145 32264 W IgMetaConfig: at java.util.concurrent.ThreadPoolExecutor$Worker.run(ThreadPoolExecutor.java:644)
05-26 16:58:58.958 32145 32264 W IgMetaConfig: at java.lang.Thread.run(Thread.java:1012)
05-26 16:58:58.970 32145 32277 W IgMetaConfig: Could not obtain MC: not_user_session session=X.0Pn@3cb7fbf
05-26 16:58:58.970 32145 32277 W IgMetaConfig: java.lang.RuntimeException: Could not obtain MC, call-site will receive default values
05-26 16:58:58.970 32145 32277 W IgMetaConfig: at X.4kk.A06(:4)
05-26 16:58:58.970 32145 32277 W IgMetaConfig: at X.4kk.A05(:43)
05-26 16:58:58.970 32145 32277 W IgMetaConfig: at X.4kk.A03(:2)
05-26 16:58:58.970 32145 32277 W IgMetaConfig: at X.1fr.A00(:8)
05-26 16:58:58.970 32145 32277 W IgMetaConfig: at X.1fr.A03(:8)
05-26 16:58:58.970 32145 32277 W IgMetaConfig: at X.5AF.A02(:2144)
05-26 16:58:58.970 32145 32277 W IgMetaConfig: at X.03F.A0M(:4)
05-26 16:58:58.970 32145 32277 W IgMetaConfig: at X.03X.call(:15)
05-26 16:58:58.970 32145 32277 W IgMetaConfig: at X.5bs.run(:2)
05-26 16:58:58.970 32145 32277 W IgMetaConfig: at X.03Y.run(:22)
05-26 16:58:58.970 32145 32277 W IgMetaConfig: at X.7Mj.loggedRun(:2)
05-26 16:58:58.970 32145 32277 W IgMetaConfig: at X.1wv.run(:16)
05-26 16:58:58.970 32145 32277 W IgMetaConfig: at X.1es.run(:25)
05-26 16:58:58.970 32145 32277 W IgMetaConfig: at java.util.concurrent.ThreadPoolExecutor.runWorker(ThreadPoolExecutor.java:1145)
05-26 16:58:58.970 32145 32277 W IgMetaConfig: at java.util.concurrent.ThreadPoolExecutor$Worker.run(ThreadPoolExecutor.java:644)
05-26 16:58:58.970 32145 32277 W IgMetaConfig: at X.1mp.run(:99)
05-26 16:58:58.970 32145 32277 W IgMetaConfig: at java.lang.Thread.run(Thread.java:1012)
05-26 16:58:58.970 32145 32277 W IgMetaConfig: at X.1nc.run(:8)
05-26 16:58:58.973 32145 32277 W IgMetaConfig: Could not obtain MC: not_user_session session=X.0Ce@b49cfcf
05-26 16:58:58.973 32145 32277 W IgMetaConfig: java.lang.RuntimeException: Could not obtain MC, call-site will receive default values
05-26 16:58:58.973 32145 32277 W IgMetaConfig: at X.4kk.A06(:4)
05-26 16:58:58.973 32145 32277 W IgMetaConfig: at X.4kk.A05(:43)
05-26 16:58:58.973 32145 32277 W IgMetaConfig: at X.4kk.A03(:2)
05-26 16:58:58.973 32145 32277 W IgMetaConfig: at X.6ab.A00(:3)
05-26 16:58:58.973 32145 32277 W IgMetaConfig: at X.5zb.startRequest(:20)
05-26 16:58:58.973 32145 32277 W IgMetaConfig: at X.5zc.startRequest(:7)
05-26 16:58:58.973 32145 32277 W IgMetaConfig: at X.5zp.startRequest(:128)
05-26 16:58:58.973 32145 32277 W IgMetaConfig: at X.5zu.startRequest(:17)
05-26 16:58:58.973 32145 32277 W IgMetaConfig: at X.5zv.startRequest(:375)
05-26 16:58:58.973 32145 32277 W IgMetaConfig: at X.5zy.startRequest(:19)
05-26 16:58:58.973 32145 32277 W IgMetaConfig: at X.6aE.startRequest(:23)
05-26 16:58:58.973 32145 32277 W IgMetaConfig: at X.4wx.startRequest(:14)
05-26 16:58:58.973 32145 32277 W IgMetaConfig: at X.4wx.A00(:17)
05-26 16:58:58.973 32145 32277 W IgMetaConfig: at X.4vx.A00(:31)
05-26 16:58:58.973 32145 32277 W IgMetaConfig: at X.09Q.then(:25)
05-26 16:58:58.973 32145 32277 W IgMetaConfig: at X.03X.call(:26)
05-26 16:58:58.973 32145 32277 W IgMetaConfig: at X.5bs.run(:2)
05-26 16:58:58.973 32145 32277 W IgMetaConfig: at X.03Y.run(:22)
05-26 16:58:58.973 32145 32277 W IgMetaConfig: at X.7Mj.loggedRun(:2)
05-26 16:58:58.973 32145 32277 W IgMetaConfig: at X.1wv.run(:16)
05-26 16:58:58.973 32145 32277 W IgMetaConfig: at X.1es.run(:25)
05-26 16:58:58.973 32145 32277 W IgMetaConfig: at java.util.concurrent.ThreadPoolExecutor.runWorker(ThreadPoolExecutor.java:1145)
05-26 16:58:58.973 32145 32277 W IgMetaConfig: at java.util.concurrent.ThreadPoolExecutor$Worker.run(ThreadPoolExecutor.java:644)
05-26 16:58:58.973 32145 32277 W IgMetaConfig: at X.1mp.run(:99)
05-26 16:58:58.973 32145 32277 W IgMetaConfig: at java.lang.Thread.run(Thread.java:1012)
05-26 16:58:58.973 32145 32277 W IgMetaConfig: at X.1nc.run(:8)
05-26 16:58:58.974 32145 32277 W IgMetaConfig: Could not obtain MC: not_user_session session=X.0Ce@b49cfcf
05-26 16:58:58.974 32145 32277 W IgMetaConfig: java.lang.RuntimeException: Could not obtain MC, call-site will receive default values
05-26 16:58:58.974 32145 32277 W IgMetaConfig: at X.4kk.A06(:4)
05-26 16:58:58.974 32145 32277 W IgMetaConfig: at X.4kk.A05(:43)
05-26 16:58:58.974 32145 32277 W IgMetaConfig: at X.4kk.A03(:2)
05-26 16:58:58.974 32145 32277 W IgMetaConfig: at X.6ab.A00(:24)
05-26 16:58:58.974 32145 32277 W IgMetaConfig: at X.5zb.startRequest(:20)
05-26 16:58:58.974 32145 32277 W IgMetaConfig: at X.5zc.startRequest(:7)
05-26 16:58:58.974 32145 32277 W IgMetaConfig: at X.5zp.startRequest(:128)
05-26 16:58:58.974 32145 32277 W IgMetaConfig: at X.5zu.startRequest(:17)
05-26 16:58:58.974 32145 32277 W IgMetaConfig: at X.5zv.startRequest(:375)
05-26 16:58:58.974 32145 32277 W IgMetaConfig: at X.5zy.startRequest(:19)
05-26 16:58:58.974 32145 32277 W IgMetaConfig: at X.6aE.startRequest(:23)
05-26 16:58:58.974 32145 32277 W IgMetaConfig: at X.4wx.startRequest(:14)
05-26 16:58:58.974 32145 32277 W IgMetaConfig: at X.4wx.A00(:17)
05-26 16:58:58.974 32145 32277 W IgMetaConfig: at X.4vx.A00(:31)
05-26 16:58:58.974 32145 32277 W IgMetaConfig: at X.09Q.then(:25)
05-26 16:58:58.974 32145 32277 W IgMetaConfig: at X.03X.call(:26)
05-26 16:58:58.974 32145 32277 W IgMetaConfig: at X.5bs.run(:2)
05-26 16:58:58.974 32145 32277 W IgMetaConfig: at X.03Y.run(:22)
05-26 16:58:58.974 32145 32277 W IgMetaConfig: at X.7Mj.loggedRun(:2)
05-26 16:58:58.974 32145 32277 W IgMetaConfig: at X.1wv.run(:16)
05-26 16:58:58.974 32145 32277 W IgMetaConfig: at X.1es.run(:25)
05-26 16:58:58.974 32145 32277 W IgMetaConfig: at java.util.concurrent.ThreadPoolExecutor.runWorker(ThreadPoolExecutor.java:1145)
05-26 16:58:58.974 32145 32277 W IgMetaConfig: at java.util.concurrent.ThreadPoolExecutor$Worker.run(ThreadPoolExecutor.java:644)
05-26 16:58:58.974 32145 32277 W IgMetaConfig: at X.1mp.run(:99)
05-26 16:58:58.974 32145 32277 W IgMetaConfig: at java.lang.Thread.run(Thread.java:1012)
05-26 16:58:58.974 32145 32277 W IgMetaConfig: at X.1nc.run(:8)
05-26 16:58:58.975 32145 32277 W IgMetaConfig: Could not obtain MC: not_user_session session=X.0Ce@b49cfcf
05-26 16:58:58.975 32145 32277 W IgMetaConfig: java.lang.RuntimeException: Could not obtain MC, call-site will receive default values
05-26 16:58:58.975 32145 32277 W IgMetaConfig: at X.4kk.A06(:4)
05-26 16:58:58.975 32145 32277 W IgMetaConfig: at X.4kk.A05(:43)
05-26 16:58:58.975 32145 32277 W IgMetaConfig: at X.4kk.A03(:2)
05-26 16:58:58.975 32145 32277 W IgMetaConfig: at X.6ab.A00(:41)
05-26 16:58:58.975 32145 32277 W IgMetaConfig: at X.5zb.startRequest(:20)
05-26 16:58:58.975 32145 32277 W IgMetaConfig: at X.5zc.startRequest(:7)
05-26 16:58:58.975 32145 32277 W IgMetaConfig: at X.5zp.startRequest(:128)
05-26 16:58:58.975 32145 32277 W IgMetaConfig: at X.5zu.startRequest(:17)
05-26 16:58:58.975 32145 32277 W IgMetaConfig: at X.5zv.startRequest(:375)
05-26 16:58:58.975 32145 32277 W IgMetaConfig: at X.5zy.startRequest(:19)
05-26 16:58:58.975 32145 32277 W IgMetaConfig: at X.6aE.startRequest(:23)
05-26 16:58:58.975 32145 32277 W IgMetaConfig: at X.4wx.startRequest(:14)
05-26 16:58:58.975 32145 32277 W IgMetaConfig: at X.4wx.A00(:17)
05-26 16:58:58.975 32145 32277 W IgMetaConfig: at X.4vx.A00(:31)
05-26 16:58:58.975 32145 32277 W IgMetaConfig: at X.09Q.then(:25)
05-26 16:58:58.975 32145 32277 W IgMetaConfig: at X.03X.call(:26)
05-26 16:58:58.975 32145 32277 W IgMetaConfig: at X.5bs.run(:2)
05-26 16:58:58.975 32145 32277 W IgMetaConfig: at X.03Y.run(:22)
05-26 16:58:58.975 32145 32277 W IgMetaConfig: at X.7Mj.loggedRun(:2)
05-26 16:58:58.975 32145 32277 W IgMetaConfig: at X.1wv.run(:16)
05-26 16:58:58.975 32145 32277 W IgMetaConfig: at X.1es.run(:25)
05-26 16:58:58.975 32145 32277 W IgMetaConfig: at java.util.concurrent.ThreadPoolExecutor.runWorker(ThreadPoolExecutor.java:1145)
05-26 16:58:58.975 32145 32277 W IgMetaConfig: at java.util.concurrent.ThreadPoolExecutor$Worker.run(ThreadPoolExecutor.java:644)
05-26 16:58:58.975 32145 32277 W IgMetaConfig: at X.1mp.run(:99)
05-26 16:58:58.975 32145 32277 W IgMetaConfig: at java.lang.Thread.run(Thread.java:1012)
05-26 16:58:58.975 32145 32277 W IgMetaConfig: at X.1nc.run(:8)
05-26 16:58:59.143 32383 32383 W ziparchive: Unable to open '/data/app/~~y54zPcFPhS4BJ7wab6Ut5w==/com.hello.miheapp.secretspace- lxuufuIyEmU7T1oRw05RBA==/split_config.arm64_v8a.dm': No such file or directory
05-26 16:58:59.143 32383 32383 W ziparchive: Unable to open '/data/app/~~y54zPcFPhS4BJ7wab6Ut5w==/com.hello.miheapp.secretspace- lxuufuIyEmU7T1oRw05RBA==/split_config.arm64_v8a.dm': No such file or directory
05-26 16:58:59.143 32383 32383 W .secretspace:p2: Entry not found
05-26 16:58:59.145 32383 32383 W ziparchive: Unable to open '/data/app/~~y54zPcFPhS4BJ7wab6Ut5w==/com.hello.miheapp.secretspace- lxuufuIyEmU7T1oRw05RBA==/split_config.bn.dm': No such file or directory
05-26 16:58:59.145 32383 32383 W ziparchive: Unable to open '/data/app/~~y54zPcFPhS4BJ7wab6Ut5w==/com.hello.miheapp.secretspace- lxuufuIyEmU7T1oRw05RBA==/split_config.bn.dm': No such file or directory
05-26 16:58:59.145 32383 32383 W .secretspace:p2: Entry not found
05-26 16:58:59.146 32383 32383 W ziparchive: Unable to open '/data/app/~~y54zPcFPhS4BJ7wab6Ut5w==/com.hello.miheapp.secretspace- lxuufuIyEmU7T1oRw05RBA==/split_config.en.dm': No such file or directory
05-26 16:58:59.146 32383 32383 W ziparchive: Unable to open '/data/app/~~y54zPcFPhS4BJ7wab6Ut5w==/com.hello.miheapp.secretspace- lxuufuIyEmU7T1oRw05RBA==/split_config.en.dm': No such file or directory
05-26 16:58:59.147 32383 32383 W .secretspace:p2: Entry not found
05-26 16:58:59.148 32383 32383 W ziparchive: Unable to open '/data/app/~~y54zPcFPhS4BJ7wab6Ut5w==/com.hello.miheapp.secretspace- lxuufuIyEmU7T1oRw05RBA==/split_config.gu.dm': No such file or directory
05-26 16:58:59.148 32383 32383 W ziparchive: Unable to open '/data/app/~~y54zPcFPhS4BJ7wab6Ut5w==/com.hello.miheapp.secretspace- lxuufuIyEmU7T1oRw05RBA==/split_config.gu.dm': No such file or directory
05-26 16:58:59.149 32383 32383 W .secretspace:p2: Entry not found
05-26 16:58:59.149 32383 32383 W ziparchive: Unable to open '/data/app/~~y54zPcFPhS4BJ7wab6Ut5w==/com.hello.miheapp.secretspace- lxuufuIyEmU7T1oRw05RBA==/split_config.hi.dm': No such file or directory
05-26 16:58:59.150 32383 32383 W ziparchive: Unable to open '/data/app/~~y54zPcFPhS4BJ7wab6Ut5w==/com.hello.miheapp.secretspace- lxuufuIyEmU7T1oRw05RBA==/split_config.hi.dm': No such file or directory
05-26 16:58:59.150 32383 32383 W .secretspace:p2: Entry not found
05-26 16:58:59.151 32383 32383 W ziparchive: Unable to open '/data/app/~~y54zPcFPhS4BJ7wab6Ut5w==/com.hello.miheapp.secretspace- lxuufuIyEmU7T1oRw05RBA==/split_config.kn.dm': No such file or directory
05-26 16:58:59.151 32383 32383 W ziparchive: Unable to open '/data/app/~~y54zPcFPhS4BJ7wab6Ut5w==/com.hello.miheapp.secretspace- lxuufuIyEmU7T1oRw05RBA==/split_config.kn.dm': No such file or directory
05-26 16:58:59.151 32383 32383 W .secretspace:p2: Entry not found
