05-26 16:58:49.943 31890 31890 E AndroidRuntime: at android.os.Handler.handleCallback(Handler.java:942)
05-26 16:58:49.943 31890 31890 E AndroidRuntime: at android.os.Handler.dispatchMessage(Handler.java:99)
05-26 16:58:49.943 31890 31890 E AndroidRuntime: at android.os.Looper.loopOnce(Looper.java:211)
05-26 16:58:49.943 31890 31890 E AndroidRuntime: at android.os.Looper.loop(Looper.java:300)
05-26 16:58:49.943 31890 31890 E AndroidRuntime: at android.app.ActivityThread.main(ActivityThread.java:8503)
05-26 16:58:49.943 31890 31890 E AndroidRuntime: at java.lang.reflect.Method.invoke(Native Method)
05-26 16:58:49.943 31890 31890 E AndroidRuntime: at com.android.internal.os.RuntimeInit$MethodAndArgsCaller.run(RuntimeInit.java:561)
05-26 16:58:49.943 31890 31890 E AndroidRuntime: at com.android.internal.os.ZygoteInit.main(ZygoteInit.java:954)
05-26 16:58:49.943 31890 31890 E AndroidRuntime: Caused by: java.lang.VerifyError: Verifier rejected class X.3ya: void X.3ya.A04(java.lang.Runnable, boolean, boolean) failed to verify: void X.3ya.A04(java.lang.Runnable, boolean, boolean): [0x10] cannot access instance field boolean X.5gu.A01 from object of type UnresolvedMergedReferences(Reference: X.5gu | Unresolved Reference: X.5pk) (declaration of 'X.3ya' appears in /data/user/0/com.hello.miheapp.secretspace/sandbox/data/app/com.instagram.android/ base.apk)
05-26 16:58:50.000 31890 31890 I .secretspace:p0: Rejecting re-init on previously- failed class java.lang.Class<X.0Po>: java.lang.VerifyError: Verifier rejected class X.3ya: void X.3ya.A04(java.lang.Runnable, boolean, boolean) failed to verify: void X.3ya.A04(java.lang.Runnable, boolean, boolean): [0x10] cannot access instance field boolean X.5gu.A01 from object of type UnresolvedMergedReferences(Reference: X.5gu | Unresolved Reference: X.5pk) (declaration of 'X.3ya' appears in /data/user/0/com.hello.miheapp.secretspace/sandbox/data/app/com.instagram.android/ base.apk)
05-26 16:58:50.000 31890 31890 I .secretspace:p0: (Throwable with no stack trace)
05-26 16:58:50.001 31890 31890 W lacrima : onNotify failed...
05-26 16:58:50.001 31890 31890 W lacrima : java.lang.VerifyError: Verifier rejected class X.3ya: void X.3ya.A04(java.lang.Runnable, boolean, boolean) failed to verify: void X.3ya.A04(java.lang.Runnable, boolean, boolean): [0x10] cannot access instance field boolean X.5gu.A01 from object of type UnresolvedMergedReferences(Reference: X.5gu | Unresolved Reference: X.5pk) (declaration of 'X.3ya' appears in /data/user/0/com.hello.miheapp.secretspace/sandbox/data/app/com.instagram.android/ base.apk)
05-26 16:58:50.178 29919 31230 W secretspace:dex: Verification of X.ThR X.Cno.parseFromJson(X.4gk) took 295.242ms (9012.93 bytecodes/s) (604248B approximate peak alloc)
05-26 16:58:50.441 31890 31890 E CatchMeIfYouCan: Not killing process because SILENT_EXIT flag is not set.
05-26 16:58:50.564 31890 31917 W FirebaseCrashlytics: Unable to read App Quality Sessions session id.
05-26 16:58:50.621 31890 31992 I FA : Tag Manager is not found and thus will not be used
05-26 16:58:50.669 31890 31992 W FA : Table has extra columns. table, columns: messages, app_version, app_version_int
05-26 16:58:50.677 31890 31992 D CompatibilityChangeReporter: Compat change id reported: 183155436; UID 10003; state: ENABLED
05-26 16:58:50.698 31890 31922 D CompatibilityChangeReporter: Compat change id reported: 194532703; UID 10003; state: ENABLED
05-26 16:58:50.724 31890 31890 W stagram.android: type=1400 audit(0.0:3629176): avc: denied { search } for name="miuilog" dev="dm-42" ino=563905 scontext=u:r:untrusted_app:s0:c7,c260,c512,c768 tcontext=u:object_r:data_log_file:s0 tclass=dir permissive=0 app=com.hello.miheapp.secretspace
05-26 16:58:50.724 31890 31890 W stagram.android: type=1400 audit(0.0:3629177): avc: denied { search } for name="miuilog" dev="dm-42" ino=563905 scontext=u:r:untrusted_app:s0:c7,c260,c512,c768 tcontext=u:object_r:data_log_file:s0 tclass=dir permissive=0 app=com.hello.miheapp.secretspace
05-26 16:58:50.724 31890 31890 W stagram.android: type=1400 audit(0.0:3629178): avc: denied { search } for name="miuilog" dev="dm-42" ino=563905 scontext=u:r:untrusted_app:s0:c7,c260,c512,c768 tcontext=u:object_r:data_log_file:s0 tclass=dir permissive=0 app=com.hello.miheapp.secretspace
05-26 16:58:50.724 31890 31890 W stagram.android: type=1400 audit(0.0:3629179): avc: denied { search } for name="miuilog" dev="dm-42" ino=563905 scontext=u:r:untrusted_app:s0:c7,c260,c512,c768 tcontext=u:object_r:data_log_file:s0 tclass=dir permissive=0 app=com.hello.miheapp.secretspace
05-26 16:58:50.724 31890 31890 W stagram.android: type=1400 audit(0.0:3629180): avc: denied { search } for name="miuilog" dev="dm-42" ino=563905 scontext=u:r:untrusted_app:s0:c7,c260,c512,c768 tcontext=u:object_r:data_log_file:s0 tclass=dir permissive=0 app=com.hello.miheapp.secretspace
05-26 16:58:50.724 31890 31890 W stagram.android: type=1400 audit(0.0:3629181): avc: denied { search } for name="miuilog" dev="dm-42" ino=563905 scontext=u:r:untrusted_app:s0:c7,c260,c512,c768 tcontext=u:object_r:data_log_file:s0 tclass=dir permissive=0 app=com.hello.miheapp.secretspace
05-26 16:58:50.724 31890 31890 W stagram.android: type=1400 audit(0.0:3629182): avc: denied { getattr } for path="/data/miuilog" dev="dm-42" ino=563905 scontext=u:r:untrusted_app:s0:c7,c260,c512,c768 tcontext=u:object_r:data_log_file:s0 tclass=dir permissive=0 app=com.hello.miheapp.secretspace
05-26 16:58:50.724 31890 31890 W stagram.android: type=1400 audit(0.0:3629183): avc: denied { search } for name="miuilog" dev="dm-42" ino=563905 scontext=u:r:untrusted_app:s0:c7,c260,c512,c768 tcontext=u:object_r:data_log_file:s0 tclass=dir permissive=0 app=com.hello.miheapp.secretspace
05-26 16:58:50.728 31890 31890 W OOMEventManagerFK: Failed to mkdir /data/miuilog/stability/memleak/heapdump/
05-26 16:58:50.786 31890 31890 I Process : Process is going to kill itself!
05-26 16:58:50.786 31890 31890 I Process : java.lang.Exception
05-26 16:58:50.786 31890 31890 I Process : at android.os.Process.killProcess(Process.java:1344)
05-26 16:58:50.786 31890 31890 I Process : at com.android.internal.os.RuntimeInit$KillApplicationHandler.uncaughtException(Runtim eInit.java:174)
05-26 16:58:50.786 31890 31890 I Process : at com.google.firebase.crashlytics.internal.common.h.uncaughtException(CrashlyticsUnca ughtExceptionHandler.java:10)
05-26 16:58:50.786 31890 31890 I Process : at com.hello.sandbox.core.CrashHandler.uncaughtException(CrashHandler.java:3)
05-26 16:58:50.786 31890 31890 I Process : at X.0Pr.uncaughtException(:121)
05-26 16:58:50.786 31890 31890 I Process : at java.lang.ThreadGroup.uncaughtException(ThreadGroup.java:1071)
05-26 16:58:50.786 31890 31890 I Process : at java.lang.ThreadGroup.uncaughtException(ThreadGroup.java:1066)
05-26 16:58:50.786 31890 31890 I Process : at java.lang.Thread.dispatchUncaughtException(Thread.java:2306)
05-26 16:58:50.787 31890 31890 I Process : Sending signal. PID: 31890 SIG: 9
05-26 16:58:50.900 29014 29053 W BpBinder: PerfMonitor binderTransact : time=15538ms interface= code=2
05-26 16:58:50.901 29014 31209 I Process : Sending signal. PID: 31890 SIG: 9
05-26 16:58:50.902 29014 29053 E JavaBinder: *** Uncaught remote exception! (Exceptions are not yet supported across processes.)
05-26 16:58:50.902 29014 29053 E JavaBinder: java.lang.RuntimeException: android.os.DeadObjectException
05-26 16:58:50.902 29014 29053 E JavaBinder: at android.os.Parcel.writeException(Parcel.java:2796)
05-26 16:58:50.902 29014 29053 E JavaBinder: at android.os.Binder.execTransactInternal(Binder.java:1309)
05-26 16:58:50.902 29014 29053 E JavaBinder: at android.os.Binder.execTransact(Binder.java:1249)
05-26 16:58:50.902 29014 29053 E JavaBinder: Caused by: android.os.DeadObjectException
05-26 16:58:50.902 29014 29053 E JavaBinder: at android.os.BinderProxy.transactNative(Native Method)
05-26 16:58:50.902 29014 29053 E JavaBinder: at android.os.BinderProxy.transact(BinderProxy.java:643)
05-26 16:58:50.902 29014 29053 E JavaBinder: at com.hello.sandbox.core.IBActivityThread$Stub$Proxy.bindApplication(IBActivityThread .java:4)
05-26 16:58:50.902 29014 29053 E JavaBinder: at com.hello.sandbox.core.system.am.ActivityStack.initProcessAndBindApplication(Activi tyStack.java:5)
05-26 16:58:50.902 29014 29053 E JavaBinder: at com.hello.sandbox.core.system.am.BActivityManagerService.initProcessAndBindApplicat ion(BActivityManagerService.java:3)
05-26 16:58:50.902 29014 29053 E JavaBinder: at com.hello.sandbox.core.system.am.IBActivityManagerService$Stub.onTransact(IBActivit yManagerService.java:14)
05-26 16:58:50.902 29014 29053 E JavaBinder: at android.os.Binder.execTransactInternal(Binder.java:1285)
05-26 16:58:50.902 29014 29053 E JavaBinder: ... 1 more
05-26 16:58:50.907 28916 29860 W BpBinder: PerfMonitor binderTransact : time=16210ms interface=com.hello.sandbox.core.system.am.IBActivityManagerService code=33
05-26 16:58:50.977 32145 32145 I libc : SetHeapTaggingLevel: tag level set to 0
05-26 16:58:50.995 32145 32145 I .secretspace:p0: Using CollectorTypeCC GC.
05-26 16:58:51.002 32145 32145 E .secretspace:p0: Not starting debugger since process cannot load the jdwp agent.
05-26 16:58:51.010 32145 32145 D nativeloader: Load libframework-connectivity- tiramisu-jni.so using APEX ns com_android_tethering for caller /apex/com.android.tethering/javalib/framework-connectivity-t.jar: ok
05-26 16:58:51.019 32145 32145 W System.err: android.system.ErrnoException: open failed: ENOENT (No such file or directory)
05-26 16:58:51.019 32145 32145 W System.err: at libcore.io.Linux.open(Native Method)
05-26 16:58:51.019 32145 32145 W System.err: at libcore.io.ForwardingOs.open(ForwardingOs.java:563)
05-26 16:58:51.019 32145 32145 W System.err: at libcore.io.BlockGuardOs.open(BlockGuardOs.java:274)
05-26 16:58:51.019 32145 32145 W System.err: at libcore.io.ForwardingOs.open(ForwardingOs.java:563)
05-26 16:58:51.019 32145 32145 W System.err: at android.app.ActivityThread$AndroidOs.open(ActivityThread.java:8381)
05-26 16:58:51.019 32145 32145 W System.err: at android.system.Os.open(Os.java:494)
05-26 16:58:51.019 32145 32145 W System.err: at android.os.perfdebug.PerfDebugMonitorImpl.monitorVersionControl(PerfDebugMonitorImp l.java:206)
05-26 16:58:51.019 32145 32145 W System.err: at android.os.perfdebug.PerfDebugMonitorImpl.prepareMonitor(PerfDebugMonitorImpl.java: 187)
05-26 16:58:51.019 32145 32145 W System.err: at android.app.ActivityThread.main(ActivityThread.java:8468)
05-26 16:58:51.019 32145 32145 W System.err: at java.lang.reflect.Method.invoke(Native Method)
05-26 16:58:51.019 32145 32145 W System.err: at com.android.internal.os.RuntimeInit$MethodAndArgsCaller.run(RuntimeInit.java:561)
05-26 16:58:51.019 32145 32145 W System.err: at com.android.internal.os.ZygoteInit.main(ZygoteInit.java:954)
05-26 16:58:51.021 32145 32145 I MessageMonitor: Load libmiui_runtime
05-26 16:58:51.046 32145 32145 D CompatibilityChangeReporter: Compat change id reported: 171979766; UID 11031; state: ENABLED
05-26 16:58:51.072 32145 32145 D ApplicationLoaders: Returning zygote-cached class loader: /system/framework/android.test.base.jar
05-26 16:58:51.081 32145 32145 D nativeloader: Configuring clns-4 for other apk /system/framework/org.apache.http.legacy.jar. target_sdk_version=34, uses_libraries=ALL, library_path=/data/app/~~y54zPcFPhS4BJ7wab6Ut5w==/com.hello.miheapp.secretspace- lxuufuIyEmU7T1oRw05RBA==/lib/arm64:/data/app/~~y54zPcFPhS4BJ7wab6Ut5w==/ com.hello.miheapp.secretspace-lxuufuIyEmU7T1oRw05RBA==/base.apk!/lib/arm64-v8a:/ data/app/~~y54zPcFPhS4BJ7wab6Ut5w==/com.hello.miheapp.secretspace- lxuufuIyEmU7T1oRw05RBA==/split_config.arm64_v8a.apk!/lib/arm64-v8a:/data/app/ ~~y54zPcFPhS4BJ7wab6Ut5w==/com.hello.miheapp.secretspace-lxuufuIyEmU7T1oRw05RBA==/ split_config.bn.apk!/lib/arm64-v8a:/data/app/~~y54zPcFPhS4BJ7wab6Ut5w==/ com.hello.miheapp.secretspace-lxuufuIyEmU7T1oRw05RBA==/split_config.en.apk!/lib/ arm64-v8a:/data/app/~~y54zPcFPhS4BJ7wab6Ut5w==/com.hello.miheapp.secretspace- lxuufuIyEmU7T1oRw05RBA==/split_config.gu.apk!/lib/arm64-v8a:/data/app/ ~~y54zPcFPhS4BJ7wab6Ut5w==/com.hello.miheapp.secretspace-lxuufuIyEmU7T1oRw05RBA==/ split_config.hi.apk!/lib/arm64-v8a:/data/app/~~y54zPcFPhS4BJ7wa
05-26 16:58:51.081 32145 32145 D nativeloader: Extending system_exposed_libraries: libbinauralrenderer_wrapper.qti.so:libhoaeffects.qti.so:libQOC.qti.so:libmisys_jni. xiaomi.so:libxiaomi_modemdumpsdx55_jni.modem.so:libxiaomi_modemdump_jni.modem.so:li bupdateprof.qti.so:libthermalclient.qti.so:libQOC.qti.so:libdiag_system.qti.so:libq ape.qti.so:liblistenjni.qti.so
05-26 16:58:51.122 29919 31230 W secretspace:dex: Verification of void X.28z.onCreate(android.os.Bundle) took 101.621ms (104958.09 bytecodes/s) (291744B approximate peak alloc)
05-26 16:58:51.279 32145 32145 W ziparchive: Unable to open '/data/app/~~y54zPcFPhS4BJ7wab6Ut5w==/com.hello.miheapp.secretspace- lxuufuIyEmU7T1oRw05RBA==/split_config.arm64_v8a.dm': No such file or directory
05-26 16:58:51.279 32145 32145 W ziparchive: Unable to open '/data/app/~~y54zPcFPhS4BJ7wab6Ut5w==/com.hello.miheapp.secretspace- lxuufuIyEmU7T1oRw05RBA==/split_config.arm64_v8a.dm': No such file or directory
05-26 16:58:51.279 32145 32145 W .secretspace:p0: Entry not found
05-26 16:58:51.280 32145 32145 W ziparchive: Unable to open '/data/app/~~y54zPcFPhS4BJ7wab6Ut5w==/com.hello.miheapp.secretspace- lxuufuIyEmU7T1oRw05RBA==/split_config.bn.dm': No such file or directory
05-26 16:58:51.280 32145 32145 W ziparchive: Unable to open '/data/app/~~y54zPcFPhS4BJ7wab6Ut5w==/com.hello.miheapp.secretspace- lxuufuIyEmU7T1oRw05RBA==/split_config.bn.dm': No such file or directory
05-26 16:58:51.280 32145 32145 W .secretspace:p0: Entry not found
05-26 16:58:51.280 32145 32145 W ziparchive: Unable to open '/data/app/~~y54zPcFPhS4BJ7wab6Ut5w==/com.hello.miheapp.secretspace- lxuufuIyEmU7T1oRw05RBA==/split_config.en.dm': No such file or directory
05-26 16:58:51.280 32145 32145 W ziparchive: Unable to open '/data/app/~~y54zPcFPhS4BJ7wab6Ut5w==/com.hello.miheapp.secretspace- lxuufuIyEmU7T1oRw05RBA==/split_config.en.dm': No such file or directory
05-26 16:58:51.281 32145 32145 W .secretspace:p0: Entry not found
05-26 16:58:51.289 32145 32145 W ziparchive: Unable to open '/data/app/~~y54zPcFPhS4BJ7wab6Ut5w==/com.hello.miheapp.secretspace- lxuufuIyEmU7T1oRw05RBA==/split_config.gu.dm': No such file or directory
05-26 16:58:51.289 32145 32145 W ziparchive: Unable to open '/data/app/~~y54zPcFPhS4BJ7wab6Ut5w==/com.hello.miheapp.secretspace- lxuufuIyEmU7T1oRw05RBA==/split_config.gu.dm': No such file or directory
05-26 16:58:51.289 32145 32145 W .secretspace:p0: Entry not found
05-26 16:58:51.290 32145 32145 W ziparchive: Unable to open '/data/app/~~y54zPcFPhS4BJ7wab6Ut5w==/com.hello.miheapp.secretspace- lxuufuIyEmU7T1oRw05RBA==/split_config.hi.dm': No such file or directory
05-26 16:58:51.290 32145 32145 W ziparchive: Unable to open '/data/app/~~y54zPcFPhS4BJ7wab6Ut5w==/com.hello.miheapp.secretspace- lxuufuIyEmU7T1oRw05RBA==/split_config.hi.dm': No such file or directory
05-26 16:58:51.291 32145 32145 W .secretspace:p0: Entry not found
05-26 16:58:51.291 32145 32145 W ziparchive: Unable to open '/data/app/~~y54zPcFPhS4BJ7wab6Ut5w==/com.hello.miheapp.secretspace- lxuufuIyEmU7T1oRw05RBA==/split_config.kn.dm': No such file or directory
05-26 16:58:51.291 32145 32145 W ziparchive: Unable to open '/data/app/~~y54zPcFPhS4BJ7wab6Ut5w==/com.hello.miheapp.secretspace- lxuufuIyEmU7T1oRw05RBA==/split_config.kn.dm': No such file or directory
05-26 16:58:51.291 32145 32145 W .secretspace:p0: Entry not found
05-26 16:58:51.293 32145 32145 W ziparchive: Unable to open '/data/app/~~y54zPcFPhS4BJ7wab6Ut5w==/com.hello.miheapp.secretspace- lxuufuIyEmU7T1oRw05RBA==/split_config.mr.dm': No such file or directory
05-26 16:58:51.293 32145 32145 W ziparchive: Unable to open '/data/app/~~y54zPcFPhS4BJ7wab6Ut5w==/com.hello.miheapp.secretspace- lxuufuIyEmU7T1oRw05RBA==/split_config.mr.dm': No such file or directory
05-26 16:58:51.293 32145 32145 W .secretspace:p0: Entry not found
05-26 16:58:51.297 32145 32145 W ziparchive: Unable to open '/data/app/~~y54zPcFPhS4BJ7wab6Ut5w==/com.hello.miheapp.secretspace- lxuufuIyEmU7T1oRw05RBA==/split_config.ta.dm': No such file or directory
05-26 16:58:51.297 32145 32145 W ziparchive: Unable to open '/data/app/~~y54zPcFPhS4BJ7wab6Ut5w==/com.hello.miheapp.secretspace- lxuufuIyEmU7T1oRw05RBA==/split_config.ta.dm': No such file or directory
05-26 16:58:51.297 32145 32145 W .secretspace:p0: Entry not found
05-26 16:58:51.302 32145 32145 W ziparchive: Unable to open '/data/app/~~y54zPcFPhS4BJ7wab6Ut5w==/com.hello.miheapp.secretspace- lxuufuIyEmU7T1oRw05RBA==/split_config.te.dm': No such file or directory
05-26 16:58:51.302 32145 32145 W ziparchive: Unable to open '/data/app/~~y54zPcFPhS4BJ7wab6Ut5w==/com.hello.miheapp.secretspace- lxuufuIyEmU7T1oRw05RBA==/split_config.te.dm': No such file or directory
05-26 16:58:51.302 32145 32145 W .secretspace:p0: Entry not found
05-26 16:58:51.303 32145 32145 W ziparchive: Unable to open '/data/app/~~y54zPcFPhS4BJ7wab6Ut5w==/com.hello.miheapp.secretspace- lxuufuIyEmU7T1oRw05RBA==/split_config.xxhdpi.dm': No such file or directory
05-26 16:58:51.303 32145 32145 W ziparchive: Unable to open '/data/app/~~y54zPcFPhS4BJ7wab6Ut5w==/com.hello.miheapp.secretspace- lxuufuIyEmU7T1oRw05RBA==/split_config.xxhdpi.dm': No such file or directory
05-26 16:58:51.304 32145 32145 W .secretspace:p0: Entry not found
05-26 16:58:51.305 32145 32145 D nativeloader: Configuring clns-5 for other apk /data/app/~~y54zPcFPhS4BJ7wab6Ut5w==/com.hello.miheapp.secretspace- lxuufuIyEmU7T1oRw05RBA==/base.apk:/data/app/~~y54zPcFPhS4BJ7wab6Ut5w==/ com.hello.miheapp.secretspace-lxuufuIyEmU7T1oRw05RBA==/ split_config.arm64_v8a.apk:/data/app/~~y54zPcFPhS4BJ7wab6Ut5w==/ com.hello.miheapp.secretspace-lxuufuIyEmU7T1oRw05RBA==/split_config.bn.apk:/data/ app/~~y54zPcFPhS4BJ7wab6Ut5w==/com.hello.miheapp.secretspace- lxuufuIyEmU7T1oRw05RBA==/split_config.en.apk:/data/app/~~y54zPcFPhS4BJ7wab6Ut5w==/ com.hello.miheapp.secretspace-lxuufuIyEmU7T1oRw05RBA==/split_config.gu.apk:/data/ app/~~y54zPcFPhS4BJ7wab6Ut5w==/com.hello.miheapp.secretspace- lxuufuIyEmU7T1oRw05RBA==/split_config.hi.apk:/data/app/~~y54zPcFPhS4BJ7wab6Ut5w==/ com.hello.miheapp.secretspace-lxuufuIyEmU7T1oRw05RBA==/split_config.kn.apk:/data/ app/~~y54zPcFPhS4BJ7wab6Ut5w==/com.hello.miheapp.secretspace- lxuufuIyEmU7T1oRw05RBA==/split_config.mr.apk:/data/app/~~y54zPcFPhS4BJ7wab6Ut5w==/ com.hello.miheapp.secretspace-lxuufuIyEmU7T1oRw05RBA==/split_
05-26 16:58:51.330 32145 32145 D nativeloader: Load libframework-connectivity- jni.so using APEX ns com_android_tethering for caller /apex/com.android.tethering/javalib/framework-connectivity.jar: ok
05-26 16:58:51.334 32145 32145 I Perf : Connecting to perf service.
05-26 16:58:51.344 32145 32145 V GraphicsEnvironment: ANGLE Developer option for 'com.hello.miheapp.secretspace' set to: 'default'
05-26 16:58:51.346 32145 32145 V GraphicsEnvironment: ANGLE GameManagerService for com.hello.miheapp.secretspace: false
05-26 16:58:51.346 32145 32145 V GraphicsEnvironment: App is not on the allowlist for updatable production driver.
05-26 16:58:51.355 32145 32145 I ForceDarkHelperStubImpl: initialize for com.hello.miheapp.secretspace , ForceDarkOrigin
05-26 16:58:51.359 32145 32145 D nativeloader: Load libforcedarkimpl.so using system ns (caller=/system_ext/framework/miui-framework.jar): ok
05-26 16:58:51.359 32145 32145 D .secretspace:p0: JNI_OnLoad success
05-26 16:58:51.360 32145 32145 I MiuiForceDarkConfig: setConfig density:2.750000, mainRule:0, secondaryRule:0, tertiaryRule:0
05-26 16:58:51.365 32145 32145 D NetworkSecurityConfig: Using Network Security Config from resource network_security_config debugBuild: false
05-26 16:58:51.366 32145 32145 D NetworkSecurityConfig: Using Network Security Config from resource network_security_config debugBuild: false
05-26 16:58:51.380 32145 32145 D nativeloader: Load /data/app/~~y54zPcFPhS4BJ7wab6Ut5w==/com.hello.miheapp.secretspace- lxuufuIyEmU7T1oRw05RBA==/split_config.arm64_v8a.apk!/lib/arm64-v8a/librepublic.so using ns clns-5 from class loader (caller=/data/app/~~y54zPcFPhS4BJ7wab6Ut5w==/com.hello.miheapp.secretspace- lxuufuIyEmU7T1oRw05RBA==/base.apk): ok
05-26 16:58:51.732 32145 32145 W Glide : Failed to find GeneratedAppGlideModule. You should include an annotationProcessor compile dependency on com.github.bumptech.glide:compiler in your application and a @GlideModule annotated AppGlideModule implementation or LibraryGlideModules will be silently ignored
05-26 16:58:51.751 32145 32145 D CompatibilityChangeReporter: Compat change id reported: 183155436; UID 11031; state: ENABLED
05-26 16:58:51.758 32145 32145 D SessionsDependencies: Dependency to CRASHLYTICS added.
05-26 16:58:51.763 32145 32145 I FirebaseApp: Device unlocked: initializing all Firebase APIs for app [DEFAULT]
05-26 16:58:51.767 32145 32145 I FirebaseCrashlytics: Initializing Firebase Crashlytics 18.6.2 for com.hello.miheapp.secretspace
05-26 16:58:51.795 32145 32145 D SessionsDependencies: Subscriber CRASHLYTICS registered.
05-26 16:58:51.834 28916 28916 W BpBinder: PerfMonitor binderTransact : time=925ms interface=com.hello.sandbox.core.system.am.IBActivityManagerService code=3
05-26 16:58:51.841 28916 28916 I Choreographer: Skipped 55 frames! The application may be doing too much work on its main thread.
05-26 16:58:51.842 28916 28916 W Looper : PerfMonitor doFrame : time=0ms vsyncFrame=0 latency=922ms procState=-1 historyMsgCount=2 (msgIndex=1 wall=932ms seq=18423 h=android.os.Handler c=androidx.lifecycle.LiveData$a)
05-26 16:58:51.869 28916 28972 D SessionLifecycleClient: Sending lifecycle 2 to service
05-26 16:58:51.869 28916 29202 D SessionLifecycleService: Activity backgrounding at 1627258393
05-26 16:58:51.931 28916 28916 D DecorView[]: onWindowFocusChanged hasWindowFocus false
05-26 16:58:51.937 32145 32175 I FirebaseCrashlytics: No version control information found
05-26 16:58:51.952 31926 31978 D ChimeraServiceProvider: query: content://com.google.android.gms.chimera/api_force_staging/com.google.android.gms.m easurement.dynamite?requestStartTime=2803544376
05-26 16:58:51.957 32145 32174 W DynamiteModule: Failed to retrieve remote module version.
05-26 16:58:51.963 32145 32145 D FirebaseSessions: Initializing Firebase Sessions SDK.
05-26 16:58:51.968 32145 32145 I FirebaseApp: FirebaseApp initialization successful
05-26 16:58:51.973 32145 32197 D LifecycleServiceBinder: Binding service to application.
05-26 16:58:51.979 28916 28966 I TRuntime.CctTransportBackend: Making request to: https://crashlyticsreports-pa.googleapis.com/v1/firelog/legacy/batchlog
05-26 16:58:52.013 32145 32174 W .secretspace:p0: Suspending all threads took: 7.578ms
05-26 16:58:52.025 32145 32174 D nativeloader: Configuring clns-6 for other apk /system/framework/com.android.location.provider.jar. target_sdk_version=29, uses_libraries=ALL, library_path=/data/user/0/com.hello.miheapp.secretspace/sandbox/data/app/ com.google.android.gms/lib:/data/user/0/com.hello.miheapp.secretspace/sandbox/ data/app/com.google.android.gms/base.apk!/lib/arm64-v8a, permitted_path=/data:/mnt/expand:/data/user/0/com.hello.miheapp.secretspace/ sandbox/data/user/0/com.google.android.gms
05-26 16:58:52.025 32145 32174 D nativeloader: Extending system_exposed_libraries: libbinauralrenderer_wrapper.qti.so:libhoaeffects.qti.so:libQOC.qti.so:libmisys_jni. xiaomi.so:libxiaomi_modemdumpsdx55_jni.modem.so:libxiaomi_modemdump_jni.modem.so:li bupdateprof.qti.so:libthermalclient.qti.so:libQOC.qti.so:libdiag_system.qti.so:libq ape.qti.so:liblistenjni.qti.so
05-26 16:58:52.047 32145 32145 W Looper : PerfMonitor longMsg : seq=2 plan=16:58:51.042 late=2ms wall=1002ms h=android.app.ActivityThread$H w=110 procState=-1
05-26 16:58:52.101 32145 32145 D nativeloader: Load /data/app/~~y54zPcFPhS4BJ7wab6Ut5w==/com.hello.miheapp.secretspace- lxuufuIyEmU7T1oRw05RBA==/split_config.arm64_v8a.apk!/lib/arm64-v8a/libsandbox.so using ns clns-5 from class loader (caller=/data/app/~~y54zPcFPhS4BJ7wab6Ut5w==/com.hello.miheapp.secretspace- lxuufuIyEmU7T1oRw05RBA==/base.apk): ok
05-26 16:58:52.102 32145 32145 D NativeCore: NativeCore init.
05-26 16:58:52.102 32145 32145 D NativeCore: found art method entrypoint jni offset: 2
05-26 16:58:52.102 32145 32145 D NativeCore: not found art method match access flags offset , use default: 4
05-26 16:58:52.161 32145 32174 I .secretspace:p0: Failed to add image file: Failed to find OatDexFile for DexFile /data/app/~~y54zPcFPhS4BJ7wab6Ut5w==/com.hello.miheapp.secretspace- lxuufuIyEmU7T1oRw05RBA==/base.apk (canonical path /data/app/~~y54zPcFPhS4BJ7wab6Ut5w==/com.hello.miheapp.secretspace- lxuufuIyEmU7T1oRw05RBA==/base.apk) in OatFile /data/user/0/com.hello.miheapp.secretspace/sandbox/data/app/com.google.android.gms/ oat/arm64/base.vdex
05-26 16:58:52.166 32145 32174 D nativeloader: Configuring clns-7 for other apk /data/user/0/com.hello.miheapp.secretspace/sandbox/data/app/com.google.android.gms/ base.apk. target_sdk_version=29, uses_libraries=, library_path=/data/user/0/com.hello.miheapp.secretspace/sandbox/data/app/ com.google.android.gms/lib:/data/user/0/com.hello.miheapp.secretspace/sandbox/ data/app/com.google.android.gms/base.apk!/lib/arm64-v8a, permitted_path=/data:/mnt/expand:/data/user/0/com.hello.miheapp.secretspace/ sandbox/data/user/0/com.google.android.gms
05-26 16:58:52.166 32145 32174 D nativeloader: Extending system_exposed_libraries: libbinauralrenderer_wrapper.qti.so:libhoaeffects.qti.so:libQOC.qti.so:libmisys_jni. xiaomi.so:libxiaomi_modemdumpsdx55_jni.modem.so:libxiaomi_modemdump_jni.modem.so:li bupdateprof.qti.so:libthermalclient.qti.so:libQOC.qti.so:libdiag_system.qti.so:libq ape.qti.so:liblistenjni.qti.so
05-26 16:58:52.169 32145 32174 W DynamiteModule: IDynamite loader version = 2, no high precision latency measurement.
05-26 16:58:52.170 32145 32174 I DynamiteModule: Considering local module com.google.android.gms.measurement.dynamite:100 and remote module com.google.android.gms.measurement.dynamite:98
05-26 16:58:52.170 32145 32174 I DynamiteModule: Selected local version of com.google.android.gms.measurement.dynamite
05-26 16:58:52.171 32145 32174 W DynamiteModule: IDynamite loader version = 2, no high precision latency measurement.
05-26 16:58:52.175 32145 32145 E NativeCore: not native method
05-26 16:58:52.176 32145 32145 E NativeCore: check flags error. class:java/io/UnixFileSystem, method:canonicalize0
05-26 16:58:52.176 32145 32145 D NativeCore: register class:java/io/UnixFileSystem, method:getBooleanAttributes0 success!
05-26 16:58:52.176 32145 32145 D NativeCore: register class:java/io/UnixFileSystem, method:getLastModifiedTime0 success!
05-26 16:58:52.176 32145 32145 D NativeCore: register class:java/io/UnixFileSystem, method:setPermission0 success!
05-26 16:58:52.176 32145 32145 D NativeCore: register class:java/io/UnixFileSystem, method:createFileExclusively0 success!
05-26 16:58:52.176 32145 32145 D NativeCore: register class:java/io/UnixFileSystem, method:list0 success!
05-26 16:58:52.176 32145 32145 D NativeCore: register class:java/io/UnixFileSystem, method:createDirectory0 success!
05-26 16:58:52.176 32145 32145 D NativeCore: register class:java/io/UnixFileSystem, method:setLastModifiedTime0 success!
05-26 16:58:52.176 32145 32145 D NativeCore: register class:java/io/UnixFileSystem, method:setReadOnly0 success!
05-26 16:58:52.176 32145 32145 D NativeCore: register class:java/io/UnixFileSystem, method:getSpace0 success!
05-26 16:58:52.177 32145 32145 D NativeCore: register class:java/lang/VMClassLoader, method:findLoadedClass success!
05-26 16:58:52.178 32145 32145 D NativeCore: register class:android/os/Binder, method:getCallingUid success!
05-26 16:58:52.178 32145 32145 D NativeCore: register class:dalvik/system/VMRuntime, method:setHiddenApiExemptions success!
05-26 16:58:52.194 29919 29923 I secretspace:dex: CollectorTransition concurrent copying GC freed 6549KB AllocSpace bytes, 3(524KB) LOS objects, 50% free, 23MB/46MB, paused 1.389ms,108us total 311.308ms
05-26 16:58:52.238 32145 32213 I FA : App measurement initialized, version: 84002
05-26 16:58:52.238 32145 32213 I FA : To enable debug logging run: adb shell setprop log.tag.FA VERBOSE
05-26 16:58:52.239 32145 32213 I FA : To enable faster debug mode event logging run:
05-26 16:58:52.239 32145 32213 I FA : adb shell setprop debug.firebase.analytics.app com.hello.miheapp.secretspace
05-26 16:58:52.248 28916 28923 I app.secretspace: CollectorTransition concurrent copying GC freed 7850KB AllocSpace bytes, 73(3844KB) LOS objects, 49% free, 14MB/28MB, paused 7.361ms,267us total 364.148ms
05-26 16:58:52.273 32145 32213 D CompatibilityChangeReporter: Compat change id reported: 183155436; UID 11031; state: ENABLED
05-26 16:58:52.293 32145 32213 W FA : Table has extra columns. table, columns: messages, app_version, app_version_int
05-26 16:58:52.356 31926 31926 D MeasurementService: onBind: Intent { act=com.google.android.gms.measurement.START pkg=com.google.android.gms }
05-26 16:58:52.784 29919 31230 W secretspace:dex: Verification of X.0Tu X.4s2.A0d(X.6tN) took 257.640ms (30992.78 bytecodes/s) (348912B approximate peak alloc)
05-26 16:58:53.599 32145 32145 I .secretspace:p0: Failed to add image file: Dex cache count and dex file count mismatch while trying to initialize from image
05-26 16:58:53.601 32145 32145 W ziparchive: Unable to open '/data/user/0/com.hello.miheapp.secretspace/sandbox/data/app/com.instagram.android/ split_audio_stream_processor.dm': No such file or directory
05-26 16:58:53.601 32145 32145 W .secretspace:p0: Entry not found
05-26 16:58:53.602 32145 32145 W ziparchive: Unable to open '/data/user/0/com.hello.miheapp.secretspace/sandbox/data/app/com.instagram.android/ split_audio_stream_processor_shim_impl.dm': No such file or directory
05-26 16:58:53.602 32145 32145 W .secretspace:p0: Entry not found
05-26 16:58:53.602 32145 32145 W ziparchive: Unable to open '/data/user/0/com.hello.miheapp.secretspace/sandbox/data/app/com.instagram.android/ split_config.xxhdpi.dm': No such file or directory
05-26 16:58:53.604 32145 32145 W .secretspace:p0: Entry not found
05-26 16:58:53.604 32145 32145 W ziparchive: Unable to open '/data/user/0/com.hello.miheapp.secretspace/sandbox/data/app/com.instagram.android/ split_executorch.dm': No such file or directory
05-26 16:58:53.605 32145 32145 W .secretspace:p0: Entry not found
05-26 16:58:53.605 32145 32145 W ziparchive: Unable to open '/data/user/0/com.hello.miheapp.secretspace/sandbox/data/app/com.instagram.android/ split_heliumcore.dm': No such file or directory
05-26 16:58:53.605 32145 32145 W .secretspace:p0: Entry not found
05-26 16:58:53.606 32145 32145 W ziparchive: Unable to open '/data/user/0/com.hello.miheapp.secretspace/sandbox/data/app/com.instagram.android/ split_heliumiab.dm': No such file or directory
05-26 16:58:53.606 32145 32145 W .secretspace:p0: Entry not found
05-26 16:58:53.606 32145 32145 W ziparchive: Unable to open '/data/user/0/com.hello.miheapp.secretspace/sandbox/data/app/com.instagram.android/ split_pytorch.dm': No such file or directory
05-26 16:58:53.606 32145 32145 W .secretspace:p0: Entry not found
05-26 16:58:53.607 32145 32145 W ziparchive: Unable to open '/data/user/0/com.hello.miheapp.secretspace/sandbox/data/app/com.instagram.android/ split_s_audio_stream_processor_configurable_audio.dm': No such file or directory
05-26 16:58:53.607 32145 32145 W .secretspace:p0: Entry not found
05-26 16:58:53.608 32145 32145 W ziparchive: Unable to open '/data/user/0/com.hello.miheapp.secretspace/sandbox/data/app/com.instagram.android/ split_s_executorch_pytorch.dm': No such file or directory
05-26 16:58:53.608 32145 32145 W .secretspace:p0: Entry not found
05-26 16:58:53.608 32145 32145 W ziparchive: Unable to open '/data/user/0/com.hello.miheapp.secretspace/sandbox/data/app/com.instagram.android/ split_spm.dm': No such file or directory
05-26 16:58:53.609 32145 32145 W .secretspace:p0: Entry not found
05-26 16:58:53.612 32145 32145 D nativeloader: Configuring clns-8 for other apk /data/user/0/com.hello.miheapp.secretspace/sandbox/data/app/com.instagram.android/ base.apk:/data/user/0/com.hello.miheapp.secretspace/sandbox/data/app/ com.instagram.android/split_audio_stream_processor.apk:/data/user/0/ com.hello.miheapp.secretspace/sandbox/data/app/com.instagram.android/ split_audio_stream_processor_shim_impl.apk:/data/user/0/ com.hello.miheapp.secretspace/sandbox/data/app/com.instagram.android/ split_config.xxhdpi.apk:/data/user/0/com.hello.miheapp.secretspace/sandbox/data/ app/com.instagram.android/split_executorch.apk:/data/user/0/ com.hello.miheapp.secretspace/sandbox/data/app/com.instagram.android/ split_heliumcore.apk:/data/user/0/com.hello.miheapp.secretspace/sandbox/data/app/ com.instagram.android/split_heliumiab.apk:/data/user/0/ com.hello.miheapp.secretspace/sandbox/data/app/com.instagram.android/ split_pytorch.apk:/data/user/0/com.hello.miheapp.secretspace/sandbox/data/app/ com.instagram.android/split_s_audio_stream_processor_configurable_audio.apk:/data/ use
05-26 16:58:53.628 32145 32145 D NetworkSecurityConfig: Using Network Security Config from resource fb_network_security_config debugBuild: false
05-26 16:58:53.631 32145 32145 D NetworkSecurityConfig: Using Network Security Config from resource fb_network_security_config debugBuild: false
05-26 16:58:53.691 32145 32145 W CrashLoopRemedyLog: unable to delete remedy log, instaCrash: false
05-26 16:58:53.692 32145 32145 W CrashLoopRemedyLog: unable to delete remedy log, instaCrash: true
05-26 16:58:53.711 32145 32145 W lacrima : LacrimaConfigBuilder.setUserIdActorId not called, using 0
05-26 16:58:53.712 32145 32145 W lacrima : LacrimaConfigBuilder.setUserIdActingAccountId not called, using 0
05-26 16:58:53.739 32145 32145 W lacrima : Start JavaAppDeathCrashDetector... X.3ff
05-26 16:58:53.746 32145 32145 W lacrima : Sending pending reports
05-26 16:58:53.752 32145 32145 W SoLoader: Initializing SoLoader: 2
05-26 16:58:53.753 32145 32145 W SoLoader: context.getApplicationContext returned null, holding reference to original context.ApplicationSoSource fallbacks to: /data/user/0/com.hello.miheapp.secretspace/sandbox/data/app/com.instagram.android/ lib
05-26 16:58:53.753 32145 32145 W SoLoader: Recording new base apk path: /data/user/0/com.hello.miheapp.secretspace/sandbox/data/app/com.instagram.android/ base.apk
05-26 16:58:53.753 32145 32145 W SoLoader: Previously recorded 0 base apk paths.
05-26 16:58:53.812 32145 32145 W BackupSoSource: adding backup source from split: ExtractFromZipSoSource[/data/data/com.hello.miheapp.secretspace/sandbox/data/app/ com.instagram.android/split_heliumcore.apk]
05-26 16:58:53.813 32145 32145 W BackupSoSource: adding backup source from split: ExtractFromZipSoSource[/data/data/com.hello.miheapp.secretspace/sandbox/data/app/ com.instagram.android/split_heliumiab.apk]
05-26 16:58:53.817 32145 32145 W SoLoader: SoLoader initialized: 2
05-26 16:58:53.825 32145 32145 W FbSoLoader: Will use precomputed native lib dependencies file, extractToDisk = false
05-26 16:58:53.828 32145 32145 W FbSoLoader: Initialized FBSoLoader
05-26 16:58:53.837 32145 32228 D nativeloader: Load /data/data/com.hello.miheapp.secretspace/sandbox/data/app/com.instagram.android/ lib/libbreakpad.so using ns clns-8 from class loader (caller=/data/user/0/com.hello.miheapp.secretspace/sandbox/data/app/ com.instagram.android/base.apk): ok
05-26 16:58:53.839 32145 32145 W ClassLoadsTracer: ClassTracingLogger not initialized, waiting for callback.
05-26 16:58:53.840 32145 32145 W ClassLoadsTracer: Installed ClassLoadsTracer to com.facebook.common.dextricks.MultiDexClassLoaderLight@c3ba542.
05-26 16:58:53.841 32145 32228 D nativeloader: Load /data/data/com.hello.miheapp.secretspace/sandbox/data/user/0/com.instagram.android/ lib-compressed/libearlystartup.so using ns clns-8 from class loader (caller=/data/user/0/com.hello.miheapp.secretspace/sandbox/data/app/ com.instagram.android/base.apk): ok
05-26 16:58:53.842 32145 32145 W ClassLoadsRecorder: ClassLoadsRecorder is not initialized because coinflip rate <= 0
05-26 16:58:53.842 32145 32145 W InstagramAppShell: MultiDexClassLoaderLight installed
05-26 16:58:53.856 32145 32145 W SoLoader: Loading verifier on the main thread
05-26 16:58:53.857 32145 32145 W SoLoader: Loading fb on the main thread
05-26 16:58:53.857 32145 32145 W SoLoader: Loading fb on the main thread
05-26 16:58:53.858 32145 32145 V v9p : Not disabled
05-26 16:58:53.858 32145 32145 W Verifier: Could not disable RTV
05-26 16:58:53.860 32145 32228 W lacrima : The minidump file is empty!
05-26 16:58:53.875 32145 32145 W System.err: java.lang.reflect.InvocationTargetException
05-26 16:58:53.875 32145 32145 W System.err: at java.lang.reflect.Method.invoke(Native Method)
05-26 16:58:53.875 32145 32145 W System.err: at com.hello.sandbox.app.BActivityThread.installProvider(BActivityThread.java:3)
05-26 16:58:53.875 32145 32145 W System.err: at com.hello.sandbox.app.BActivityThread.installProviders(BActivityThread.java:12)
05-26 16:58:53.875 32145 32145 W System.err: at com.hello.sandbox.app.BActivityThread.handleBindApplication(BActivityThread.java:57 )
05-26 16:58:53.875 32145 32145 W System.err: at com.hello.sandbox.app.BActivityThread.bindApplication(BActivityThread.java:6)
05-26 16:58:53.875 32145 32145 W System.err: at com.hello.sandbox.fake.service.HCallbackProxy.handleLaunchActivity(HCallbackProxy.j ava:31)
05-26 16:58:53.875 32145 32145 W System.err: at com.hello.sandbox.fake.service.HCallbackProxy.handleMessage(HCallbackProxy.java:6)
05-26 16:58:53.875 32145 32145 W System.err: at android.os.Handler.dispatchMessage(Handler.java:102)
05-26 16:58:53.875 32145 32145 W System.err: at android.os.Looper.loopOnce(Looper.java:211)
05-26 16:58:53.875 32145 32145 W System.err: at android.os.Looper.loop(Looper.java:300)
05-26 16:58:53.875 32145 32145 W System.err: at android.app.ActivityThread.main(ActivityThread.java:8503)
05-26 16:58:53.875 32145 32145 W System.err: at java.lang.reflect.Method.invoke(Native Method)
05-26 16:58:53.875 32145 32145 W System.err: at com.android.internal.os.RuntimeInit$MethodAndArgsCaller.run(RuntimeInit.java:561)
05-26 16:58:53.875 32145 32145 W System.err: at com.android.internal.os.ZygoteInit.main(ZygoteInit.java:954)
05-26 16:58:53.875 32145 32145 W System.err: Caused by: java.lang.RuntimeException: Unable to get provider com.instagram.contentprovider.AndroidXAppInitializer: java.lang.RuntimeException: java.lang.NullPointerException: Attempt to invoke virtual method 'void android.os.BaseBundle.remove(java.lang.String)' on a null object reference
05-26 16:58:53.875 32145 32145 W System.err: at android.app.ActivityThread.installProvider(ActivityThread.java:8079)
05-26 16:58:53.875 32145 32145 W System.err: ... 14 more
05-26 16:58:53.875 32145 32145 W System.err: Caused by: java.lang.RuntimeException: java.lang.NullPointerException: Attempt to invoke virtual method 'void android.os.BaseBundle.remove(java.lang.String)' on a null object reference
05-26 16:58:53.875 32145 32145 W System.err: at X.154.A0q(:2)
05-26 16:58:53.875 32145 32145 W System.err: at com.instagram.contentprovider.AndroidXAppInitializer.A03(:46)
05-26 16:58:53.875 32145 32145 W System.err: at com.instagram.contentprovider.AndroidXAppInitializer.A0J(:41)
05-26 16:58:53.875 32145 32145 W System.err: at X.BSH.onCreate(:0)
05-26 16:58:53.875 32145 32145 W System.err: at android.content.ContentProvider.attachInfo(ContentProvider.java:2468)
05-26 16:58:53.876 32145 32145 W System.err: at android.content.ContentProvider.attachInfo(ContentProvider.java:2433)
05-26 16:58:53.876 32145 32145 W System.err: at X.BSH.attachInfo(:2)
05-26 16:58:53.876 32145 32145 W System.err: at android.app.ActivityThread.installProvider(ActivityThread.java:8074)
05-26 16:58:53.876 32145 32145 W System.err: ... 14 more
05-26 16:58:53.876 32145 32145 W System.err: Caused by: java.lang.NullPointerException: Attempt to invoke virtual method 'void android.os.BaseBundle.remove(java.lang.String)' on a null object reference
05-26 16:58:53.876 32145 32145 W System.err: at com.instagram.contentprovider.AndroidXAppInitializer.A03(:38)
05-26 16:58:53.876 32145 32145 W System.err: ... 20 more
05-26 16:58:53.894 32145 32145 W MDCLLight: MultiDexClassLoaderLight already installed
05-26 16:58:53.894 32145 32145 W InstagramAppShell: MultiDexClassLoaderLight installed
05-26 16:58:53.899 32145 32145 W SoLoader: Loading fbjni on the main thread
05-26 16:58:53.900 32145 32145 W SoLoader: Loading profilo_apiimpl on the main thread
05-26 16:58:53.906 32145 32223 E lacrima : Could not read property file critical_java_app_death_early_prop.txt
05-26 16:58:53.909 32145 32145 W SoLoader: Loading profilo_mmapbuf on the main thread
05-26 16:58:53.911 32145 32145 W SoLoader: Loading profilo on the main thread
05-26 16:58:53.979 32145 32228 W lacrima : Start AnrAppDeathDetector... X.3ek
05-26 16:58:53.983 32145 32228 E HeliumCrashReporter: Pending crash path /data/data/com.hello.miheapp.secretspace/sandbox/data/user/0/com.instagram.android/ cache/webview_embedded/Helium Crashpad/pending/ is not a directory
05-26 16:58:53.992 32145 32228 D nativeloader: Load /data/data/com.hello.miheapp.secretspace/sandbox/data/user/0/com.instagram.android/ lib-compressed/libstartup.so using ns clns-8 from class loader (caller=/data/user/0/com.hello.miheapp.secretspace/sandbox/data/app/ com.instagram.android/base.apk): ok
05-26 16:58:54.005 28916 29008 I FA : Application backgrounded at: timestamp_millis: 1748258932004
05-26 16:58:54.042 32145 32228 E lacrima : Unable to retrieve health stats
05-26 16:58:54.042 32145 32228 E lacrima : java.lang.SecurityException: Neither user 11031 nor current process has android.permission.BATTERY_STATS.
05-26 16:58:54.042 32145 32228 E lacrima : at android.os.Parcel.createExceptionOrNull(Parcel.java:3011)
05-26 16:58:54.042 32145 32228 E lacrima : at android.os.Parcel.createException(Parcel.java:2995)
05-26 16:58:54.042 32145 32228 E lacrima : at android.os.Parcel.readException(Parcel.java:2978)
05-26 16:58:54.042 32145 32228 E lacrima : at android.os.Parcel.readException(Parcel.java:2920)
05-26 16:58:54.042 32145 32228 E lacrima : at com.android.internal.app.IBatteryStats$Stub$Proxy.takeUidSnapshot(IBatteryStats.jav a:3424)
05-26 16:58:54.042 32145 32228 E lacrima : at android.os.health.SystemHealthManager.takeUidSnapshot(SystemHealthManager.java:92)
05-26 16:58:54.042 32145 32228 E lacrima : at android.os.health.SystemHealthManager.takeMyUidSnapshot(SystemHealthManager.java:10 8)
05-26 16:58:54.042 32145 32228 E lacrima : at X.3aa.Ft9(:22)
05-26 16:58:54.042 32145 32228 E lacrima : at X.0Zd.A0A(:297)
05-26 16:58:54.042 32145 32228 E lacrima : at X.0Zd.A08(:10)
05-26 16:58:54.042 32145 32228 E lacrima : at X.3gd.start(:33)
05-26 16:58:54.042 32145 32228 E lacrima : at X.3bg.DxD(:504)
05-26 16:58:54.042 32145 32228 E lacrima : at X.1ts.run(:77)
05-26 16:58:54.042 32145 32228 E lacrima : at java.util.concurrent.ThreadPoolExecutor.runWorker(ThreadPoolExecutor.java:1145)
05-26 16:58:54.042 32145 32228 E lacrima : at java.util.concurrent.ThreadPoolExecutor$Worker.run(ThreadPoolExecutor.java:644)
05-26 16:58:54.042 32145 32228 E lacrima : at X.0ag.run(:26)
05-26 16:58:54.042 32145 32228 E lacrima : Caused by: android.os.RemoteException: Remote stack trace:
05-26 16:58:54.042 32145 32228 E lacrima : at android.app.ContextImpl.enforce(ContextImpl.java:2250)
05-26 16:58:54.042 32145 32228 E lacrima : at android.app.ContextImpl.enforceCallingOrSelfPermission(ContextImpl.java:2278)
05-26 16:58:54.042 32145 32228 E lacrima : at com.android.server.am.BatteryStatsService.takeUidSnapshot(BatteryStatsService.java: 2788)
05-26 16:58:54.042 32145 32228 E lacrima : at com.android.internal.app.IBatteryStats$Stub.onTransact(IBatteryStats.java:1792)
05-26 16:58:54.042 32145 32228 E lacrima : at android.os.Binder.execTransactInternal(Binder.java:1285)
05-26 16:58:54.042 32145 32228 E lacrima :
05-26 16:58:54.072 32145 32228 D nativeloader: Load /data/data/com.hello.miheapp.secretspace/sandbox/data/app/com.instagram.android/ lib/libbreakpad_cpp_helper.so using ns clns-8 from class loader (caller=/data/user/0/com.hello.miheapp.secretspace/sandbox/data/app/ com.instagram.android/base.apk): ok
05-26 16:58:54.081 32145 32228 W lacrima : Start AnrDetector... com.facebook.acra.anr.multisignal.MultiSignalANRDetector
05-26 16:58:54.081 32145 32228 W MultiSignalANRDetectorLacrima: Starting
05-26 16:58:54.081 32145 32228 W ProcessAnrErrorMonitor: startMonitoring with delay: 0
05-26 16:58:54.081 32145 32248 W SigquitDetectorLacrima: nativeInit
05-26 16:58:54.085 32145 32249 W ProcessAnrErrorMonitor: Starting process monitor checks for process 'com.instagram.android'
05-26 16:58:54.085 32145 32249 W MultiSignalANRDetectorLacrima: Started monitoring
05-26 16:58:54.104 32145 32145 W MDCLLight: Failed to load class from parent: kotlinx.coroutines.test.internal.TestMainDispatcherFactory
05-26 16:58:54.104 32145 32145 W MDCLLight: java.lang.ClassNotFoundException: kotlinx.coroutines.test.internal.TestMainDispatcherFactory
05-26 16:58:54.104 32145 32145 W MDCLLight: at java.lang.Class.classForName(Native Method)
05-26 16:58:54.104 32145 32145 W MDCLLight: at java.lang.BootClassLoader.findClass(ClassLoader.java:2693)
05-26 16:58:54.104 32145 32145 W MDCLLight: at java.lang.BootClassLoader.loadClass(ClassLoader.java:2753)
05-26 16:58:54.104 32145 32145 W MDCLLight: at java.lang.ClassLoader.loadClass(ClassLoader.java:573)
05-26 16:58:54.104 32145 32145 W MDCLLight: at com.facebook.common.dextricks.MultiDexClassLoaderLight.loadFromParent(:4)
05-26 16:58:54.104 32145 32145 W MDCLLight: at com.facebook.common.dextricks.MultiDexClassLoaderLight.loadClass(:38)
05-26 16:58:54.104 32145 32145 W MDCLLight: at java.lang.ClassLoader.loadClass(ClassLoader.java:625)
05-26 16:58:54.104 32145 32145 W MDCLLight: at java.lang.ClassLoader.loadClass(ClassLoader.java:573)
05-26 16:58:54.104 32145 32145 W MDCLLight: at java.lang.Class.classForName(Native Method)
05-26 16:58:54.104 32145 32145 W MDCLLight: at java.lang.Class.forName(Class.java:607)
05-26 16:58:54.104 32145 32145 W MDCLLight: at X.3yf.<clinit>(:65)
05-26 16:58:54.104 32145 32145 W MDCLLight: at X.3rk.<init>(:268435469)
05-26 16:58:54.104 32145 32145 W MDCLLight: at X.0Po.<clinit>(:2)
05-26 16:58:54.104 32145 32145 W MDCLLight: at X.78l.invoke(:405)
05-26 16:58:54.104 32145 32145 W MDCLLight: at X.3zn.A00(:11)
05-26 16:58:54.104 32145 32145 W MDCLLight: at com.instagram.process.instagram.InstagramApplicationForMainProcess.initializeAllCol dStartJobs(:309)
05-26 16:58:54.104 32145 32145 W MDCLLight: at com.instagram.process.instagram.InstagramApplicationForMainProcess.scheduleInitiali zers(:167)
05-26 16:58:54.104 32145 32145 W MDCLLight: at com.instagram.process.instagram.InstagramApplicationForMainProcess.onCreate(:65)
05-26 16:58:54.104 32145 32145 W MDCLLight: at com.instagram.app.InstagramAppShell.onCreate(:1058)
05-26 16:58:54.104 32145 32145 W MDCLLight: at android.app.Instrumentation.callApplicationOnCreate(Instrumentation.java:1291)
05-26 16:58:54.104 32145 32145 W MDCLLight: at com.hello.sandbox.fake.delegate.BaseInstrumentationDelegate.callApplicationOnCreate (Unknown Source:2)
05-26 16:58:54.104 32145 32145 W MDCLLight: at com.hello.sandbox.fake.delegate.AppInstrumentation.callApplicationOnCreate(AppInstr umentation.java:2)
05-26 16:58:54.104 32145 32145 W MDCLLight: at com.hello.sandbox.app.BActivityThread.handleBindApplication(BActivityThread.java:62 )
05-26 16:58:54.104 32145 32145 W MDCLLight: at com.hello.sandbox.app.BActivityThread.bindApplication(BActivityThread.java:6)
05-26 16:58:54.104 32145 32145 W MDCLLight: at com.hello.sandbox.fake.service.HCallbackProxy.handleLaunchActivity(HCallbackProxy.j ava:31)
05-26 16:58:54.104 32145 32145 W MDCLLight: at com.hello.sandbox.fake.service.HCallbackProxy.handleMessage(HCallbackProxy.java:6)
05-26 16:58:54.104 32145 32145 W MDCLLight: at android.os.Handler.dispatchMessage(Handler.java:102)
05-26 16:58:54.104 32145 32145 W MDCLLight: at android.os.Looper.loopOnce(Looper.java:211)
05-26 16:58:54.104 32145 32145 W MDCLLight: at android.os.Looper.loop(Looper.java:300)
05-26 16:58:54.104 32145 32145 W MDCLLight: at android.app.ActivityThread.main(ActivityThread.java:8503)
05-26 16:58:54.104 32145 32145 W MDCLLight: at java.lang.reflect.Method.invoke(Native Method)
05-26 16:58:54.104 32145 32145 W MDCLLight: at com.android.internal.os.RuntimeInit$MethodAndArgsCaller.run(RuntimeInit.java:561)
05-26 16:58:54.104 32145 32145 W MDCLLight: at com.android.internal.os.ZygoteInit.main(ZygoteInit.java:954)
05-26 16:58:54.104 32145 32145 W MDCLLight: Caused by: java.lang.NoClassDefFoundError: Class not found using the boot class loader; no stack trace available
05-26 16:58:54.104 32145 32145 W MDCLLight: tryFallbackLoadDex: fallbackLoader is null, unable to fallback load dex for kotlinx.coroutines.test.internal.TestMainDispatcherFactory
05-26 16:58:54.104 32145 32145 E MDCLLight: Fallback load dex failed for kotlinx.coroutines.test.internal.TestMainDispatcherFactory
05-26 16:58:54.131 32145 32228 E HiddenApis2: Failed to init DecodeJObjectFuncPtr
05-26 16:58:54.145 32145 32228 W dalvik-internals: sigaction64 succeeded
05-26 16:58:54.146 32145 32228 D dalvik-internals: SuspendAndroid11: Found all symbols
05-26 16:58:54.146 32145 32228 D dalvik-internals: SuspendAndroid11: Suspending threads.
05-26 16:58:54.146 32145 32228 D dalvik-internals: SuspendAndroid11: Resuming threads.
05-26 16:58:54.147 32145 32228 V dalvik-internals: hooked signal using trap ()
05-26 16:58:54.147 32145 32228 V dalvik-internals: hooked sigaction using trap ()
